Jul 28 05:21:54.272186 np0000005945 nova-scheduler[93881]: DEBUG cotyledon.oslo_config_glue [-] oslo_messaging_rabbit.rabbit_qos_prefetch_count = 0 {{(pid=93881) log_opt_values /opt/stack/data/venv/lib/python3.12/site-packages/oslo_config/cfg.py:3253}}
Jul 28 05:21:54.272186 np0000005945 nova-scheduler[93881]: DEBUG cotyledon.oslo_config_glue [-] oslo_messaging_rabbit.rabbit_quorum_delivery_limit = 0 {{(pid=93881) log_opt_values /opt/stack/data/venv/lib/python3.12/site-packages/oslo_config/cfg.py:3253}}
Jul 28 05:21:54.272358 np0000005945 nova-scheduler[93881]: DEBUG cotyledon.oslo_config_glue [-] oslo_messaging_rabbit.rabbit_quorum_max_memory_bytes = 0 {{(pid=93881) log_opt_values /opt/stack/data/venv/lib/python3.12/site-packages/oslo_config/cfg.py:3253}}
Jul 28 05:21:54.272358 np0000005945 nova-scheduler[93881]: DEBUG cotyledon.oslo_config_glue [-] oslo_messaging_rabbit.rabbit_quorum_max_memory_length = 0 {{(pid=93881) log_opt_values /opt/stack/data/venv/lib/python3.12/site-packages/oslo_config/cfg.py:3253}}
Jul 28 05:21:54.272358 np0000005945 nova-scheduler[93881]: DEBUG cotyledon.oslo_config_glue [-] oslo_messaging_rabbit.rabbit_quorum_queue = False {{(pid=93881) log_opt_values /opt/stack/data/venv/lib/python3.12/site-packages/oslo_config/cfg.py:3253}}
Jul 28 05:21:54.272358 np0000005945 nova-scheduler[93881]: DEBUG cotyledon.oslo_config_glue [-] oslo_messaging_rabbit.rabbit_retry_backoff = 2 {{(pid=93881) log_opt_values /opt/stack/data/venv/lib/python3.12/site-packages/oslo_config/cfg.py:3253}}
Jul 28 05:21:54.272358 np0000005945 nova-scheduler[93881]: DEBUG cotyledon.oslo_config_glue [-] oslo_messaging_rabbit.rabbit_retry_interval = 1 {{(pid=93881) log_opt_values /opt/stack/data/venv/lib/python3.12/site-packages/oslo_config/cfg.py:3253}}
Jul 28 05:21:54.272358 np0000005945 nova-scheduler[93881]: DEBUG cotyledon.oslo_config_glue [-] oslo_messaging_rabbit.rabbit_stream_fanout = False {{(pid=93881) log_opt_values /opt/stack/data/venv/lib/python3.12/site-packages/oslo_config/cfg.py:3253}}
Jul 28 05:21:54.272358 np0000005945 nova-scheduler[93881]: DEBUG cotyledon.oslo_config_glue [-] oslo_messaging_rabbit.rabbit_transient_queues_ttl = 1800 {{(pid=93881) log_opt_values /opt/stack/data/venv/lib/python3.12/site-packages/oslo_config/cfg.py:3253}}
Jul 28 05:21:54.272358 np0000005945 nova-scheduler[93881]: DEBUG cotyledon.oslo_config_glue [-] oslo_messaging_rabbit.rabbit_transient_quorum_queue = False {{(pid=93881) log_opt_values /opt/stack/data/venv/lib/python3.12/site-packages/oslo_config/cfg.py:3253}}
Jul 28 05:21:54.272519 np0000005945 nova-scheduler[93881]: DEBUG cotyledon.oslo_config_glue [-] oslo_messaging_rabbit.rpc_conn_pool_size = 30 {{(pid=93881) log_opt_values /opt/stack/data/venv/lib/python3.12/site-packages/oslo_config/cfg.py:3253}}
Jul 28 05:21:54.272519 np0000005945 nova-scheduler[93881]: DEBUG cotyledon.oslo_config_glue [-] oslo_messaging_rabbit.ssl = False {{(pid=93881) log_opt_values /opt/stack/data/venv/lib/python3.12/site-packages/oslo_config/cfg.py:3253}}
Jul 28 05:21:54.272519 np0000005945 nova-scheduler[93881]: DEBUG cotyledon.oslo_config_glue [-] oslo_messaging_rabbit.ssl_ca_file = {{(pid=93881) log_opt_values /opt/stack/data/venv/lib/python3.12/site-packages/oslo_config/cfg.py:3253}}
Jul 28 05:21:54.272519 np0000005945 nova-scheduler[93881]: DEBUG cotyledon.oslo_config_glue [-] oslo_messaging_rabbit.ssl_cert_file = {{(pid=93881) log_opt_values /opt/stack/data/venv/lib/python3.12/site-packages/oslo_config/cfg.py:3253}}
Jul 28 05:21:54.272519 np0000005945 nova-scheduler[93881]: DEBUG cotyledon.oslo_config_glue [-] oslo_messaging_rabbit.ssl_enforce_fips_mode = False {{(pid=93881) log_opt_values /opt/stack/data/venv/lib/python3.12/site-packages/oslo_config/cfg.py:3253}}
Jul 28 05:21:54.272519 np0000005945 nova-scheduler[93881]: DEBUG cotyledon.oslo_config_glue [-] oslo_messaging_rabbit.ssl_enforce_hostname_verification = True {{(pid=93881) log_opt_values /opt/stack/data/venv/lib/python3.12/site-packages/oslo_config/cfg.py:3253}}
Jul 28 05:21:54.272519 np0000005945 nova-scheduler[93881]: DEBUG cotyledon.oslo_config_glue [-] oslo_messaging_rabbit.ssl_key_file = {{(pid=93881) log_opt_values /opt/stack/data/venv/lib/python3.12/site-packages/oslo_config/cfg.py:3253}}
Jul 28 05:21:54.272519 np0000005945 nova-scheduler[93881]: DEBUG cotyledon.oslo_config_glue [-] oslo_messaging_rabbit.ssl_version = {{(pid=93881) log_opt_values /opt/stack/data/venv/lib/python3.12/site-packages/oslo_config/cfg.py:3253}}
Jul 28 05:21:54.272519 np0000005945 nova-scheduler[93881]: DEBUG cotyledon.oslo_config_glue [-] oslo_messaging_rabbit.use_queue_manager = False {{(pid=93881) log_opt_values /opt/stack/data/venv/lib/python3.12/site-packages/oslo_config/cfg.py:3253}}
Jul 28 05:21:54.272694 np0000005945 nova-scheduler[93881]: DEBUG cotyledon.oslo_config_glue [-] oslo_messaging_notifications.driver = ['messagingv2'] {{(pid=93881) log_opt_values /opt/stack/data/venv/lib/python3.12/site-packages/oslo_config/cfg.py:3253}}
Jul 28 05:21:54.272694 np0000005945 nova-scheduler[93881]: DEBUG cotyledon.oslo_config_glue [-] oslo_messaging_notifications.retry = -1 {{(pid=93881) log_opt_values /opt/stack/data/venv/lib/python3.12/site-packages/oslo_config/cfg.py:3253}}
Jul 28 05:21:54.272694 np0000005945 nova-scheduler[93881]: DEBUG cotyledon.oslo_config_glue [-] oslo_messaging_notifications.topics = ['notifications'] {{(pid=93881) log_opt_values /opt/stack/data/venv/lib/python3.12/site-packages/oslo_config/cfg.py:3253}}
Jul 28 05:21:54.272694 np0000005945 nova-scheduler[93881]: DEBUG cotyledon.oslo_config_glue [-] oslo_messaging_notifications.transport_url = **** {{(pid=93881) log_opt_values /opt/stack/data/venv/lib/python3.12/site-packages/oslo_config/cfg.py:3253}}
Jul 28 05:21:54.272694 np0000005945 nova-scheduler[93881]: DEBUG cotyledon.oslo_config_glue [-] oslo_limit.auth_section = None {{(pid=93881) log_opt_values /opt/stack/data/venv/lib/python3.12/site-packages/oslo_config/cfg.py:3253}}
Jul 28 05:21:54.272694 np0000005945 nova-scheduler[93881]: DEBUG cotyledon.oslo_config_glue [-] oslo_limit.auth_type = None {{(pid=93881) log_opt_values /opt/stack/data/venv/lib/python3.12/site-packages/oslo_config/cfg.py:3253}}
Jul 28 05:21:54.272694 np0000005945 nova-scheduler[93881]: DEBUG cotyledon.oslo_config_glue [-] oslo_limit.cafile = None {{(pid=93881) log_opt_values /opt/stack/data/venv/lib/python3.12/site-packages/oslo_config/cfg.py:3253}}
Jul 28 05:21:54.272694 np0000005945 nova-scheduler[93881]: DEBUG cotyledon.oslo_config_glue [-] oslo_limit.certfile = None {{(pid=93881) log_opt_values /opt/stack/data/venv/lib/python3.12/site-packages/oslo_config/cfg.py:3253}}
Jul 28 05:21:54.272694 np0000005945 nova-scheduler[93881]: DEBUG cotyledon.oslo_config_glue [-] oslo_limit.collect_timing = False {{(pid=93881) log_opt_values /opt/stack/data/venv/lib/python3.12/site-packages/oslo_config/cfg.py:3253}}
Jul 28 05:21:54.272876 np0000005945 nova-scheduler[93881]: DEBUG cotyledon.oslo_config_glue [-] oslo_limit.connect_retries = None {{(pid=93881) log_opt_values /opt/stack/data/venv/lib/python3.12/site-packages/oslo_config/cfg.py:3253}}
Jul 28 05:21:54.272876 np0000005945 nova-scheduler[93881]: DEBUG cotyledon.oslo_config_glue [-] oslo_limit.connect_retry_delay = None {{(pid=93881) log_opt_values /opt/stack/data/venv/lib/python3.12/site-packages/oslo_config/cfg.py:3253}}
Jul 28 05:21:54.272876 np0000005945 nova-scheduler[93881]: DEBUG cotyledon.oslo_config_glue [-] oslo_limit.endpoint_id = None {{(pid=93881) log_opt_values /opt/stack/data/venv/lib/python3.12/site-packages/oslo_config/cfg.py:3253}}
Jul 28 05:21:54.272876 np0000005945 nova-scheduler[93881]: DEBUG cotyledon.oslo_config_glue [-] oslo_limit.endpoint_interface = public {{(pid=93881) log_opt_values /opt/stack/data/venv/lib/python3.12/site-packages/oslo_config/cfg.py:3253}}
Jul 28 05:21:54.272876 np0000005945 nova-scheduler[93881]: DEBUG cotyledon.oslo_config_glue [-] oslo_limit.endpoint_override = None {{(pid=93881) log_opt_values /opt/stack/data/venv/lib/python3.12/site-packages/oslo_config/cfg.py:3253}}
Jul 28 05:21:54.272876 np0000005945 nova-scheduler[93881]: DEBUG cotyledon.oslo_config_glue [-] oslo_limit.endpoint_region_name = None {{(pid=93881) log_opt_values /opt/stack/data/venv/lib/python3.12/site-packages/oslo_config/cfg.py:3253}}
Jul 28 05:21:54.272876 np0000005945 nova-scheduler[93881]: DEBUG cotyledon.oslo_config_glue [-] oslo_limit.endpoint_service_name = None {{(pid=93881) log_opt_values /opt/stack/data/venv/lib/python3.12/site-packages/oslo_config/cfg.py:3253}}
Jul 28 05:21:54.272876 np0000005945 nova-scheduler[93881]: DEBUG cotyledon.oslo_config_glue [-] oslo_limit.endpoint_service_type = None {{(pid=93881) log_opt_values /opt/stack/data/venv/lib/python3.12/site-packages/oslo_config/cfg.py:3253}}
Jul 28 05:21:54.272876 np0000005945 nova-scheduler[93881]: DEBUG cotyledon.oslo_config_glue [-] oslo_limit.insecure = False {{(pid=93881) log_opt_values /opt/stack/data/venv/lib/python3.12/site-packages/oslo_config/cfg.py:3253}}
Jul 28 05:21:54.273114 np0000005945 nova-scheduler[93881]: DEBUG cotyledon.oslo_config_glue [-] oslo_limit.keyfile = None {{(pid=93881) log_opt_values /opt/stack/data/venv/lib/python3.12/site-packages/oslo_config/cfg.py:3253}}
Jul 28 05:21:54.273114 np0000005945 nova-scheduler[93881]: DEBUG cotyledon.oslo_config_glue [-] oslo_limit.max_version = None {{(pid=93881) log_opt_values /opt/stack/data/venv/lib/python3.12/site-packages/oslo_config/cfg.py:3253}}
Jul 28 05:21:54.273114 np0000005945 nova-scheduler[93881]: DEBUG cotyledon.oslo_config_glue [-] oslo_limit.min_version = None {{(pid=93881) log_opt_values /opt/stack/data/venv/lib/python3.12/site-packages/oslo_config/cfg.py:3253}}
Jul 28 05:21:54.273114 np0000005945 nova-scheduler[93881]: DEBUG cotyledon.oslo_config_glue [-] oslo_limit.region_name = None {{(pid=93881) log_opt_values /opt/stack/data/venv/lib/python3.12/site-packages/oslo_config/cfg.py:3253}}
Jul 28 05:21:54.273114 np0000005945 nova-scheduler[93881]: DEBUG cotyledon.oslo_config_glue [-] oslo_limit.retriable_status_codes = None {{(pid=93881) log_opt_values /opt/stack/data/venv/lib/python3.12/site-packages/oslo_config/cfg.py:3253}}
Jul 28 05:21:54.273114 np0000005945 nova-scheduler[93881]: DEBUG cotyledon.oslo_config_glue [-] oslo_limit.service_name = None {{(pid=93881) log_opt_values /opt/stack/data/venv/lib/python3.12/site-packages/oslo_config/cfg.py:3253}}
Jul 28 05:21:54.273114 np0000005945 nova-scheduler[93881]: DEBUG cotyledon.oslo_config_glue [-] oslo_limit.service_type = None {{(pid=93881) log_opt_values /opt/stack/data/venv/lib/python3.12/site-packages/oslo_config/cfg.py:3253}}
Jul 28 05:21:54.273114 np0000005945 nova-scheduler[93881]: DEBUG cotyledon.oslo_config_glue [-] oslo_limit.split_loggers = False {{(pid=93881) log_opt_values /opt/stack/data/venv/lib/python3.12/site-packages/oslo_config/cfg.py:3253}}
Jul 28 05:21:54.273114 np0000005945 nova-scheduler[93881]: DEBUG cotyledon.oslo_config_glue [-] oslo_limit.status_code_retries = None {{(pid=93881) log_opt_values /opt/stack/data/venv/lib/python3.12/site-packages/oslo_config/cfg.py:3253}}
Jul 28 05:21:54.273324 np0000005945 nova-scheduler[93881]: DEBUG cotyledon.oslo_config_glue [-] oslo_limit.status_code_retry_delay = None {{(pid=93881) log_opt_values /opt/stack/data/venv/lib/python3.12/site-packages/oslo_config/cfg.py:3253}}
Jul 28 05:21:54.273324 np0000005945 nova-scheduler[93881]: DEBUG cotyledon.oslo_config_glue [-] oslo_limit.timeout = None {{(pid=93881) log_opt_values /opt/stack/data/venv/lib/python3.12/site-packages/oslo_config/cfg.py:3253}}
Jul 28 05:21:54.273324 np0000005945 nova-scheduler[93881]: DEBUG cotyledon.oslo_config_glue [-] oslo_limit.valid_interfaces = None {{(pid=93881) log_opt_values /opt/stack/data/venv/lib/python3.12/site-packages/oslo_config/cfg.py:3253}}
Jul 28 05:21:54.273324 np0000005945 nova-scheduler[93881]: DEBUG cotyledon.oslo_config_glue [-] oslo_limit.version = None {{(pid=93881) log_opt_values /opt/stack/data/venv/lib/python3.12/site-packages/oslo_config/cfg.py:3253}}
Jul 28 05:21:54.273324 np0000005945 nova-scheduler[93881]: DEBUG cotyledon.oslo_config_glue [-] oslo_reports.file_event_handler = None {{(pid=93881) log_opt_values /opt/stack/data/venv/lib/python3.12/site-packages/oslo_config/cfg.py:3253}}
Jul 28 05:21:54.273324 np0000005945 nova-scheduler[93881]: DEBUG cotyledon.oslo_config_glue [-] oslo_reports.file_event_handler_interval = 1 {{(pid=93881) log_opt_values /opt/stack/data/venv/lib/python3.12/site-packages/oslo_config/cfg.py:3253}}
Jul 28 05:21:54.273324 np0000005945 nova-scheduler[93881]: DEBUG cotyledon.oslo_config_glue [-] oslo_reports.log_dir = None {{(pid=93881) log_opt_values /opt/stack/data/venv/lib/python3.12/site-packages/oslo_config/cfg.py:3253}}
Jul 28 05:21:54.273324 np0000005945 nova-scheduler[93881]: DEBUG cotyledon.oslo_config_glue [-] ******************************************************************************** {{(pid=93881) log_opt_values /opt/stack/data/venv/lib/python3.12/site-packages/oslo_config/cfg.py:3260}}
Jul 28 05:21:54.273324 np0000005945 nova-scheduler[93881]: DEBUG cotyledon._service_worker [-] Run service ServiceWrapper(2) [93881] {{(pid=93881) wait_forever /opt/stack/data/venv/lib/python3.12/site-packages/cotyledon/_service_worker.py:218}}
Jul 28 05:21:54.273520 np0000005945 nova-scheduler[93881]: INFO nova.service [-] Starting scheduler node (version 33.1.0)
Jul 28 05:21:54.273520 np0000005945 nova-scheduler[93881]: INFO dbcounter [None req-9b9b29db-0d2c-4d49-bb7e-84033bb9e188 None None] Registered counter for database nova_cell0
Jul 28 05:21:54.280305 np0000005945 nova-scheduler[93876]: DEBUG oslo_db.sqlalchemy.engines [None req-24db30cf-38d6-4e2e-a0a1-a7911d55e43a None None] MySQL server mode set to STRICT_TRANS_TABLES,STRICT_ALL_TABLES,NO_ZERO_IN_DATE,NO_ZERO_DATE,ERROR_FOR_DIVISION_BY_ZERO,TRADITIONAL,NO_ENGINE_SUBSTITUTION {{(pid=93876) _check_effective_sql_mode /opt/stack/data/venv/lib/python3.12/site-packages/oslo_db/sqlalchemy/engines.py:325}}
Jul 28 05:21:54.289465 np0000005945 nova-scheduler[93876]: DEBUG dbcounter [-] [93876] Writer thread running {{(pid=93876) stat_writer /opt/stack/data/venv/lib/python3.12/site-packages/dbcounter.py:102}}
Jul 28 05:21:54.303483 np0000005945 nova-scheduler[93876]: DEBUG nova.service [None req-24db30cf-38d6-4e2e-a0a1-a7911d55e43a None None] Creating RPC server for service: nova-scheduler on topic: scheduler {{(pid=93876) start /opt/stack/nova/nova/service.py:196}}
Jul 28 05:21:54.305381 np0000005945 nova-scheduler[93879]: DEBUG oslo_db.sqlalchemy.engines [None req-3e894224-2513-4bc8-85ae-54818cfa4ebb None None] MySQL server mode set to STRICT_TRANS_TABLES,STRICT_ALL_TABLES,NO_ZERO_IN_DATE,NO_ZERO_DATE,ERROR_FOR_DIVISION_BY_ZERO,TRADITIONAL,NO_ENGINE_SUBSTITUTION {{(pid=93879) _check_effective_sql_mode /opt/stack/data/venv/lib/python3.12/site-packages/oslo_db/sqlalchemy/engines.py:325}}
Jul 28 05:21:54.308281 np0000005945 nova-scheduler[93881]: DEBUG oslo_db.sqlalchemy.engines [None req-9b9b29db-0d2c-4d49-bb7e-84033bb9e188 None None] MySQL server mode set to STRICT_TRANS_TABLES,STRICT_ALL_TABLES,NO_ZERO_IN_DATE,NO_ZERO_DATE,ERROR_FOR_DIVISION_BY_ZERO,TRADITIONAL,NO_ENGINE_SUBSTITUTION {{(pid=93881) _check_effective_sql_mode /opt/stack/data/venv/lib/python3.12/site-packages/oslo_db/sqlalchemy/engines.py:325}}
Jul 28 05:21:54.317225 np0000005945 nova-scheduler[93879]: DEBUG dbcounter [-] [93879] Writer thread running {{(pid=93879) stat_writer /opt/stack/data/venv/lib/python3.12/site-packages/dbcounter.py:102}}
Jul 28 05:21:54.318840 np0000005945 nova-scheduler[93881]: DEBUG dbcounter [-] [93881] Writer thread running {{(pid=93881) stat_writer /opt/stack/data/venv/lib/python3.12/site-packages/dbcounter.py:102}}
Jul 28 05:21:54.320458 np0000005945 nova-scheduler[93879]: DEBUG nova.service [None req-3e894224-2513-4bc8-85ae-54818cfa4ebb None None] Creating RPC server for service: nova-scheduler on topic: scheduler {{(pid=93879) start /opt/stack/nova/nova/service.py:196}}
Jul 28 05:21:54.321774 np0000005945 nova-scheduler[93881]: DEBUG nova.service [None req-9b9b29db-0d2c-4d49-bb7e-84033bb9e188 None None] Creating RPC server for service: nova-scheduler on topic: scheduler {{(pid=93881) start /opt/stack/nova/nova/service.py:196}}
Jul 28 05:21:54.329296 np0000005945 nova-scheduler[93876]: DEBUG nova.service [None req-24db30cf-38d6-4e2e-a0a1-a7911d55e43a None None] Join ServiceGroup membership for this service scheduler {{(pid=93876) start /opt/stack/nova/nova/service.py:222}}
Jul 28 05:21:54.329508 np0000005945 nova-scheduler[93876]: DEBUG nova.servicegroup.drivers.db [None req-24db30cf-38d6-4e2e-a0a1-a7911d55e43a None None] DB_Driver: join new ServiceGroup member np0000005945 to the scheduler group, service = {{(pid=93876) join /opt/stack/nova/nova/servicegroup/drivers/db.py:44}}
Jul 28 05:21:54.339969 np0000005945 nova-scheduler[93879]: DEBUG nova.service [None req-3e894224-2513-4bc8-85ae-54818cfa4ebb None None] Join ServiceGroup membership for this service scheduler {{(pid=93879) start /opt/stack/nova/nova/service.py:222}}
Jul 28 05:21:54.340137 np0000005945 nova-scheduler[93881]: DEBUG nova.service [None req-9b9b29db-0d2c-4d49-bb7e-84033bb9e188 None None] Join ServiceGroup membership for this service scheduler {{(pid=93881) start /opt/stack/nova/nova/service.py:222}}
Jul 28 05:21:54.340316 np0000005945 nova-scheduler[93881]: DEBUG nova.servicegroup.drivers.db [None req-9b9b29db-0d2c-4d49-bb7e-84033bb9e188 None None] DB_Driver: join new ServiceGroup member np0000005945 to the scheduler group, service = {{(pid=93881) join /opt/stack/nova/nova/servicegroup/drivers/db.py:44}}
Jul 28 05:21:54.340366 np0000005945 nova-scheduler[93879]: DEBUG nova.servicegroup.drivers.db [None req-3e894224-2513-4bc8-85ae-54818cfa4ebb None None] DB_Driver: join new ServiceGroup member np0000005945 to the scheduler group, service = {{(pid=93879) join /opt/stack/nova/nova/servicegroup/drivers/db.py:44}}
Jul 28 05:21:58.342251 np0000005945 nova-scheduler[93881]: DEBUG oslo.service.backend._threading.loopingcall [None req-9b21fcb8-cfce-461a-a5ee-248349d2a3f3 None None] Dynamic interval looping call 'nova.service.Service.periodic_tasks' sleeping for 60.00 seconds {{(pid=93881) _run_loop /opt/stack/data/venv/lib/python3.12/site-packages/oslo_service/backend/_threading/loopingcall.py:125}}
Jul 28 05:21:59.350802 np0000005945 nova-scheduler[93876]: DEBUG oslo.service.backend._threading.loopingcall [-] Fixed interval looping call 'nova.servicegroup.drivers.db.DbDriver._report_state' sleeping for 119.98 seconds {{(pid=93876) _run_loop /opt/stack/data/venv/lib/python3.12/site-packages/oslo_service/backend/_threading/loopingcall.py:125}}
Jul 28 05:21:59.364074 np0000005945 nova-scheduler[93881]: DEBUG oslo.service.backend._threading.loopingcall [-] Fixed interval looping call 'nova.servicegroup.drivers.db.DbDriver._report_state' sleeping for 119.98 seconds {{(pid=93881) _run_loop /opt/stack/data/venv/lib/python3.12/site-packages/oslo_service/backend/_threading/loopingcall.py:125}}
Jul 28 05:21:59.368681 np0000005945 nova-scheduler[93879]: DEBUG oslo.service.backend._threading.loopingcall [-] Fixed interval looping call 'nova.servicegroup.drivers.db.DbDriver._report_state' sleeping for 119.97 seconds {{(pid=93879) _run_loop /opt/stack/data/venv/lib/python3.12/site-packages/oslo_service/backend/_threading/loopingcall.py:125}}
Jul 28 05:22:02.938249 np0000005945 nova-scheduler[92663]: DEBUG dbcounter [-] [92663] Writing DB stats nova_api:SELECT=3 {{(pid=92663) stat_writer /opt/stack/data/venv/lib/python3.12/site-packages/dbcounter.py:115}}
Jul 28 05:22:03.051780 np0000005945 nova-scheduler[92663]: DEBUG dbcounter [-] [92663] Writing DB stats nova_cell0:SELECT=1 {{(pid=92663) stat_writer /opt/stack/data/venv/lib/python3.12/site-packages/dbcounter.py:115}}
Jul 28 05:22:03.055767 np0000005945 nova-scheduler[92663]: DEBUG dbcounter [-] [92663] Writing DB stats nova_cell1:SELECT=1 {{(pid=92663) stat_writer /opt/stack/data/venv/lib/python3.12/site-packages/dbcounter.py:115}}
Jul 28 05:22:09.338683 np0000005945 nova-scheduler[93876]: DEBUG dbcounter [-] [93876] Writing DB stats nova_cell0:SELECT=4,nova_cell0:INSERT=1,nova_cell0:UPDATE=1 {{(pid=93876) stat_writer /opt/stack/data/venv/lib/python3.12/site-packages/dbcounter.py:115}}
Jul 28 05:22:09.358965 np0000005945 nova-scheduler[93879]: DEBUG dbcounter [-] [93879] Writing DB stats nova_cell0:SELECT=3 {{(pid=93879) stat_writer /opt/stack/data/venv/lib/python3.12/site-packages/dbcounter.py:115}}
Jul 28 05:22:09.370315 np0000005945 nova-scheduler[93881]: DEBUG dbcounter [-] [93881] Writing DB stats nova_cell0:SELECT=3 {{(pid=93881) stat_writer /opt/stack/data/venv/lib/python3.12/site-packages/dbcounter.py:115}}
Jul 28 05:22:52.331369 np0000005945 nova-scheduler[93876]: DEBUG oslo.service.backend._threading.loopingcall [None req-58a3a8db-6f8c-4ab3-8688-3d04f293b757 None None] Dynamic interval looping call 'nova.service.Service.periodic_tasks' sleeping for 60.00 seconds {{(pid=93876) _run_loop /opt/stack/data/venv/lib/python3.12/site-packages/oslo_service/backend/_threading/loopingcall.py:125}}
Jul 28 05:22:53.342419 np0000005945 nova-scheduler[93879]: DEBUG oslo.service.backend._threading.loopingcall [None req-eec1d036-c76f-4250-b827-14d4996bbf6c None None] Dynamic interval looping call 'nova.service.Service.periodic_tasks' sleeping for 60.00 seconds {{(pid=93879) _run_loop /opt/stack/data/venv/lib/python3.12/site-packages/oslo_service/backend/_threading/loopingcall.py:125}}
Jul 28 05:22:58.342667 np0000005945 nova-scheduler[93881]: DEBUG oslo.service.backend._threading.loopingcall [None req-9b21fcb8-cfce-461a-a5ee-248349d2a3f3 None None] Dynamic interval looping call 'nova.service.Service.periodic_tasks' sleeping for 60.00 seconds {{(pid=93881) _run_loop /opt/stack/data/venv/lib/python3.12/site-packages/oslo_service/backend/_threading/loopingcall.py:125}}
Jul 28 05:23:52.332408 np0000005945 nova-scheduler[93876]: DEBUG oslo.service.backend._threading.loopingcall [None req-58a3a8db-6f8c-4ab3-8688-3d04f293b757 None None] Dynamic interval looping call 'nova.service.Service.periodic_tasks' sleeping for 60.00 seconds {{(pid=93876) _run_loop /opt/stack/data/venv/lib/python3.12/site-packages/oslo_service/backend/_threading/loopingcall.py:125}}
Jul 28 05:23:53.342944 np0000005945 nova-scheduler[93879]: DEBUG oslo.service.backend._threading.loopingcall [None req-eec1d036-c76f-4250-b827-14d4996bbf6c None None] Dynamic interval looping call 'nova.service.Service.periodic_tasks' sleeping for 60.00 seconds {{(pid=93879) _run_loop /opt/stack/data/venv/lib/python3.12/site-packages/oslo_service/backend/_threading/loopingcall.py:125}}
Jul 28 05:23:58.343248 np0000005945 nova-scheduler[93881]: DEBUG oslo.service.backend._threading.loopingcall [None req-9b21fcb8-cfce-461a-a5ee-248349d2a3f3 None None] Dynamic interval looping call 'nova.service.Service.periodic_tasks' sleeping for 60.00 seconds {{(pid=93881) _run_loop /opt/stack/data/venv/lib/python3.12/site-packages/oslo_service/backend/_threading/loopingcall.py:125}}
Jul 28 05:23:59.344457 np0000005945 nova-scheduler[93876]: DEBUG oslo.service.backend._threading.loopingcall [-] Fixed interval looping call 'nova.servicegroup.drivers.db.DbDriver._report_state' sleeping for 119.99 seconds {{(pid=93876) _run_loop /opt/stack/data/venv/lib/python3.12/site-packages/oslo_service/backend/_threading/loopingcall.py:125}}
Jul 28 05:23:59.348499 np0000005945 nova-scheduler[93879]: DEBUG oslo.service.backend._threading.loopingcall [-] Fixed interval looping call 'nova.servicegroup.drivers.db.DbDriver._report_state' sleeping for 119.99 seconds {{(pid=93879) _run_loop /opt/stack/data/venv/lib/python3.12/site-packages/oslo_service/backend/_threading/loopingcall.py:125}}
Jul 28 05:23:59.349005 np0000005945 nova-scheduler[93881]: DEBUG oslo.service.backend._threading.loopingcall [-] Fixed interval looping call 'nova.servicegroup.drivers.db.DbDriver._report_state' sleeping for 119.99 seconds {{(pid=93881) _run_loop /opt/stack/data/venv/lib/python3.12/site-packages/oslo_service/backend/_threading/loopingcall.py:125}}
Jul 28 05:24:09.336487 np0000005945 nova-scheduler[93876]: DEBUG dbcounter [-] [93876] Writing DB stats nova_cell0:SELECT=1,nova_cell0:UPDATE=1 {{(pid=93876) stat_writer /opt/stack/data/venv/lib/python3.12/site-packages/dbcounter.py:115}}
Jul 28 05:24:09.343940 np0000005945 nova-scheduler[93879]: DEBUG dbcounter [-] [93879] Writing DB stats nova_cell0:SELECT=1,nova_cell0:UPDATE=1 {{(pid=93879) stat_writer /opt/stack/data/venv/lib/python3.12/site-packages/dbcounter.py:115}}
Jul 28 05:24:09.348017 np0000005945 nova-scheduler[93881]: DEBUG dbcounter [-] [93881] Writing DB stats nova_cell0:SELECT=1 {{(pid=93881) stat_writer /opt/stack/data/venv/lib/python3.12/site-packages/dbcounter.py:115}}
Jul 28 05:24:09.401508 np0000005945 nova-scheduler[93876]: DEBUG nova.scheduler.manager [None req-47ffe825-65d8-4c41-9a2c-138fcf207228 tempest-DeleteServersTestJSON-418245941 tempest-DeleteServersTestJSON-418245941-project-member] Starting to schedule for instances: ['70a8bbb3-ef57-48c0-9ce3-3a9d5e409b30'] {{(pid=93876) select_destinations /opt/stack/nova/nova/scheduler/manager.py:209}}
Jul 28 05:24:09.402541 np0000005945 nova-scheduler[93876]: DEBUG nova.scheduler.request_filter [None req-47ffe825-65d8-4c41-9a2c-138fcf207228 tempest-DeleteServersTestJSON-418245941 tempest-DeleteServersTestJSON-418245941-project-member] compute_status_filter request filter added forbidden trait COMPUTE_STATUS_DISABLED {{(pid=93876) compute_status_filter /opt/stack/nova/nova/scheduler/request_filter.py:253}}
Jul 28 05:24:09.402669 np0000005945 nova-scheduler[93876]: DEBUG nova.scheduler.request_filter [None req-47ffe825-65d8-4c41-9a2c-138fcf207228 tempest-DeleteServersTestJSON-418245941 tempest-DeleteServersTestJSON-418245941-project-member] Request filter 'compute_status_filter' took 0.0 seconds {{(pid=93876) wrapper /opt/stack/nova/nova/scheduler/request_filter.py:46}}
Jul 28 05:24:09.402923 np0000005945 nova-scheduler[93876]: DEBUG nova.scheduler.request_filter [None req-47ffe825-65d8-4c41-9a2c-138fcf207228 tempest-DeleteServersTestJSON-418245941 tempest-DeleteServersTestJSON-418245941-project-member] Request filter 'accelerators_filter' took 0.0 seconds {{(pid=93876) wrapper /opt/stack/nova/nova/scheduler/request_filter.py:46}}
Jul 28 05:24:09.403118 np0000005945 nova-scheduler[93876]: DEBUG nova.scheduler.request_filter [None req-47ffe825-65d8-4c41-9a2c-138fcf207228 tempest-DeleteServersTestJSON-418245941 tempest-DeleteServersTestJSON-418245941-project-member] Request filter 'packed_virtqueue_filter' took 0.0 seconds {{(pid=93876) wrapper /opt/stack/nova/nova/scheduler/request_filter.py:46}}
Jul 28 05:24:09.403424 np0000005945 nova-scheduler[93876]: DEBUG nova.scheduler.request_filter [None req-47ffe825-65d8-4c41-9a2c-138fcf207228 tempest-DeleteServersTestJSON-418245941 tempest-DeleteServersTestJSON-418245941-project-member] Request filter 'remote_managed_ports_filter' took 0.0 seconds {{(pid=93876) wrapper /opt/stack/nova/nova/scheduler/request_filter.py:46}}
Jul 28 05:24:09.403605 np0000005945 nova-scheduler[93876]: DEBUG nova.scheduler.request_filter [None req-47ffe825-65d8-4c41-9a2c-138fcf207228 tempest-DeleteServersTestJSON-418245941 tempest-DeleteServersTestJSON-418245941-project-member] ephemeral_encryption_filter skipped {{(pid=93876) ephemeral_encryption_filter /opt/stack/nova/nova/scheduler/request_filter.py:426}}
Jul 28 05:24:09.404281 np0000005945 nova-scheduler[93876]: DEBUG nova.scheduler.request_filter [None req-47ffe825-65d8-4c41-9a2c-138fcf207228 tempest-DeleteServersTestJSON-418245941 tempest-DeleteServersTestJSON-418245941-project-member] virtio_sound_filter skipped {{(pid=93876) virtio_sound_filter /opt/stack/nova/nova/scheduler/request_filter.py:460}}
Jul 28 05:24:09.404281 np0000005945 nova-scheduler[93876]: DEBUG nova.scheduler.request_filter [None req-47ffe825-65d8-4c41-9a2c-138fcf207228 tempest-DeleteServersTestJSON-418245941 tempest-DeleteServersTestJSON-418245941-project-member] tpm_secret_security_filter skipped {{(pid=93876) tpm_secret_security_filter /opt/stack/nova/nova/scheduler/request_filter.py:477}}
Jul 28 05:24:09.926277 np0000005945 nova-scheduler[93876]: INFO nova.utils [None req-47ffe825-65d8-4c41-9a2c-138fcf207228 tempest-DeleteServersTestJSON-418245941 tempest-DeleteServersTestJSON-418245941-project-member] The cell worker thread pool ForkProcess-1.cell_worker is initialized
Jul 28 05:24:09.926743 np0000005945 nova-scheduler[93876]: DEBUG oslo_concurrency.lockutils [None req-47ffe825-65d8-4c41-9a2c-138fcf207228 tempest-DeleteServersTestJSON-418245941 tempest-DeleteServersTestJSON-418245941-project-member] Acquiring lock "d7ed6877-cb3f-40c5-83d7-a49594645855" by "nova.context.set_target_cell..get_or_set_cached_cell_and_set_connections" {{(pid=93876) inner /opt/stack/data/venv/lib/python3.12/site-packages/oslo_concurrency/lockutils.py:512}}
Jul 28 05:24:09.928312 np0000005945 nova-scheduler[93876]: DEBUG oslo_concurrency.lockutils [None req-47ffe825-65d8-4c41-9a2c-138fcf207228 tempest-DeleteServersTestJSON-418245941 tempest-DeleteServersTestJSON-418245941-project-member] Lock "d7ed6877-cb3f-40c5-83d7-a49594645855" acquired by "nova.context.set_target_cell..get_or_set_cached_cell_and_set_connections" :: waited 0.001s {{(pid=93876) inner /opt/stack/data/venv/lib/python3.12/site-packages/oslo_concurrency/lockutils.py:525}}
Jul 28 05:24:09.929918 np0000005945 nova-scheduler[93876]: DEBUG oslo_concurrency.lockutils [None req-47ffe825-65d8-4c41-9a2c-138fcf207228 tempest-DeleteServersTestJSON-418245941 tempest-DeleteServersTestJSON-418245941-project-member] Lock "d7ed6877-cb3f-40c5-83d7-a49594645855" "released" by "nova.context.set_target_cell..get_or_set_cached_cell_and_set_connections" :: held 0.001s {{(pid=93876) inner /opt/stack/data/venv/lib/python3.12/site-packages/oslo_concurrency/lockutils.py:544}}
Jul 28 05:24:09.932970 np0000005945 nova-scheduler[93876]: INFO dbcounter [None req-47ffe825-65d8-4c41-9a2c-138fcf207228 tempest-DeleteServersTestJSON-418245941 tempest-DeleteServersTestJSON-418245941-project-member] Registered counter for database nova_cell1
Jul 28 05:24:09.981598 np0000005945 nova-scheduler[93876]: DEBUG oslo_db.sqlalchemy.engines [None req-47ffe825-65d8-4c41-9a2c-138fcf207228 tempest-DeleteServersTestJSON-418245941 tempest-DeleteServersTestJSON-418245941-project-member] MySQL server mode set to STRICT_TRANS_TABLES,STRICT_ALL_TABLES,NO_ZERO_IN_DATE,NO_ZERO_DATE,ERROR_FOR_DIVISION_BY_ZERO,TRADITIONAL,NO_ENGINE_SUBSTITUTION {{(pid=93876) _check_effective_sql_mode /opt/stack/data/venv/lib/python3.12/site-packages/oslo_db/sqlalchemy/engines.py:325}}
Jul 28 05:24:09.996247 np0000005945 nova-scheduler[93876]: DEBUG dbcounter [-] [93876] Writer thread running {{(pid=93876) stat_writer /opt/stack/data/venv/lib/python3.12/site-packages/dbcounter.py:102}}
Jul 28 05:24:10.013747 np0000005945 nova-scheduler[93876]: DEBUG oslo_db.sqlalchemy.engines [None req-47ffe825-65d8-4c41-9a2c-138fcf207228 tempest-DeleteServersTestJSON-418245941 tempest-DeleteServersTestJSON-418245941-project-member] Parent process 92663 forked (93876) with an open database connection, which is being discarded and recreated. {{(pid=93876) checkout /opt/stack/data/venv/lib/python3.12/site-packages/oslo_db/sqlalchemy/engines.py:402}}
Jul 28 05:24:10.050733 np0000005945 nova-scheduler[93876]: DEBUG dbcounter [-] [93876] Writer thread running {{(pid=93876) stat_writer /opt/stack/data/venv/lib/python3.12/site-packages/dbcounter.py:102}}
Jul 28 05:24:10.055068 np0000005945 nova-scheduler[93876]: DEBUG oslo_concurrency.lockutils [None req-47ffe825-65d8-4c41-9a2c-138fcf207228 tempest-DeleteServersTestJSON-418245941 tempest-DeleteServersTestJSON-418245941-project-member] Acquiring lock "d7ed6877-cb3f-40c5-83d7-a49594645855" by "nova.context.set_target_cell..get_or_set_cached_cell_and_set_connections" {{(pid=93876) inner /opt/stack/data/venv/lib/python3.12/site-packages/oslo_concurrency/lockutils.py:512}}
Jul 28 05:24:10.055230 np0000005945 nova-scheduler[93876]: DEBUG oslo_concurrency.lockutils [None req-47ffe825-65d8-4c41-9a2c-138fcf207228 tempest-DeleteServersTestJSON-418245941 tempest-DeleteServersTestJSON-418245941-project-member] Lock "d7ed6877-cb3f-40c5-83d7-a49594645855" acquired by "nova.context.set_target_cell..get_or_set_cached_cell_and_set_connections" :: waited 0.000s {{(pid=93876) inner /opt/stack/data/venv/lib/python3.12/site-packages/oslo_concurrency/lockutils.py:525}}
Jul 28 05:24:10.055339 np0000005945 nova-scheduler[93876]: DEBUG oslo_concurrency.lockutils [None req-47ffe825-65d8-4c41-9a2c-138fcf207228 tempest-DeleteServersTestJSON-418245941 tempest-DeleteServersTestJSON-418245941-project-member] Lock "d7ed6877-cb3f-40c5-83d7-a49594645855" "released" by "nova.context.set_target_cell..get_or_set_cached_cell_and_set_connections" :: held 0.000s {{(pid=93876) inner /opt/stack/data/venv/lib/python3.12/site-packages/oslo_concurrency/lockutils.py:544}}
Jul 28 05:24:10.060510 np0000005945 nova-scheduler[93876]: DEBUG oslo_concurrency.lockutils [None req-47ffe825-65d8-4c41-9a2c-138fcf207228 tempest-DeleteServersTestJSON-418245941 tempest-DeleteServersTestJSON-418245941-project-member] Acquiring lock "np0000005945-np0000005945" by "nova.scheduler.host_manager.HostState.update.._locked_update" {{(pid=93876) inner /opt/stack/data/venv/lib/python3.12/site-packages/oslo_concurrency/lockutils.py:512}}
Jul 28 05:24:10.060660 np0000005945 nova-scheduler[93876]: DEBUG oslo_concurrency.lockutils [None req-47ffe825-65d8-4c41-9a2c-138fcf207228 tempest-DeleteServersTestJSON-418245941 tempest-DeleteServersTestJSON-418245941-project-member] Lock "np0000005945-np0000005945" acquired by "nova.scheduler.host_manager.HostState.update.._locked_update" :: waited 0.000s {{(pid=93876) inner /opt/stack/data/venv/lib/python3.12/site-packages/oslo_concurrency/lockutils.py:525}}
Jul 28 05:24:10.061678 np0000005945 nova-scheduler[93876]: DEBUG nova.scheduler.host_manager [None req-47ffe825-65d8-4c41-9a2c-138fcf207228 tempest-DeleteServersTestJSON-418245941 tempest-DeleteServersTestJSON-418245941-project-member] Update host state from compute node: ComputeNode(cpu_allocation_ratio=4.0,cpu_info='{"arch": "x86_64", "model": "EPYC-Milan", "vendor": "AMD", "topology": {"cells": 1, "sockets": 16, "cores": 1, "threads": 1}, "maxphysaddr": {"mode": "emulate", "bits": 40}, "features": ["sep", "3dnowprefetch", "pdpe1gb", "abm", "perfctr_core", "ibpb", "pse36", "virt-ssbd", "fsgsbase", "osvw", "apic", "gds-no", "cmov", "svm", "rdtscp", "cr8legacy", "amd-stibp", "tsc", "stibp", "rdctl-no", "vaes", "spec-ctrl", "bmi2", "de", "sha-ni", "hypervisor", "umip", "lbrv", "movbe", "no-nested-data-bp", "tsc-deadline", "mtrr", "ssse3", "pge", "stibp-always-on", "mce", "amd-psfd", "amd-ssbd", "misalignsse", "avx2", "arch-capabilities", "fpu", "xsave", "xsaveerptr", "syscall", "clflush", "mmxext", "null-sel-clr-base", "clzero", "erms", "sse4.2", "lfence-always-serializing", "xsavec", "topoext", "mca", "fma", "lm", "cx8", "flushbyasid", "pclmuldq", "npt", "tsc-scale", "cx16", "wbnoinvd", "svme-addr-chk", "pni", "x2apic", "rdseed", "vmcb-clean", "smap", "pcid", "aes", "pse", "clflushopt", "mmx", "xsaveopt", "v-vmsave-vmload", "mds-no", "nx", "sse", "sse2", "cmp_legacy", "fxsr_opt", "pfthreshold", "pschange-mc-no", "f16c", "vpclmulqdq", "nrip-save", "pae", "xgetbv1", "smep", "arat", "msr", "pat", "ssbd", "sse4a", "bmi1", "lahf_lm", "rdpid", "vgif", "clwb", "invpcid", "skip-l1dfl-vmentry", "tsc_adjust", "fxsr", "ibrs", "xsaves", "vme", "popcnt", "pause-filter", "pku", "rdrand", "adx", "fsrm", "avx", "sse4.1"]}',created_at=2026-07-28T05:22:15Z,current_workload=0,deleted=False,deleted_at=None,disk_allocation_ratio=1.0,disk_available_least=73,free_disk_gb=95,free_ram_mb=62765,host='np0000005945',host_ip=10.4.3.33,hypervisor_hostname='np0000005945',hypervisor_type='QEMU',hypervisor_version=8002002,id=1,local_gb=95,local_gb_used=0,mapped=1,memory_mb=63277,memory_mb_used=512,metrics='[]',numa_topology='{"nova_object.name": "NUMATopology", "nova_object.namespace": "nova", "nova_object.version": "1.2", "nova_object.data": {"cells": [{"nova_object.name": "NUMACell", "nova_object.namespace": "nova", "nova_object.version": "1.5", "nova_object.data": {"id": 0, "cpuset": [0, 1, 2, 3, 4, 5, 6, 7, 8, 9, 10, 11, 12, 13, 14, 15], "pcpuset": [0, 1, 2, 3, 4, 5, 6, 7, 8, 9, 10, 11, 12, 13, 14, 15], "memory": 63277, "cpu_usage": 0, "memory_usage": 0, "pinned_cpus": [], "siblings": [[6], [12], [2], [15], [5], [11], [8], [14], [4], [1], [7], [10], [0], [13], [3], [9]], "mempages": [{"nova_object.name": "NUMAPagesTopology", "nova_object.namespace": "nova", "nova_object.version": "1.1", "nova_object.data": {"size_kb": 4, "total": 16177928, "used": 0, "reserved": 0}, "nova_object.changes": ["used", "total", "reserved", "size_kb"]}, {"nova_object.name": "NUMAPagesTopology", "nova_object.namespace": "nova", "nova_object.version": "1.1", "nova_object.data": {"size_kb": 2048, "total": 41, "used": 0, "reserved": 0}, "nova_object.changes": ["used", "total", "reserved", "size_kb"]}, {"nova_object.name": "NUMAPagesTopology", "nova_object.namespace": "nova", "nova_object.version": "1.1", "nova_object.data": {"size_kb": 1048576, "total": 0, "used": 0, "reserved": 0}, "nova_object.changes": ["used", "total", "reserved", "size_kb"]}], "network_metadata": {"nova_object.name": "NetworkMetadata", "nova_object.namespace": "nova", "nova_object.version": "1.0", "nova_object.data": {"physnets": [], "tunneled": false}, "nova_object.changes": ["physnets", "tunneled"]}, "socket": null}, "nova_object.changes": ["socket", "memory_usage", "network_metadata", "cpu_usage", "id", "cpuset", "memory", "pinned_cpus", "siblings", "mempages", "pcpuset"]}]}, "nova_object.changes": ["cells"]}',pci_device_pools=PciDevicePoolList,ram_allocation_ratio=1.0,running_vms=0,service_id=2,stats={failed_builds='0',uptime=' 05:24:02 up 32 min, 2 users, load average: 3.51, 1.77, 0.85
Jul 28 05:24:10.061678 np0000005945 nova-scheduler[93876]: '},supported_hv_specs=[HVSpec,HVSpec,HVSpec,HVSpec,HVSpec,HVSpec,HVSpec,HVSpec,HVSpec,HVSpec,HVSpec,HVSpec,HVSpec,HVSpec,HVSpec,HVSpec,HVSpec,HVSpec,HVSpec,HVSpec,HVSpec,HVSpec,HVSpec,HVSpec,HVSpec],updated_at=2026-07-28T05:24:03Z,uuid=275e328f-7710-4067-93cc-e410913f060e,vcpus=16,vcpus_used=0) {{(pid=93876) _locked_update /opt/stack/nova/nova/scheduler/host_manager.py:168}}
Jul 28 05:24:10.062397 np0000005945 nova-scheduler[93876]: DEBUG nova.scheduler.host_manager [None req-47ffe825-65d8-4c41-9a2c-138fcf207228 tempest-DeleteServersTestJSON-418245941 tempest-DeleteServersTestJSON-418245941-project-member] Update host state with aggregates: [] {{(pid=93876) _locked_update /opt/stack/nova/nova/scheduler/host_manager.py:171}}
Jul 28 05:24:10.062517 np0000005945 nova-scheduler[93876]: DEBUG nova.scheduler.host_manager [None req-47ffe825-65d8-4c41-9a2c-138fcf207228 tempest-DeleteServersTestJSON-418245941 tempest-DeleteServersTestJSON-418245941-project-member] Update host state with service dict: {'id': 2, 'uuid': '2b7b420f-70dd-4af1-9780-250752821cf4', 'host': 'np0000005945', 'binary': 'nova-compute', 'topic': 'compute', 'report_count': 1, 'disabled': False, 'disabled_reason': None, 'last_seen_up': datetime.datetime(2026, 7, 28, 5, 22, 21, tzinfo=datetime.timezone.utc), 'forced_down': False, 'version': 72, 'created_at': datetime.datetime(2026, 7, 28, 5, 22, 15, tzinfo=datetime.timezone.utc), 'updated_at': datetime.datetime(2026, 7, 28, 5, 22, 21, tzinfo=datetime.timezone.utc), 'deleted_at': None, 'deleted': False} {{(pid=93876) _locked_update /opt/stack/nova/nova/scheduler/host_manager.py:174}}
Jul 28 05:24:10.062622 np0000005945 nova-scheduler[93876]: DEBUG nova.scheduler.host_manager [None req-47ffe825-65d8-4c41-9a2c-138fcf207228 tempest-DeleteServersTestJSON-418245941 tempest-DeleteServersTestJSON-418245941-project-member] Update host state with instances: [] {{(pid=93876) _locked_update /opt/stack/nova/nova/scheduler/host_manager.py:177}}
Jul 28 05:24:10.062720 np0000005945 nova-scheduler[93876]: DEBUG oslo_concurrency.lockutils [None req-47ffe825-65d8-4c41-9a2c-138fcf207228 tempest-DeleteServersTestJSON-418245941 tempest-DeleteServersTestJSON-418245941-project-member] Lock "np0000005945-np0000005945" "released" by "nova.scheduler.host_manager.HostState.update.._locked_update" :: held 0.002s {{(pid=93876) inner /opt/stack/data/venv/lib/python3.12/site-packages/oslo_concurrency/lockutils.py:544}}
Jul 28 05:24:10.063314 np0000005945 nova-scheduler[93876]: DEBUG nova.filters [None req-47ffe825-65d8-4c41-9a2c-138fcf207228 tempest-DeleteServersTestJSON-418245941 tempest-DeleteServersTestJSON-418245941-project-member] Starting with 1 host(s) {{(pid=93876) get_filtered_objects /opt/stack/nova/nova/filters.py:70}}
Jul 28 05:24:10.063513 np0000005945 nova-scheduler[93876]: DEBUG nova.filters [None req-47ffe825-65d8-4c41-9a2c-138fcf207228 tempest-DeleteServersTestJSON-418245941 tempest-DeleteServersTestJSON-418245941-project-member] Filter ComputeFilter returned 1 host(s) {{(pid=93876) get_filtered_objects /opt/stack/nova/nova/filters.py:102}}
Jul 28 05:24:10.063646 np0000005945 nova-scheduler[93876]: DEBUG nova.filters [None req-47ffe825-65d8-4c41-9a2c-138fcf207228 tempest-DeleteServersTestJSON-418245941 tempest-DeleteServersTestJSON-418245941-project-member] Filter ComputeCapabilitiesFilter returned 1 host(s) {{(pid=93876) get_filtered_objects /opt/stack/nova/nova/filters.py:102}}
Jul 28 05:24:10.063867 np0000005945 nova-scheduler[93876]: DEBUG nova.filters [None req-47ffe825-65d8-4c41-9a2c-138fcf207228 tempest-DeleteServersTestJSON-418245941 tempest-DeleteServersTestJSON-418245941-project-member] Filter ImagePropertiesFilter returned 1 host(s) {{(pid=93876) get_filtered_objects /opt/stack/nova/nova/filters.py:102}}
Jul 28 05:24:10.063970 np0000005945 nova-scheduler[93876]: DEBUG nova.filters [None req-47ffe825-65d8-4c41-9a2c-138fcf207228 tempest-DeleteServersTestJSON-418245941 tempest-DeleteServersTestJSON-418245941-project-member] Filter ServerGroupAntiAffinityFilter returned 1 host(s) {{(pid=93876) get_filtered_objects /opt/stack/nova/nova/filters.py:102}}
Jul 28 05:24:10.064081 np0000005945 nova-scheduler[93876]: DEBUG nova.filters [None req-47ffe825-65d8-4c41-9a2c-138fcf207228 tempest-DeleteServersTestJSON-418245941 tempest-DeleteServersTestJSON-418245941-project-member] Filter ServerGroupAffinityFilter returned 1 host(s) {{(pid=93876) get_filtered_objects /opt/stack/nova/nova/filters.py:102}}
Jul 28 05:24:10.064205 np0000005945 nova-scheduler[93876]: DEBUG nova.filters [None req-47ffe825-65d8-4c41-9a2c-138fcf207228 tempest-DeleteServersTestJSON-418245941 tempest-DeleteServersTestJSON-418245941-project-member] Filter SameHostFilter returned 1 host(s) {{(pid=93876) get_filtered_objects /opt/stack/nova/nova/filters.py:102}}
Jul 28 05:24:10.064308 np0000005945 nova-scheduler[93876]: DEBUG nova.filters [None req-47ffe825-65d8-4c41-9a2c-138fcf207228 tempest-DeleteServersTestJSON-418245941 tempest-DeleteServersTestJSON-418245941-project-member] Filter DifferentHostFilter returned 1 host(s) {{(pid=93876) get_filtered_objects /opt/stack/nova/nova/filters.py:102}}
Jul 28 05:24:10.064434 np0000005945 nova-scheduler[93876]: DEBUG nova.scheduler.manager [None req-47ffe825-65d8-4c41-9a2c-138fcf207228 tempest-DeleteServersTestJSON-418245941 tempest-DeleteServersTestJSON-418245941-project-member] Filtered [(np0000005945, np0000005945) ram: 62765MB disk: 74752MB io_ops: 0 instances: 0, allocation_candidates: 1] {{(pid=93876) _get_sorted_hosts /opt/stack/nova/nova/scheduler/manager.py:742}}
Jul 28 05:24:10.064711 np0000005945 nova-scheduler[93876]: DEBUG nova.scheduler.manager [None req-47ffe825-65d8-4c41-9a2c-138fcf207228 tempest-DeleteServersTestJSON-418245941 tempest-DeleteServersTestJSON-418245941-project-member] Weighed [WeighedHost [host: (np0000005945, np0000005945) ram: 62765MB disk: 74752MB io_ops: 0 instances: 0, allocation_candidates: 1, weight: 0.0]] {{(pid=93876) _get_sorted_hosts /opt/stack/nova/nova/scheduler/manager.py:764}}
Jul 28 05:24:10.064880 np0000005945 nova-scheduler[93876]: DEBUG nova.scheduler.utils [None req-47ffe825-65d8-4c41-9a2c-138fcf207228 tempest-DeleteServersTestJSON-418245941 tempest-DeleteServersTestJSON-418245941-project-member] Attempting to claim resources in the placement API for instance 70a8bbb3-ef57-48c0-9ce3-3a9d5e409b30 {{(pid=93876) claim_resources /opt/stack/nova/nova/scheduler/utils.py:1345}}
Jul 28 05:24:10.267496 np0000005945 nova-scheduler[93876]: DEBUG nova.scheduler.manager [None req-47ffe825-65d8-4c41-9a2c-138fcf207228 tempest-DeleteServersTestJSON-418245941 tempest-DeleteServersTestJSON-418245941-project-member] [instance: 70a8bbb3-ef57-48c0-9ce3-3a9d5e409b30] Selected host: (np0000005945, np0000005945) ram: 62765MB disk: 74752MB io_ops: 0 instances: 0, allocation_candidates: 1 {{(pid=93876) _consume_selected_host /opt/stack/nova/nova/scheduler/manager.py:624}}
Jul 28 05:24:10.267780 np0000005945 nova-scheduler[93876]: DEBUG oslo_concurrency.lockutils [None req-47ffe825-65d8-4c41-9a2c-138fcf207228 tempest-DeleteServersTestJSON-418245941 tempest-DeleteServersTestJSON-418245941-project-member] Acquiring lock "np0000005945-np0000005945" by "nova.scheduler.host_manager.HostState.consume_from_request.._locked" {{(pid=93876) inner /opt/stack/data/venv/lib/python3.12/site-packages/oslo_concurrency/lockutils.py:512}}
Jul 28 05:24:10.268040 np0000005945 nova-scheduler[93876]: DEBUG oslo_concurrency.lockutils [None req-47ffe825-65d8-4c41-9a2c-138fcf207228 tempest-DeleteServersTestJSON-418245941 tempest-DeleteServersTestJSON-418245941-project-member] Lock "np0000005945-np0000005945" acquired by "nova.scheduler.host_manager.HostState.consume_from_request.._locked" :: waited 0.000s {{(pid=93876) inner /opt/stack/data/venv/lib/python3.12/site-packages/oslo_concurrency/lockutils.py:525}}
Jul 28 05:24:10.268145 np0000005945 nova-scheduler[93876]: DEBUG oslo_concurrency.lockutils [None req-47ffe825-65d8-4c41-9a2c-138fcf207228 tempest-DeleteServersTestJSON-418245941 tempest-DeleteServersTestJSON-418245941-project-member] Lock "np0000005945-np0000005945" "released" by "nova.scheduler.host_manager.HostState.consume_from_request.._locked" :: held 0.000s {{(pid=93876) inner /opt/stack/data/venv/lib/python3.12/site-packages/oslo_concurrency/lockutils.py:544}}
Jul 28 05:24:12.006787 np0000005945 nova-scheduler[93879]: DEBUG nova.scheduler.manager [None req-53f489ed-80fe-4bab-97ee-f2ea8fe63c05 tempest-ServersNegativeTestJSON-1657531338 tempest-ServersNegativeTestJSON-1657531338-project-member] Starting to schedule for instances: ['d8d02a73-3fd8-481b-b1db-1b89f035fba3'] {{(pid=93879) select_destinations /opt/stack/nova/nova/scheduler/manager.py:209}}
Jul 28 05:24:12.007766 np0000005945 nova-scheduler[93879]: DEBUG nova.scheduler.request_filter [None req-53f489ed-80fe-4bab-97ee-f2ea8fe63c05 tempest-ServersNegativeTestJSON-1657531338 tempest-ServersNegativeTestJSON-1657531338-project-member] compute_status_filter request filter added forbidden trait COMPUTE_STATUS_DISABLED {{(pid=93879) compute_status_filter /opt/stack/nova/nova/scheduler/request_filter.py:253}}
Jul 28 05:24:12.007903 np0000005945 nova-scheduler[93879]: DEBUG nova.scheduler.request_filter [None req-53f489ed-80fe-4bab-97ee-f2ea8fe63c05 tempest-ServersNegativeTestJSON-1657531338 tempest-ServersNegativeTestJSON-1657531338-project-member] Request filter 'compute_status_filter' took 0.0 seconds {{(pid=93879) wrapper /opt/stack/nova/nova/scheduler/request_filter.py:46}}
Jul 28 05:24:12.008176 np0000005945 nova-scheduler[93879]: DEBUG nova.scheduler.request_filter [None req-53f489ed-80fe-4bab-97ee-f2ea8fe63c05 tempest-ServersNegativeTestJSON-1657531338 tempest-ServersNegativeTestJSON-1657531338-project-member] Request filter 'accelerators_filter' took 0.0 seconds {{(pid=93879) wrapper /opt/stack/nova/nova/scheduler/request_filter.py:46}}
Jul 28 05:24:12.008405 np0000005945 nova-scheduler[93879]: DEBUG nova.scheduler.request_filter [None req-53f489ed-80fe-4bab-97ee-f2ea8fe63c05 tempest-ServersNegativeTestJSON-1657531338 tempest-ServersNegativeTestJSON-1657531338-project-member] Request filter 'packed_virtqueue_filter' took 0.0 seconds {{(pid=93879) wrapper /opt/stack/nova/nova/scheduler/request_filter.py:46}}
Jul 28 05:24:12.008782 np0000005945 nova-scheduler[93879]: DEBUG nova.scheduler.request_filter [None req-53f489ed-80fe-4bab-97ee-f2ea8fe63c05 tempest-ServersNegativeTestJSON-1657531338 tempest-ServersNegativeTestJSON-1657531338-project-member] Request filter 'remote_managed_ports_filter' took 0.0 seconds {{(pid=93879) wrapper /opt/stack/nova/nova/scheduler/request_filter.py:46}}
Jul 28 05:24:12.008927 np0000005945 nova-scheduler[93879]: DEBUG nova.scheduler.request_filter [None req-53f489ed-80fe-4bab-97ee-f2ea8fe63c05 tempest-ServersNegativeTestJSON-1657531338 tempest-ServersNegativeTestJSON-1657531338-project-member] ephemeral_encryption_filter skipped {{(pid=93879) ephemeral_encryption_filter /opt/stack/nova/nova/scheduler/request_filter.py:426}}
Jul 28 05:24:12.009126 np0000005945 nova-scheduler[93879]: DEBUG nova.scheduler.request_filter [None req-53f489ed-80fe-4bab-97ee-f2ea8fe63c05 tempest-ServersNegativeTestJSON-1657531338 tempest-ServersNegativeTestJSON-1657531338-project-member] virtio_sound_filter skipped {{(pid=93879) virtio_sound_filter /opt/stack/nova/nova/scheduler/request_filter.py:460}}
Jul 28 05:24:12.009430 np0000005945 nova-scheduler[93879]: DEBUG nova.scheduler.request_filter [None req-53f489ed-80fe-4bab-97ee-f2ea8fe63c05 tempest-ServersNegativeTestJSON-1657531338 tempest-ServersNegativeTestJSON-1657531338-project-member] tpm_secret_security_filter skipped {{(pid=93879) tpm_secret_security_filter /opt/stack/nova/nova/scheduler/request_filter.py:477}}
