Jun 17 02:56:03.355124 np0000002999 nova-scheduler[95866]: DEBUG cotyledon.oslo_config_glue [-] oslo_limit.cafile = None {{(pid=95866) log_opt_values /opt/stack/data/venv/lib/python3.12/site-packages/oslo_config/cfg.py:3253}}
Jun 17 02:56:03.355124 np0000002999 nova-scheduler[95866]: DEBUG cotyledon.oslo_config_glue [-] oslo_limit.certfile = None {{(pid=95866) log_opt_values /opt/stack/data/venv/lib/python3.12/site-packages/oslo_config/cfg.py:3253}}
Jun 17 02:56:03.355124 np0000002999 nova-scheduler[95866]: DEBUG cotyledon.oslo_config_glue [-] oslo_limit.collect_timing = False {{(pid=95866) log_opt_values /opt/stack/data/venv/lib/python3.12/site-packages/oslo_config/cfg.py:3253}}
Jun 17 02:56:03.355444 np0000002999 nova-scheduler[95866]: DEBUG cotyledon.oslo_config_glue [-] oslo_limit.connect_retries = None {{(pid=95866) log_opt_values /opt/stack/data/venv/lib/python3.12/site-packages/oslo_config/cfg.py:3253}}
Jun 17 02:56:03.355444 np0000002999 nova-scheduler[95866]: DEBUG cotyledon.oslo_config_glue [-] oslo_limit.connect_retry_delay = None {{(pid=95866) log_opt_values /opt/stack/data/venv/lib/python3.12/site-packages/oslo_config/cfg.py:3253}}
Jun 17 02:56:03.355444 np0000002999 nova-scheduler[95866]: DEBUG cotyledon.oslo_config_glue [-] oslo_limit.endpoint_id = None {{(pid=95866) log_opt_values /opt/stack/data/venv/lib/python3.12/site-packages/oslo_config/cfg.py:3253}}
Jun 17 02:56:03.355444 np0000002999 nova-scheduler[95866]: DEBUG cotyledon.oslo_config_glue [-] oslo_limit.endpoint_interface = public {{(pid=95866) log_opt_values /opt/stack/data/venv/lib/python3.12/site-packages/oslo_config/cfg.py:3253}}
Jun 17 02:56:03.355444 np0000002999 nova-scheduler[95866]: DEBUG cotyledon.oslo_config_glue [-] oslo_limit.endpoint_override = None {{(pid=95866) log_opt_values /opt/stack/data/venv/lib/python3.12/site-packages/oslo_config/cfg.py:3253}}
Jun 17 02:56:03.355444 np0000002999 nova-scheduler[95866]: DEBUG cotyledon.oslo_config_glue [-] oslo_limit.endpoint_region_name = None {{(pid=95866) log_opt_values /opt/stack/data/venv/lib/python3.12/site-packages/oslo_config/cfg.py:3253}}
Jun 17 02:56:03.355444 np0000002999 nova-scheduler[95866]: DEBUG cotyledon.oslo_config_glue [-] oslo_limit.endpoint_service_name = None {{(pid=95866) log_opt_values /opt/stack/data/venv/lib/python3.12/site-packages/oslo_config/cfg.py:3253}}
Jun 17 02:56:03.355444 np0000002999 nova-scheduler[95866]: DEBUG cotyledon.oslo_config_glue [-] oslo_limit.endpoint_service_type = None {{(pid=95866) log_opt_values /opt/stack/data/venv/lib/python3.12/site-packages/oslo_config/cfg.py:3253}}
Jun 17 02:56:03.355444 np0000002999 nova-scheduler[95866]: DEBUG cotyledon.oslo_config_glue [-] oslo_limit.insecure = False {{(pid=95866) log_opt_values /opt/stack/data/venv/lib/python3.12/site-packages/oslo_config/cfg.py:3253}}
Jun 17 02:56:03.355782 np0000002999 nova-scheduler[95866]: DEBUG cotyledon.oslo_config_glue [-] oslo_limit.keyfile = None {{(pid=95866) log_opt_values /opt/stack/data/venv/lib/python3.12/site-packages/oslo_config/cfg.py:3253}}
Jun 17 02:56:03.355782 np0000002999 nova-scheduler[95866]: DEBUG cotyledon.oslo_config_glue [-] oslo_limit.max_version = None {{(pid=95866) log_opt_values /opt/stack/data/venv/lib/python3.12/site-packages/oslo_config/cfg.py:3253}}
Jun 17 02:56:03.355782 np0000002999 nova-scheduler[95866]: DEBUG cotyledon.oslo_config_glue [-] oslo_limit.min_version = None {{(pid=95866) log_opt_values /opt/stack/data/venv/lib/python3.12/site-packages/oslo_config/cfg.py:3253}}
Jun 17 02:56:03.355782 np0000002999 nova-scheduler[95866]: DEBUG cotyledon.oslo_config_glue [-] oslo_limit.region_name = None {{(pid=95866) log_opt_values /opt/stack/data/venv/lib/python3.12/site-packages/oslo_config/cfg.py:3253}}
Jun 17 02:56:03.355782 np0000002999 nova-scheduler[95866]: DEBUG cotyledon.oslo_config_glue [-] oslo_limit.retriable_status_codes = None {{(pid=95866) log_opt_values /opt/stack/data/venv/lib/python3.12/site-packages/oslo_config/cfg.py:3253}}
Jun 17 02:56:03.355782 np0000002999 nova-scheduler[95866]: DEBUG cotyledon.oslo_config_glue [-] oslo_limit.service_name = None {{(pid=95866) log_opt_values /opt/stack/data/venv/lib/python3.12/site-packages/oslo_config/cfg.py:3253}}
Jun 17 02:56:03.355782 np0000002999 nova-scheduler[95866]: DEBUG cotyledon.oslo_config_glue [-] oslo_limit.service_type = None {{(pid=95866) log_opt_values /opt/stack/data/venv/lib/python3.12/site-packages/oslo_config/cfg.py:3253}}
Jun 17 02:56:03.355782 np0000002999 nova-scheduler[95866]: DEBUG cotyledon.oslo_config_glue [-] oslo_limit.split_loggers = False {{(pid=95866) log_opt_values /opt/stack/data/venv/lib/python3.12/site-packages/oslo_config/cfg.py:3253}}
Jun 17 02:56:03.355782 np0000002999 nova-scheduler[95866]: DEBUG cotyledon.oslo_config_glue [-] oslo_limit.status_code_retries = None {{(pid=95866) log_opt_values /opt/stack/data/venv/lib/python3.12/site-packages/oslo_config/cfg.py:3253}}
Jun 17 02:56:03.356136 np0000002999 nova-scheduler[95866]: DEBUG cotyledon.oslo_config_glue [-] oslo_limit.status_code_retry_delay = None {{(pid=95866) log_opt_values /opt/stack/data/venv/lib/python3.12/site-packages/oslo_config/cfg.py:3253}}
Jun 17 02:56:03.356136 np0000002999 nova-scheduler[95866]: DEBUG cotyledon.oslo_config_glue [-] oslo_limit.timeout = None {{(pid=95866) log_opt_values /opt/stack/data/venv/lib/python3.12/site-packages/oslo_config/cfg.py:3253}}
Jun 17 02:56:03.356136 np0000002999 nova-scheduler[95866]: DEBUG cotyledon.oslo_config_glue [-] oslo_limit.valid_interfaces = None {{(pid=95866) log_opt_values /opt/stack/data/venv/lib/python3.12/site-packages/oslo_config/cfg.py:3253}}
Jun 17 02:56:03.356136 np0000002999 nova-scheduler[95866]: DEBUG cotyledon.oslo_config_glue [-] oslo_limit.version = None {{(pid=95866) log_opt_values /opt/stack/data/venv/lib/python3.12/site-packages/oslo_config/cfg.py:3253}}
Jun 17 02:56:03.356136 np0000002999 nova-scheduler[95866]: DEBUG cotyledon.oslo_config_glue [-] oslo_reports.file_event_handler = None {{(pid=95866) log_opt_values /opt/stack/data/venv/lib/python3.12/site-packages/oslo_config/cfg.py:3253}}
Jun 17 02:56:03.356136 np0000002999 nova-scheduler[95866]: DEBUG cotyledon.oslo_config_glue [-] oslo_reports.file_event_handler_interval = 1 {{(pid=95866) log_opt_values /opt/stack/data/venv/lib/python3.12/site-packages/oslo_config/cfg.py:3253}}
Jun 17 02:56:03.356136 np0000002999 nova-scheduler[95866]: DEBUG cotyledon.oslo_config_glue [-] oslo_reports.log_dir = None {{(pid=95866) log_opt_values /opt/stack/data/venv/lib/python3.12/site-packages/oslo_config/cfg.py:3253}}
Jun 17 02:56:03.356136 np0000002999 nova-scheduler[95866]: DEBUG cotyledon.oslo_config_glue [-] ******************************************************************************** {{(pid=95866) log_opt_values /opt/stack/data/venv/lib/python3.12/site-packages/oslo_config/cfg.py:3260}}
Jun 17 02:56:03.356136 np0000002999 nova-scheduler[95866]: DEBUG cotyledon._service_worker [-] Run service ServiceWrapper(2) [95866] {{(pid=95866) wait_forever /opt/stack/data/venv/lib/python3.12/site-packages/cotyledon/_service_worker.py:218}}
Jun 17 02:56:03.356473 np0000002999 nova-scheduler[95862]: DEBUG oslo_db.sqlalchemy.engines [None req-4d6ea0b1-b5f4-47ef-b543-0c3f41d5affb None None] MySQL server mode set to STRICT_TRANS_TABLES,STRICT_ALL_TABLES,NO_ZERO_IN_DATE,NO_ZERO_DATE,ERROR_FOR_DIVISION_BY_ZERO,TRADITIONAL,NO_ENGINE_SUBSTITUTION {{(pid=95862) _check_effective_sql_mode /opt/stack/data/venv/lib/python3.12/site-packages/oslo_db/sqlalchemy/engines.py:325}}
Jun 17 02:56:03.356523 np0000002999 nova-scheduler[95866]: INFO nova.service [-] Starting scheduler node (version 33.1.0)
Jun 17 02:56:03.356523 np0000002999 nova-scheduler[95866]: INFO dbcounter [None req-ab2d1328-ca22-41b6-b55a-9684382eb7a8 None None] Registered counter for database nova_cell0
Jun 17 02:56:03.356598 np0000002999 nova-scheduler[95862]: DEBUG dbcounter [-] [95862] Writer thread running {{(pid=95862) stat_writer /opt/stack/data/venv/lib/python3.12/site-packages/dbcounter.py:102}}
Jun 17 02:56:03.366146 np0000002999 nova-scheduler[95864]: DEBUG oslo_db.sqlalchemy.engines [None req-5cd39bed-64b6-49d4-9947-fb9e7eaf9170 None None] MySQL server mode set to STRICT_TRANS_TABLES,STRICT_ALL_TABLES,NO_ZERO_IN_DATE,NO_ZERO_DATE,ERROR_FOR_DIVISION_BY_ZERO,TRADITIONAL,NO_ENGINE_SUBSTITUTION {{(pid=95864) _check_effective_sql_mode /opt/stack/data/venv/lib/python3.12/site-packages/oslo_db/sqlalchemy/engines.py:325}}
Jun 17 02:56:03.382177 np0000002999 nova-scheduler[95864]: DEBUG dbcounter [-] [95864] Writer thread running {{(pid=95864) stat_writer /opt/stack/data/venv/lib/python3.12/site-packages/dbcounter.py:102}}
Jun 17 02:56:03.384932 np0000002999 nova-scheduler[95862]: DEBUG nova.service [None req-4d6ea0b1-b5f4-47ef-b543-0c3f41d5affb None None] Creating RPC server for service: nova-scheduler on topic: scheduler {{(pid=95862) start /opt/stack/nova/nova/service.py:196}}
Jun 17 02:56:03.389314 np0000002999 nova-scheduler[95866]: DEBUG oslo_db.sqlalchemy.engines [None req-ab2d1328-ca22-41b6-b55a-9684382eb7a8 None None] MySQL server mode set to STRICT_TRANS_TABLES,STRICT_ALL_TABLES,NO_ZERO_IN_DATE,NO_ZERO_DATE,ERROR_FOR_DIVISION_BY_ZERO,TRADITIONAL,NO_ENGINE_SUBSTITUTION {{(pid=95866) _check_effective_sql_mode /opt/stack/data/venv/lib/python3.12/site-packages/oslo_db/sqlalchemy/engines.py:325}}
Jun 17 02:56:03.395323 np0000002999 nova-scheduler[95864]: DEBUG nova.service [None req-5cd39bed-64b6-49d4-9947-fb9e7eaf9170 None None] Creating RPC server for service: nova-scheduler on topic: scheduler {{(pid=95864) start /opt/stack/nova/nova/service.py:196}}
Jun 17 02:56:03.399940 np0000002999 nova-scheduler[95866]: DEBUG dbcounter [-] [95866] Writer thread running {{(pid=95866) stat_writer /opt/stack/data/venv/lib/python3.12/site-packages/dbcounter.py:102}}
Jun 17 02:56:03.405565 np0000002999 nova-scheduler[95866]: DEBUG nova.service [None req-ab2d1328-ca22-41b6-b55a-9684382eb7a8 None None] Creating RPC server for service: nova-scheduler on topic: scheduler {{(pid=95866) start /opt/stack/nova/nova/service.py:196}}
Jun 17 02:56:03.421698 np0000002999 nova-scheduler[95862]: DEBUG nova.service [None req-4d6ea0b1-b5f4-47ef-b543-0c3f41d5affb None None] Join ServiceGroup membership for this service scheduler {{(pid=95862) start /opt/stack/nova/nova/service.py:222}}
Jun 17 02:56:03.421849 np0000002999 nova-scheduler[95864]: DEBUG nova.service [None req-5cd39bed-64b6-49d4-9947-fb9e7eaf9170 None None] Join ServiceGroup membership for this service scheduler {{(pid=95864) start /opt/stack/nova/nova/service.py:222}}
Jun 17 02:56:03.421919 np0000002999 nova-scheduler[95862]: DEBUG nova.servicegroup.drivers.db [None req-4d6ea0b1-b5f4-47ef-b543-0c3f41d5affb None None] DB_Driver: join new ServiceGroup member np0000002999 to the scheduler group, service = {{(pid=95862) join /opt/stack/nova/nova/servicegroup/drivers/db.py:44}}
Jun 17 02:56:03.422119 np0000002999 nova-scheduler[95864]: DEBUG nova.servicegroup.drivers.db [None req-5cd39bed-64b6-49d4-9947-fb9e7eaf9170 None None] DB_Driver: join new ServiceGroup member np0000002999 to the scheduler group, service = {{(pid=95864) join /opt/stack/nova/nova/servicegroup/drivers/db.py:44}}
Jun 17 02:56:03.425503 np0000002999 nova-scheduler[95866]: DEBUG nova.service [None req-ab2d1328-ca22-41b6-b55a-9684382eb7a8 None None] Join ServiceGroup membership for this service scheduler {{(pid=95866) start /opt/stack/nova/nova/service.py:222}}
Jun 17 02:56:03.425979 np0000002999 nova-scheduler[95866]: DEBUG nova.servicegroup.drivers.db [None req-ab2d1328-ca22-41b6-b55a-9684382eb7a8 None None] DB_Driver: join new ServiceGroup member np0000002999 to the scheduler group, service = {{(pid=95866) join /opt/stack/nova/nova/servicegroup/drivers/db.py:44}}
Jun 17 02:56:08.436432 np0000002999 nova-scheduler[95864]: DEBUG oslo.service.backend._threading.loopingcall [-] Fixed interval looping call 'nova.servicegroup.drivers.db.DbDriver._report_state' sleeping for 119.99 seconds {{(pid=95864) _run_loop /opt/stack/data/venv/lib/python3.12/site-packages/oslo_service/backend/_threading/loopingcall.py:125}}
Jun 17 02:56:08.436855 np0000002999 nova-scheduler[95862]: DEBUG oslo.service.backend._threading.loopingcall [-] Fixed interval looping call 'nova.servicegroup.drivers.db.DbDriver._report_state' sleeping for 119.99 seconds {{(pid=95862) _run_loop /opt/stack/data/venv/lib/python3.12/site-packages/oslo_service/backend/_threading/loopingcall.py:125}}
Jun 17 02:56:08.439284 np0000002999 nova-scheduler[95866]: DEBUG oslo.service.backend._threading.loopingcall [-] Fixed interval looping call 'nova.servicegroup.drivers.db.DbDriver._report_state' sleeping for 119.99 seconds {{(pid=95866) _run_loop /opt/stack/data/venv/lib/python3.12/site-packages/oslo_service/backend/_threading/loopingcall.py:125}}
Jun 17 02:56:11.951992 np0000002999 nova-scheduler[94671]: DEBUG dbcounter [-] [94671] Writing DB stats nova_api:SELECT=3 {{(pid=94671) stat_writer /opt/stack/data/venv/lib/python3.12/site-packages/dbcounter.py:115}}
Jun 17 02:56:12.104584 np0000002999 nova-scheduler[94671]: DEBUG dbcounter [-] [94671] Writing DB stats nova_cell0:SELECT=1 {{(pid=94671) stat_writer /opt/stack/data/venv/lib/python3.12/site-packages/dbcounter.py:115}}
Jun 17 02:56:12.108101 np0000002999 nova-scheduler[94671]: DEBUG dbcounter [-] [94671] Writing DB stats nova_cell1:SELECT=1 {{(pid=94671) stat_writer /opt/stack/data/venv/lib/python3.12/site-packages/dbcounter.py:115}}
Jun 17 02:56:18.431122 np0000002999 nova-scheduler[95864]: DEBUG dbcounter [-] [95864] Writing DB stats nova_cell0:SELECT=5,nova_cell0:INSERT=1,nova_cell0:UPDATE=1 {{(pid=95864) stat_writer /opt/stack/data/venv/lib/python3.12/site-packages/dbcounter.py:115}}
Jun 17 02:56:18.431910 np0000002999 nova-scheduler[95862]: DEBUG dbcounter [-] [95862] Writing DB stats nova_cell0:SELECT=4,nova_cell0:INSERT=1,nova_cell0:UPDATE=1 {{(pid=95862) stat_writer /opt/stack/data/venv/lib/python3.12/site-packages/dbcounter.py:115}}
Jun 17 02:56:18.440002 np0000002999 nova-scheduler[95866]: DEBUG dbcounter [-] [95866] Writing DB stats nova_cell0:SELECT=3,nova_cell0:UPDATE=1 {{(pid=95866) stat_writer /opt/stack/data/venv/lib/python3.12/site-packages/dbcounter.py:115}}
Jun 17 02:56:20.424204 np0000002999 nova-scheduler[95864]: DEBUG oslo.service.backend._threading.loopingcall [None req-42bb11ab-09b0-4a4b-9665-bafa77f23cc4 None None] Dynamic interval looping call 'nova.service.Service.periodic_tasks' sleeping for 60.00 seconds {{(pid=95864) _run_loop /opt/stack/data/venv/lib/python3.12/site-packages/oslo_service/backend/_threading/loopingcall.py:125}}
Jun 17 02:56:31.428105 np0000002999 nova-scheduler[95866]: DEBUG oslo.service.backend._threading.loopingcall [None req-55bcbebb-85ad-4388-ba59-716ae0e4752b None None] Dynamic interval looping call 'nova.service.Service.periodic_tasks' sleeping for 60.00 seconds {{(pid=95866) _run_loop /opt/stack/data/venv/lib/python3.12/site-packages/oslo_service/backend/_threading/loopingcall.py:125}}
Jun 17 02:56:47.424666 np0000002999 nova-scheduler[95862]: DEBUG oslo.service.backend._threading.loopingcall [None req-ec5ad6d1-fb6c-4b57-8a74-99252b087aee None None] Dynamic interval looping call 'nova.service.Service.periodic_tasks' sleeping for 60.00 seconds {{(pid=95862) _run_loop /opt/stack/data/venv/lib/python3.12/site-packages/oslo_service/backend/_threading/loopingcall.py:125}}
Jun 17 02:57:20.424755 np0000002999 nova-scheduler[95864]: DEBUG oslo.service.backend._threading.loopingcall [None req-42bb11ab-09b0-4a4b-9665-bafa77f23cc4 None None] Dynamic interval looping call 'nova.service.Service.periodic_tasks' sleeping for 60.00 seconds {{(pid=95864) _run_loop /opt/stack/data/venv/lib/python3.12/site-packages/oslo_service/backend/_threading/loopingcall.py:125}}
Jun 17 02:57:31.429063 np0000002999 nova-scheduler[95866]: DEBUG oslo.service.backend._threading.loopingcall [None req-55bcbebb-85ad-4388-ba59-716ae0e4752b None None] Dynamic interval looping call 'nova.service.Service.periodic_tasks' sleeping for 60.00 seconds {{(pid=95866) _run_loop /opt/stack/data/venv/lib/python3.12/site-packages/oslo_service/backend/_threading/loopingcall.py:125}}
Jun 17 02:57:47.425161 np0000002999 nova-scheduler[95862]: DEBUG oslo.service.backend._threading.loopingcall [None req-ec5ad6d1-fb6c-4b57-8a74-99252b087aee None None] Dynamic interval looping call 'nova.service.Service.periodic_tasks' sleeping for 60.00 seconds {{(pid=95862) _run_loop /opt/stack/data/venv/lib/python3.12/site-packages/oslo_service/backend/_threading/loopingcall.py:125}}
Jun 17 02:58:08.440733 np0000002999 nova-scheduler[95862]: DEBUG oslo.service.backend._threading.loopingcall [-] Fixed interval looping call 'nova.servicegroup.drivers.db.DbDriver._report_state' sleeping for 119.99 seconds {{(pid=95862) _run_loop /opt/stack/data/venv/lib/python3.12/site-packages/oslo_service/backend/_threading/loopingcall.py:125}}
Jun 17 02:58:08.441752 np0000002999 nova-scheduler[95864]: DEBUG oslo.service.backend._threading.loopingcall [-] Fixed interval looping call 'nova.servicegroup.drivers.db.DbDriver._report_state' sleeping for 119.99 seconds {{(pid=95864) _run_loop /opt/stack/data/venv/lib/python3.12/site-packages/oslo_service/backend/_threading/loopingcall.py:125}}
Jun 17 02:58:08.442347 np0000002999 nova-scheduler[95866]: DEBUG oslo.service.backend._threading.loopingcall [-] Fixed interval looping call 'nova.servicegroup.drivers.db.DbDriver._report_state' sleeping for 119.99 seconds {{(pid=95866) _run_loop /opt/stack/data/venv/lib/python3.12/site-packages/oslo_service/backend/_threading/loopingcall.py:125}}
Jun 17 02:58:18.430895 np0000002999 nova-scheduler[95864]: DEBUG dbcounter [-] [95864] Writing DB stats nova_cell0:SELECT=1,nova_cell0:UPDATE=1 {{(pid=95864) stat_writer /opt/stack/data/venv/lib/python3.12/site-packages/dbcounter.py:115}}
Jun 17 02:58:18.431386 np0000002999 nova-scheduler[95862]: DEBUG dbcounter [-] [95862] Writing DB stats nova_cell0:SELECT=1,nova_cell0:UPDATE=1 {{(pid=95862) stat_writer /opt/stack/data/venv/lib/python3.12/site-packages/dbcounter.py:115}}
Jun 17 02:58:18.433030 np0000002999 nova-scheduler[95866]: DEBUG dbcounter [-] [95866] Writing DB stats nova_cell0:SELECT=1,nova_cell0:UPDATE=1 {{(pid=95866) stat_writer /opt/stack/data/venv/lib/python3.12/site-packages/dbcounter.py:115}}
Jun 17 02:58:20.425196 np0000002999 nova-scheduler[95864]: DEBUG oslo.service.backend._threading.loopingcall [None req-42bb11ab-09b0-4a4b-9665-bafa77f23cc4 None None] Dynamic interval looping call 'nova.service.Service.periodic_tasks' sleeping for 60.00 seconds {{(pid=95864) _run_loop /opt/stack/data/venv/lib/python3.12/site-packages/oslo_service/backend/_threading/loopingcall.py:125}}
Jun 17 02:58:31.429614 np0000002999 nova-scheduler[95866]: DEBUG oslo.service.backend._threading.loopingcall [None req-55bcbebb-85ad-4388-ba59-716ae0e4752b None None] Dynamic interval looping call 'nova.service.Service.periodic_tasks' sleeping for 60.00 seconds {{(pid=95866) _run_loop /opt/stack/data/venv/lib/python3.12/site-packages/oslo_service/backend/_threading/loopingcall.py:125}}
Jun 17 02:58:47.425660 np0000002999 nova-scheduler[95862]: DEBUG oslo.service.backend._threading.loopingcall [None req-ec5ad6d1-fb6c-4b57-8a74-99252b087aee None None] Dynamic interval looping call 'nova.service.Service.periodic_tasks' sleeping for 60.00 seconds {{(pid=95862) _run_loop /opt/stack/data/venv/lib/python3.12/site-packages/oslo_service/backend/_threading/loopingcall.py:125}}
Jun 17 02:59:20.426033 np0000002999 nova-scheduler[95864]: DEBUG oslo.service.backend._threading.loopingcall [None req-42bb11ab-09b0-4a4b-9665-bafa77f23cc4 None None] Dynamic interval looping call 'nova.service.Service.periodic_tasks' sleeping for 60.00 seconds {{(pid=95864) _run_loop /opt/stack/data/venv/lib/python3.12/site-packages/oslo_service/backend/_threading/loopingcall.py:125}}
Jun 17 02:59:21.273424 np0000002999 nova-scheduler[95862]: DEBUG nova.scheduler.manager [None req-138884c1-028e-4c32-89f4-98fd23ba58ba tempest-AttachSCSIVolumeTestJSON-70416402 tempest-AttachSCSIVolumeTestJSON-70416402-project-member] Starting to schedule for instances: ['a4a5ba91-ff9c-4328-91ad-cf0e904a0df6'] {{(pid=95862) select_destinations /opt/stack/nova/nova/scheduler/manager.py:210}}
Jun 17 02:59:21.274199 np0000002999 nova-scheduler[95862]: DEBUG nova.scheduler.request_filter [None req-138884c1-028e-4c32-89f4-98fd23ba58ba tempest-AttachSCSIVolumeTestJSON-70416402 tempest-AttachSCSIVolumeTestJSON-70416402-project-member] compute_status_filter request filter added forbidden trait COMPUTE_STATUS_DISABLED {{(pid=95862) compute_status_filter /opt/stack/nova/nova/scheduler/request_filter.py:253}}
Jun 17 02:59:21.274257 np0000002999 nova-scheduler[95862]: DEBUG nova.scheduler.request_filter [None req-138884c1-028e-4c32-89f4-98fd23ba58ba tempest-AttachSCSIVolumeTestJSON-70416402 tempest-AttachSCSIVolumeTestJSON-70416402-project-member] Request filter 'compute_status_filter' took 0.0 seconds {{(pid=95862) wrapper /opt/stack/nova/nova/scheduler/request_filter.py:46}}
Jun 17 02:59:21.274520 np0000002999 nova-scheduler[95862]: DEBUG nova.scheduler.request_filter [None req-138884c1-028e-4c32-89f4-98fd23ba58ba tempest-AttachSCSIVolumeTestJSON-70416402 tempest-AttachSCSIVolumeTestJSON-70416402-project-member] Request filter 'accelerators_filter' took 0.0 seconds {{(pid=95862) wrapper /opt/stack/nova/nova/scheduler/request_filter.py:46}}
Jun 17 02:59:21.274770 np0000002999 nova-scheduler[95862]: DEBUG nova.scheduler.request_filter [None req-138884c1-028e-4c32-89f4-98fd23ba58ba tempest-AttachSCSIVolumeTestJSON-70416402 tempest-AttachSCSIVolumeTestJSON-70416402-project-member] Request filter 'packed_virtqueue_filter' took 0.0 seconds {{(pid=95862) wrapper /opt/stack/nova/nova/scheduler/request_filter.py:46}}
Jun 17 02:59:21.275463 np0000002999 nova-scheduler[95862]: DEBUG nova.scheduler.request_filter [None req-138884c1-028e-4c32-89f4-98fd23ba58ba tempest-AttachSCSIVolumeTestJSON-70416402 tempest-AttachSCSIVolumeTestJSON-70416402-project-member] Request filter 'remote_managed_ports_filter' took 0.0 seconds {{(pid=95862) wrapper /opt/stack/nova/nova/scheduler/request_filter.py:46}}
Jun 17 02:59:21.275639 np0000002999 nova-scheduler[95862]: DEBUG nova.scheduler.request_filter [None req-138884c1-028e-4c32-89f4-98fd23ba58ba tempest-AttachSCSIVolumeTestJSON-70416402 tempest-AttachSCSIVolumeTestJSON-70416402-project-member] ephemeral_encryption_filter skipped {{(pid=95862) ephemeral_encryption_filter /opt/stack/nova/nova/scheduler/request_filter.py:426}}
Jun 17 02:59:21.275823 np0000002999 nova-scheduler[95862]: DEBUG nova.scheduler.request_filter [None req-138884c1-028e-4c32-89f4-98fd23ba58ba tempest-AttachSCSIVolumeTestJSON-70416402 tempest-AttachSCSIVolumeTestJSON-70416402-project-member] virtio_sound_filter skipped {{(pid=95862) virtio_sound_filter /opt/stack/nova/nova/scheduler/request_filter.py:460}}
Jun 17 02:59:21.276012 np0000002999 nova-scheduler[95862]: DEBUG nova.scheduler.request_filter [None req-138884c1-028e-4c32-89f4-98fd23ba58ba tempest-AttachSCSIVolumeTestJSON-70416402 tempest-AttachSCSIVolumeTestJSON-70416402-project-member] tpm_secret_security_filter skipped {{(pid=95862) tpm_secret_security_filter /opt/stack/nova/nova/scheduler/request_filter.py:477}}
Jun 17 02:59:21.598149 np0000002999 nova-scheduler[95864]: DEBUG nova.scheduler.manager [None req-a3a53a9f-f1ed-4545-adb5-f06d6ed498cb tempest-TestMultiAttachVolumeSwap-506340938 tempest-TestMultiAttachVolumeSwap-506340938-project-member] Starting to schedule for instances: ['c0d2ed42-913f-4177-ada6-0c17143d2ed9', '6a0f3270-aa86-409d-824c-20e77656c058'] {{(pid=95864) select_destinations /opt/stack/nova/nova/scheduler/manager.py:210}}
Jun 17 02:59:21.599150 np0000002999 nova-scheduler[95864]: DEBUG nova.scheduler.request_filter [None req-a3a53a9f-f1ed-4545-adb5-f06d6ed498cb tempest-TestMultiAttachVolumeSwap-506340938 tempest-TestMultiAttachVolumeSwap-506340938-project-member] compute_status_filter request filter added forbidden trait COMPUTE_STATUS_DISABLED {{(pid=95864) compute_status_filter /opt/stack/nova/nova/scheduler/request_filter.py:253}}
Jun 17 02:59:21.599312 np0000002999 nova-scheduler[95864]: DEBUG nova.scheduler.request_filter [None req-a3a53a9f-f1ed-4545-adb5-f06d6ed498cb tempest-TestMultiAttachVolumeSwap-506340938 tempest-TestMultiAttachVolumeSwap-506340938-project-member] Request filter 'compute_status_filter' took 0.0 seconds {{(pid=95864) wrapper /opt/stack/nova/nova/scheduler/request_filter.py:46}}
Jun 17 02:59:21.599645 np0000002999 nova-scheduler[95864]: DEBUG nova.scheduler.request_filter [None req-a3a53a9f-f1ed-4545-adb5-f06d6ed498cb tempest-TestMultiAttachVolumeSwap-506340938 tempest-TestMultiAttachVolumeSwap-506340938-project-member] Request filter 'accelerators_filter' took 0.0 seconds {{(pid=95864) wrapper /opt/stack/nova/nova/scheduler/request_filter.py:46}}
Jun 17 02:59:21.599888 np0000002999 nova-scheduler[95864]: DEBUG nova.scheduler.request_filter [None req-a3a53a9f-f1ed-4545-adb5-f06d6ed498cb tempest-TestMultiAttachVolumeSwap-506340938 tempest-TestMultiAttachVolumeSwap-506340938-project-member] Request filter 'packed_virtqueue_filter' took 0.0 seconds {{(pid=95864) wrapper /opt/stack/nova/nova/scheduler/request_filter.py:46}}
Jun 17 02:59:21.600215 np0000002999 nova-scheduler[95864]: DEBUG nova.scheduler.request_filter [None req-a3a53a9f-f1ed-4545-adb5-f06d6ed498cb tempest-TestMultiAttachVolumeSwap-506340938 tempest-TestMultiAttachVolumeSwap-506340938-project-member] Request filter 'remote_managed_ports_filter' took 0.0 seconds {{(pid=95864) wrapper /opt/stack/nova/nova/scheduler/request_filter.py:46}}
Jun 17 02:59:21.600410 np0000002999 nova-scheduler[95864]: DEBUG nova.scheduler.request_filter [None req-a3a53a9f-f1ed-4545-adb5-f06d6ed498cb tempest-TestMultiAttachVolumeSwap-506340938 tempest-TestMultiAttachVolumeSwap-506340938-project-member] ephemeral_encryption_filter skipped {{(pid=95864) ephemeral_encryption_filter /opt/stack/nova/nova/scheduler/request_filter.py:426}}
Jun 17 02:59:21.600632 np0000002999 nova-scheduler[95864]: DEBUG nova.scheduler.request_filter [None req-a3a53a9f-f1ed-4545-adb5-f06d6ed498cb tempest-TestMultiAttachVolumeSwap-506340938 tempest-TestMultiAttachVolumeSwap-506340938-project-member] virtio_sound_filter skipped {{(pid=95864) virtio_sound_filter /opt/stack/nova/nova/scheduler/request_filter.py:460}}
Jun 17 02:59:21.600755 np0000002999 nova-scheduler[95864]: DEBUG nova.scheduler.request_filter [None req-a3a53a9f-f1ed-4545-adb5-f06d6ed498cb tempest-TestMultiAttachVolumeSwap-506340938 tempest-TestMultiAttachVolumeSwap-506340938-project-member] tpm_secret_security_filter skipped {{(pid=95864) tpm_secret_security_filter /opt/stack/nova/nova/scheduler/request_filter.py:477}}
Jun 17 02:59:22.049071 np0000002999 nova-scheduler[95864]: INFO nova.utils [None req-a3a53a9f-f1ed-4545-adb5-f06d6ed498cb tempest-TestMultiAttachVolumeSwap-506340938 tempest-TestMultiAttachVolumeSwap-506340938-project-member] The cell worker thread pool ForkProcess-2.cell_worker is initialized
Jun 17 02:59:22.049543 np0000002999 nova-scheduler[95864]: DEBUG oslo_concurrency.lockutils [None req-a3a53a9f-f1ed-4545-adb5-f06d6ed498cb tempest-TestMultiAttachVolumeSwap-506340938 tempest-TestMultiAttachVolumeSwap-506340938-project-member] Acquiring lock "71f5c89d-8299-4a39-896a-8f42c5679cd7" by "nova.context.set_target_cell..get_or_set_cached_cell_and_set_connections" {{(pid=95864) inner /opt/stack/data/venv/lib/python3.12/site-packages/oslo_concurrency/lockutils.py:511}}
Jun 17 02:59:22.049821 np0000002999 nova-scheduler[95864]: DEBUG oslo_concurrency.lockutils [None req-a3a53a9f-f1ed-4545-adb5-f06d6ed498cb tempest-TestMultiAttachVolumeSwap-506340938 tempest-TestMultiAttachVolumeSwap-506340938-project-member] Lock "71f5c89d-8299-4a39-896a-8f42c5679cd7" acquired by "nova.context.set_target_cell..get_or_set_cached_cell_and_set_connections" :: waited 0.000s {{(pid=95864) inner /opt/stack/data/venv/lib/python3.12/site-packages/oslo_concurrency/lockutils.py:524}}
Jun 17 02:59:22.054944 np0000002999 nova-scheduler[95864]: DEBUG oslo_concurrency.lockutils [None req-a3a53a9f-f1ed-4545-adb5-f06d6ed498cb tempest-TestMultiAttachVolumeSwap-506340938 tempest-TestMultiAttachVolumeSwap-506340938-project-member] Lock "71f5c89d-8299-4a39-896a-8f42c5679cd7" "released" by "nova.context.set_target_cell..get_or_set_cached_cell_and_set_connections" :: held 0.005s {{(pid=95864) inner /opt/stack/data/venv/lib/python3.12/site-packages/oslo_concurrency/lockutils.py:543}}
Jun 17 02:59:22.059048 np0000002999 nova-scheduler[95864]: INFO dbcounter [None req-a3a53a9f-f1ed-4545-adb5-f06d6ed498cb tempest-TestMultiAttachVolumeSwap-506340938 tempest-TestMultiAttachVolumeSwap-506340938-project-member] Registered counter for database nova_cell1
Jun 17 02:59:22.081521 np0000002999 nova-scheduler[95866]: DEBUG nova.scheduler.manager [None req-afdfde6f-ed23-4953-8c59-00e0bba441e4 tempest-VolumesAdminNegativeTest-79416341 tempest-VolumesAdminNegativeTest-79416341-project-member] Starting to schedule for instances: ['572bc274-23e4-41ce-987c-4a06f5ec40da'] {{(pid=95866) select_destinations /opt/stack/nova/nova/scheduler/manager.py:210}}
Jun 17 02:59:22.081956 np0000002999 nova-scheduler[95866]: DEBUG nova.scheduler.request_filter [None req-afdfde6f-ed23-4953-8c59-00e0bba441e4 tempest-VolumesAdminNegativeTest-79416341 tempest-VolumesAdminNegativeTest-79416341-project-member] compute_status_filter request filter added forbidden trait COMPUTE_STATUS_DISABLED {{(pid=95866) compute_status_filter /opt/stack/nova/nova/scheduler/request_filter.py:253}}
Jun 17 02:59:22.082090 np0000002999 nova-scheduler[95866]: DEBUG nova.scheduler.request_filter [None req-afdfde6f-ed23-4953-8c59-00e0bba441e4 tempest-VolumesAdminNegativeTest-79416341 tempest-VolumesAdminNegativeTest-79416341-project-member] Request filter 'compute_status_filter' took 0.0 seconds {{(pid=95866) wrapper /opt/stack/nova/nova/scheduler/request_filter.py:46}}
Jun 17 02:59:22.082281 np0000002999 nova-scheduler[95866]: DEBUG nova.scheduler.request_filter [None req-afdfde6f-ed23-4953-8c59-00e0bba441e4 tempest-VolumesAdminNegativeTest-79416341 tempest-VolumesAdminNegativeTest-79416341-project-member] Request filter 'accelerators_filter' took 0.0 seconds {{(pid=95866) wrapper /opt/stack/nova/nova/scheduler/request_filter.py:46}}
Jun 17 02:59:22.083123 np0000002999 nova-scheduler[95866]: DEBUG nova.scheduler.request_filter [None req-afdfde6f-ed23-4953-8c59-00e0bba441e4 tempest-VolumesAdminNegativeTest-79416341 tempest-VolumesAdminNegativeTest-79416341-project-member] Request filter 'packed_virtqueue_filter' took 0.0 seconds {{(pid=95866) wrapper /opt/stack/nova/nova/scheduler/request_filter.py:46}}
Jun 17 02:59:22.084063 np0000002999 nova-scheduler[95866]: DEBUG nova.scheduler.request_filter [None req-afdfde6f-ed23-4953-8c59-00e0bba441e4 tempest-VolumesAdminNegativeTest-79416341 tempest-VolumesAdminNegativeTest-79416341-project-member] Request filter 'remote_managed_ports_filter' took 0.0 seconds {{(pid=95866) wrapper /opt/stack/nova/nova/scheduler/request_filter.py:46}}
Jun 17 02:59:22.084063 np0000002999 nova-scheduler[95866]: DEBUG nova.scheduler.request_filter [None req-afdfde6f-ed23-4953-8c59-00e0bba441e4 tempest-VolumesAdminNegativeTest-79416341 tempest-VolumesAdminNegativeTest-79416341-project-member] ephemeral_encryption_filter skipped {{(pid=95866) ephemeral_encryption_filter /opt/stack/nova/nova/scheduler/request_filter.py:426}}
Jun 17 02:59:22.084063 np0000002999 nova-scheduler[95866]: DEBUG nova.scheduler.request_filter [None req-afdfde6f-ed23-4953-8c59-00e0bba441e4 tempest-VolumesAdminNegativeTest-79416341 tempest-VolumesAdminNegativeTest-79416341-project-member] virtio_sound_filter skipped {{(pid=95866) virtio_sound_filter /opt/stack/nova/nova/scheduler/request_filter.py:460}}
Jun 17 02:59:22.084312 np0000002999 nova-scheduler[95866]: DEBUG nova.scheduler.request_filter [None req-afdfde6f-ed23-4953-8c59-00e0bba441e4 tempest-VolumesAdminNegativeTest-79416341 tempest-VolumesAdminNegativeTest-79416341-project-member] tpm_secret_security_filter skipped {{(pid=95866) tpm_secret_security_filter /opt/stack/nova/nova/scheduler/request_filter.py:477}}
Jun 17 02:59:22.101547 np0000002999 nova-scheduler[95864]: DEBUG oslo_db.sqlalchemy.engines [None req-a3a53a9f-f1ed-4545-adb5-f06d6ed498cb tempest-TestMultiAttachVolumeSwap-506340938 tempest-TestMultiAttachVolumeSwap-506340938-project-member] MySQL server mode set to STRICT_TRANS_TABLES,STRICT_ALL_TABLES,NO_ZERO_IN_DATE,NO_ZERO_DATE,ERROR_FOR_DIVISION_BY_ZERO,TRADITIONAL,NO_ENGINE_SUBSTITUTION {{(pid=95864) _check_effective_sql_mode /opt/stack/data/venv/lib/python3.12/site-packages/oslo_db/sqlalchemy/engines.py:325}}
Jun 17 02:59:22.107692 np0000002999 nova-scheduler[95864]: DEBUG dbcounter [-] [95864] Writer thread running {{(pid=95864) stat_writer /opt/stack/data/venv/lib/python3.12/site-packages/dbcounter.py:102}}
Jun 17 02:59:22.122938 np0000002999 nova-scheduler[95864]: DEBUG oslo_db.sqlalchemy.engines [None req-a3a53a9f-f1ed-4545-adb5-f06d6ed498cb tempest-TestMultiAttachVolumeSwap-506340938 tempest-TestMultiAttachVolumeSwap-506340938-project-member] Parent process 94671 forked (95864) with an open database connection, which is being discarded and recreated. {{(pid=95864) checkout /opt/stack/data/venv/lib/python3.12/site-packages/oslo_db/sqlalchemy/engines.py:402}}
Jun 17 02:59:22.127667 np0000002999 nova-scheduler[95862]: INFO nova.utils [None req-138884c1-028e-4c32-89f4-98fd23ba58ba tempest-AttachSCSIVolumeTestJSON-70416402 tempest-AttachSCSIVolumeTestJSON-70416402-project-member] The cell worker thread pool ForkProcess-1.cell_worker is initialized
Jun 17 02:59:22.128080 np0000002999 nova-scheduler[95862]: DEBUG oslo_concurrency.lockutils [None req-138884c1-028e-4c32-89f4-98fd23ba58ba tempest-AttachSCSIVolumeTestJSON-70416402 tempest-AttachSCSIVolumeTestJSON-70416402-project-member] Acquiring lock "71f5c89d-8299-4a39-896a-8f42c5679cd7" by "nova.context.set_target_cell..get_or_set_cached_cell_and_set_connections" {{(pid=95862) inner /opt/stack/data/venv/lib/python3.12/site-packages/oslo_concurrency/lockutils.py:511}}
Jun 17 02:59:22.128281 np0000002999 nova-scheduler[95862]: DEBUG oslo_concurrency.lockutils [None req-138884c1-028e-4c32-89f4-98fd23ba58ba tempest-AttachSCSIVolumeTestJSON-70416402 tempest-AttachSCSIVolumeTestJSON-70416402-project-member] Lock "71f5c89d-8299-4a39-896a-8f42c5679cd7" acquired by "nova.context.set_target_cell..get_or_set_cached_cell_and_set_connections" :: waited 0.000s {{(pid=95862) inner /opt/stack/data/venv/lib/python3.12/site-packages/oslo_concurrency/lockutils.py:524}}
Jun 17 02:59:22.129662 np0000002999 nova-scheduler[95862]: DEBUG oslo_concurrency.lockutils [None req-138884c1-028e-4c32-89f4-98fd23ba58ba tempest-AttachSCSIVolumeTestJSON-70416402 tempest-AttachSCSIVolumeTestJSON-70416402-project-member] Lock "71f5c89d-8299-4a39-896a-8f42c5679cd7" "released" by "nova.context.set_target_cell..get_or_set_cached_cell_and_set_connections" :: held 0.001s {{(pid=95862) inner /opt/stack/data/venv/lib/python3.12/site-packages/oslo_concurrency/lockutils.py:543}}
Jun 17 02:59:22.131534 np0000002999 nova-scheduler[95862]: INFO dbcounter [None req-138884c1-028e-4c32-89f4-98fd23ba58ba tempest-AttachSCSIVolumeTestJSON-70416402 tempest-AttachSCSIVolumeTestJSON-70416402-project-member] Registered counter for database nova_cell1
Jun 17 02:59:22.172353 np0000002999 nova-scheduler[95862]: DEBUG oslo_db.sqlalchemy.engines [None req-138884c1-028e-4c32-89f4-98fd23ba58ba tempest-AttachSCSIVolumeTestJSON-70416402 tempest-AttachSCSIVolumeTestJSON-70416402-project-member] MySQL server mode set to STRICT_TRANS_TABLES,STRICT_ALL_TABLES,NO_ZERO_IN_DATE,NO_ZERO_DATE,ERROR_FOR_DIVISION_BY_ZERO,TRADITIONAL,NO_ENGINE_SUBSTITUTION {{(pid=95862) _check_effective_sql_mode /opt/stack/data/venv/lib/python3.12/site-packages/oslo_db/sqlalchemy/engines.py:325}}
Jun 17 02:59:22.173398 np0000002999 nova-scheduler[95864]: DEBUG dbcounter [-] [95864] Writer thread running {{(pid=95864) stat_writer /opt/stack/data/venv/lib/python3.12/site-packages/dbcounter.py:102}}
Jun 17 02:59:22.176663 np0000002999 nova-scheduler[95864]: DEBUG oslo_concurrency.lockutils [None req-a3a53a9f-f1ed-4545-adb5-f06d6ed498cb tempest-TestMultiAttachVolumeSwap-506340938 tempest-TestMultiAttachVolumeSwap-506340938-project-member] Acquiring lock "71f5c89d-8299-4a39-896a-8f42c5679cd7" by "nova.context.set_target_cell..get_or_set_cached_cell_and_set_connections" {{(pid=95864) inner /opt/stack/data/venv/lib/python3.12/site-packages/oslo_concurrency/lockutils.py:511}}
Jun 17 02:59:22.176845 np0000002999 nova-scheduler[95864]: DEBUG oslo_concurrency.lockutils [None req-a3a53a9f-f1ed-4545-adb5-f06d6ed498cb tempest-TestMultiAttachVolumeSwap-506340938 tempest-TestMultiAttachVolumeSwap-506340938-project-member] Lock "71f5c89d-8299-4a39-896a-8f42c5679cd7" acquired by "nova.context.set_target_cell..get_or_set_cached_cell_and_set_connections" :: waited 0.000s {{(pid=95864) inner /opt/stack/data/venv/lib/python3.12/site-packages/oslo_concurrency/lockutils.py:524}}
Jun 17 02:59:22.176993 np0000002999 nova-scheduler[95864]: DEBUG oslo_concurrency.lockutils [None req-a3a53a9f-f1ed-4545-adb5-f06d6ed498cb tempest-TestMultiAttachVolumeSwap-506340938 tempest-TestMultiAttachVolumeSwap-506340938-project-member] Lock "71f5c89d-8299-4a39-896a-8f42c5679cd7" "released" by "nova.context.set_target_cell..get_or_set_cached_cell_and_set_connections" :: held 0.000s {{(pid=95864) inner /opt/stack/data/venv/lib/python3.12/site-packages/oslo_concurrency/lockutils.py:543}}
Jun 17 02:59:22.178753 np0000002999 nova-scheduler[95862]: DEBUG dbcounter [-] [95862] Writer thread running {{(pid=95862) stat_writer /opt/stack/data/venv/lib/python3.12/site-packages/dbcounter.py:102}}
Jun 17 02:59:22.180775 np0000002999 nova-scheduler[95864]: DEBUG oslo_concurrency.lockutils [None req-a3a53a9f-f1ed-4545-adb5-f06d6ed498cb tempest-TestMultiAttachVolumeSwap-506340938 tempest-TestMultiAttachVolumeSwap-506340938-project-member] Acquiring lock "('np0000002999', 'np0000002999')" by "nova.scheduler.host_manager.HostState.update.._locked_update" {{(pid=95864) inner /opt/stack/data/venv/lib/python3.12/site-packages/oslo_concurrency/lockutils.py:511}}
Jun 17 02:59:22.180934 np0000002999 nova-scheduler[95864]: DEBUG oslo_concurrency.lockutils [None req-a3a53a9f-f1ed-4545-adb5-f06d6ed498cb tempest-TestMultiAttachVolumeSwap-506340938 tempest-TestMultiAttachVolumeSwap-506340938-project-member] Lock "('np0000002999', 'np0000002999')" acquired by "nova.scheduler.host_manager.HostState.update.._locked_update" :: waited 0.000s {{(pid=95864) inner /opt/stack/data/venv/lib/python3.12/site-packages/oslo_concurrency/lockutils.py:524}}
Jun 17 02:59:22.181845 np0000002999 nova-scheduler[95864]: DEBUG nova.scheduler.host_manager [None req-a3a53a9f-f1ed-4545-adb5-f06d6ed498cb tempest-TestMultiAttachVolumeSwap-506340938 tempest-TestMultiAttachVolumeSwap-506340938-project-member] Update host state from compute node: ComputeNode(cpu_allocation_ratio=4.0,cpu_info='{"arch": "x86_64", "model": "EPYC-Milan", "vendor": "AMD", "topology": {"cells": 1, "sockets": 12, "cores": 1, "threads": 1}, "maxphysaddr": {"mode": "emulate", "bits": 40}, "features": ["sep", "skip-l1dfl-vmentry", "pclmuldq", "bmi2", "lahf_lm", "arat", "fxsr_opt", "sse", "xgetbv1", "perfctr_core", "abm", "wbnoinvd", "amd-psfd", "aes", "tsc-deadline", "x2apic", "clzero", "mmxext", "pat", "pku", "clwb", "popcnt", "tsc-scale", "clflushopt", "hypervisor", "smep", "tsc_adjust", "vmcb-clean", "vme", "sse4a", "rdrand", "vaes", "pcid", "vgif", "lfence-always-serializing", "pge", "virt-ssbd", "gds-no", "rdctl-no", "fsrm", "sse4.2", "null-sel-clr-base", "spec-ctrl", "amd-stibp", "cr8legacy", "svm", "pfthreshold", "svme-addr-chk", "mce", "amd-ssbd", "misalignsse", "xsavec", "cx16", "apic", "fpu", "umip", "nrip-save", "mtrr", "erms", "invpcid", "mmx", "stibp", "fsgsbase", "topoext", "cx8", "adx", "msr", "pse", "pause-filter", "pdpe1gb", "syscall", "pae", "sse2", "rdpid", "sha-ni", "npt", "lm", "nx", "avx2", "mds-no", "arch-capabilities", "osvw", "xsave", "ssbd", "ibrs", "bmi1", "pschange-mc-no", "ssse3", "3dnowprefetch", "pse36", "tsc", "vpclmulqdq", "avx", "ibpb", "smap", "cmov", "sse4.1", "movbe", "no-nested-data-bp", "xsaves", "pni", "rdseed", "de", "flushbyasid", "xsaveopt", "cmp_legacy", "stibp-always-on", "rdtscp", "xsaveerptr", "fxsr", "v-vmsave-vmload", "fma", "clflush", "lbrv", "mca", "f16c"]}',created_at=2026-06-17T02:56:30Z,current_workload=0,deleted=False,deleted_at=None,disk_allocation_ratio=1.0,disk_available_least=74,free_disk_gb=95,free_ram_mb=23518,host='np0000002999',host_ip=10.4.3.161,hypervisor_hostname='np0000002999',hypervisor_type='QEMU',hypervisor_version=8002002,id=1,local_gb=95,local_gb_used=0,mapped=1,memory_mb=24030,memory_mb_used=512,metrics='[]',numa_topology='{"nova_object.name": "NUMATopology", "nova_object.namespace": "nova", "nova_object.version": "1.2", "nova_object.data": {"cells": [{"nova_object.name": "NUMACell", "nova_object.namespace": "nova", "nova_object.version": "1.5", "nova_object.data": {"id": 0, "cpuset": [0, 1, 2, 3, 4, 5, 6, 7, 8, 9, 10, 11], "pcpuset": [0, 1, 2, 3, 4, 5, 6, 7, 8, 9, 10, 11], "memory": 24030, "cpu_usage": 0, "memory_usage": 0, "pinned_cpus": [], "siblings": [[6], [2], [5], [11], [8], [4], [1], [7], [10], [0], [3], [9]], "mempages": [{"nova_object.name": "NUMAPagesTopology", "nova_object.namespace": "nova", "nova_object.version": "1.1", "nova_object.data": {"size_kb": 4, "total": 6151798, "used": 0, "reserved": 0}, "nova_object.changes": ["size_kb", "used", "total", "reserved"]}, {"nova_object.name": "NUMAPagesTopology", "nova_object.namespace": "nova", "nova_object.version": "1.1", "nova_object.data": {"size_kb": 2048, "total": 0, "used": 0, "reserved": 0}, "nova_object.changes": ["size_kb", "used", "total", "reserved"]}, {"nova_object.name": "NUMAPagesTopology", "nova_object.namespace": "nova", "nova_object.version": "1.1", "nova_object.data": {"size_kb": 1048576, "total": 0, "used": 0, "reserved": 0}, "nova_object.changes": ["size_kb", "used", "total", "reserved"]}], "network_metadata": {"nova_object.name": "NetworkMetadata", "nova_object.namespace": "nova", "nova_object.version": "1.0", "nova_object.data": {"physnets": [], "tunneled": false}, "nova_object.changes": ["physnets", "tunneled"]}, "socket": null}, "nova_object.changes": ["pinned_cpus", "cpuset", "network_metadata", "mempages", "cpu_usage", "siblings", "memory", "pcpuset", "memory_usage", "id", "socket"]}]}, "nova_object.changes": ["cells"]}',pci_device_pools=PciDevicePoolList,ram_allocation_ratio=1.0,running_vms=0,service_id=3,stats={failed_builds='0',uptime=' 02:59:17 up 25 min, 2 users, load average: 3.72, 2.03, 1.10
Jun 17 02:59:22.181845 np0000002999 nova-scheduler[95864]: '},supported_hv_specs=[HVSpec,HVSpec,HVSpec,HVSpec,HVSpec,HVSpec,HVSpec,HVSpec,HVSpec,HVSpec,HVSpec,HVSpec,HVSpec,HVSpec,HVSpec,HVSpec,HVSpec,HVSpec,HVSpec,HVSpec,HVSpec,HVSpec,HVSpec,HVSpec,HVSpec],updated_at=2026-06-17T02:59:19Z,uuid=298ae741-e072-4ff6-852c-1f96663bec82,vcpus=12,vcpus_used=0) {{(pid=95864) _locked_update /opt/stack/nova/nova/scheduler/host_manager.py:168}}
Jun 17 02:59:22.182689 np0000002999 nova-scheduler[95864]: DEBUG nova.scheduler.host_manager [None req-a3a53a9f-f1ed-4545-adb5-f06d6ed498cb tempest-TestMultiAttachVolumeSwap-506340938 tempest-TestMultiAttachVolumeSwap-506340938-project-member] Update host state with aggregates: [] {{(pid=95864) _locked_update /opt/stack/nova/nova/scheduler/host_manager.py:171}}
Jun 17 02:59:22.182689 np0000002999 nova-scheduler[95864]: DEBUG nova.scheduler.host_manager [None req-a3a53a9f-f1ed-4545-adb5-f06d6ed498cb tempest-TestMultiAttachVolumeSwap-506340938 tempest-TestMultiAttachVolumeSwap-506340938-project-member] Update host state with service dict: {'id': 3, 'uuid': '7bbd0300-d689-4321-8d8e-c2e76407e00e', 'host': 'np0000002999', 'binary': 'nova-compute', 'topic': 'compute', 'report_count': 2, 'disabled': False, 'disabled_reason': None, 'last_seen_up': datetime.datetime(2026, 6, 17, 2, 58, 39, tzinfo=datetime.timezone.utc), 'forced_down': False, 'version': 72, 'created_at': datetime.datetime(2026, 6, 17, 2, 56, 28, tzinfo=datetime.timezone.utc), 'updated_at': datetime.datetime(2026, 6, 17, 2, 58, 39, tzinfo=datetime.timezone.utc), 'deleted_at': None, 'deleted': False} {{(pid=95864) _locked_update /opt/stack/nova/nova/scheduler/host_manager.py:174}}
Jun 17 02:59:22.182850 np0000002999 nova-scheduler[95864]: DEBUG nova.scheduler.host_manager [None req-a3a53a9f-f1ed-4545-adb5-f06d6ed498cb tempest-TestMultiAttachVolumeSwap-506340938 tempest-TestMultiAttachVolumeSwap-506340938-project-member] Update host state with instances: [] {{(pid=95864) _locked_update /opt/stack/nova/nova/scheduler/host_manager.py:177}}
Jun 17 02:59:22.182901 np0000002999 nova-scheduler[95864]: DEBUG oslo_concurrency.lockutils [None req-a3a53a9f-f1ed-4545-adb5-f06d6ed498cb tempest-TestMultiAttachVolumeSwap-506340938 tempest-TestMultiAttachVolumeSwap-506340938-project-member] Lock "('np0000002999', 'np0000002999')" "released" by "nova.scheduler.host_manager.HostState.update.._locked_update" :: held 0.002s {{(pid=95864) inner /opt/stack/data/venv/lib/python3.12/site-packages/oslo_concurrency/lockutils.py:543}}
Jun 17 02:59:22.183266 np0000002999 nova-scheduler[95864]: DEBUG nova.filters [None req-a3a53a9f-f1ed-4545-adb5-f06d6ed498cb tempest-TestMultiAttachVolumeSwap-506340938 tempest-TestMultiAttachVolumeSwap-506340938-project-member] Starting with 1 host(s) {{(pid=95864) get_filtered_objects /opt/stack/nova/nova/filters.py:70}}
Jun 17 02:59:22.183494 np0000002999 nova-scheduler[95864]: DEBUG nova.filters [None req-a3a53a9f-f1ed-4545-adb5-f06d6ed498cb tempest-TestMultiAttachVolumeSwap-506340938 tempest-TestMultiAttachVolumeSwap-506340938-project-member] Filter ComputeFilter returned 1 host(s) {{(pid=95864) get_filtered_objects /opt/stack/nova/nova/filters.py:102}}
Jun 17 02:59:22.183626 np0000002999 nova-scheduler[95864]: DEBUG nova.filters [None req-a3a53a9f-f1ed-4545-adb5-f06d6ed498cb tempest-TestMultiAttachVolumeSwap-506340938 tempest-TestMultiAttachVolumeSwap-506340938-project-member] Filter ComputeCapabilitiesFilter returned 1 host(s) {{(pid=95864) get_filtered_objects /opt/stack/nova/nova/filters.py:102}}
Jun 17 02:59:22.183810 np0000002999 nova-scheduler[95864]: DEBUG nova.filters [None req-a3a53a9f-f1ed-4545-adb5-f06d6ed498cb tempest-TestMultiAttachVolumeSwap-506340938 tempest-TestMultiAttachVolumeSwap-506340938-project-member] Filter ImagePropertiesFilter returned 1 host(s) {{(pid=95864) get_filtered_objects /opt/stack/nova/nova/filters.py:102}}
Jun 17 02:59:22.183909 np0000002999 nova-scheduler[95864]: DEBUG nova.filters [None req-a3a53a9f-f1ed-4545-adb5-f06d6ed498cb tempest-TestMultiAttachVolumeSwap-506340938 tempest-TestMultiAttachVolumeSwap-506340938-project-member] Filter ServerGroupAntiAffinityFilter returned 1 host(s) {{(pid=95864) get_filtered_objects /opt/stack/nova/nova/filters.py:102}}
Jun 17 02:59:22.184032 np0000002999 nova-scheduler[95864]: DEBUG nova.filters [None req-a3a53a9f-f1ed-4545-adb5-f06d6ed498cb tempest-TestMultiAttachVolumeSwap-506340938 tempest-TestMultiAttachVolumeSwap-506340938-project-member] Filter ServerGroupAffinityFilter returned 1 host(s) {{(pid=95864) get_filtered_objects /opt/stack/nova/nova/filters.py:102}}
Jun 17 02:59:22.184148 np0000002999 nova-scheduler[95864]: DEBUG nova.filters [None req-a3a53a9f-f1ed-4545-adb5-f06d6ed498cb tempest-TestMultiAttachVolumeSwap-506340938 tempest-TestMultiAttachVolumeSwap-506340938-project-member] Filter SameHostFilter returned 1 host(s) {{(pid=95864) get_filtered_objects /opt/stack/nova/nova/filters.py:102}}
Jun 17 02:59:22.184239 np0000002999 nova-scheduler[95864]: DEBUG nova.filters [None req-a3a53a9f-f1ed-4545-adb5-f06d6ed498cb tempest-TestMultiAttachVolumeSwap-506340938 tempest-TestMultiAttachVolumeSwap-506340938-project-member] Filter DifferentHostFilter returned 1 host(s) {{(pid=95864) get_filtered_objects /opt/stack/nova/nova/filters.py:102}}
Jun 17 02:59:22.184358 np0000002999 nova-scheduler[95864]: DEBUG nova.scheduler.manager [None req-a3a53a9f-f1ed-4545-adb5-f06d6ed498cb tempest-TestMultiAttachVolumeSwap-506340938 tempest-TestMultiAttachVolumeSwap-506340938-project-member] Filtered [(np0000002999, np0000002999) ram: 23518MB disk: 75776MB io_ops: 0 instances: 0, allocation_candidates: 1] {{(pid=95864) _get_sorted_hosts /opt/stack/nova/nova/scheduler/manager.py:743}}
Jun 17 02:59:22.184597 np0000002999 nova-scheduler[95864]: DEBUG nova.scheduler.manager [None req-a3a53a9f-f1ed-4545-adb5-f06d6ed498cb tempest-TestMultiAttachVolumeSwap-506340938 tempest-TestMultiAttachVolumeSwap-506340938-project-member] Weighed [WeighedHost [host: (np0000002999, np0000002999) ram: 23518MB disk: 75776MB io_ops: 0 instances: 0, allocation_candidates: 1, weight: 0.0]] {{(pid=95864) _get_sorted_hosts /opt/stack/nova/nova/scheduler/manager.py:765}}
Jun 17 02:59:22.184749 np0000002999 nova-scheduler[95864]: DEBUG nova.scheduler.utils [None req-a3a53a9f-f1ed-4545-adb5-f06d6ed498cb tempest-TestMultiAttachVolumeSwap-506340938 tempest-TestMultiAttachVolumeSwap-506340938-project-member] Attempting to claim resources in the placement API for instance c0d2ed42-913f-4177-ada6-0c17143d2ed9 {{(pid=95864) claim_resources /opt/stack/nova/nova/scheduler/utils.py:1345}}
Jun 17 02:59:22.226806 np0000002999 nova-scheduler[95866]: INFO nova.utils [None req-afdfde6f-ed23-4953-8c59-00e0bba441e4 tempest-VolumesAdminNegativeTest-79416341 tempest-VolumesAdminNegativeTest-79416341-project-member] The cell worker thread pool ForkProcess-3.cell_worker is initialized
