Jun 17 02:55:36.539234 np0000002999 devstack@neutron-api.service[90074]: DEBUG neutron.api.extensions [None req-4aa3ac55-8f2c-4476-ba93-fcc88fb77841 None None] Loading extension file: security_groups_shared_filtering.py {{(pid=90074) _load_all_extensions_from_path /opt/stack/neutron/neutron/api/extensions.py:449}}
Jun 17 02:55:36.539234 np0000002999 devstack@neutron-api.service[90074]: DEBUG neutron.api.extensions [None req-4aa3ac55-8f2c-4476-ba93-fcc88fb77841 None None] Ext name="Security group filtering on the shared field" alias="security-groups-shared-filtering" description="Support filtering security groups on the shared field" updated="2021-10-05T09:00:00-00:00" {{(pid=90074) _check_extension /opt/stack/neutron/neutron/api/extensions.py:415}}
Jun 17 02:55:36.539351 np0000002999 devstack@neutron-api.service[90073]: INFO neutron.quota [None req-7e3f9919-cd91-4e66-8d0d-bbfb03c49857 None None] Loaded quota_driver: .
Jun 17 02:55:36.539451 np0000002999 devstack@neutron-api.service[90074]: INFO neutron.api.extensions [None req-4aa3ac55-8f2c-4476-ba93-fcc88fb77841 None None] Loaded extension: security-groups-shared-filtering
Jun 17 02:55:36.539537 np0000002999 devstack@neutron-api.service[90073]: INFO neutron.plugins.ml2.plugin [None req-7e3f9919-cd91-4e66-8d0d-bbfb03c49857 None None] Modular L2 Plugin initialization complete
Jun 17 02:55:36.539612 np0000002999 devstack@neutron-api.service[90074]: DEBUG neutron.api.extensions [None req-4aa3ac55-8f2c-4476-ba93-fcc88fb77841 None None] Loading extension file: securitygroup.py {{(pid=90074) _load_all_extensions_from_path /opt/stack/neutron/neutron/api/extensions.py:449}}
Jun 17 02:55:36.540003 np0000002999 devstack@neutron-api.service[90073]: DEBUG neutron.manager [None req-7e3f9919-cd91-4e66-8d0d-bbfb03c49857 None None] Loading services supported by the core plugin {{(pid=90073) _load_services_from_core_plugin /opt/stack/neutron/neutron/manager.py:170}}
Jun 17 02:55:36.540003 np0000002999 devstack@neutron-api.service[90073]: INFO neutron.plugins.ml2.managers [None req-7e3f9919-cd91-4e66-8d0d-bbfb03c49857 None None] Got port-security extension from driver 'port_security'
Jun 17 02:55:36.540003 np0000002999 devstack@neutron-api.service[90073]: DEBUG neutron.manager [None req-7e3f9919-cd91-4e66-8d0d-bbfb03c49857 None None] Loading service plugins: ['ovn-router', 'auto_allocate', 'tag', 'timestamp', 'network_ip_availability', 'flavors', 'revisions'] {{(pid=90073) _load_service_plugins /opt/stack/neutron/neutron/manager.py:195}}
Jun 17 02:55:36.540003 np0000002999 devstack@neutron-api.service[90073]: INFO neutron.manager [None req-7e3f9919-cd91-4e66-8d0d-bbfb03c49857 None None] Loading Plugin: ovn-router
Jun 17 02:55:36.540379 np0000002999 devstack@neutron-api.service[90074]: DEBUG neutron.api.extensions [None req-4aa3ac55-8f2c-4476-ba93-fcc88fb77841 None None] Ext name="security-group" alias="security-group" description="The security groups extension." updated="2012-10-05T10:00:00-00:00" {{(pid=90074) _check_extension /opt/stack/neutron/neutron/api/extensions.py:415}}
Jun 17 02:55:36.540379 np0000002999 devstack@neutron-api.service[90074]: INFO neutron.api.extensions [None req-4aa3ac55-8f2c-4476-ba93-fcc88fb77841 None None] Loaded extension: security-group
Jun 17 02:55:36.540379 np0000002999 devstack@neutron-api.service[90074]: DEBUG neutron.api.extensions [None req-4aa3ac55-8f2c-4476-ba93-fcc88fb77841 None None] Loading extension file: segment.py {{(pid=90074) _load_all_extensions_from_path /opt/stack/neutron/neutron/api/extensions.py:449}}
Jun 17 02:55:36.540379 np0000002999 devstack@neutron-api.service[90074]: DEBUG neutron.api.extensions [None req-4aa3ac55-8f2c-4476-ba93-fcc88fb77841 None None] Ext name="Segment" alias="segment" description="Segments extension." updated="2016-02-24T17:00:00-00:00" {{(pid=90074) _check_extension /opt/stack/neutron/neutron/api/extensions.py:415}}
Jun 17 02:55:36.540379 np0000002999 devstack@neutron-api.service[90074]: INFO neutron.api.extensions [None req-4aa3ac55-8f2c-4476-ba93-fcc88fb77841 None None] Extension segment not supported by any of loaded plugins
Jun 17 02:55:36.540379 np0000002999 devstack@neutron-api.service[90074]: DEBUG neutron.api.extensions [None req-4aa3ac55-8f2c-4476-ba93-fcc88fb77841 None None] Loading extension file: segments_peer_subnet_host_routes.py {{(pid=90074) _load_all_extensions_from_path /opt/stack/neutron/neutron/api/extensions.py:449}}
Jun 17 02:55:36.540379 np0000002999 devstack@neutron-api.service[90074]: DEBUG neutron.api.extensions [None req-4aa3ac55-8f2c-4476-ba93-fcc88fb77841 None None] Ext name="Segments peer-subnet host routes" alias="segments-peer-subnet-host-routes" description="Add host routes to subnets on a routed network (segments)" updated="2018-06-12T10:00:00-00:00" {{(pid=90074) _check_extension /opt/stack/neutron/neutron/api/extensions.py:415}}
Jun 17 02:55:36.540711 np0000002999 devstack@neutron-api.service[90074]: INFO neutron.api.extensions [None req-4aa3ac55-8f2c-4476-ba93-fcc88fb77841 None None] Extension segments-peer-subnet-host-routes not supported by any of loaded plugins
Jun 17 02:55:36.540711 np0000002999 devstack@neutron-api.service[90074]: DEBUG neutron.api.extensions [None req-4aa3ac55-8f2c-4476-ba93-fcc88fb77841 None None] Loading extension file: servicetype.py {{(pid=90074) _load_all_extensions_from_path /opt/stack/neutron/neutron/api/extensions.py:449}}
Jun 17 02:55:36.540711 np0000002999 devstack@neutron-api.service[90074]: DEBUG neutron.api.extensions [None req-4aa3ac55-8f2c-4476-ba93-fcc88fb77841 None None] Ext name="Neutron Service Type Management" alias="service-type" description="API for retrieving service providers for Neutron advanced services" updated="2013-01-20T00:00:00-00:00" {{(pid=90074) _check_extension /opt/stack/neutron/neutron/api/extensions.py:415}}
Jun 17 02:55:36.540711 np0000002999 devstack@neutron-api.service[90074]: INFO neutron.api.extensions [None req-4aa3ac55-8f2c-4476-ba93-fcc88fb77841 None None] Loaded extension: service-type
Jun 17 02:55:36.540711 np0000002999 devstack@neutron-api.service[90074]: DEBUG neutron.api.extensions [None req-4aa3ac55-8f2c-4476-ba93-fcc88fb77841 None None] Loading extension file: sorting.py {{(pid=90074) _load_all_extensions_from_path /opt/stack/neutron/neutron/api/extensions.py:449}}
Jun 17 02:55:36.540711 np0000002999 devstack@neutron-api.service[90074]: DEBUG neutron.api.extensions [None req-4aa3ac55-8f2c-4476-ba93-fcc88fb77841 None None] Ext name="Sorting support" alias="sorting" description="Extension that indicates that sorting is enabled." updated="2016-06-12T00:00:00-00:00" {{(pid=90074) _check_extension /opt/stack/neutron/neutron/api/extensions.py:415}}
Jun 17 02:55:36.540711 np0000002999 devstack@neutron-api.service[90074]: INFO neutron.api.extensions [None req-4aa3ac55-8f2c-4476-ba93-fcc88fb77841 None None] Loaded extension: sorting
Jun 17 02:55:36.540711 np0000002999 devstack@neutron-api.service[90074]: DEBUG neutron.api.extensions [None req-4aa3ac55-8f2c-4476-ba93-fcc88fb77841 None None] Loading extension file: standard_attr_segment.py {{(pid=90074) _load_all_extensions_from_path /opt/stack/neutron/neutron/api/extensions.py:449}}
Jun 17 02:55:36.541169 np0000002999 devstack@neutron-api.service[90074]: DEBUG neutron.api.extensions [None req-4aa3ac55-8f2c-4476-ba93-fcc88fb77841 None None] Ext name="Standard Attribute Segment Extension" alias="standard-attr-segment" description="Add standard attributes to Segment resource" updated="2018-04-09T10:00:00-00:00" {{(pid=90074) _check_extension /opt/stack/neutron/neutron/api/extensions.py:415}}
Jun 17 02:55:36.541169 np0000002999 devstack@neutron-api.service[90074]: INFO neutron.api.extensions [None req-4aa3ac55-8f2c-4476-ba93-fcc88fb77841 None None] Extension standard-attr-segment not supported by any of loaded plugins
Jun 17 02:55:36.541169 np0000002999 devstack@neutron-api.service[90074]: DEBUG neutron.api.extensions [None req-4aa3ac55-8f2c-4476-ba93-fcc88fb77841 None None] Loading extension file: standardattrdescription.py {{(pid=90074) _load_all_extensions_from_path /opt/stack/neutron/neutron/api/extensions.py:449}}
Jun 17 02:55:36.541169 np0000002999 devstack@neutron-api.service[90074]: DEBUG neutron.api.extensions [None req-4aa3ac55-8f2c-4476-ba93-fcc88fb77841 None None] Ext name="standard-attr-description" alias="standard-attr-description" description="Extension to add descriptions to standard attributes" updated="2016-02-10T10:00:00-00:00" {{(pid=90074) _check_extension /opt/stack/neutron/neutron/api/extensions.py:415}}
Jun 17 02:55:36.541352 np0000002999 devstack@neutron-api.service[90074]: INFO neutron.api.extensions [None req-4aa3ac55-8f2c-4476-ba93-fcc88fb77841 None None] Loaded extension: standard-attr-description
Jun 17 02:55:36.541436 np0000002999 devstack@neutron-api.service[90074]: DEBUG neutron.api.extensions [None req-4aa3ac55-8f2c-4476-ba93-fcc88fb77841 None None] Loading extension file: stateful_security_group.py {{(pid=90074) _load_all_extensions_from_path /opt/stack/neutron/neutron/api/extensions.py:449}}
Jun 17 02:55:36.541724 np0000002999 devstack@neutron-api.service[90074]: DEBUG neutron.api.extensions [None req-4aa3ac55-8f2c-4476-ba93-fcc88fb77841 None None] Ext name="Stateful security group" alias="stateful-security-group" description="Indicates if the security group is stateful or not" updated="2019-11-26T09:00:00-00:00" {{(pid=90074) _check_extension /opt/stack/neutron/neutron/api/extensions.py:415}}
Jun 17 02:55:36.542024 np0000002999 devstack@neutron-api.service[90074]: INFO neutron.api.extensions [None req-4aa3ac55-8f2c-4476-ba93-fcc88fb77841 None None] Loaded extension: stateful-security-group
Jun 17 02:55:36.542024 np0000002999 devstack@neutron-api.service[90074]: DEBUG neutron.api.extensions [None req-4aa3ac55-8f2c-4476-ba93-fcc88fb77841 None None] Loading extension file: stdattrs_common.py {{(pid=90074) _load_all_extensions_from_path /opt/stack/neutron/neutron/api/extensions.py:449}}
Jun 17 02:55:36.542194 np0000002999 devstack@neutron-api.service[90074]: WARNING neutron.api.extensions [None req-4aa3ac55-8f2c-4476-ba93-fcc88fb77841 None None] Did not find expected name "Stdattrs_common" in /opt/stack/neutron/neutron/extensions/stdattrs_common.py
Jun 17 02:55:36.542194 np0000002999 devstack@neutron-api.service[90074]: DEBUG neutron.api.extensions [None req-4aa3ac55-8f2c-4476-ba93-fcc88fb77841 None None] Loading extension file: subnet_dns_publish_fixed_ip.py {{(pid=90074) _load_all_extensions_from_path /opt/stack/neutron/neutron/api/extensions.py:449}}
Jun 17 02:55:36.542365 np0000002999 devstack@neutron-api.service[90074]: DEBUG neutron.api.extensions [None req-4aa3ac55-8f2c-4476-ba93-fcc88fb77841 None None] Ext name="Subnet DNS publish fixed IP" alias="subnet-dns-publish-fixed-ip" description="Support choosing to publish DNS records for IPs from a subnet" updated="2019-05-24T10:00:00-00:00" {{(pid=90074) _check_extension /opt/stack/neutron/neutron/api/extensions.py:415}}
Jun 17 02:55:36.542570 np0000002999 devstack@neutron-api.service[90074]: INFO neutron.api.extensions [None req-4aa3ac55-8f2c-4476-ba93-fcc88fb77841 None None] Loaded extension: subnet-dns-publish-fixed-ip
Jun 17 02:55:36.542570 np0000002999 devstack@neutron-api.service[90074]: DEBUG neutron.api.extensions [None req-4aa3ac55-8f2c-4476-ba93-fcc88fb77841 None None] Loading extension file: subnet_external_network.py {{(pid=90074) _load_all_extensions_from_path /opt/stack/neutron/neutron/api/extensions.py:449}}
Jun 17 02:55:36.542830 np0000002999 devstack@neutron-api.service[90074]: DEBUG neutron.api.extensions [None req-4aa3ac55-8f2c-4476-ba93-fcc88fb77841 None None] Ext name="Subnet belongs to an external network" alias="subnet-external-network" description="Informs if the subnet belongs to an external network" updated="2024-02-05T18:00:00-00:00" {{(pid=90074) _check_extension /opt/stack/neutron/neutron/api/extensions.py:415}}
Jun 17 02:55:36.543000 np0000002999 devstack@neutron-api.service[90074]: INFO neutron.api.extensions [None req-4aa3ac55-8f2c-4476-ba93-fcc88fb77841 None None] Loaded extension: subnet-external-network
Jun 17 02:55:36.543094 np0000002999 devstack@neutron-api.service[90074]: DEBUG neutron.api.extensions [None req-4aa3ac55-8f2c-4476-ba93-fcc88fb77841 None None] Loading extension file: subnet_onboard.py {{(pid=90074) _load_all_extensions_from_path /opt/stack/neutron/neutron/api/extensions.py:449}}
Jun 17 02:55:36.543390 np0000002999 devstack@neutron-api.service[90074]: DEBUG neutron.api.extensions [None req-4aa3ac55-8f2c-4476-ba93-fcc88fb77841 None None] Ext name="Subnet Onboard" alias="subnet_onboard" description="Provides support for onboarding subnets into subnet pools" updated="2018-12-18T09:00:00-00:00" {{(pid=90074) _check_extension /opt/stack/neutron/neutron/api/extensions.py:415}}
Jun 17 02:55:36.543619 np0000002999 devstack@neutron-api.service[90074]: INFO neutron.api.extensions [None req-4aa3ac55-8f2c-4476-ba93-fcc88fb77841 None None] Loaded extension: subnet_onboard
Jun 17 02:55:36.543619 np0000002999 devstack@neutron-api.service[90074]: DEBUG neutron.api.extensions [None req-4aa3ac55-8f2c-4476-ba93-fcc88fb77841 None None] Loading extension file: subnet_segmentid_writable.py {{(pid=90074) _load_all_extensions_from_path /opt/stack/neutron/neutron/api/extensions.py:449}}
Jun 17 02:55:36.544195 np0000002999 devstack@neutron-api.service[90074]: DEBUG neutron.api.extensions [None req-4aa3ac55-8f2c-4476-ba93-fcc88fb77841 None None] Ext name="Subnet SegmentID (writable)" alias="subnet-segmentid-writable" description="Provides a writable segment_id attribute for a subnet resource." updated="2018-03-12T00:00:00-00:00" {{(pid=90074) _check_extension /opt/stack/neutron/neutron/api/extensions.py:415}}
Jun 17 02:55:36.544195 np0000002999 devstack@neutron-api.service[90074]: INFO neutron.api.extensions [None req-4aa3ac55-8f2c-4476-ba93-fcc88fb77841 None None] Extension subnet-segmentid-writable not supported by any of loaded plugins
Jun 17 02:55:36.544195 np0000002999 devstack@neutron-api.service[90074]: DEBUG neutron.api.extensions [None req-4aa3ac55-8f2c-4476-ba93-fcc88fb77841 None None] Loading extension file: subnet_service_types.py {{(pid=90074) _load_all_extensions_from_path /opt/stack/neutron/neutron/api/extensions.py:449}}
Jun 17 02:55:36.544374 np0000002999 devstack@neutron-api.service[90074]: DEBUG neutron.api.extensions [None req-4aa3ac55-8f2c-4476-ba93-fcc88fb77841 None None] Ext name="Subnet service types" alias="subnet-service-types" description="Provides ability to set the subnet service_types field" updated="2016-03-15T18:00:00-00:00" {{(pid=90074) _check_extension /opt/stack/neutron/neutron/api/extensions.py:415}}
Jun 17 02:55:36.544374 np0000002999 devstack@neutron-api.service[90074]: INFO neutron.api.extensions [None req-4aa3ac55-8f2c-4476-ba93-fcc88fb77841 None None] Loaded extension: subnet-service-types
Jun 17 02:55:36.544575 np0000002999 devstack@neutron-api.service[90074]: DEBUG neutron.api.extensions [None req-4aa3ac55-8f2c-4476-ba93-fcc88fb77841 None None] Loading extension file: subnetallocation.py {{(pid=90074) _load_all_extensions_from_path /opt/stack/neutron/neutron/api/extensions.py:449}}
Jun 17 02:55:36.544802 np0000002999 devstack@neutron-api.service[90074]: DEBUG neutron.api.extensions [None req-4aa3ac55-8f2c-4476-ba93-fcc88fb77841 None None] Ext name="Subnet Allocation" alias="subnet_allocation" description="Enables allocation of subnets from a subnet pool" updated="2015-03-30T10:00:00-00:00" {{(pid=90074) _check_extension /opt/stack/neutron/neutron/api/extensions.py:415}}
Jun 17 02:55:36.544960 np0000002999 devstack@neutron-api.service[90074]: INFO neutron.api.extensions [None req-4aa3ac55-8f2c-4476-ba93-fcc88fb77841 None None] Loaded extension: subnet_allocation
Jun 17 02:55:36.544960 np0000002999 devstack@neutron-api.service[90074]: DEBUG neutron.api.extensions [None req-4aa3ac55-8f2c-4476-ba93-fcc88fb77841 None None] Loading extension file: subnetpool_prefix_ops.py {{(pid=90074) _load_all_extensions_from_path /opt/stack/neutron/neutron/api/extensions.py:449}}
Jun 17 02:55:36.545209 np0000002999 devstack@neutron-api.service[90074]: DEBUG neutron.api.extensions [None req-4aa3ac55-8f2c-4476-ba93-fcc88fb77841 None None] Ext name="Subnet Pool Prefix Operations" alias="subnetpool-prefix-ops" description="Provides support for adjusting the prefix list of subnet pools" updated="2019-02-08T10:00:00-00:00" {{(pid=90074) _check_extension /opt/stack/neutron/neutron/api/extensions.py:415}}
Jun 17 02:55:36.545407 np0000002999 devstack@neutron-api.service[90074]: INFO neutron.api.extensions [None req-4aa3ac55-8f2c-4476-ba93-fcc88fb77841 None None] Loaded extension: subnetpool-prefix-ops
Jun 17 02:55:36.545476 np0000002999 devstack@neutron-api.service[90074]: DEBUG neutron.api.extensions [None req-4aa3ac55-8f2c-4476-ba93-fcc88fb77841 None None] Loading extension file: tag_creation.py {{(pid=90074) _load_all_extensions_from_path /opt/stack/neutron/neutron/api/extensions.py:449}}
Jun 17 02:55:36.545711 np0000002999 devstack@neutron-api.service[90074]: DEBUG neutron.api.extensions [None req-4aa3ac55-8f2c-4476-ba93-fcc88fb77841 None None] Ext name="Tag creation extension" alias="tag-creation" description="Allow to create multiple tags for a resource" updated="2024-23-07T10:00:00-00:00" {{(pid=90074) _check_extension /opt/stack/neutron/neutron/api/extensions.py:415}}
Jun 17 02:55:36.545920 np0000002999 devstack@neutron-api.service[90074]: INFO neutron.api.extensions [None req-4aa3ac55-8f2c-4476-ba93-fcc88fb77841 None None] Loaded extension: tag-creation
Jun 17 02:55:36.546084 np0000002999 devstack@neutron-api.service[90074]: DEBUG neutron.api.extensions [None req-4aa3ac55-8f2c-4476-ba93-fcc88fb77841 None None] Loading extension file: tag_ports_during_bulk_creation.py {{(pid=90074) _load_all_extensions_from_path /opt/stack/neutron/neutron/api/extensions.py:449}}
Jun 17 02:55:36.546340 np0000002999 devstack@neutron-api.service[90074]: DEBUG neutron.api.extensions [None req-4aa3ac55-8f2c-4476-ba93-fcc88fb77841 None None] Ext name="Tag Ports During Bulk Creation" alias="tag-ports-during-bulk-creation" description="Allow to tag ports during bulk creation" updated="2019-12-29T19:00:00-00:00" {{(pid=90074) _check_extension /opt/stack/neutron/neutron/api/extensions.py:415}}
Jun 17 02:55:36.546572 np0000002999 devstack@neutron-api.service[90074]: INFO neutron.api.extensions [None req-4aa3ac55-8f2c-4476-ba93-fcc88fb77841 None None] Extension tag-ports-during-bulk-creation not supported by any of loaded plugins
Jun 17 02:55:36.546666 np0000002999 devstack@neutron-api.service[90074]: DEBUG neutron.api.extensions [None req-4aa3ac55-8f2c-4476-ba93-fcc88fb77841 None None] Loading extension file: tagging.py {{(pid=90074) _load_all_extensions_from_path /opt/stack/neutron/neutron/api/extensions.py:449}}
Jun 17 02:55:36.547802 np0000002999 devstack@neutron-api.service[90074]: DEBUG neutron.api.extensions [None req-4aa3ac55-8f2c-4476-ba93-fcc88fb77841 None None] Ext name="Tag support for resources with standard attribute: port, subnet, subnetpool, network, security_group, router, floatingip, policy, trunk, network_segment_range" alias="standard-attr-tag" description="Enables to set tag on resources with standard attribute." updated="2017-01-01T00:00:00-00:00" {{(pid=90074) _check_extension /opt/stack/neutron/neutron/api/extensions.py:415}}
Jun 17 02:55:36.548074 np0000002999 devstack@neutron-api.service[90074]: INFO neutron.api.extensions [None req-4aa3ac55-8f2c-4476-ba93-fcc88fb77841 None None] Loaded extension: standard-attr-tag
Jun 17 02:55:36.548200 np0000002999 devstack@neutron-api.service[90074]: DEBUG neutron.api.extensions [None req-4aa3ac55-8f2c-4476-ba93-fcc88fb77841 None None] Loading extension file: timestamp.py {{(pid=90074) _load_all_extensions_from_path /opt/stack/neutron/neutron/api/extensions.py:449}}
Jun 17 02:55:36.548672 np0000002999 devstack@neutron-api.service[90074]: DEBUG neutron.api.extensions [None req-4aa3ac55-8f2c-4476-ba93-fcc88fb77841 None None] Ext name="Resource timestamps" alias="standard-attr-timestamp" description="Adds created_at and updated_at fields to all Neutron resources that have Neutron standard attributes." updated="2016-09-12T10:00:00-00:00" {{(pid=90074) _check_extension /opt/stack/neutron/neutron/api/extensions.py:415}}
Jun 17 02:55:36.549095 np0000002999 devstack@neutron-api.service[90074]: INFO neutron.api.extensions [None req-4aa3ac55-8f2c-4476-ba93-fcc88fb77841 None None] Loaded extension: standard-attr-timestamp
Jun 17 02:55:36.549206 np0000002999 devstack@neutron-api.service[90074]: DEBUG neutron.api.extensions [None req-4aa3ac55-8f2c-4476-ba93-fcc88fb77841 None None] Loading extension file: trunk.py {{(pid=90074) _load_all_extensions_from_path /opt/stack/neutron/neutron/api/extensions.py:449}}
Jun 17 02:55:36.549548 np0000002999 devstack@neutron-api.service[90074]: DEBUG neutron.api.extensions [None req-4aa3ac55-8f2c-4476-ba93-fcc88fb77841 None None] Ext name="Trunk Extension" alias="trunk" description="Provides support for trunk ports" updated="2016-01-01T10:00:00-00:00" {{(pid=90074) _check_extension /opt/stack/neutron/neutron/api/extensions.py:415}}
Jun 17 02:55:36.549803 np0000002999 devstack@neutron-api.service[90074]: INFO neutron.api.extensions [None req-4aa3ac55-8f2c-4476-ba93-fcc88fb77841 None None] Extension trunk not supported by any of loaded plugins
Jun 17 02:55:36.549909 np0000002999 devstack@neutron-api.service[90074]: DEBUG neutron.api.extensions [None req-4aa3ac55-8f2c-4476-ba93-fcc88fb77841 None None] Loading extension file: trunk_details.py {{(pid=90074) _load_all_extensions_from_path /opt/stack/neutron/neutron/api/extensions.py:449}}
Jun 17 02:55:36.550264 np0000002999 devstack@neutron-api.service[90074]: DEBUG neutron.api.extensions [None req-4aa3ac55-8f2c-4476-ba93-fcc88fb77841 None None] Ext name="Trunk port details" alias="trunk-details" description="Expose trunk port details" updated="2016-01-01T10:00:00-00:00" {{(pid=90074) _check_extension /opt/stack/neutron/neutron/api/extensions.py:415}}
Jun 17 02:55:36.550653 np0000002999 devstack@neutron-api.service[90074]: INFO neutron.api.extensions [None req-4aa3ac55-8f2c-4476-ba93-fcc88fb77841 None None] Extension trunk-details not supported by any of loaded plugins
Jun 17 02:55:36.550653 np0000002999 devstack@neutron-api.service[90074]: DEBUG neutron.api.extensions [None req-4aa3ac55-8f2c-4476-ba93-fcc88fb77841 None None] Loading extension file: uplink_status_propagation.py {{(pid=90074) _load_all_extensions_from_path /opt/stack/neutron/neutron/api/extensions.py:449}}
Jun 17 02:55:36.551209 np0000002999 devstack@neutron-api.service[90074]: DEBUG neutron.api.extensions [None req-4aa3ac55-8f2c-4476-ba93-fcc88fb77841 None None] Ext name="Uplink status propagation extension" alias="uplink-status-propagation" description="Provides ability to propagate port uplink status." updated="2018-05-31T18:00:00-00:00" {{(pid=90074) _check_extension /opt/stack/neutron/neutron/api/extensions.py:415}}
Jun 17 02:55:36.551209 np0000002999 devstack@neutron-api.service[90074]: INFO neutron.api.extensions [None req-4aa3ac55-8f2c-4476-ba93-fcc88fb77841 None None] Extension uplink-status-propagation not supported by any of loaded plugins
Jun 17 02:55:36.551209 np0000002999 devstack@neutron-api.service[90074]: DEBUG neutron.api.extensions [None req-4aa3ac55-8f2c-4476-ba93-fcc88fb77841 None None] Loading extension file: uplink_status_propagation_updatable.py {{(pid=90074) _load_all_extensions_from_path /opt/stack/neutron/neutron/api/extensions.py:449}}
Jun 17 02:55:36.551915 np0000002999 devstack@neutron-api.service[90074]: DEBUG neutron.api.extensions [None req-4aa3ac55-8f2c-4476-ba93-fcc88fb77841 None None] Ext name="Uplink status propagation updatable extension" alias="uplink-status-propagation-updatable" description="Provides ability to update the port uplink status." updated="2024-09-03T18:00:00-00:00" {{(pid=90074) _check_extension /opt/stack/neutron/neutron/api/extensions.py:415}}
Jun 17 02:55:36.551915 np0000002999 devstack@neutron-api.service[90074]: INFO neutron.api.extensions [None req-4aa3ac55-8f2c-4476-ba93-fcc88fb77841 None None] Extension uplink-status-propagation-updatable not supported by any of loaded plugins
Jun 17 02:55:36.551915 np0000002999 devstack@neutron-api.service[90074]: DEBUG neutron.api.extensions [None req-4aa3ac55-8f2c-4476-ba93-fcc88fb77841 None None] Loading extension file: vlantransparent.py {{(pid=90074) _load_all_extensions_from_path /opt/stack/neutron/neutron/api/extensions.py:449}}
Jun 17 02:55:36.552265 np0000002999 devstack@neutron-api.service[90073]: DEBUG neutron_lib.callbacks.manager [None req-7e3f9919-cd91-4e66-8d0d-bbfb03c49857 None None] Subscribe: > router before_delete 55550000, False {{(pid=90073) subscribe /opt/stack/data/venv/lib/python3.12/site-packages/neutron_lib/callbacks/manager.py:52}}
Jun 17 02:55:36.552265 np0000002999 devstack@neutron-api.service[90073]: DEBUG neutron_lib.callbacks.manager [None req-7e3f9919-cd91-4e66-8d0d-bbfb03c49857 None None] Subscribe: port before_update 55550000, False {{(pid=90073) subscribe /opt/stack/data/venv/lib/python3.12/site-packages/neutron_lib/callbacks/manager.py:52}}
Jun 17 02:55:36.552691 np0000002999 devstack@neutron-api.service[90074]: DEBUG neutron.api.extensions [None req-4aa3ac55-8f2c-4476-ba93-fcc88fb77841 None None] Ext name="Vlantransparent" alias="vlan-transparent" description="Provides Vlan Transparent Networks" updated="2015-03-23T09:00:00-00:00" {{(pid=90074) _check_extension /opt/stack/neutron/neutron/api/extensions.py:415}}
Jun 17 02:55:36.552948 np0000002999 devstack@neutron-api.service[90073]: DEBUG neutron_lib.callbacks.manager [None req-7e3f9919-cd91-4e66-8d0d-bbfb03c49857 None None] Subscribe: port after_update 55550000, False {{(pid=90073) subscribe /opt/stack/data/venv/lib/python3.12/site-packages/neutron_lib/callbacks/manager.py:52}}
Jun 17 02:55:36.552948 np0000002999 devstack@neutron-api.service[90073]: DEBUG neutron_lib.callbacks.manager [None req-7e3f9919-cd91-4e66-8d0d-bbfb03c49857 None None] Subscribe: > port precommit_delete 55550000, False {{(pid=90073) subscribe /opt/stack/data/venv/lib/python3.12/site-packages/neutron_lib/callbacks/manager.py:52}}
Jun 17 02:55:36.553451 np0000002999 devstack@neutron-api.service[90074]: INFO neutron.api.extensions [None req-4aa3ac55-8f2c-4476-ba93-fcc88fb77841 None None] Loaded extension: vlan-transparent
Jun 17 02:55:36.553710 np0000002999 devstack@neutron-api.service[90073]: DEBUG neutron_lib.callbacks.manager [None req-7e3f9919-cd91-4e66-8d0d-bbfb03c49857 None None] Subscribe: port before_update 55550000, False {{(pid=90073) subscribe /opt/stack/data/venv/lib/python3.12/site-packages/neutron_lib/callbacks/manager.py:52}}
Jun 17 02:55:36.553710 np0000002999 devstack@neutron-api.service[90073]: DEBUG neutron_lib.callbacks.manager [None req-7e3f9919-cd91-4e66-8d0d-bbfb03c49857 None None] Subscribe: port before_delete 55550000, False {{(pid=90073) subscribe /opt/stack/data/venv/lib/python3.12/site-packages/neutron_lib/callbacks/manager.py:52}}
Jun 17 02:55:36.553710 np0000002999 devstack@neutron-api.service[90073]: DEBUG neutron_lib.callbacks.manager [None req-7e3f9919-cd91-4e66-8d0d-bbfb03c49857 None None] Subscribe: > router precommit_create 55550000, False {{(pid=90073) subscribe /opt/stack/data/venv/lib/python3.12/site-packages/neutron_lib/callbacks/manager.py:52}}
Jun 17 02:55:36.553710 np0000002999 devstack@neutron-api.service[90073]: DEBUG neutron_lib.callbacks.manager [None req-7e3f9919-cd91-4e66-8d0d-bbfb03c49857 None None] Subscribe: > router precommit_create 55550000, False {{(pid=90073) subscribe /opt/stack/data/venv/lib/python3.12/site-packages/neutron_lib/callbacks/manager.py:52}}
Jun 17 02:55:36.554761 np0000002999 devstack@neutron-api.service[90073]: DEBUG neutron_lib.callbacks.manager [None req-7e3f9919-cd91-4e66-8d0d-bbfb03c49857 None None] Subscribe: > router precommit_update 55550000, False {{(pid=90073) subscribe /opt/stack/data/venv/lib/python3.12/site-packages/neutron_lib/callbacks/manager.py:52}}
Jun 17 02:55:36.554761 np0000002999 devstack@neutron-api.service[90073]: DEBUG neutron_lib.callbacks.manager [None req-7e3f9919-cd91-4e66-8d0d-bbfb03c49857 None None] Subscribe: subnet after_update 55550000, False {{(pid=90073) subscribe /opt/stack/data/venv/lib/python3.12/site-packages/neutron_lib/callbacks/manager.py:52}}
Jun 17 02:55:36.554761 np0000002999 devstack@neutron-api.service[90073]: DEBUG neutron.quota.resource_registry [None req-7e3f9919-cd91-4e66-8d0d-bbfb03c49857 None None] Tracking information for resource: router configured {{(pid=90073) set_tracked_resource /opt/stack/neutron/neutron/quota/resource_registry.py:203}}
Jun 17 02:55:36.554761 np0000002999 devstack@neutron-api.service[90073]: DEBUG neutron.quota.resource_registry [None req-7e3f9919-cd91-4e66-8d0d-bbfb03c49857 None None] Tracking information for resource: floatingip configured {{(pid=90073) set_tracked_resource /opt/stack/neutron/neutron/quota/resource_registry.py:203}}
Jun 17 02:55:36.554761 np0000002999 devstack@neutron-api.service[90073]: INFO neutron.services.ovn_l3.plugin [None req-7e3f9919-cd91-4e66-8d0d-bbfb03c49857 None None] Starting OVNL3RouterPlugin
Jun 17 02:55:36.554761 np0000002999 devstack@neutron-api.service[90073]: DEBUG neutron_lib.callbacks.manager [None req-7e3f9919-cd91-4e66-8d0d-bbfb03c49857 None None] Subscribe: > port_forwarding_plugin after_init 55550000, False {{(pid=90073) subscribe /opt/stack/data/venv/lib/python3.12/site-packages/neutron_lib/callbacks/manager.py:52}}
Jun 17 02:55:36.555209 np0000002999 devstack@neutron-api.service[90073]: DEBUG neutron_lib.callbacks.manager [None req-7e3f9919-cd91-4e66-8d0d-bbfb03c49857 None None] Subscribe: > router before_create 55550100, False {{(pid=90073) subscribe /opt/stack/data/venv/lib/python3.12/site-packages/neutron_lib/callbacks/manager.py:52}}
Jun 17 02:55:36.555866 np0000002999 devstack@neutron-api.service[90074]: INFO neutron.quota.resource_registry [None req-4aa3ac55-8f2c-4476-ba93-fcc88fb77841 None None] Creating instance of TrackedResource for resource:network
Jun 17 02:55:36.556176 np0000002999 devstack@neutron-api.service[90073]: DEBUG neutron_lib.callbacks.manager [None req-7e3f9919-cd91-4e66-8d0d-bbfb03c49857 None None] Subscribe: > router precommit_delete 55550100, False {{(pid=90073) subscribe /opt/stack/data/venv/lib/python3.12/site-packages/neutron_lib/callbacks/manager.py:52}}
Jun 17 02:55:36.556421 np0000002999 devstack@neutron-api.service[90074]: INFO neutron.quota.resource_registry [None req-4aa3ac55-8f2c-4476-ba93-fcc88fb77841 None None] Creating instance of TrackedResource for resource:subnet
Jun 17 02:55:36.556658 np0000002999 devstack@neutron-api.service[90073]: DEBUG neutron_lib.callbacks.manager [None req-7e3f9919-cd91-4e66-8d0d-bbfb03c49857 None None] Subscribe: > router precommit_create 55550100, False {{(pid=90073) subscribe /opt/stack/data/venv/lib/python3.12/site-packages/neutron_lib/callbacks/manager.py:52}}
Jun 17 02:55:36.556941 np0000002999 devstack@neutron-api.service[90074]: INFO neutron.quota.resource_registry [None req-4aa3ac55-8f2c-4476-ba93-fcc88fb77841 None None] Creating instance of TrackedResource for resource:subnetpool
Jun 17 02:55:36.557140 np0000002999 devstack@neutron-api.service[90073]: DEBUG neutron_lib.callbacks.manager [None req-7e3f9919-cd91-4e66-8d0d-bbfb03c49857 None None] Subscribe: > router precommit_update 55550100, False {{(pid=90073) subscribe /opt/stack/data/venv/lib/python3.12/site-packages/neutron_lib/callbacks/manager.py:52}}
Jun 17 02:55:36.557301 np0000002999 devstack@neutron-api.service[90074]: INFO neutron.quota.resource_registry [None req-4aa3ac55-8f2c-4476-ba93-fcc88fb77841 None None] Creating instance of TrackedResource for resource:port
Jun 17 02:55:36.557301 np0000002999 devstack@neutron-api.service[90074]: DEBUG neutron.api.v2.resource_helper [None req-4aa3ac55-8f2c-4476-ba93-fcc88fb77841 None None] Service L3_ROUTER_NAT assigned prefix: {{(pid=90074) build_resource_info /opt/stack/neutron/neutron/api/v2/resource_helper.py:77}}
Jun 17 02:55:36.557301 np0000002999 devstack@neutron-api.service[90074]: DEBUG neutron.api.v2.resource_helper [None req-4aa3ac55-8f2c-4476-ba93-fcc88fb77841 None None] Service FLAVORS assigned prefix: {{(pid=90074) build_resource_info /opt/stack/neutron/neutron/api/v2/resource_helper.py:77}}
Jun 17 02:55:36.559349 np0000002999 devstack@neutron-api.service[90073]: DEBUG neutron.services.provider_configuration [None req-7e3f9919-cd91-4e66-8d0d-bbfb03c49857 None None] Service providers = [] {{(pid=90073) parse_service_provider_opt /opt/stack/neutron/neutron/services/provider_configuration.py:170}}
Jun 17 02:55:36.559549 np0000002999 devstack@neutron-api.service[90073]: DEBUG neutron.db.servicetype_db [None req-7e3f9919-cd91-4e66-8d0d-bbfb03c49857 None None] Adding provider configuration for service L3_ROUTER_NAT {{(pid=90073) add_provider_configuration /opt/stack/neutron/neutron/db/servicetype_db.py:45}}
Jun 17 02:55:36.559722 np0000002999 devstack@neutron-api.service[90074]: DEBUG neutron.api.v2.resource_helper [None req-4aa3ac55-8f2c-4476-ba93-fcc88fb77841 None None] Service L3_ROUTER_NAT assigned prefix: {{(pid=90074) build_resource_info /opt/stack/neutron/neutron/api/v2/resource_helper.py:77}}
Jun 17 02:55:36.560102 np0000002999 devstack@neutron-api.service[90074]: DEBUG neutron.api.v2.resource_helper [None req-4aa3ac55-8f2c-4476-ba93-fcc88fb77841 None None] Service L3_ROUTER_NAT assigned prefix: {{(pid=90074) build_resource_info /opt/stack/neutron/neutron/api/v2/resource_helper.py:77}}
Jun 17 02:55:36.560102 np0000002999 devstack@neutron-api.service[90074]: INFO neutron.quota.resource_registry [None req-4aa3ac55-8f2c-4476-ba93-fcc88fb77841 None None] Creating instance of TrackedResource for resource:router
Jun 17 02:55:36.560684 np0000002999 devstack@neutron-api.service[90074]: INFO neutron.quota.resource_registry [None req-4aa3ac55-8f2c-4476-ba93-fcc88fb77841 None None] Creating instance of TrackedResource for resource:floatingip
Jun 17 02:55:36.561410 np0000002999 devstack@neutron-api.service[90073]: DEBUG neutron_lib.callbacks.manager [None req-7e3f9919-cd91-4e66-8d0d-bbfb03c49857 None None] Subscribe: > router precommit_create 55549900, False {{(pid=90073) subscribe /opt/stack/data/venv/lib/python3.12/site-packages/neutron_lib/callbacks/manager.py:52}}
Jun 17 02:55:36.561410 np0000002999 devstack@neutron-api.service[90073]: DEBUG neutron_lib.callbacks.manager [None req-7e3f9919-cd91-4e66-8d0d-bbfb03c49857 None None] Subscribe: > router_interface after_create 55550000, False {{(pid=90073) subscribe /opt/stack/data/venv/lib/python3.12/site-packages/neutron_lib/callbacks/manager.py:52}}
Jun 17 02:55:36.561717 np0000002999 devstack@neutron-api.service[90073]: DEBUG neutron_lib.callbacks.manager [None req-7e3f9919-cd91-4e66-8d0d-bbfb03c49857 None None] Subscribe: > floatingip after_create 55550000, False {{(pid=90073) subscribe /opt/stack/data/venv/lib/python3.12/site-packages/neutron_lib/callbacks/manager.py:52}}
Jun 17 02:55:36.561923 np0000002999 devstack@neutron-api.service[90074]: INFO neutron.quota.resource_registry [None req-4aa3ac55-8f2c-4476-ba93-fcc88fb77841 None None] Creating instance of CountableResource for resource:rbac_policy
Jun 17 02:55:36.562118 np0000002999 devstack@neutron-api.service[90073]: DEBUG neutron_lib.callbacks.manager [None req-7e3f9919-cd91-4e66-8d0d-bbfb03c49857 None None] Subscribe: > floatingip precommit_create 55550000, False {{(pid=90073) subscribe /opt/stack/data/venv/lib/python3.12/site-packages/neutron_lib/callbacks/manager.py:52}}
Jun 17 02:55:36.562118 np0000002999 devstack@neutron-api.service[90073]: DEBUG neutron_lib.callbacks.manager [None req-7e3f9919-cd91-4e66-8d0d-bbfb03c49857 None None] Subscribe: > floatingip precommit_update 55550000, False {{(pid=90073) subscribe /opt/stack/data/venv/lib/python3.12/site-packages/neutron_lib/callbacks/manager.py:52}}
Jun 17 02:55:36.562118 np0000002999 devstack@neutron-api.service[90073]: DEBUG neutron_lib.callbacks.manager [None req-7e3f9919-cd91-4e66-8d0d-bbfb03c49857 None None] Subscribe: > floatingip after_delete 55550000, False {{(pid=90073) subscribe /opt/stack/data/venv/lib/python3.12/site-packages/neutron_lib/callbacks/manager.py:52}}
Jun 17 02:55:36.562118 np0000002999 devstack@neutron-api.service[90073]: DEBUG neutron_lib.callbacks.manager [None req-7e3f9919-cd91-4e66-8d0d-bbfb03c49857 None None] Subscribe: > floatingip after_status_update 55550000, False {{(pid=90073) subscribe /opt/stack/data/venv/lib/python3.12/site-packages/neutron_lib/callbacks/manager.py:52}}
Jun 17 02:55:36.562439 np0000002999 devstack@neutron-api.service[90073]: DEBUG neutron_lib.callbacks.manager [None req-7e3f9919-cd91-4e66-8d0d-bbfb03c49857 None None] Subscribe: > floatingip after_update 55550000, False {{(pid=90073) subscribe /opt/stack/data/venv/lib/python3.12/site-packages/neutron_lib/callbacks/manager.py:52}}
Jun 17 02:55:36.562542 np0000002999 devstack@neutron-api.service[90074]: INFO neutron.quota.resource_registry [None req-4aa3ac55-8f2c-4476-ba93-fcc88fb77841 None None] Creating instance of TrackedResource for resource:security_group
Jun 17 02:55:36.562687 np0000002999 devstack@neutron-api.service[90073]: DEBUG neutron_lib.callbacks.manager [None req-7e3f9919-cd91-4e66-8d0d-bbfb03c49857 None None] Subscribe: > port_forwarding after_create 55550000, False {{(pid=90073) subscribe /opt/stack/data/venv/lib/python3.12/site-packages/neutron_lib/callbacks/manager.py:52}}
Jun 17 02:55:36.562687 np0000002999 devstack@neutron-api.service[90073]: DEBUG neutron_lib.callbacks.manager [None req-7e3f9919-cd91-4e66-8d0d-bbfb03c49857 None None] Subscribe: > router_interface after_delete 55550000, False {{(pid=90073) subscribe /opt/stack/data/venv/lib/python3.12/site-packages/neutron_lib/callbacks/manager.py:52}}
Jun 17 02:55:36.562687 np0000002999 devstack@neutron-api.service[90073]: DEBUG neutron_lib.callbacks.manager [None req-7e3f9919-cd91-4e66-8d0d-bbfb03c49857 None None] Subscribe: > router after_create 55550000, False {{(pid=90073) subscribe /opt/stack/data/venv/lib/python3.12/site-packages/neutron_lib/callbacks/manager.py:52}}
Jun 17 02:55:36.563394 np0000002999 devstack@neutron-api.service[90074]: INFO neutron.quota.resource_registry [None req-4aa3ac55-8f2c-4476-ba93-fcc88fb77841 None None] Creating instance of TrackedResource for resource:security_group_rule
Jun 17 02:55:36.563604 np0000002999 devstack@neutron-api.service[90073]: DEBUG neutron_lib.callbacks.manager [None req-7e3f9919-cd91-4e66-8d0d-bbfb03c49857 None None] Subscribe: > router precommit_create 55550000, False {{(pid=90073) subscribe /opt/stack/data/venv/lib/python3.12/site-packages/neutron_lib/callbacks/manager.py:52}}
Jun 17 02:55:36.563604 np0000002999 devstack@neutron-api.service[90073]: DEBUG neutron_lib.callbacks.manager [None req-7e3f9919-cd91-4e66-8d0d-bbfb03c49857 None None] Subscribe: > router after_delete 55550000, False {{(pid=90073) subscribe /opt/stack/data/venv/lib/python3.12/site-packages/neutron_lib/callbacks/manager.py:52}}
Jun 17 02:55:36.563604 np0000002999 devstack@neutron-api.service[90073]: DEBUG neutron_lib.callbacks.manager [None req-7e3f9919-cd91-4e66-8d0d-bbfb03c49857 None None] Subscribe: > router after_update 55550000, False {{(pid=90073) subscribe /opt/stack/data/venv/lib/python3.12/site-packages/neutron_lib/callbacks/manager.py:52}}
Jun 17 02:55:36.563604 np0000002999 devstack@neutron-api.service[90073]: DEBUG neutron.services.service_base [None req-7e3f9919-cd91-4e66-8d0d-bbfb03c49857 None None] Loaded 'neutron.services.ovn_l3.service_providers.ovn.OvnDriver' provider for service L3_ROUTER_NAT {{(pid=90073) load_drivers /opt/stack/neutron/neutron/services/service_base.py:49}}
Jun 17 02:55:36.563604 np0000002999 devstack@neutron-api.service[90073]: DEBUG neutron_lib.callbacks.manager [None req-7e3f9919-cd91-4e66-8d0d-bbfb03c49857 None None] Subscribe: > process after_init 55550001, True {{(pid=90073) subscribe /opt/stack/data/venv/lib/python3.12/site-packages/neutron_lib/callbacks/manager.py:52}}
Jun 17 02:55:36.563883 np0000002999 devstack@neutron-api.service[90074]: DEBUG neutron.api.v2.resource_helper [None req-4aa3ac55-8f2c-4476-ba93-fcc88fb77841 None None] Service CORE assigned prefix: {{(pid=90074) build_resource_info /opt/stack/neutron/neutron/api/v2/resource_helper.py:77}}
Jun 17 02:55:36.564129 np0000002999 devstack@neutron-api.service[90073]: DEBUG neutron.manager [None req-7e3f9919-cd91-4e66-8d0d-bbfb03c49857 None None] Successfully loaded L3_ROUTER_NAT plugin. Description: L3 Router Service Plugin for basic L3 forwarding using OVN {{(pid=90073) _create_and_add_service_plugin /opt/stack/neutron/neutron/manager.py:239}}
Jun 17 02:55:36.564376 np0000002999 devstack@neutron-api.service[90074]: INFO neutron.quota.resource_registry [None req-4aa3ac55-8f2c-4476-ba93-fcc88fb77841 None None] Creating instance of TrackedResource for resource:subnetpool
Jun 17 02:55:36.564629 np0000002999 devstack@neutron-api.service[90073]: INFO neutron.manager [None req-7e3f9919-cd91-4e66-8d0d-bbfb03c49857 None None] Loading Plugin: auto_allocate
Jun 17 02:55:36.564804 np0000002999 devstack@neutron-api.service[90074]: WARNING neutron.quota.resource_registry [None req-4aa3ac55-8f2c-4476-ba93-fcc88fb77841 None None] subnetpool is already registered
Jun 17 02:55:36.564804 np0000002999 devstack@neutron-api.service[90074]: DEBUG neutron.api.v2.resource_helper [None req-4aa3ac55-8f2c-4476-ba93-fcc88fb77841 None None] Service CORE assigned prefix: {{(pid=90074) build_resource_info /opt/stack/neutron/neutron/api/v2/resource_helper.py:77}}
Jun 17 02:55:36.564804 np0000002999 devstack@neutron-api.service[90074]: INFO neutron.quota.resource_registry [None req-4aa3ac55-8f2c-4476-ba93-fcc88fb77841 None None] Creating instance of TrackedResource for resource:subnetpool
Jun 17 02:55:36.564804 np0000002999 devstack@neutron-api.service[90074]: WARNING neutron.quota.resource_registry [None req-4aa3ac55-8f2c-4476-ba93-fcc88fb77841 None None] subnetpool is already registered
Jun 17 02:55:36.565148 np0000002999 devstack@neutron-api.service[90073]: DEBUG neutron_lib.callbacks.manager [None req-7e3f9919-cd91-4e66-8d0d-bbfb03c49857 None None] Subscribe: network precommit_update 55550000, False {{(pid=90073) subscribe /opt/stack/data/venv/lib/python3.12/site-packages/neutron_lib/callbacks/manager.py:52}}
Jun 17 02:55:36.565348 np0000002999 devstack@neutron-api.service[90073]: DEBUG neutron_lib.callbacks.manager [None req-7e3f9919-cd91-4e66-8d0d-bbfb03c49857 None None] Subscribe: network precommit_create 55550000, False {{(pid=90073) subscribe /opt/stack/data/venv/lib/python3.12/site-packages/neutron_lib/callbacks/manager.py:52}}
Jun 17 02:55:36.565705 np0000002999 devstack@neutron-api.service[90073]: DEBUG neutron.manager [None req-7e3f9919-cd91-4e66-8d0d-bbfb03c49857 None None] Successfully loaded auto-allocated-topology plugin. Description: Auto Allocated Topology - aka get me a network. {{(pid=90073) _create_and_add_service_plugin /opt/stack/neutron/neutron/manager.py:239}}
Jun 17 02:55:36.565705 np0000002999 devstack@neutron-api.service[90073]: INFO neutron.manager [None req-7e3f9919-cd91-4e66-8d0d-bbfb03c49857 None None] Loading Plugin: tag
Jun 17 02:55:36.566645 np0000002999 devstack@neutron-api.service[90074]: DEBUG neutron.api.v2.resource_helper [None req-4aa3ac55-8f2c-4476-ba93-fcc88fb77841 None None] Service L3_ROUTER_NAT assigned prefix: {{(pid=90074) build_resource_info /opt/stack/neutron/neutron/api/v2/resource_helper.py:77}}
Jun 17 02:55:36.567028 np0000002999 devstack@neutron-api.service[90074]: DEBUG neutron.api.v2.resource_helper [None req-4aa3ac55-8f2c-4476-ba93-fcc88fb77841 None None] Service FLAVORS assigned prefix: {{(pid=90074) build_resource_info /opt/stack/neutron/neutron/api/v2/resource_helper.py:77}}
Jun 17 02:55:36.568207 np0000002999 devstack@neutron-api.service[90074]: DEBUG neutron.api.v2.resource_helper [None req-4aa3ac55-8f2c-4476-ba93-fcc88fb77841 None None] Service L3_ROUTER_NAT assigned prefix: {{(pid=90074) build_resource_info /opt/stack/neutron/neutron/api/v2/resource_helper.py:77}}
Jun 17 02:55:36.568207 np0000002999 devstack@neutron-api.service[90074]: DEBUG neutron.api.v2.resource_helper [None req-4aa3ac55-8f2c-4476-ba93-fcc88fb77841 None None] Service L3_ROUTER_NAT assigned prefix: {{(pid=90074) build_resource_info /opt/stack/neutron/neutron/api/v2/resource_helper.py:77}}
Jun 17 02:55:36.568207 np0000002999 devstack@neutron-api.service[90074]: INFO neutron.quota.resource_registry [None req-4aa3ac55-8f2c-4476-ba93-fcc88fb77841 None None] Creating instance of TrackedResource for resource:router
Jun 17 02:55:36.568530 np0000002999 devstack@neutron-api.service[90074]: WARNING neutron.quota.resource_registry [None req-4aa3ac55-8f2c-4476-ba93-fcc88fb77841 None None] router is already registered
Jun 17 02:55:36.568788 np0000002999 devstack@neutron-api.service[90074]: INFO neutron.quota.resource_registry [None req-4aa3ac55-8f2c-4476-ba93-fcc88fb77841 None None] Creating instance of TrackedResource for resource:floatingip
Jun 17 02:55:36.568869 np0000002999 devstack@neutron-api.service[90074]: WARNING neutron.quota.resource_registry [None req-4aa3ac55-8f2c-4476-ba93-fcc88fb77841 None None] floatingip is already registered
Jun 17 02:55:36.569858 np0000002999 devstack@neutron-api.service[90073]: DEBUG neutron.manager [None req-7e3f9919-cd91-4e66-8d0d-bbfb03c49857 None None] Successfully loaded TAG plugin. Description: Tag support {{(pid=90073) _create_and_add_service_plugin /opt/stack/neutron/neutron/manager.py:239}}
Jun 17 02:55:36.569858 np0000002999 devstack@neutron-api.service[90073]: INFO neutron.manager [None req-7e3f9919-cd91-4e66-8d0d-bbfb03c49857 None None] Loading Plugin: timestamp
Jun 17 02:55:36.570009 np0000002999 devstack@neutron-api.service[90074]: INFO neutron.quota.resource_registry [None req-4aa3ac55-8f2c-4476-ba93-fcc88fb77841 None None] Creating instance of CountableResource for resource:rbac_policy
Jun 17 02:55:36.570149 np0000002999 devstack@neutron-api.service[90074]: WARNING neutron.quota.resource_registry [None req-4aa3ac55-8f2c-4476-ba93-fcc88fb77841 None None] rbac_policy is already registered
Jun 17 02:55:36.570699 np0000002999 devstack@neutron-api.service[90074]: INFO neutron.quota.resource_registry [None req-4aa3ac55-8f2c-4476-ba93-fcc88fb77841 None None] Creating instance of TrackedResource for resource:security_group
Jun 17 02:55:36.570881 np0000002999 devstack@neutron-api.service[90074]: WARNING neutron.quota.resource_registry [None req-4aa3ac55-8f2c-4476-ba93-fcc88fb77841 None None] security_group is already registered
Jun 17 02:55:36.571145 np0000002999 devstack@neutron-api.service[90074]: INFO neutron.quota.resource_registry [None req-4aa3ac55-8f2c-4476-ba93-fcc88fb77841 None None] Creating instance of TrackedResource for resource:security_group_rule
Jun 17 02:55:36.571330 np0000002999 devstack@neutron-api.service[90074]: WARNING neutron.quota.resource_registry [None req-4aa3ac55-8f2c-4476-ba93-fcc88fb77841 None None] security_group_rule is already registered
Jun 17 02:55:36.571860 np0000002999 devstack@neutron-api.service[90073]: DEBUG neutron.manager [None req-7e3f9919-cd91-4e66-8d0d-bbfb03c49857 None None] Successfully loaded timestamp plugin. Description: Adds timestamps to Neutron resources with standard attributes {{(pid=90073) _create_and_add_service_plugin /opt/stack/neutron/neutron/manager.py:239}}
Jun 17 02:55:36.572047 np0000002999 devstack@neutron-api.service[90074]: DEBUG neutron.api.v2.resource_helper [None req-4aa3ac55-8f2c-4476-ba93-fcc88fb77841 None None] Service CORE assigned prefix: {{(pid=90074) build_resource_info /opt/stack/neutron/neutron/api/v2/resource_helper.py:77}}
Jun 17 02:55:36.572143 np0000002999 devstack@neutron-api.service[90073]: INFO neutron.manager [None req-7e3f9919-cd91-4e66-8d0d-bbfb03c49857 None None] Loading Plugin: network_ip_availability
Jun 17 02:55:36.572245 np0000002999 devstack@neutron-api.service[90074]: INFO neutron.quota.resource_registry [None req-4aa3ac55-8f2c-4476-ba93-fcc88fb77841 None None] Creating instance of TrackedResource for resource:subnetpool
Jun 17 02:55:36.572245 np0000002999 devstack@neutron-api.service[90074]: WARNING neutron.quota.resource_registry [None req-4aa3ac55-8f2c-4476-ba93-fcc88fb77841 None None] subnetpool is already registered
Jun 17 02:55:36.572481 np0000002999 devstack@neutron-api.service[90074]: DEBUG neutron.api.v2.resource_helper [None req-4aa3ac55-8f2c-4476-ba93-fcc88fb77841 None None] Service CORE assigned prefix: {{(pid=90074) build_resource_info /opt/stack/neutron/neutron/api/v2/resource_helper.py:77}}
Jun 17 02:55:36.572658 np0000002999 devstack@neutron-api.service[90074]: INFO neutron.quota.resource_registry [None req-4aa3ac55-8f2c-4476-ba93-fcc88fb77841 None None] Creating instance of TrackedResource for resource:subnetpool
Jun 17 02:55:36.572658 np0000002999 devstack@neutron-api.service[90074]: WARNING neutron.quota.resource_registry [None req-4aa3ac55-8f2c-4476-ba93-fcc88fb77841 None None] subnetpool is already registered
Jun 17 02:55:36.573189 np0000002999 devstack@neutron-api.service[90074]: DEBUG neutron.api.extensions [None req-4aa3ac55-8f2c-4476-ba93-fcc88fb77841 None None] Extended resource: extensions {{(pid=90074) __init__ /opt/stack/neutron/neutron/api/extensions.py:156}}
Jun 17 02:55:36.573809 np0000002999 devstack@neutron-api.service[90074]: DEBUG neutron.api.extensions [None req-4aa3ac55-8f2c-4476-ba93-fcc88fb77841 None None] Extended resource: address-groups {{(pid=90074) __init__ /opt/stack/neutron/neutron/api/extensions.py:156}}
