Aug 12 18:23:16.910831 np0000007088 devstack@neutron-api.service[87616]: DEBUG neutron.api.extensions [None req-8ce2f236-4076-4867-83b4-bfc3a81c9ba2 None None] Loading extension file: uplink_status_propagation_updatable.py {{(pid=87616) _load_all_extensions_from_path /opt/stack/neutron/neutron/api/extensions.py:449}}
Aug 12 18:23:16.911143 np0000007088 devstack@neutron-api.service[87616]: DEBUG neutron.api.extensions [None req-8ce2f236-4076-4867-83b4-bfc3a81c9ba2 None None] Ext name="Uplink status propagation updatable extension" alias="uplink-status-propagation-updatable" description="Provides ability to update the port uplink status." updated="2024-09-03T18:00:00-00:00" {{(pid=87616) _check_extension /opt/stack/neutron/neutron/api/extensions.py:415}}
Aug 12 18:23:16.911296 np0000007088 devstack@neutron-api.service[87616]: INFO neutron.api.extensions [None req-8ce2f236-4076-4867-83b4-bfc3a81c9ba2 None None] Extension uplink-status-propagation-updatable not supported by any of loaded plugins
Aug 12 18:23:16.911462 np0000007088 devstack@neutron-api.service[87616]: DEBUG neutron.api.extensions [None req-8ce2f236-4076-4867-83b4-bfc3a81c9ba2 None None] Loading extension file: vlantransparent.py {{(pid=87616) _load_all_extensions_from_path /opt/stack/neutron/neutron/api/extensions.py:449}}
Aug 12 18:23:16.911725 np0000007088 devstack@neutron-api.service[87616]: DEBUG neutron.api.extensions [None req-8ce2f236-4076-4867-83b4-bfc3a81c9ba2 None None] Ext name="Vlantransparent" alias="vlan-transparent" description="Provides Vlan Transparent Networks" updated="2015-03-23T09:00:00-00:00" {{(pid=87616) _check_extension /opt/stack/neutron/neutron/api/extensions.py:415}}
Aug 12 18:23:16.911926 np0000007088 devstack@neutron-api.service[87616]: INFO neutron.api.extensions [None req-8ce2f236-4076-4867-83b4-bfc3a81c9ba2 None None] Loaded extension: vlan-transparent
Aug 12 18:23:16.914622 np0000007088 devstack@neutron-api.service[87616]: INFO neutron.quota.resource_registry [None req-8ce2f236-4076-4867-83b4-bfc3a81c9ba2 None None] Creating instance of TrackedResource for resource:network
Aug 12 18:23:16.914925 np0000007088 devstack@neutron-api.service[87616]: INFO neutron.quota.resource_registry [None req-8ce2f236-4076-4867-83b4-bfc3a81c9ba2 None None] Creating instance of TrackedResource for resource:subnet
Aug 12 18:23:16.915103 np0000007088 devstack@neutron-api.service[87616]: INFO neutron.quota.resource_registry [None req-8ce2f236-4076-4867-83b4-bfc3a81c9ba2 None None] Creating instance of TrackedResource for resource:subnetpool
Aug 12 18:23:16.915279 np0000007088 devstack@neutron-api.service[87616]: INFO neutron.quota.resource_registry [None req-8ce2f236-4076-4867-83b4-bfc3a81c9ba2 None None] Creating instance of TrackedResource for resource:port
Aug 12 18:23:16.917233 np0000007088 devstack@neutron-api.service[87616]: INFO neutron.quota.resource_registry [None req-8ce2f236-4076-4867-83b4-bfc3a81c9ba2 None None] Creating instance of CountableResource for resource:router_route
Aug 12 18:23:16.917429 np0000007088 devstack@neutron-api.service[87616]: DEBUG neutron.api.v2.resource_helper [None req-8ce2f236-4076-4867-83b4-bfc3a81c9ba2 None None] Service L3_ROUTER_NAT assigned prefix: {{(pid=87616) build_resource_info /opt/stack/neutron/neutron/api/v2/resource_helper.py:77}}
Aug 12 18:23:16.918057 np0000007088 devstack@neutron-api.service[87616]: DEBUG neutron.api.v2.resource_helper [None req-8ce2f236-4076-4867-83b4-bfc3a81c9ba2 None None] Service FLAVORS assigned prefix: {{(pid=87616) build_resource_info /opt/stack/neutron/neutron/api/v2/resource_helper.py:77}}
Aug 12 18:23:16.919227 np0000007088 devstack@neutron-api.service[87616]: DEBUG neutron.api.v2.resource_helper [None req-8ce2f236-4076-4867-83b4-bfc3a81c9ba2 None None] Service L3_ROUTER_NAT assigned prefix: {{(pid=87616) build_resource_info /opt/stack/neutron/neutron/api/v2/resource_helper.py:77}}
Aug 12 18:23:16.919712 np0000007088 devstack@neutron-api.service[87616]: DEBUG neutron.api.v2.resource_helper [None req-8ce2f236-4076-4867-83b4-bfc3a81c9ba2 None None] Service L3_ROUTER_NAT assigned prefix: {{(pid=87616) build_resource_info /opt/stack/neutron/neutron/api/v2/resource_helper.py:77}}
Aug 12 18:23:16.919929 np0000007088 devstack@neutron-api.service[87616]: INFO neutron.quota.resource_registry [None req-8ce2f236-4076-4867-83b4-bfc3a81c9ba2 None None] Creating instance of TrackedResource for resource:router
Aug 12 18:23:16.920620 np0000007088 devstack@neutron-api.service[87616]: INFO neutron.quota.resource_registry [None req-8ce2f236-4076-4867-83b4-bfc3a81c9ba2 None None] Creating instance of TrackedResource for resource:floatingip
Aug 12 18:23:16.922099 np0000007088 devstack@neutron-api.service[87616]: INFO neutron.quota.resource_registry [None req-8ce2f236-4076-4867-83b4-bfc3a81c9ba2 None None] Creating instance of CountableResource for resource:rbac_policy
Aug 12 18:23:16.923047 np0000007088 devstack@neutron-api.service[87616]: INFO neutron.quota.resource_registry [None req-8ce2f236-4076-4867-83b4-bfc3a81c9ba2 None None] Creating instance of TrackedResource for resource:security_group
Aug 12 18:23:16.923604 np0000007088 devstack@neutron-api.service[87616]: INFO neutron.quota.resource_registry [None req-8ce2f236-4076-4867-83b4-bfc3a81c9ba2 None None] Creating instance of TrackedResource for resource:security_group_rule
Aug 12 18:23:16.924305 np0000007088 devstack@neutron-api.service[87616]: DEBUG neutron.api.v2.resource_helper [None req-8ce2f236-4076-4867-83b4-bfc3a81c9ba2 None None] Service CORE assigned prefix: {{(pid=87616) build_resource_info /opt/stack/neutron/neutron/api/v2/resource_helper.py:77}}
Aug 12 18:23:16.924513 np0000007088 devstack@neutron-api.service[87616]: INFO neutron.quota.resource_registry [None req-8ce2f236-4076-4867-83b4-bfc3a81c9ba2 None None] Creating instance of TrackedResource for resource:subnetpool
Aug 12 18:23:16.924719 np0000007088 devstack@neutron-api.service[87616]: WARNING neutron.quota.resource_registry [None req-8ce2f236-4076-4867-83b4-bfc3a81c9ba2 None None] subnetpool is already registered
Aug 12 18:23:16.925206 np0000007088 devstack@neutron-api.service[87616]: DEBUG neutron.api.v2.resource_helper [None req-8ce2f236-4076-4867-83b4-bfc3a81c9ba2 None None] Service CORE assigned prefix: {{(pid=87616) build_resource_info /opt/stack/neutron/neutron/api/v2/resource_helper.py:77}}
Aug 12 18:23:16.925308 np0000007088 devstack@neutron-api.service[87616]: INFO neutron.quota.resource_registry [None req-8ce2f236-4076-4867-83b4-bfc3a81c9ba2 None None] Creating instance of TrackedResource for resource:subnetpool
Aug 12 18:23:16.925517 np0000007088 devstack@neutron-api.service[87616]: WARNING neutron.quota.resource_registry [None req-8ce2f236-4076-4867-83b4-bfc3a81c9ba2 None None] subnetpool is already registered
Aug 12 18:23:16.928778 np0000007088 devstack@neutron-api.service[87616]: INFO neutron.quota.resource_registry [None req-8ce2f236-4076-4867-83b4-bfc3a81c9ba2 None None] Creating instance of CountableResource for resource:router_route
Aug 12 18:23:16.928915 np0000007088 devstack@neutron-api.service[87616]: WARNING neutron.quota.resource_registry [None req-8ce2f236-4076-4867-83b4-bfc3a81c9ba2 None None] router_route is already registered
Aug 12 18:23:16.929051 np0000007088 devstack@neutron-api.service[87616]: DEBUG neutron.api.v2.resource_helper [None req-8ce2f236-4076-4867-83b4-bfc3a81c9ba2 None None] Service L3_ROUTER_NAT assigned prefix: {{(pid=87616) build_resource_info /opt/stack/neutron/neutron/api/v2/resource_helper.py:77}}
Aug 12 18:23:16.929403 np0000007088 devstack@neutron-api.service[87616]: DEBUG neutron.api.v2.resource_helper [None req-8ce2f236-4076-4867-83b4-bfc3a81c9ba2 None None] Service FLAVORS assigned prefix: {{(pid=87616) build_resource_info /opt/stack/neutron/neutron/api/v2/resource_helper.py:77}}
Aug 12 18:23:16.931076 np0000007088 devstack@neutron-api.service[87616]: DEBUG neutron.api.v2.resource_helper [None req-8ce2f236-4076-4867-83b4-bfc3a81c9ba2 None None] Service L3_ROUTER_NAT assigned prefix: {{(pid=87616) build_resource_info /opt/stack/neutron/neutron/api/v2/resource_helper.py:77}}
Aug 12 18:23:16.931609 np0000007088 devstack@neutron-api.service[87616]: DEBUG neutron.api.v2.resource_helper [None req-8ce2f236-4076-4867-83b4-bfc3a81c9ba2 None None] Service L3_ROUTER_NAT assigned prefix: {{(pid=87616) build_resource_info /opt/stack/neutron/neutron/api/v2/resource_helper.py:77}}
Aug 12 18:23:16.931761 np0000007088 devstack@neutron-api.service[87616]: INFO neutron.quota.resource_registry [None req-8ce2f236-4076-4867-83b4-bfc3a81c9ba2 None None] Creating instance of TrackedResource for resource:router
Aug 12 18:23:16.931964 np0000007088 devstack@neutron-api.service[87616]: WARNING neutron.quota.resource_registry [None req-8ce2f236-4076-4867-83b4-bfc3a81c9ba2 None None] router is already registered
Aug 12 18:23:16.932627 np0000007088 devstack@neutron-api.service[87616]: INFO neutron.quota.resource_registry [None req-8ce2f236-4076-4867-83b4-bfc3a81c9ba2 None None] Creating instance of TrackedResource for resource:floatingip
Aug 12 18:23:16.932809 np0000007088 devstack@neutron-api.service[87616]: WARNING neutron.quota.resource_registry [None req-8ce2f236-4076-4867-83b4-bfc3a81c9ba2 None None] floatingip is already registered
Aug 12 18:23:16.934084 np0000007088 devstack@neutron-api.service[87616]: INFO neutron.quota.resource_registry [None req-8ce2f236-4076-4867-83b4-bfc3a81c9ba2 None None] Creating instance of CountableResource for resource:rbac_policy
Aug 12 18:23:16.934204 np0000007088 devstack@neutron-api.service[87616]: WARNING neutron.quota.resource_registry [None req-8ce2f236-4076-4867-83b4-bfc3a81c9ba2 None None] rbac_policy is already registered
Aug 12 18:23:16.934801 np0000007088 devstack@neutron-api.service[87616]: INFO neutron.quota.resource_registry [None req-8ce2f236-4076-4867-83b4-bfc3a81c9ba2 None None] Creating instance of TrackedResource for resource:security_group
Aug 12 18:23:16.934931 np0000007088 devstack@neutron-api.service[87616]: WARNING neutron.quota.resource_registry [None req-8ce2f236-4076-4867-83b4-bfc3a81c9ba2 None None] security_group is already registered
Aug 12 18:23:16.935257 np0000007088 devstack@neutron-api.service[87616]: INFO neutron.quota.resource_registry [None req-8ce2f236-4076-4867-83b4-bfc3a81c9ba2 None None] Creating instance of TrackedResource for resource:security_group_rule
Aug 12 18:23:16.935345 np0000007088 devstack@neutron-api.service[87616]: WARNING neutron.quota.resource_registry [None req-8ce2f236-4076-4867-83b4-bfc3a81c9ba2 None None] security_group_rule is already registered
Aug 12 18:23:16.936083 np0000007088 devstack@neutron-api.service[87616]: DEBUG neutron.api.v2.resource_helper [None req-8ce2f236-4076-4867-83b4-bfc3a81c9ba2 None None] Service CORE assigned prefix: {{(pid=87616) build_resource_info /opt/stack/neutron/neutron/api/v2/resource_helper.py:77}}
Aug 12 18:23:16.936247 np0000007088 devstack@neutron-api.service[87616]: INFO neutron.quota.resource_registry [None req-8ce2f236-4076-4867-83b4-bfc3a81c9ba2 None None] Creating instance of TrackedResource for resource:subnetpool
Aug 12 18:23:16.936423 np0000007088 devstack@neutron-api.service[87616]: WARNING neutron.quota.resource_registry [None req-8ce2f236-4076-4867-83b4-bfc3a81c9ba2 None None] subnetpool is already registered
Aug 12 18:23:16.936960 np0000007088 devstack@neutron-api.service[87616]: DEBUG neutron.api.v2.resource_helper [None req-8ce2f236-4076-4867-83b4-bfc3a81c9ba2 None None] Service CORE assigned prefix: {{(pid=87616) build_resource_info /opt/stack/neutron/neutron/api/v2/resource_helper.py:77}}
Aug 12 18:23:16.937156 np0000007088 devstack@neutron-api.service[87616]: INFO neutron.quota.resource_registry [None req-8ce2f236-4076-4867-83b4-bfc3a81c9ba2 None None] Creating instance of TrackedResource for resource:subnetpool
Aug 12 18:23:16.937278 np0000007088 devstack@neutron-api.service[87616]: WARNING neutron.quota.resource_registry [None req-8ce2f236-4076-4867-83b4-bfc3a81c9ba2 None None] subnetpool is already registered
Aug 12 18:23:16.937983 np0000007088 devstack@neutron-api.service[87616]: DEBUG neutron.api.extensions [None req-8ce2f236-4076-4867-83b4-bfc3a81c9ba2 None None] Extended resource: extensions {{(pid=87616) __init__ /opt/stack/neutron/neutron/api/extensions.py:156}}
Aug 12 18:23:16.938857 np0000007088 devstack@neutron-api.service[87616]: DEBUG neutron.api.extensions [None req-8ce2f236-4076-4867-83b4-bfc3a81c9ba2 None None] Extended resource: address-groups {{(pid=87616) __init__ /opt/stack/neutron/neutron/api/extensions.py:156}}
Aug 12 18:23:16.938968 np0000007088 devstack@neutron-api.service[87615]: DEBUG oslo_concurrency.processutils [None req-08c3a1d0-2c52-4f16-b6e9-458e812f144f None None] CMD "ovsdb-client transact ssl:10.4.3.10:6641 --timeout 180 -p /opt/stack/data/CA/int-ca/private/devstack-cert.key -c /opt/stack/data/CA/int-ca/devstack-cert.crt -C /opt/stack/data/CA/int-ca/ca-chain.pem ["OVN_Northbound", {"op": "wait", "timeout": 0, "table": "Port_Group", "where": [["name", "==", "neutron_pg_drop"]], "until": "==", "rows": []}, {"op": "insert", "table": "ACL", "row": {"action": "drop", "direction": "to-lport", "match": "outport == @neutron_pg_drop && ip", "priority": 1000}, "uuid-name": "droptoport"}, {"op": "insert", "table": "ACL", "row": {"action": "drop", "direction": "from-lport", "match": "inport == @neutron_pg_drop && ip", "priority": 1000}, "uuid-name": "dropfromport"}, {"op": "insert", "table": "Port_Group", "row": {"name": "neutron_pg_drop", "acls": ["set", [["named-uuid", "droptoport"], ["named-uuid", "dropfromport"]]]}}]" returned: 0 in 0.036s {{(pid=87615) execute /opt/stack/data/venv/lib/python3.12/site-packages/oslo_concurrency/processutils.py:468}}
Aug 12 18:23:16.939414 np0000007088 devstack@neutron-api.service[87615]: DEBUG neutron_lib.callbacks.manager [None req-08c3a1d0-2c52-4f16-b6e9-458e812f144f None None] Publish callbacks ['neutron.plugins.ml2.drivers.ovn.mech_driver.mech_driver.OVNMechanismDriver.post_fork_initialize-174705', 'neutron.services.pvlan.drivers.ovn.driver._initialize_pvlan_pg_drop-8772970451058', 'neutron.services.ovn_l3.plugin.OVNL3RouterPlugin._post_fork_initialize-1454927'] for process (None), after_init {{(pid=87615) _notify_loop /opt/stack/data/venv/lib/python3.12/site-packages/neutron_lib/callbacks/manager.py:184}}
Aug 12 18:23:16.939605 np0000007088 devstack@neutron-api.service[87616]: DEBUG neutron.api.extensions [None req-8ce2f236-4076-4867-83b4-bfc3a81c9ba2 None None] Extended resource: address-scopes {{(pid=87616) __init__ /opt/stack/neutron/neutron/api/extensions.py:156}}
Aug 12 18:23:16.939830 np0000007088 devstack@neutron-api.service[87615]: DEBUG oslo_concurrency.lockutils [None req-08c3a1d0-2c52-4f16-b6e9-458e812f144f None None] Acquiring lock "singleton_lock" {{(pid=87615) lock /opt/stack/data/venv/lib/python3.12/site-packages/oslo_concurrency/lockutils.py:396}}
Aug 12 18:23:16.939830 np0000007088 devstack@neutron-api.service[87615]: DEBUG oslo_concurrency.lockutils [None req-08c3a1d0-2c52-4f16-b6e9-458e812f144f None None] Acquired lock "singleton_lock" {{(pid=87615) lock /opt/stack/data/venv/lib/python3.12/site-packages/oslo_concurrency/lockutils.py:399}}
Aug 12 18:23:16.940325 np0000007088 devstack@neutron-api.service[87615]: DEBUG oslo_concurrency.lockutils [None req-08c3a1d0-2c52-4f16-b6e9-458e812f144f None None] Releasing lock "singleton_lock" {{(pid=87615) lock /opt/stack/data/venv/lib/python3.12/site-packages/oslo_concurrency/lockutils.py:419}}
Aug 12 18:23:16.940450 np0000007088 devstack@neutron-api.service[87616]: DEBUG neutron.api.extensions [None req-8ce2f236-4076-4867-83b4-bfc3a81c9ba2 None None] Extended resource: agents {{(pid=87616) __init__ /opt/stack/neutron/neutron/api/extensions.py:156}}
Aug 12 18:23:16.940995 np0000007088 devstack@neutron-api.service[87616]: DEBUG neutron.api.extensions [None req-8ce2f236-4076-4867-83b4-bfc3a81c9ba2 None None] Extended resource: auto-allocated-topology {{(pid=87616) __init__ /opt/stack/neutron/neutron/api/extensions.py:156}}
Aug 12 18:23:16.941661 np0000007088 devstack@neutron-api.service[87616]: DEBUG neutron.api.extensions [None req-8ce2f236-4076-4867-83b4-bfc3a81c9ba2 None None] Extended resource: availability_zones {{(pid=87616) __init__ /opt/stack/neutron/neutron/api/extensions.py:156}}
Aug 12 18:23:16.942213 np0000007088 devstack@neutron-api.service[87615]: DEBUG neutron.plugins.ml2.drivers.ovn.mech_driver.mech_driver [None req-08c3a1d0-2c52-4f16-b6e9-458e812f144f None None] Hash Ring setup using WSGI start time 2026-08-12 18:23:16+00:00 {{(pid=87615) _init_hash_ring /opt/stack/neutron/neutron/plugins/ml2/drivers/ovn/mech_driver/mech_driver.py:382}}
Aug 12 18:23:16.942460 np0000007088 devstack@neutron-api.service[87616]: DEBUG neutron.api.extensions [None req-8ce2f236-4076-4867-83b4-bfc3a81c9ba2 None None] Extended resource: dhcp-networks {{(pid=87616) __init__ /opt/stack/neutron/neutron/api/extensions.py:156}}
Aug 12 18:23:16.943384 np0000007088 devstack@neutron-api.service[87616]: DEBUG neutron.api.extensions [None req-8ce2f236-4076-4867-83b4-bfc3a81c9ba2 None None] Extended resource: dhcp-agents {{(pid=87616) __init__ /opt/stack/neutron/neutron/api/extensions.py:156}}
Aug 12 18:23:16.945144 np0000007088 devstack@neutron-api.service[87616]: DEBUG neutron.api.extensions [None req-8ce2f236-4076-4867-83b4-bfc3a81c9ba2 None None] Extended resource: routers {{(pid=87616) __init__ /opt/stack/neutron/neutron/api/extensions.py:156}}
Aug 12 18:23:16.946459 np0000007088 devstack@neutron-api.service[87616]: DEBUG neutron.api.extensions [None req-8ce2f236-4076-4867-83b4-bfc3a81c9ba2 None None] Extended resource: flavors {{(pid=87616) __init__ /opt/stack/neutron/neutron/api/extensions.py:156}}
Aug 12 18:23:16.947316 np0000007088 devstack@neutron-api.service[87616]: DEBUG neutron.api.extensions [None req-8ce2f236-4076-4867-83b4-bfc3a81c9ba2 None None] Extended resource: service_profiles {{(pid=87616) __init__ /opt/stack/neutron/neutron/api/extensions.py:156}}
Aug 12 18:23:16.947907 np0000007088 devstack@neutron-api.service[87616]: DEBUG neutron.api.extensions [None req-8ce2f236-4076-4867-83b4-bfc3a81c9ba2 None None] Extended resource: next_providers {{(pid=87616) __init__ /opt/stack/neutron/neutron/api/extensions.py:156}}
Aug 12 18:23:16.948231 np0000007088 devstack@neutron-api.service[87615]: INFO neutron.db.ovn_hash_ring_db [None req-08c3a1d0-2c52-4f16-b6e9-458e812f144f None None] Nodes from host "np0000007088" and group "mechanism_driver" removed from the Hash Ring created at 2026-08-12 18:23:16+00:00
Aug 12 18:23:16.948746 np0000007088 devstack@neutron-api.service[87616]: DEBUG neutron.api.extensions [None req-8ce2f236-4076-4867-83b4-bfc3a81c9ba2 None None] Extended resource: service_profiles {{(pid=87616) __init__ /opt/stack/neutron/neutron/api/extensions.py:156}}
Aug 12 18:23:16.951287 np0000007088 devstack@neutron-api.service[87616]: DEBUG neutron.api.extensions [None req-8ce2f236-4076-4867-83b4-bfc3a81c9ba2 None None] Extended resource: floatingip-pools {{(pid=87616) __init__ /opt/stack/neutron/neutron/api/extensions.py:156}}
Aug 12 18:23:16.951948 np0000007088 devstack@neutron-api.service[87616]: DEBUG neutron.api.extensions [None req-8ce2f236-4076-4867-83b4-bfc3a81c9ba2 None None] Extended resource: routers {{(pid=87616) __init__ /opt/stack/neutron/neutron/api/extensions.py:156}}
Aug 12 18:23:16.955580 np0000007088 devstack@neutron-api.service[87616]: DEBUG neutron.api.extensions [None req-8ce2f236-4076-4867-83b4-bfc3a81c9ba2 None None] Extended resource: floatingips {{(pid=87616) __init__ /opt/stack/neutron/neutron/api/extensions.py:156}}
Aug 12 18:23:16.956017 np0000007088 devstack@neutron-api.service[87615]: INFO neutron.db.ovn_hash_ring_db [None req-08c3a1d0-2c52-4f16-b6e9-458e812f144f None None] Node b6818b30cf7a5e50a19e2792f03bde18 from host "np0000007088" and group "mechanism_driver" added to the Hash Ring
Aug 12 18:23:16.956301 np0000007088 devstack@neutron-api.service[87616]: DEBUG neutron.api.extensions [None req-8ce2f236-4076-4867-83b4-bfc3a81c9ba2 None None] Extended resource: l3-routers {{(pid=87616) __init__ /opt/stack/neutron/neutron/api/extensions.py:156}}
Aug 12 18:23:16.956301 np0000007088 devstack@neutron-api.service[87616]: DEBUG neutron.api.extensions [None req-8ce2f236-4076-4867-83b4-bfc3a81c9ba2 None None] Extended resource: l3-agents {{(pid=87616) __init__ /opt/stack/neutron/neutron/api/extensions.py:156}}
Aug 12 18:23:16.956301 np0000007088 devstack@neutron-api.service[87616]: DEBUG neutron.api.extensions [None req-8ce2f236-4076-4867-83b4-bfc3a81c9ba2 None None] Extended resource: network-ip-availabilities {{(pid=87616) __init__ /opt/stack/neutron/neutron/api/extensions.py:156}}
Aug 12 18:23:16.956482 np0000007088 devstack@neutron-api.service[87616]: DEBUG neutron.api.extensions [None req-8ce2f236-4076-4867-83b4-bfc3a81c9ba2 None None] Extended resource: network-ip-availabilities {{(pid=87616) __init__ /opt/stack/neutron/neutron/api/extensions.py:156}}
Aug 12 18:23:16.957128 np0000007088 devstack@neutron-api.service[87616]: DEBUG neutron.api.extensions [None req-8ce2f236-4076-4867-83b4-bfc3a81c9ba2 None None] Extended resource: bindings {{(pid=87616) __init__ /opt/stack/neutron/neutron/api/extensions.py:156}}
Aug 12 18:23:16.957918 np0000007088 devstack@neutron-api.service[87616]: DEBUG neutron.api.extensions [None req-8ce2f236-4076-4867-83b4-bfc3a81c9ba2 None None] Extended resource: quotas {{(pid=87616) __init__ /opt/stack/neutron/neutron/api/extensions.py:156}}
Aug 12 18:23:16.959778 np0000007088 devstack@neutron-api.service[87616]: DEBUG neutron.api.extensions [None req-8ce2f236-4076-4867-83b4-bfc3a81c9ba2 None None] Extended resource: quotas {{(pid=87616) __init__ /opt/stack/neutron/neutron/api/extensions.py:156}}
Aug 12 18:23:16.959963 np0000007088 devstack@neutron-api.service[87616]: DEBUG neutron.api.extensions [None req-8ce2f236-4076-4867-83b4-bfc3a81c9ba2 None None] Extended resource: rbac-policies {{(pid=87616) __init__ /opt/stack/neutron/neutron/api/extensions.py:156}}
Aug 12 18:23:16.960360 np0000007088 devstack@neutron-api.service[87616]: DEBUG neutron.api.extensions [None req-8ce2f236-4076-4867-83b4-bfc3a81c9ba2 None None] Extended resource: default-security-group-rules {{(pid=87616) __init__ /opt/stack/neutron/neutron/api/extensions.py:156}}
Aug 12 18:23:16.961022 np0000007088 devstack@neutron-api.service[87616]: DEBUG neutron.api.extensions [None req-8ce2f236-4076-4867-83b4-bfc3a81c9ba2 None None] Extended resource: security-groups-default-statefulness {{(pid=87616) __init__ /opt/stack/neutron/neutron/api/extensions.py:156}}
Aug 12 18:23:16.961478 np0000007088 devstack@neutron-api.service[87616]: DEBUG neutron.api.extensions [None req-8ce2f236-4076-4867-83b4-bfc3a81c9ba2 None None] Extended resource: security-groups {{(pid=87616) __init__ /opt/stack/neutron/neutron/api/extensions.py:156}}
Aug 12 18:23:16.962105 np0000007088 devstack@neutron-api.service[87616]: DEBUG neutron.api.extensions [None req-8ce2f236-4076-4867-83b4-bfc3a81c9ba2 None None] Extended resource: security-group-rules {{(pid=87616) __init__ /opt/stack/neutron/neutron/api/extensions.py:156}}
Aug 12 18:23:16.962281 np0000007088 devstack@neutron-api.service[87615]: DEBUG neutron.plugins.ml2.drivers.ovn.mech_driver.mech_driver [None req-08c3a1d0-2c52-4f16-b6e9-458e812f144f None None] Hash Ring setup, this worker has detected 2 OVN hash ring registers in the database {{(pid=87615) _init_hash_ring /opt/stack/neutron/neutron/plugins/ml2/drivers/ovn/mech_driver/mech_driver.py:392}}
Aug 12 18:23:16.964027 np0000007088 devstack@neutron-api.service[87616]: DEBUG neutron.api.extensions [None req-8ce2f236-4076-4867-83b4-bfc3a81c9ba2 None None] Extended resource: service-providers {{(pid=87616) __init__ /opt/stack/neutron/neutron/api/extensions.py:156}}
Aug 12 18:23:16.965150 np0000007088 devstack@neutron-api.service[87616]: DEBUG neutron.api.extensions [None req-8ce2f236-4076-4867-83b4-bfc3a81c9ba2 None None] Extended resource: subnetpools {{(pid=87616) __init__ /opt/stack/neutron/neutron/api/extensions.py:156}}
Aug 12 18:23:16.966022 np0000007088 devstack@neutron-api.service[87616]: DEBUG neutron.api.extensions [None req-8ce2f236-4076-4867-83b4-bfc3a81c9ba2 None None] Extended resource: subnetpools {{(pid=87616) __init__ /opt/stack/neutron/neutron/api/extensions.py:156}}
Aug 12 18:23:16.968053 np0000007088 devstack@neutron-api.service[87616]: DEBUG neutron.api.extensions [None req-8ce2f236-4076-4867-83b4-bfc3a81c9ba2 None None] Extended resource: tags {{(pid=87616) __init__ /opt/stack/neutron/neutron/api/extensions.py:156}}
Aug 12 18:23:16.968053 np0000007088 devstack@neutron-api.service[87616]: DEBUG neutron.api.extensions [None req-8ce2f236-4076-4867-83b4-bfc3a81c9ba2 None None] Extended resource: tags {{(pid=87616) __init__ /opt/stack/neutron/neutron/api/extensions.py:156}}
Aug 12 18:23:16.969987 np0000007088 devstack@neutron-api.service[87616]: DEBUG neutron.api.extensions [None req-8ce2f236-4076-4867-83b4-bfc3a81c9ba2 None None] Extended resource: tags {{(pid=87616) __init__ /opt/stack/neutron/neutron/api/extensions.py:156}}
Aug 12 18:23:16.972497 np0000007088 devstack@neutron-api.service[87616]: DEBUG neutron.api.extensions [None req-8ce2f236-4076-4867-83b4-bfc3a81c9ba2 None None] Extended resource: tags {{(pid=87616) __init__ /opt/stack/neutron/neutron/api/extensions.py:156}}
Aug 12 18:23:16.972497 np0000007088 devstack@neutron-api.service[87616]: DEBUG neutron.api.extensions [None req-8ce2f236-4076-4867-83b4-bfc3a81c9ba2 None None] Extended resource: tags {{(pid=87616) __init__ /opt/stack/neutron/neutron/api/extensions.py:156}}
Aug 12 18:23:16.972744 np0000007088 devstack@neutron-api.service[87615]: DEBUG neutron.plugins.ml2.drivers.ovn.mech_driver.ovsdb.maintenance [None req-08c3a1d0-2c52-4f16-b6e9-458e812f144f None None] Periodic task found: HashRingHealthCheckPeriodics.touch_hash_ring_node {{(pid=87615) add_periodics /opt/stack/neutron/neutron/plugins/ml2/drivers/ovn/mech_driver/ovsdb/maintenance.py:148}}
Aug 12 18:23:16.972861 np0000007088 devstack@neutron-api.service[87616]: DEBUG neutron.api.extensions [None req-8ce2f236-4076-4867-83b4-bfc3a81c9ba2 None None] Extended resource: tags {{(pid=87616) __init__ /opt/stack/neutron/neutron/api/extensions.py:156}}
Aug 12 18:23:16.973277 np0000007088 devstack@neutron-api.service[87616]: DEBUG neutron.api.extensions [None req-8ce2f236-4076-4867-83b4-bfc3a81c9ba2 None None] Extended resource: tags {{(pid=87616) __init__ /opt/stack/neutron/neutron/api/extensions.py:156}}
Aug 12 18:23:16.973808 np0000007088 devstack@neutron-api.service[87616]: DEBUG neutron.api.extensions [None req-8ce2f236-4076-4867-83b4-bfc3a81c9ba2 None None] Extended resource: tags {{(pid=87616) __init__ /opt/stack/neutron/neutron/api/extensions.py:156}}
Aug 12 18:23:16.974550 np0000007088 devstack@neutron-api.service[87616]: DEBUG neutron.api.extensions [None req-8ce2f236-4076-4867-83b4-bfc3a81c9ba2 None None] Extended resource: tags {{(pid=87616) __init__ /opt/stack/neutron/neutron/api/extensions.py:156}}
Aug 12 18:23:16.975206 np0000007088 devstack@neutron-api.service[87616]: DEBUG neutron.api.extensions [None req-8ce2f236-4076-4867-83b4-bfc3a81c9ba2 None None] Extended resource: tags {{(pid=87616) __init__ /opt/stack/neutron/neutron/api/extensions.py:156}}
Aug 12 18:23:16.977158 np0000007088 devstack@neutron-api.service[87615]: INFO neutron.plugins.ml2.drivers.ovn.mech_driver.mech_driver [None req-08c3a1d0-2c52-4f16-b6e9-458e812f144f None None] Hash Ring probing thread for node b6818b30cf7a5e50a19e2792f03bde18 has started
Aug 12 18:23:16.978117 np0000007088 devstack@neutron-api.service[87615]: INFO neutron.plugins.ml2.drivers.ovn.mech_driver.ovsdb.impl_idl_ovn [None req-08c3a1d0-2c52-4f16-b6e9-458e812f144f None None] Getting OvsdbNbOvnIdl for WorkerService with retry
Aug 12 18:23:16.985165 np0000007088 devstack@neutron-api.service[87616]: DEBUG neutron_lib.callbacks.manager [None req-8ce2f236-4076-4867-83b4-bfc3a81c9ba2 None None] Publish callbacks ['neutron.plugins.ml2.drivers.ovn.mech_driver.mech_driver.OVNMechanismDriver.pre_fork_initialize-176173'] for process (None), before_spawn {{(pid=87616) _notify_loop /opt/stack/data/venv/lib/python3.12/site-packages/neutron_lib/callbacks/manager.py:184}}
Aug 12 18:23:16.985353 np0000007088 devstack@neutron-api.service[87616]: DEBUG oslo_concurrency.processutils [None req-8ce2f236-4076-4867-83b4-bfc3a81c9ba2 None None] Running cmd (subprocess): ovsdb-client transact ssl:10.4.3.10:6641 --timeout 180 -p /opt/stack/data/CA/int-ca/private/devstack-cert.key -c /opt/stack/data/CA/int-ca/devstack-cert.crt -C /opt/stack/data/CA/int-ca/ca-chain.pem ["OVN_Northbound", {"op": "wait", "timeout": 0, "table": "Port_Group", "where": [["name", "==", "neutron_pg_drop"]], "until": "==", "rows": []}, {"op": "insert", "table": "ACL", "row": {"action": "drop", "direction": "to-lport", "match": "outport == @neutron_pg_drop && ip", "priority": 1000}, "uuid-name": "droptoport"}, {"op": "insert", "table": "ACL", "row": {"action": "drop", "direction": "from-lport", "match": "inport == @neutron_pg_drop && ip", "priority": 1000}, "uuid-name": "dropfromport"}, {"op": "insert", "table": "Port_Group", "row": {"name": "neutron_pg_drop", "acls": ["set", [["named-uuid", "droptoport"], ["named-uuid", "dropfromport"]]]}}] {{(pid=87616) execute /opt/stack/data/venv/lib/python3.12/site-packages/oslo_concurrency/processutils.py:440}}
Aug 12 18:23:17.013612 np0000007088 devstack@neutron-api.service[87616]: DEBUG oslo_concurrency.processutils [None req-8ce2f236-4076-4867-83b4-bfc3a81c9ba2 None None] CMD "ovsdb-client transact ssl:10.4.3.10:6641 --timeout 180 -p /opt/stack/data/CA/int-ca/private/devstack-cert.key -c /opt/stack/data/CA/int-ca/devstack-cert.crt -C /opt/stack/data/CA/int-ca/ca-chain.pem ["OVN_Northbound", {"op": "wait", "timeout": 0, "table": "Port_Group", "where": [["name", "==", "neutron_pg_drop"]], "until": "==", "rows": []}, {"op": "insert", "table": "ACL", "row": {"action": "drop", "direction": "to-lport", "match": "outport == @neutron_pg_drop && ip", "priority": 1000}, "uuid-name": "droptoport"}, {"op": "insert", "table": "ACL", "row": {"action": "drop", "direction": "from-lport", "match": "inport == @neutron_pg_drop && ip", "priority": 1000}, "uuid-name": "dropfromport"}, {"op": "insert", "table": "Port_Group", "row": {"name": "neutron_pg_drop", "acls": ["set", [["named-uuid", "droptoport"], ["named-uuid", "dropfromport"]]]}}]" returned: 0 in 0.028s {{(pid=87616) execute /opt/stack/data/venv/lib/python3.12/site-packages/oslo_concurrency/processutils.py:468}}
Aug 12 18:23:17.014462 np0000007088 devstack@neutron-api.service[87616]: DEBUG neutron_lib.callbacks.manager [None req-8ce2f236-4076-4867-83b4-bfc3a81c9ba2 None None] Publish callbacks ['neutron.plugins.ml2.drivers.ovn.mech_driver.mech_driver.OVNMechanismDriver.post_fork_initialize-176325', 'neutron.services.pvlan.drivers.ovn.driver._initialize_pvlan_pg_drop-8772970434110', 'neutron.services.ovn_l3.plugin.OVNL3RouterPlugin._post_fork_initialize-637499'] for process (None), after_init {{(pid=87616) _notify_loop /opt/stack/data/venv/lib/python3.12/site-packages/neutron_lib/callbacks/manager.py:184}}
Aug 12 18:23:17.014746 np0000007088 devstack@neutron-api.service[87616]: DEBUG oslo_concurrency.lockutils [None req-8ce2f236-4076-4867-83b4-bfc3a81c9ba2 None None] Acquiring lock "singleton_lock" {{(pid=87616) lock /opt/stack/data/venv/lib/python3.12/site-packages/oslo_concurrency/lockutils.py:396}}
Aug 12 18:23:17.015279 np0000007088 devstack@neutron-api.service[87616]: DEBUG oslo_concurrency.lockutils [None req-8ce2f236-4076-4867-83b4-bfc3a81c9ba2 None None] Acquired lock "singleton_lock" {{(pid=87616) lock /opt/stack/data/venv/lib/python3.12/site-packages/oslo_concurrency/lockutils.py:399}}
Aug 12 18:23:17.015279 np0000007088 devstack@neutron-api.service[87616]: DEBUG oslo_concurrency.lockutils [None req-8ce2f236-4076-4867-83b4-bfc3a81c9ba2 None None] Releasing lock "singleton_lock" {{(pid=87616) lock /opt/stack/data/venv/lib/python3.12/site-packages/oslo_concurrency/lockutils.py:419}}
Aug 12 18:23:17.017398 np0000007088 devstack@neutron-api.service[87616]: DEBUG neutron.plugins.ml2.drivers.ovn.mech_driver.mech_driver [None req-8ce2f236-4076-4867-83b4-bfc3a81c9ba2 None None] Hash Ring setup using WSGI start time 2026-08-12 18:23:16+00:00 {{(pid=87616) _init_hash_ring /opt/stack/neutron/neutron/plugins/ml2/drivers/ovn/mech_driver/mech_driver.py:382}}
Aug 12 18:23:17.023271 np0000007088 devstack@neutron-api.service[87615]: DEBUG ovsdbapp.backend.ovs_idl [None req-08c3a1d0-2c52-4f16-b6e9-458e812f144f None None] Created lookup_table index Logical_Switch.name {{(pid=87615) autocreate_indices /opt/stack/data/venv/lib/python3.12/site-packages/ovsdbapp/backend/ovs_idl/__init__.py:87}}
Aug 12 18:23:17.023395 np0000007088 devstack@neutron-api.service[87615]: DEBUG ovsdbapp.backend.ovs_idl [None req-08c3a1d0-2c52-4f16-b6e9-458e812f144f None None] Created lookup_table index Logical_Router.name {{(pid=87615) autocreate_indices /opt/stack/data/venv/lib/python3.12/site-packages/ovsdbapp/backend/ovs_idl/__init__.py:87}}
Aug 12 18:23:17.023492 np0000007088 devstack@neutron-api.service[87615]: DEBUG ovsdbapp.backend.ovs_idl [None req-08c3a1d0-2c52-4f16-b6e9-458e812f144f None None] Created lookup_table index Load_Balancer.name {{(pid=87615) autocreate_indices /opt/stack/data/venv/lib/python3.12/site-packages/ovsdbapp/backend/ovs_idl/__init__.py:87}}
Aug 12 18:23:17.023613 np0000007088 devstack@neutron-api.service[87615]: DEBUG ovsdbapp.backend.ovs_idl [None req-08c3a1d0-2c52-4f16-b6e9-458e812f144f None None] Created schema index Copp.name {{(pid=87615) autocreate_indices /opt/stack/data/venv/lib/python3.12/site-packages/ovsdbapp/backend/ovs_idl/__init__.py:106}}
Aug 12 18:23:17.023713 np0000007088 devstack@neutron-api.service[87615]: DEBUG ovsdbapp.backend.ovs_idl [None req-08c3a1d0-2c52-4f16-b6e9-458e812f144f None None] Created schema index Meter.name {{(pid=87615) autocreate_indices /opt/stack/data/venv/lib/python3.12/site-packages/ovsdbapp/backend/ovs_idl/__init__.py:106}}
Aug 12 18:23:17.023794 np0000007088 devstack@neutron-api.service[87615]: DEBUG ovsdbapp.backend.ovs_idl [None req-08c3a1d0-2c52-4f16-b6e9-458e812f144f None None] Created schema index Load_Balancer_Group.name {{(pid=87615) autocreate_indices /opt/stack/data/venv/lib/python3.12/site-packages/ovsdbapp/backend/ovs_idl/__init__.py:106}}
Aug 12 18:23:17.023885 np0000007088 devstack@neutron-api.service[87615]: DEBUG ovsdbapp.backend.ovs_idl [None req-08c3a1d0-2c52-4f16-b6e9-458e812f144f None None] Created schema index HA_Chassis_Group.name {{(pid=87615) autocreate_indices /opt/stack/data/venv/lib/python3.12/site-packages/ovsdbapp/backend/ovs_idl/__init__.py:106}}
Aug 12 18:23:17.023987 np0000007088 devstack@neutron-api.service[87615]: DEBUG ovsdbapp.backend.ovs_idl [None req-08c3a1d0-2c52-4f16-b6e9-458e812f144f None None] Created schema index Address_Set.name {{(pid=87615) autocreate_indices /opt/stack/data/venv/lib/python3.12/site-packages/ovsdbapp/backend/ovs_idl/__init__.py:106}}
Aug 12 18:23:17.024080 np0000007088 devstack@neutron-api.service[87615]: DEBUG ovsdbapp.backend.ovs_idl [None req-08c3a1d0-2c52-4f16-b6e9-458e812f144f None None] Created schema index Connection.target {{(pid=87615) autocreate_indices /opt/stack/data/venv/lib/python3.12/site-packages/ovsdbapp/backend/ovs_idl/__init__.py:106}}
Aug 12 18:23:17.024164 np0000007088 devstack@neutron-api.service[87615]: DEBUG ovsdbapp.backend.ovs_idl [None req-08c3a1d0-2c52-4f16-b6e9-458e812f144f None None] Created schema index Gateway_Chassis.name {{(pid=87615) autocreate_indices /opt/stack/data/venv/lib/python3.12/site-packages/ovsdbapp/backend/ovs_idl/__init__.py:106}}
Aug 12 18:23:17.024241 np0000007088 devstack@neutron-api.service[87615]: DEBUG ovsdbapp.backend.ovs_idl [None req-08c3a1d0-2c52-4f16-b6e9-458e812f144f None None] Created schema index Mirror.name {{(pid=87615) autocreate_indices /opt/stack/data/venv/lib/python3.12/site-packages/ovsdbapp/backend/ovs_idl/__init__.py:106}}
Aug 12 18:23:17.024295 np0000007088 devstack@neutron-api.service[87616]: INFO neutron.db.ovn_hash_ring_db [None req-8ce2f236-4076-4867-83b4-bfc3a81c9ba2 None None] Nodes from host "np0000007088" and group "mechanism_driver" removed from the Hash Ring created at 2026-08-12 18:23:16+00:00
Aug 12 18:23:17.024324 np0000007088 devstack@neutron-api.service[87615]: DEBUG ovsdbapp.backend.ovs_idl [None req-08c3a1d0-2c52-4f16-b6e9-458e812f144f None None] Created schema index Chassis_Template_Var.chassis {{(pid=87615) autocreate_indices /opt/stack/data/venv/lib/python3.12/site-packages/ovsdbapp/backend/ovs_idl/__init__.py:106}}
Aug 12 18:23:17.024396 np0000007088 devstack@neutron-api.service[87615]: DEBUG ovsdbapp.backend.ovs_idl [None req-08c3a1d0-2c52-4f16-b6e9-458e812f144f None None] Created schema index Logical_Router_Port.name {{(pid=87615) autocreate_indices /opt/stack/data/venv/lib/python3.12/site-packages/ovsdbapp/backend/ovs_idl/__init__.py:106}}
Aug 12 18:23:17.024478 np0000007088 devstack@neutron-api.service[87615]: DEBUG ovsdbapp.backend.ovs_idl [None req-08c3a1d0-2c52-4f16-b6e9-458e812f144f None None] Created schema index Port_Group.name {{(pid=87615) autocreate_indices /opt/stack/data/venv/lib/python3.12/site-packages/ovsdbapp/backend/ovs_idl/__init__.py:106}}
Aug 12 18:23:17.024569 np0000007088 devstack@neutron-api.service[87615]: DEBUG ovsdbapp.backend.ovs_idl [None req-08c3a1d0-2c52-4f16-b6e9-458e812f144f None None] Created schema index Logical_Switch_Port.name {{(pid=87615) autocreate_indices /opt/stack/data/venv/lib/python3.12/site-packages/ovsdbapp/backend/ovs_idl/__init__.py:106}}
Aug 12 18:23:17.028588 np0000007088 devstack@neutron-api.service[87615]: INFO ovsdbapp.backend.ovs_idl.vlog [None req-08c3a1d0-2c52-4f16-b6e9-458e812f144f None None] ssl:10.4.3.10:6641: connecting...
Aug 12 18:23:17.028692 np0000007088 devstack@neutron-api.service[87616]: INFO neutron.db.ovn_hash_ring_db [None req-8ce2f236-4076-4867-83b4-bfc3a81c9ba2 None None] Node 673fcb8d5f0f5181bc6650186e4ee2ed from host "np0000007088" and group "mechanism_driver" added to the Hash Ring
Aug 12 18:23:17.031287 np0000007088 devstack@neutron-api.service[87616]: DEBUG neutron.plugins.ml2.drivers.ovn.mech_driver.mech_driver [None req-8ce2f236-4076-4867-83b4-bfc3a81c9ba2 None None] Hash Ring setup, this worker has detected 3 OVN hash ring registers in the database {{(pid=87616) _init_hash_ring /opt/stack/neutron/neutron/plugins/ml2/drivers/ovn/mech_driver/mech_driver.py:392}}
Aug 12 18:23:17.035492 np0000007088 devstack@neutron-api.service[87616]: DEBUG neutron.plugins.ml2.drivers.ovn.mech_driver.ovsdb.maintenance [None req-8ce2f236-4076-4867-83b4-bfc3a81c9ba2 None None] Periodic task found: HashRingHealthCheckPeriodics.touch_hash_ring_node {{(pid=87616) add_periodics /opt/stack/neutron/neutron/plugins/ml2/drivers/ovn/mech_driver/ovsdb/maintenance.py:148}}
Aug 12 18:23:17.036372 np0000007088 devstack@neutron-api.service[87615]: INFO ovsdbapp.backend.ovs_idl.vlog [None req-08c3a1d0-2c52-4f16-b6e9-458e812f144f None None] ssl:10.4.3.10:6641: connected
Aug 12 18:23:17.036984 np0000007088 devstack@neutron-api.service[87616]: INFO neutron.plugins.ml2.drivers.ovn.mech_driver.mech_driver [None req-8ce2f236-4076-4867-83b4-bfc3a81c9ba2 None None] Hash Ring probing thread for node 673fcb8d5f0f5181bc6650186e4ee2ed has started
Aug 12 18:23:17.037762 np0000007088 devstack@neutron-api.service[87616]: INFO neutron.plugins.ml2.drivers.ovn.mech_driver.ovsdb.impl_idl_ovn [None req-8ce2f236-4076-4867-83b4-bfc3a81c9ba2 None None] Getting OvsdbNbOvnIdl for WorkerService with retry
Aug 12 18:23:17.072271 np0000007088 devstack@neutron-api.service[87616]: DEBUG ovsdbapp.backend.ovs_idl [None req-8ce2f236-4076-4867-83b4-bfc3a81c9ba2 None None] Created lookup_table index Logical_Switch.name {{(pid=87616) autocreate_indices /opt/stack/data/venv/lib/python3.12/site-packages/ovsdbapp/backend/ovs_idl/__init__.py:87}}
Aug 12 18:23:17.072429 np0000007088 devstack@neutron-api.service[87616]: DEBUG ovsdbapp.backend.ovs_idl [None req-8ce2f236-4076-4867-83b4-bfc3a81c9ba2 None None] Created lookup_table index Logical_Router.name {{(pid=87616) autocreate_indices /opt/stack/data/venv/lib/python3.12/site-packages/ovsdbapp/backend/ovs_idl/__init__.py:87}}
Aug 12 18:23:17.072545 np0000007088 devstack@neutron-api.service[87616]: DEBUG ovsdbapp.backend.ovs_idl [None req-8ce2f236-4076-4867-83b4-bfc3a81c9ba2 None None] Created lookup_table index Load_Balancer.name {{(pid=87616) autocreate_indices /opt/stack/data/venv/lib/python3.12/site-packages/ovsdbapp/backend/ovs_idl/__init__.py:87}}
Aug 12 18:23:17.072681 np0000007088 devstack@neutron-api.service[87616]: DEBUG ovsdbapp.backend.ovs_idl [None req-8ce2f236-4076-4867-83b4-bfc3a81c9ba2 None None] Created schema index Copp.name {{(pid=87616) autocreate_indices /opt/stack/data/venv/lib/python3.12/site-packages/ovsdbapp/backend/ovs_idl/__init__.py:106}}
Aug 12 18:23:17.072769 np0000007088 devstack@neutron-api.service[87616]: DEBUG ovsdbapp.backend.ovs_idl [None req-8ce2f236-4076-4867-83b4-bfc3a81c9ba2 None None] Created schema index Meter.name {{(pid=87616) autocreate_indices /opt/stack/data/venv/lib/python3.12/site-packages/ovsdbapp/backend/ovs_idl/__init__.py:106}}
Aug 12 18:23:17.072853 np0000007088 devstack@neutron-api.service[87616]: DEBUG ovsdbapp.backend.ovs_idl [None req-8ce2f236-4076-4867-83b4-bfc3a81c9ba2 None None] Created schema index Load_Balancer_Group.name {{(pid=87616) autocreate_indices /opt/stack/data/venv/lib/python3.12/site-packages/ovsdbapp/backend/ovs_idl/__init__.py:106}}
Aug 12 18:23:17.072959 np0000007088 devstack@neutron-api.service[87616]: DEBUG ovsdbapp.backend.ovs_idl [None req-8ce2f236-4076-4867-83b4-bfc3a81c9ba2 None None] Created schema index HA_Chassis_Group.name {{(pid=87616) autocreate_indices /opt/stack/data/venv/lib/python3.12/site-packages/ovsdbapp/backend/ovs_idl/__init__.py:106}}
Aug 12 18:23:17.073054 np0000007088 devstack@neutron-api.service[87616]: DEBUG ovsdbapp.backend.ovs_idl [None req-8ce2f236-4076-4867-83b4-bfc3a81c9ba2 None None] Created schema index Address_Set.name {{(pid=87616) autocreate_indices /opt/stack/data/venv/lib/python3.12/site-packages/ovsdbapp/backend/ovs_idl/__init__.py:106}}
Aug 12 18:23:17.073146 np0000007088 devstack@neutron-api.service[87616]: DEBUG ovsdbapp.backend.ovs_idl [None req-8ce2f236-4076-4867-83b4-bfc3a81c9ba2 None None] Created schema index Connection.target {{(pid=87616) autocreate_indices /opt/stack/data/venv/lib/python3.12/site-packages/ovsdbapp/backend/ovs_idl/__init__.py:106}}
Aug 12 18:23:17.073227 np0000007088 devstack@neutron-api.service[87616]: DEBUG ovsdbapp.backend.ovs_idl [None req-8ce2f236-4076-4867-83b4-bfc3a81c9ba2 None None] Created schema index Gateway_Chassis.name {{(pid=87616) autocreate_indices /opt/stack/data/venv/lib/python3.12/site-packages/ovsdbapp/backend/ovs_idl/__init__.py:106}}
Aug 12 18:23:17.073307 np0000007088 devstack@neutron-api.service[87616]: DEBUG ovsdbapp.backend.ovs_idl [None req-8ce2f236-4076-4867-83b4-bfc3a81c9ba2 None None] Created schema index Mirror.name {{(pid=87616) autocreate_indices /opt/stack/data/venv/lib/python3.12/site-packages/ovsdbapp/backend/ovs_idl/__init__.py:106}}
Aug 12 18:23:17.073413 np0000007088 devstack@neutron-api.service[87616]: DEBUG ovsdbapp.backend.ovs_idl [None req-8ce2f236-4076-4867-83b4-bfc3a81c9ba2 None None] Created schema index Chassis_Template_Var.chassis {{(pid=87616) autocreate_indices /opt/stack/data/venv/lib/python3.12/site-packages/ovsdbapp/backend/ovs_idl/__init__.py:106}}
Aug 12 18:23:17.073517 np0000007088 devstack@neutron-api.service[87616]: DEBUG ovsdbapp.backend.ovs_idl [None req-8ce2f236-4076-4867-83b4-bfc3a81c9ba2 None None] Created schema index Logical_Router_Port.name {{(pid=87616) autocreate_indices /opt/stack/data/venv/lib/python3.12/site-packages/ovsdbapp/backend/ovs_idl/__init__.py:106}}
Aug 12 18:23:17.073648 np0000007088 devstack@neutron-api.service[87616]: DEBUG ovsdbapp.backend.ovs_idl [None req-8ce2f236-4076-4867-83b4-bfc3a81c9ba2 None None] Created schema index Port_Group.name {{(pid=87616) autocreate_indices /opt/stack/data/venv/lib/python3.12/site-packages/ovsdbapp/backend/ovs_idl/__init__.py:106}}
Aug 12 18:23:17.073783 np0000007088 devstack@neutron-api.service[87616]: DEBUG ovsdbapp.backend.ovs_idl [None req-8ce2f236-4076-4867-83b4-bfc3a81c9ba2 None None] Created schema index Logical_Switch_Port.name {{(pid=87616) autocreate_indices /opt/stack/data/venv/lib/python3.12/site-packages/ovsdbapp/backend/ovs_idl/__init__.py:106}}
Aug 12 18:23:17.074580 np0000007088 devstack@neutron-api.service[87615]: DEBUG neutron.common.ovn.hash_ring_manager [None req-08c3a1d0-2c52-4f16-b6e9-458e812f144f None None] Allow caching, nodes 3>=3 {{(pid=87615) _wait_startup_before_caching /opt/stack/neutron/neutron/common/ovn/hash_ring_manager.py:71}}
Aug 12 18:23:17.076310 np0000007088 devstack@neutron-api.service[87616]: INFO ovsdbapp.backend.ovs_idl.vlog [None req-8ce2f236-4076-4867-83b4-bfc3a81c9ba2 None None] ssl:10.4.3.10:6641: connecting...
Aug 12 18:23:17.080522 np0000007088 devstack@neutron-api.service[87616]: INFO ovsdbapp.backend.ovs_idl.vlog [None req-8ce2f236-4076-4867-83b4-bfc3a81c9ba2 None None] ssl:10.4.3.10:6641: connected
Aug 12 18:23:17.081219 np0000007088 devstack@neutron-api.service[87615]: DEBUG neutron.common.ovn.hash_ring_manager [None req-08c3a1d0-2c52-4f16-b6e9-458e812f144f None None] Hash Ring loaded. 3 active nodes. 0 offline nodes {{(pid=87615) _load_hash_ring /opt/stack/neutron/neutron/common/ovn/hash_ring_manager.py:110}}
Aug 12 18:23:17.081373 np0000007088 devstack@neutron-api.service[87615]: DEBUG neutron.plugins.ml2.drivers.ovn.mech_driver.ovsdb.ovsdb_monitor [None req-08c3a1d0-2c52-4f16-b6e9-458e812f144f None None] Hash Ring: Node b6818b30cf7a5e50a19e2792f03bde18 (host: np0000007088) handling event "create" for row 4dbf52ca-c43b-4e86-b2f7-9dea0bbbf6b4 (table: ACL) {{(pid=87615) notify /opt/stack/neutron/neutron/plugins/ml2/drivers/ovn/mech_driver/ovsdb/ovsdb_monitor.py:1099}}
Aug 12 18:23:17.081673 np0000007088 devstack@neutron-api.service[87615]: DEBUG neutron.plugins.ml2.drivers.ovn.mech_driver.ovsdb.ovsdb_monitor [None req-08c3a1d0-2c52-4f16-b6e9-458e812f144f None None] Hash Ring: Node b6818b30cf7a5e50a19e2792f03bde18 (host: np0000007088) handling event "create" for row f1f70aad-f2aa-4e47-ab85-2d744bc350c1 (table: NB_Global) {{(pid=87615) notify /opt/stack/neutron/neutron/plugins/ml2/drivers/ovn/mech_driver/ovsdb/ovsdb_monitor.py:1099}}
Aug 12 18:23:17.081837 np0000007088 devstack@neutron-api.service[87615]: DEBUG neutron.plugins.ml2.drivers.ovn.mech_driver.ovsdb.ovsdb_monitor [None req-08c3a1d0-2c52-4f16-b6e9-458e812f144f None None] Hash Ring: Node b6818b30cf7a5e50a19e2792f03bde18 (host: np0000007088) handling event "create" for row 85d689e2-a117-48aa-9f55-50027a50e533 (table: Port_Group) {{(pid=87615) notify /opt/stack/neutron/neutron/plugins/ml2/drivers/ovn/mech_driver/ovsdb/ovsdb_monitor.py:1099}}
Aug 12 18:23:17.082120 np0000007088 devstack@neutron-api.service[87615]: DEBUG neutron.plugins.ml2.drivers.ovn.mech_driver.ovsdb.ovsdb_monitor [None req-08c3a1d0-2c52-4f16-b6e9-458e812f144f None None] Hash Ring: Node b6818b30cf7a5e50a19e2792f03bde18 (host: np0000007088) handling event "create" for row ca31a6b7-8158-47fd-8e25-078c5124f5fe (table: SSL) {{(pid=87615) notify /opt/stack/neutron/neutron/plugins/ml2/drivers/ovn/mech_driver/ovsdb/ovsdb_monitor.py:1099}}
Aug 12 18:23:17.082692 np0000007088 devstack@neutron-api.service[87615]: INFO neutron.plugins.ml2.drivers.ovn.mech_driver.ovsdb.impl_idl_ovn [None req-08c3a1d0-2c52-4f16-b6e9-458e812f144f None None] Getting OvsdbSbOvnIdl for WorkerService with retry
Aug 12 18:23:17.106361 np0000007088 devstack@neutron-api.service[87615]: DEBUG ovsdbapp.backend.ovs_idl [None req-08c3a1d0-2c52-4f16-b6e9-458e812f144f None None] Created lookup_table index Chassis.name {{(pid=87615) autocreate_indices /opt/stack/data/venv/lib/python3.12/site-packages/ovsdbapp/backend/ovs_idl/__init__.py:87}}
Aug 12 18:23:17.106495 np0000007088 devstack@neutron-api.service[87615]: DEBUG ovsdbapp.backend.ovs_idl [None req-08c3a1d0-2c52-4f16-b6e9-458e812f144f None None] Created lookup_table index Port_Binding.logical_port {{(pid=87615) autocreate_indices /opt/stack/data/venv/lib/python3.12/site-packages/ovsdbapp/backend/ovs_idl/__init__.py:87}}
Aug 12 18:23:17.106640 np0000007088 devstack@neutron-api.service[87615]: DEBUG ovsdbapp.backend.ovs_idl [None req-08c3a1d0-2c52-4f16-b6e9-458e812f144f None None] Created schema index Chassis_Private.name {{(pid=87615) autocreate_indices /opt/stack/data/venv/lib/python3.12/site-packages/ovsdbapp/backend/ovs_idl/__init__.py:106}}
Aug 12 18:23:17.106758 np0000007088 devstack@neutron-api.service[87615]: DEBUG ovsdbapp.backend.ovs_idl [None req-08c3a1d0-2c52-4f16-b6e9-458e812f144f None None] Created schema index Datapath_Binding.tunnel_key {{(pid=87615) autocreate_indices /opt/stack/data/venv/lib/python3.12/site-packages/ovsdbapp/backend/ovs_idl/__init__.py:106}}
Aug 12 18:23:17.107794 np0000007088 devstack@neutron-api.service[87616]: DEBUG neutron.common.ovn.hash_ring_manager [None req-8ce2f236-4076-4867-83b4-bfc3a81c9ba2 None None] Allow caching, nodes 3>=3 {{(pid=87616) _wait_startup_before_caching /opt/stack/neutron/neutron/common/ovn/hash_ring_manager.py:71}}
Aug 12 18:23:17.109322 np0000007088 devstack@neutron-api.service[87615]: INFO ovsdbapp.backend.ovs_idl.vlog [None req-08c3a1d0-2c52-4f16-b6e9-458e812f144f None None] ssl:10.4.3.10:6642: connecting...
Aug 12 18:23:17.113378 np0000007088 devstack@neutron-api.service[87616]: DEBUG neutron.common.ovn.hash_ring_manager [None req-8ce2f236-4076-4867-83b4-bfc3a81c9ba2 None None] Hash Ring loaded. 3 active nodes. 0 offline nodes {{(pid=87616) _load_hash_ring /opt/stack/neutron/neutron/common/ovn/hash_ring_manager.py:110}}
