Jul 07 15:40:04.455351 np0000004733 devstack@g-api.service[99486]: DEBUG glance_store.location [-] Registering scheme swift+http with {'store': , 'location_class': , 'store_entry': 'swift'} {{(pid=99486) register_scheme_map /opt/stack/data/venv/lib/python3.12/site-packages/glance_store/location.py:146}}
Jul 07 15:40:04.455382 np0000004733 devstack@g-api.service[99488]: DEBUG glance_store.location [-] Registering scheme swift+http with {'store': , 'location_class': , 'store_entry': 'swift'} {{(pid=99488) register_scheme_map /opt/stack/data/venv/lib/python3.12/site-packages/glance_store/location.py:146}}
Jul 07 15:40:04.455382 np0000004733 devstack@g-api.service[99488]: DEBUG glance_store.location [-] Registering scheme swift+config with {'store': , 'location_class': , 'store_entry': 'swift'} {{(pid=99488) register_scheme_map /opt/stack/data/venv/lib/python3.12/site-packages/glance_store/location.py:146}}
Jul 07 15:40:04.455473 np0000004733 devstack@g-api.service[99486]: DEBUG glance_store.location [-] Registering scheme swift+config with {'store': , 'location_class': , 'store_entry': 'swift'} {{(pid=99486) register_scheme_map /opt/stack/data/venv/lib/python3.12/site-packages/glance_store/location.py:146}}
Jul 07 15:40:04.455473 np0000004733 devstack@g-api.service[99486]: DEBUG glance_store.backend [-] Attempting to import store file {{(pid=99486) _load_store /opt/stack/data/venv/lib/python3.12/site-packages/glance_store/backend.py:215}}
Jul 07 15:40:04.455662 np0000004733 devstack@g-api.service[99488]: DEBUG glance.sqlite_migration [-] SQLite caching database not located, skipping migration {{(pid=99488) get_db_path /opt/stack/glance/glance/sqlite_migration.py:68}}
Jul 07 15:40:04.455862 np0000004733 devstack@g-api.service[99488]: WARNING glance.common.wsgi_app [-] Import methods are enabled but staging directory /tmp/staging/ does not exist; Imports will fail!
Jul 07 15:40:04.456061 np0000004733 devstack@g-api.service[99486]: DEBUG glance_store.capabilities [-] Store glance_store._drivers.filesystem.Store doesn't support updating dynamic storage capabilities. Please overwrite 'update_capabilities' method of the store to implement updating logics if needed. {{(pid=99486) update_capabilities /opt/stack/data/venv/lib/python3.12/site-packages/glance_store/capabilities.py:91}}
Jul 07 15:40:04.456126 np0000004733 devstack@g-api.service[99486]: DEBUG glance_store.backend [-] Registering store file with schemes ('file', 'filesystem') {{(pid=99486) create_stores /opt/stack/data/venv/lib/python3.12/site-packages/glance_store/backend.py:261}}
Jul 07 15:40:04.456213 np0000004733 devstack@g-api.service[99486]: DEBUG glance_store.driver [-] Late loading location class glance_store._drivers.filesystem.StoreLocation {{(pid=99486) get_store_location_class /opt/stack/data/venv/lib/python3.12/site-packages/glance_store/driver.py:134}}
Jul 07 15:40:04.456295 np0000004733 devstack@g-api.service[99486]: DEBUG glance_store.location [-] Registering scheme file with {'store': , 'location_class': , 'store_entry': 'file'} {{(pid=99486) register_scheme_map /opt/stack/data/venv/lib/python3.12/site-packages/glance_store/location.py:146}}
Jul 07 15:40:04.456392 np0000004733 devstack@g-api.service[99486]: DEBUG glance_store.location [-] Registering scheme filesystem with {'store': , 'location_class': , 'store_entry': 'file'} {{(pid=99486) register_scheme_map /opt/stack/data/venv/lib/python3.12/site-packages/glance_store/location.py:146}}
Jul 07 15:40:04.456500 np0000004733 devstack@g-api.service[99486]: DEBUG glance_store.backend [-] Attempting to import store swift {{(pid=99486) _load_store /opt/stack/data/venv/lib/python3.12/site-packages/glance_store/backend.py:215}}
Jul 07 15:40:04.457598 np0000004733 devstack@g-api.service[99486]: DEBUG glance_store.capabilities [-] Store glance_store._drivers.swift.store.SingleTenantStore doesn't support updating dynamic storage capabilities. Please overwrite 'update_capabilities' method of the store to implement updating logics if needed. {{(pid=99486) update_capabilities /opt/stack/data/venv/lib/python3.12/site-packages/glance_store/capabilities.py:91}}
Jul 07 15:40:04.457652 np0000004733 devstack@g-api.service[99486]: DEBUG glance_store.driver [-] Late loading location class glance_store._drivers.swift.store.StoreLocation {{(pid=99486) get_store_location_class /opt/stack/data/venv/lib/python3.12/site-packages/glance_store/driver.py:134}}
Jul 07 15:40:04.457764 np0000004733 devstack@g-api.service[99486]: DEBUG glance_store.location [-] Registering scheme swift+https with {'store': , 'location_class': , 'store_entry': 'swift'} {{(pid=99486) register_scheme_map /opt/stack/data/venv/lib/python3.12/site-packages/glance_store/location.py:146}}
Jul 07 15:40:04.457842 np0000004733 devstack@g-api.service[99486]: DEBUG glance_store.location [-] Registering scheme swift+https with {'store': , 'location_class': , 'store_entry': 'swift'} {{(pid=99486) register_scheme_map /opt/stack/data/venv/lib/python3.12/site-packages/glance_store/location.py:146}}
Jul 07 15:40:04.457924 np0000004733 devstack@g-api.service[99486]: DEBUG glance_store.location [-] Registering scheme swift with {'store': , 'location_class': , 'store_entry': 'swift'} {{(pid=99486) register_scheme_map /opt/stack/data/venv/lib/python3.12/site-packages/glance_store/location.py:146}}
Jul 07 15:40:04.458011 np0000004733 devstack@g-api.service[99486]: DEBUG glance_store.location [-] Registering scheme swift+https with {'store': , 'location_class': , 'store_entry': 'swift'} {{(pid=99486) register_scheme_map /opt/stack/data/venv/lib/python3.12/site-packages/glance_store/location.py:146}}
Jul 07 15:40:04.458087 np0000004733 devstack@g-api.service[99486]: DEBUG glance_store.location [-] Registering scheme swift with {'store': , 'location_class': , 'store_entry': 'swift'} {{(pid=99486) register_scheme_map /opt/stack/data/venv/lib/python3.12/site-packages/glance_store/location.py:146}}
Jul 07 15:40:04.458163 np0000004733 devstack@g-api.service[99486]: DEBUG glance_store.location [-] Registering scheme swift+http with {'store': , 'location_class': , 'store_entry': 'swift'} {{(pid=99486) register_scheme_map /opt/stack/data/venv/lib/python3.12/site-packages/glance_store/location.py:146}}
Jul 07 15:40:04.458238 np0000004733 devstack@g-api.service[99486]: DEBUG glance_store.location [-] Registering scheme swift+https with {'store': , 'location_class': , 'store_entry': 'swift'} {{(pid=99486) register_scheme_map /opt/stack/data/venv/lib/python3.12/site-packages/glance_store/location.py:146}}
Jul 07 15:40:04.458313 np0000004733 devstack@g-api.service[99486]: DEBUG glance_store.location [-] Registering scheme swift with {'store': , 'location_class': , 'store_entry': 'swift'} {{(pid=99486) register_scheme_map /opt/stack/data/venv/lib/python3.12/site-packages/glance_store/location.py:146}}
Jul 07 15:40:04.458389 np0000004733 devstack@g-api.service[99486]: DEBUG glance_store.location [-] Registering scheme swift+http with {'store': , 'location_class': , 'store_entry': 'swift'} {{(pid=99486) register_scheme_map /opt/stack/data/venv/lib/python3.12/site-packages/glance_store/location.py:146}}
Jul 07 15:40:04.458463 np0000004733 devstack@g-api.service[99486]: DEBUG glance_store.location [-] Registering scheme swift+config with {'store': , 'location_class': , 'store_entry': 'swift'} {{(pid=99486) register_scheme_map /opt/stack/data/venv/lib/python3.12/site-packages/glance_store/location.py:146}}
Jul 07 15:40:04.458782 np0000004733 devstack@g-api.service[99486]: DEBUG glance.sqlite_migration [-] SQLite caching database not located, skipping migration {{(pid=99486) get_db_path /opt/stack/glance/glance/sqlite_migration.py:68}}
Jul 07 15:40:04.459007 np0000004733 devstack@g-api.service[99486]: WARNING glance.common.wsgi_app [-] Import methods are enabled but staging directory /tmp/staging/ does not exist; Imports will fail!
Jul 07 15:40:04.584531 np0000004733 devstack@g-api.service[99487]: DEBUG glance.common.config [None req-44d7750c-fd87-4f5e-8de0-9e0dd894baf4 None None] Loading glance-api-keystone+cachemanagement from /etc/glance/glance-api-paste.ini {{(pid=99487) load_paste_app /opt/stack/glance/glance/common/config.py:765}}
Jul 07 15:40:04.588896 np0000004733 devstack@g-api.service[99486]: DEBUG glance.common.config [None req-03fed7c8-2ba9-4532-98a5-80bd0186ff5f None None] Loading glance-api-keystone+cachemanagement from /etc/glance/glance-api-paste.ini {{(pid=99486) load_paste_app /opt/stack/glance/glance/common/config.py:765}}
Jul 07 15:40:04.591241 np0000004733 devstack@g-api.service[99488]: DEBUG glance.common.config [None req-825e7c17-781e-4a4e-b839-0f2828e1b2ec None None] Loading glance-api-keystone+cachemanagement from /etc/glance/glance-api-paste.ini {{(pid=99488) load_paste_app /opt/stack/glance/glance/common/config.py:765}}
Jul 07 15:40:05.190659 np0000004733 devstack@g-api.service[99488]: INFO glance.image_cache [None req-825e7c17-781e-4a4e-b839-0f2828e1b2ec None None] Image cache loaded driver 'centralized_db'.
Jul 07 15:40:05.191184 np0000004733 devstack@g-api.service[99487]: INFO glance.image_cache [None req-44d7750c-fd87-4f5e-8de0-9e0dd894baf4 None None] Image cache loaded driver 'centralized_db'.
Jul 07 15:40:05.191645 np0000004733 devstack@g-api.service[99486]: INFO glance.image_cache [None req-03fed7c8-2ba9-4532-98a5-80bd0186ff5f None None] Image cache loaded driver 'centralized_db'.
Jul 07 15:40:05.233451 np0000004733 devstack@g-api.service[99486]: INFO dbcounter [None req-03fed7c8-2ba9-4532-98a5-80bd0186ff5f None None] Registered counter for database glance
Jul 07 15:40:05.233714 np0000004733 devstack@g-api.service[99488]: INFO dbcounter [None req-825e7c17-781e-4a4e-b839-0f2828e1b2ec None None] Registered counter for database glance
Jul 07 15:40:05.234013 np0000004733 devstack@g-api.service[99487]: INFO dbcounter [None req-44d7750c-fd87-4f5e-8de0-9e0dd894baf4 None None] Registered counter for database glance
Jul 07 15:40:05.273364 np0000004733 devstack@g-api.service[99488]: DEBUG oslo_db.sqlalchemy.engines [None req-825e7c17-781e-4a4e-b839-0f2828e1b2ec None None] MySQL server mode set to STRICT_TRANS_TABLES,STRICT_ALL_TABLES,NO_ZERO_IN_DATE,NO_ZERO_DATE,ERROR_FOR_DIVISION_BY_ZERO,TRADITIONAL,NO_ENGINE_SUBSTITUTION {{(pid=99488) _check_effective_sql_mode /opt/stack/data/venv/lib/python3.12/site-packages/oslo_db/sqlalchemy/engines.py:325}}
Jul 07 15:40:05.276841 np0000004733 devstack@g-api.service[99486]: DEBUG oslo_db.sqlalchemy.engines [None req-03fed7c8-2ba9-4532-98a5-80bd0186ff5f None None] MySQL server mode set to STRICT_TRANS_TABLES,STRICT_ALL_TABLES,NO_ZERO_IN_DATE,NO_ZERO_DATE,ERROR_FOR_DIVISION_BY_ZERO,TRADITIONAL,NO_ENGINE_SUBSTITUTION {{(pid=99486) _check_effective_sql_mode /opt/stack/data/venv/lib/python3.12/site-packages/oslo_db/sqlalchemy/engines.py:325}}
Jul 07 15:40:05.280079 np0000004733 devstack@g-api.service[99487]: DEBUG oslo_db.sqlalchemy.engines [None req-44d7750c-fd87-4f5e-8de0-9e0dd894baf4 None None] MySQL server mode set to STRICT_TRANS_TABLES,STRICT_ALL_TABLES,NO_ZERO_IN_DATE,NO_ZERO_DATE,ERROR_FOR_DIVISION_BY_ZERO,TRADITIONAL,NO_ENGINE_SUBSTITUTION {{(pid=99487) _check_effective_sql_mode /opt/stack/data/venv/lib/python3.12/site-packages/oslo_db/sqlalchemy/engines.py:325}}
Jul 07 15:40:05.293030 np0000004733 devstack@g-api.service[99488]: DEBUG dbcounter [-] [99488] Writer thread running {{(pid=99488) stat_writer /opt/stack/data/venv/lib/python3.12/site-packages/dbcounter.py:102}}
Jul 07 15:40:05.297018 np0000004733 devstack@g-api.service[99486]: DEBUG dbcounter [-] [99486] Writer thread running {{(pid=99486) stat_writer /opt/stack/data/venv/lib/python3.12/site-packages/dbcounter.py:102}}
Jul 07 15:40:05.300345 np0000004733 devstack@g-api.service[99486]: DEBUG glance.image_cache.drivers.centralized_db [None req-03fed7c8-2ba9-4532-98a5-80bd0186ff5f None None] Node reference is already recorded, ignoring it {{(pid=99486) configure /opt/stack/glance/glance/image_cache/drivers/centralized_db.py:71}}
Jul 07 15:40:05.302740 np0000004733 devstack@g-api.service[99487]: DEBUG dbcounter [-] [99487] Writer thread running {{(pid=99487) stat_writer /opt/stack/data/venv/lib/python3.12/site-packages/dbcounter.py:102}}
Jul 07 15:40:05.305342 np0000004733 devstack@g-api.service[99487]: DEBUG glance.image_cache.drivers.centralized_db [None req-44d7750c-fd87-4f5e-8de0-9e0dd894baf4 None None] Node reference is already recorded, ignoring it {{(pid=99487) configure /opt/stack/glance/glance/image_cache/drivers/centralized_db.py:71}}
Jul 07 15:40:05.306348 np0000004733 devstack@g-api.service[99488]: INFO glance.image_cache [None req-825e7c17-781e-4a4e-b839-0f2828e1b2ec None None] Image cache loaded driver 'centralized_db'.
Jul 07 15:40:05.312043 np0000004733 devstack@g-api.service[99487]: INFO glance.image_cache [None req-44d7750c-fd87-4f5e-8de0-9e0dd894baf4 None None] Image cache loaded driver 'centralized_db'.
Jul 07 15:40:05.400255 np0000004733 devstack@g-api.service[99486]: INFO glance.image_cache [None req-03fed7c8-2ba9-4532-98a5-80bd0186ff5f None None] Image cache loaded driver 'centralized_db'.
Jul 07 15:40:05.408081 np0000004733 devstack@g-api.service[99486]: DEBUG glance.image_cache.drivers.centralized_db [None req-03fed7c8-2ba9-4532-98a5-80bd0186ff5f None None] Node reference is already recorded, ignoring it {{(pid=99486) configure /opt/stack/glance/glance/image_cache/drivers/centralized_db.py:71}}
Jul 07 15:40:05.413044 np0000004733 devstack@g-api.service[99486]: DEBUG glance.api.v2.cached_images [None req-03fed7c8-2ba9-4532-98a5-80bd0186ff5f None None] Started cache worker thread {{(pid=99486) __init__ /opt/stack/glance/glance/api/v2/cached_images.py:71}}
Jul 07 15:40:05.413044 np0000004733 devstack@g-api.service[99486]: INFO glance.image_cache [None req-03fed7c8-2ba9-4532-98a5-80bd0186ff5f None None] Image cache loaded driver 'centralized_db'.
Jul 07 15:40:05.416484 np0000004733 devstack@g-api.service[99488]: DEBUG glance.image_cache.drivers.centralized_db [None req-825e7c17-781e-4a4e-b839-0f2828e1b2ec None None] Node reference is already recorded, ignoring it {{(pid=99488) configure /opt/stack/glance/glance/image_cache/drivers/centralized_db.py:71}}
Jul 07 15:40:05.422696 np0000004733 devstack@g-api.service[99486]: DEBUG glance.image_cache.drivers.centralized_db [None req-03fed7c8-2ba9-4532-98a5-80bd0186ff5f None None] Node reference is already recorded, ignoring it {{(pid=99486) configure /opt/stack/glance/glance/image_cache/drivers/centralized_db.py:71}}
Jul 07 15:40:05.424688 np0000004733 devstack@g-api.service[99488]: DEBUG glance.api.v2.cached_images [None req-825e7c17-781e-4a4e-b839-0f2828e1b2ec None None] Started cache worker thread {{(pid=99488) __init__ /opt/stack/glance/glance/api/v2/cached_images.py:71}}
Jul 07 15:40:05.426145 np0000004733 devstack@g-api.service[99487]: DEBUG glance.image_cache.drivers.centralized_db [None req-44d7750c-fd87-4f5e-8de0-9e0dd894baf4 None None] Node reference is already recorded, ignoring it {{(pid=99487) configure /opt/stack/glance/glance/image_cache/drivers/centralized_db.py:71}}
Jul 07 15:40:05.427089 np0000004733 devstack@g-api.service[99488]: INFO glance.image_cache [None req-825e7c17-781e-4a4e-b839-0f2828e1b2ec None None] Image cache loaded driver 'centralized_db'.
Jul 07 15:40:05.427746 np0000004733 devstack@g-api.service[99486]: INFO glance.api.middleware.cache_manage [None req-03fed7c8-2ba9-4532-98a5-80bd0186ff5f None None] Initialized image cache management middleware
Jul 07 15:40:05.427746 np0000004733 devstack@g-api.service[99486]: INFO glance.image_cache [None req-03fed7c8-2ba9-4532-98a5-80bd0186ff5f None None] Image cache loaded driver 'centralized_db'.
Jul 07 15:40:05.433002 np0000004733 devstack@g-api.service[99487]: DEBUG glance.api.v2.cached_images [None req-44d7750c-fd87-4f5e-8de0-9e0dd894baf4 None None] Started cache worker thread {{(pid=99487) __init__ /opt/stack/glance/glance/api/v2/cached_images.py:71}}
Jul 07 15:40:05.434257 np0000004733 devstack@g-api.service[99487]: INFO glance.image_cache [None req-44d7750c-fd87-4f5e-8de0-9e0dd894baf4 None None] Image cache loaded driver 'centralized_db'.
Jul 07 15:40:05.435557 np0000004733 devstack@g-api.service[99488]: DEBUG glance.image_cache.drivers.centralized_db [None req-825e7c17-781e-4a4e-b839-0f2828e1b2ec None None] Node reference is already recorded, ignoring it {{(pid=99488) configure /opt/stack/glance/glance/image_cache/drivers/centralized_db.py:71}}
Jul 07 15:40:05.436599 np0000004733 devstack@g-api.service[99486]: DEBUG glance.image_cache.drivers.centralized_db [None req-03fed7c8-2ba9-4532-98a5-80bd0186ff5f None None] Node reference is already recorded, ignoring it {{(pid=99486) configure /opt/stack/glance/glance/image_cache/drivers/centralized_db.py:71}}
Jul 07 15:40:05.442441 np0000004733 devstack@g-api.service[99486]: INFO glance.api.middleware.cache [None req-03fed7c8-2ba9-4532-98a5-80bd0186ff5f None None] Initialized image cache middleware
Jul 07 15:40:05.443581 np0000004733 devstack@g-api.service[99488]: INFO glance.api.middleware.cache_manage [None req-825e7c17-781e-4a4e-b839-0f2828e1b2ec None None] Initialized image cache management middleware
Jul 07 15:40:05.443581 np0000004733 devstack@g-api.service[99488]: INFO glance.image_cache [None req-825e7c17-781e-4a4e-b839-0f2828e1b2ec None None] Image cache loaded driver 'centralized_db'.
Jul 07 15:40:05.444631 np0000004733 devstack@g-api.service[99487]: DEBUG glance.image_cache.drivers.centralized_db [None req-44d7750c-fd87-4f5e-8de0-9e0dd894baf4 None None] Node reference is already recorded, ignoring it {{(pid=99487) configure /opt/stack/glance/glance/image_cache/drivers/centralized_db.py:71}}
Jul 07 15:40:05.452509 np0000004733 devstack@g-api.service[99486]: DEBUG glance.common.config [None req-03fed7c8-2ba9-4532-98a5-80bd0186ff5f None None] ******************************************************************************** {{(pid=99486) log_opt_values /opt/stack/data/venv/lib/python3.12/site-packages/oslo_config/cfg.py:3226}}
Jul 07 15:40:05.452509 np0000004733 devstack@g-api.service[99486]: DEBUG glance.common.config [None req-03fed7c8-2ba9-4532-98a5-80bd0186ff5f None None] Configuration options gathered from: {{(pid=99486) log_opt_values /opt/stack/data/venv/lib/python3.12/site-packages/oslo_config/cfg.py:3227}}
Jul 07 15:40:05.452509 np0000004733 devstack@g-api.service[99486]: DEBUG glance.common.config [None req-03fed7c8-2ba9-4532-98a5-80bd0186ff5f None None] command line args: [] {{(pid=99486) log_opt_values /opt/stack/data/venv/lib/python3.12/site-packages/oslo_config/cfg.py:3228}}
Jul 07 15:40:05.452509 np0000004733 devstack@g-api.service[99486]: DEBUG glance.common.config [None req-03fed7c8-2ba9-4532-98a5-80bd0186ff5f None None] config files: ['/etc/glance/glance-image-import.conf', '/etc/glance/glance-api.conf'] {{(pid=99486) log_opt_values /opt/stack/data/venv/lib/python3.12/site-packages/oslo_config/cfg.py:3229}}
Jul 07 15:40:05.452509 np0000004733 devstack@g-api.service[99486]: DEBUG glance.common.config [None req-03fed7c8-2ba9-4532-98a5-80bd0186ff5f None None] ================================================================================ {{(pid=99486) log_opt_values /opt/stack/data/venv/lib/python3.12/site-packages/oslo_config/cfg.py:3234}}
Jul 07 15:40:05.452509 np0000004733 devstack@g-api.service[99486]: DEBUG glance.common.config [None req-03fed7c8-2ba9-4532-98a5-80bd0186ff5f None None] allow_anonymous_access = False {{(pid=99486) log_opt_values /opt/stack/data/venv/lib/python3.12/site-packages/oslo_config/cfg.py:3242}}
Jul 07 15:40:05.452509 np0000004733 devstack@g-api.service[99486]: DEBUG glance.common.config [None req-03fed7c8-2ba9-4532-98a5-80bd0186ff5f None None] api_limit_max = 1000 {{(pid=99486) log_opt_values /opt/stack/data/venv/lib/python3.12/site-packages/oslo_config/cfg.py:3242}}
Jul 07 15:40:05.454184 np0000004733 devstack@g-api.service[99486]: DEBUG glance.common.config [None req-03fed7c8-2ba9-4532-98a5-80bd0186ff5f None None] config_dir = [] {{(pid=99486) log_opt_values /opt/stack/data/venv/lib/python3.12/site-packages/oslo_config/cfg.py:3242}}
Jul 07 15:40:05.454184 np0000004733 devstack@g-api.service[99486]: DEBUG glance.common.config [None req-03fed7c8-2ba9-4532-98a5-80bd0186ff5f None None] config_file = ['/etc/glance/glance-image-import.conf', '/etc/glance/glance-api.conf'] {{(pid=99486) log_opt_values /opt/stack/data/venv/lib/python3.12/site-packages/oslo_config/cfg.py:3242}}
Jul 07 15:40:05.454184 np0000004733 devstack@g-api.service[99486]: DEBUG glance.common.config [None req-03fed7c8-2ba9-4532-98a5-80bd0186ff5f None None] config_source = [] {{(pid=99486) log_opt_values /opt/stack/data/venv/lib/python3.12/site-packages/oslo_config/cfg.py:3242}}
Jul 07 15:40:05.454184 np0000004733 devstack@g-api.service[99486]: DEBUG glance.common.config [None req-03fed7c8-2ba9-4532-98a5-80bd0186ff5f None None] control_exchange = glance {{(pid=99486) log_opt_values /opt/stack/data/venv/lib/python3.12/site-packages/oslo_config/cfg.py:3242}}
Jul 07 15:40:05.455737 np0000004733 devstack@g-api.service[99487]: INFO glance.api.middleware.cache_manage [None req-44d7750c-fd87-4f5e-8de0-9e0dd894baf4 None None] Initialized image cache management middleware
Jul 07 15:40:05.457002 np0000004733 devstack@g-api.service[99486]: DEBUG glance.common.config [None req-03fed7c8-2ba9-4532-98a5-80bd0186ff5f None None] debug = True {{(pid=99486) log_opt_values /opt/stack/data/venv/lib/python3.12/site-packages/oslo_config/cfg.py:3242}}
Jul 07 15:40:05.458275 np0000004733 devstack@g-api.service[99487]: INFO glance.image_cache [None req-44d7750c-fd87-4f5e-8de0-9e0dd894baf4 None None] Image cache loaded driver 'centralized_db'.
Jul 07 15:40:05.459498 np0000004733 devstack@g-api.service[99486]: DEBUG glance.common.config [None req-03fed7c8-2ba9-4532-98a5-80bd0186ff5f None None] default_log_levels = ['amqp=WARN', 'boto=WARN', 'sqlalchemy=WARN', 'suds=INFO', 'oslo.messaging=INFO', 'oslo_messaging=INFO', 'iso8601=WARN', 'requests.packages.urllib3.connectionpool=WARN', 'urllib3.connectionpool=WARN', 'websocket=WARN', 'requests.packages.urllib3.util.retry=WARN', 'urllib3.util.retry=WARN', 'keystonemiddleware=WARN', 'routes.middleware=WARN', 'stevedore=WARN', 'taskflow=WARN', 'keystoneauth=WARN', 'oslo.cache=INFO', 'oslo_policy=INFO', 'dogpile.core.dogpile=INFO'] {{(pid=99486) log_opt_values /opt/stack/data/venv/lib/python3.12/site-packages/oslo_config/cfg.py:3242}}
Jul 07 15:40:05.459498 np0000004733 devstack@g-api.service[99486]: DEBUG glance.common.config [None req-03fed7c8-2ba9-4532-98a5-80bd0186ff5f None None] default_publisher_id = image.localhost {{(pid=99486) log_opt_values /opt/stack/data/venv/lib/python3.12/site-packages/oslo_config/cfg.py:3242}}
Jul 07 15:40:05.459498 np0000004733 devstack@g-api.service[99486]: DEBUG glance.common.config [None req-03fed7c8-2ba9-4532-98a5-80bd0186ff5f None None] delayed_delete = False {{(pid=99486) log_opt_values /opt/stack/data/venv/lib/python3.12/site-packages/oslo_config/cfg.py:3242}}
Jul 07 15:40:05.461340 np0000004733 devstack@g-api.service[99488]: DEBUG glance.image_cache.drivers.centralized_db [None req-825e7c17-781e-4a4e-b839-0f2828e1b2ec None None] Node reference is already recorded, ignoring it {{(pid=99488) configure /opt/stack/glance/glance/image_cache/drivers/centralized_db.py:71}}
Jul 07 15:40:05.462497 np0000004733 devstack@g-api.service[99486]: DEBUG glance.common.config [None req-03fed7c8-2ba9-4532-98a5-80bd0186ff5f None None] digest_algorithm = sha256 {{(pid=99486) log_opt_values /opt/stack/data/venv/lib/python3.12/site-packages/oslo_config/cfg.py:3242}}
Jul 07 15:40:05.462497 np0000004733 devstack@g-api.service[99486]: DEBUG glance.common.config [None req-03fed7c8-2ba9-4532-98a5-80bd0186ff5f None None] disabled_notifications = [] {{(pid=99486) log_opt_values /opt/stack/data/venv/lib/python3.12/site-packages/oslo_config/cfg.py:3242}}
Jul 07 15:40:05.462497 np0000004733 devstack@g-api.service[99486]: DEBUG glance.common.config [None req-03fed7c8-2ba9-4532-98a5-80bd0186ff5f None None] do_secure_hash = True {{(pid=99486) log_opt_values /opt/stack/data/venv/lib/python3.12/site-packages/oslo_config/cfg.py:3242}}
Jul 07 15:40:05.462497 np0000004733 devstack@g-api.service[99486]: DEBUG glance.common.config [None req-03fed7c8-2ba9-4532-98a5-80bd0186ff5f None None] enabled_backends = None {{(pid=99486) log_opt_values /opt/stack/data/venv/lib/python3.12/site-packages/oslo_config/cfg.py:3242}}
Jul 07 15:40:05.462497 np0000004733 devstack@g-api.service[99486]: DEBUG glance.common.config [None req-03fed7c8-2ba9-4532-98a5-80bd0186ff5f None None] enabled_import_methods = ['glance-direct', 'web-download', 'copy-image'] {{(pid=99486) log_opt_values /opt/stack/data/venv/lib/python3.12/site-packages/oslo_config/cfg.py:3242}}
Jul 07 15:40:05.462497 np0000004733 devstack@g-api.service[99486]: DEBUG glance.common.config [None req-03fed7c8-2ba9-4532-98a5-80bd0186ff5f None None] fatal_deprecations = False {{(pid=99486) log_opt_values /opt/stack/data/venv/lib/python3.12/site-packages/oslo_config/cfg.py:3242}}
Jul 07 15:40:05.462497 np0000004733 devstack@g-api.service[99486]: DEBUG glance.common.config [None req-03fed7c8-2ba9-4532-98a5-80bd0186ff5f None None] hashing_algorithm = sha512 {{(pid=99486) log_opt_values /opt/stack/data/venv/lib/python3.12/site-packages/oslo_config/cfg.py:3242}}
Jul 07 15:40:05.463870 np0000004733 devstack@g-api.service[99486]: DEBUG glance.common.config [None req-03fed7c8-2ba9-4532-98a5-80bd0186ff5f None None] http_retries = 3 {{(pid=99486) log_opt_values /opt/stack/data/venv/lib/python3.12/site-packages/oslo_config/cfg.py:3242}}
Jul 07 15:40:05.463870 np0000004733 devstack@g-api.service[99486]: DEBUG glance.common.config [None req-03fed7c8-2ba9-4532-98a5-80bd0186ff5f None None] image_cache_dir = /opt/stack/data/glance/cache/ {{(pid=99486) log_opt_values /opt/stack/data/venv/lib/python3.12/site-packages/oslo_config/cfg.py:3242}}
Jul 07 15:40:05.463870 np0000004733 devstack@g-api.service[99486]: DEBUG glance.common.config [None req-03fed7c8-2ba9-4532-98a5-80bd0186ff5f None None] image_cache_driver = centralized_db {{(pid=99486) log_opt_values /opt/stack/data/venv/lib/python3.12/site-packages/oslo_config/cfg.py:3242}}
Jul 07 15:40:05.463870 np0000004733 devstack@g-api.service[99486]: DEBUG glance.common.config [None req-03fed7c8-2ba9-4532-98a5-80bd0186ff5f None None] image_cache_max_size = 10737418240 {{(pid=99486) log_opt_values /opt/stack/data/venv/lib/python3.12/site-packages/oslo_config/cfg.py:3242}}
Jul 07 15:40:05.463870 np0000004733 devstack@g-api.service[99486]: DEBUG glance.common.config [None req-03fed7c8-2ba9-4532-98a5-80bd0186ff5f None None] image_cache_sqlite_db = cache.db {{(pid=99486) log_opt_values /opt/stack/data/venv/lib/python3.12/site-packages/oslo_config/cfg.py:3242}}
Jul 07 15:40:05.463870 np0000004733 devstack@g-api.service[99486]: DEBUG glance.common.config [None req-03fed7c8-2ba9-4532-98a5-80bd0186ff5f None None] image_cache_stall_time = 86400 {{(pid=99486) log_opt_values /opt/stack/data/venv/lib/python3.12/site-packages/oslo_config/cfg.py:3242}}
Jul 07 15:40:05.463870 np0000004733 devstack@g-api.service[99486]: DEBUG glance.common.config [None req-03fed7c8-2ba9-4532-98a5-80bd0186ff5f None None] image_location_quota = 10 {{(pid=99486) log_opt_values /opt/stack/data/venv/lib/python3.12/site-packages/oslo_config/cfg.py:3242}}
Jul 07 15:40:05.465155 np0000004733 devstack@g-api.service[99486]: DEBUG glance.common.config [None req-03fed7c8-2ba9-4532-98a5-80bd0186ff5f None None] image_member_quota = 128 {{(pid=99486) log_opt_values /opt/stack/data/venv/lib/python3.12/site-packages/oslo_config/cfg.py:3242}}
Jul 07 15:40:05.465155 np0000004733 devstack@g-api.service[99486]: DEBUG glance.common.config [None req-03fed7c8-2ba9-4532-98a5-80bd0186ff5f None None] image_property_quota = 128 {{(pid=99486) log_opt_values /opt/stack/data/venv/lib/python3.12/site-packages/oslo_config/cfg.py:3242}}
Jul 07 15:40:05.465155 np0000004733 devstack@g-api.service[99486]: DEBUG glance.common.config [None req-03fed7c8-2ba9-4532-98a5-80bd0186ff5f None None] image_size_cap = 1099511627776 {{(pid=99486) log_opt_values /opt/stack/data/venv/lib/python3.12/site-packages/oslo_config/cfg.py:3242}}
Jul 07 15:40:05.465155 np0000004733 devstack@g-api.service[99486]: DEBUG glance.common.config [None req-03fed7c8-2ba9-4532-98a5-80bd0186ff5f None None] image_tag_quota = 128 {{(pid=99486) log_opt_values /opt/stack/data/venv/lib/python3.12/site-packages/oslo_config/cfg.py:3242}}
Jul 07 15:40:05.465155 np0000004733 devstack@g-api.service[99486]: DEBUG glance.common.config [None req-03fed7c8-2ba9-4532-98a5-80bd0186ff5f None None] instance_format = [instance: %(uuid)s] {{(pid=99486) log_opt_values /opt/stack/data/venv/lib/python3.12/site-packages/oslo_config/cfg.py:3242}}
Jul 07 15:40:05.465155 np0000004733 devstack@g-api.service[99486]: DEBUG glance.common.config [None req-03fed7c8-2ba9-4532-98a5-80bd0186ff5f None None] instance_uuid_format = [instance: %(uuid)s] {{(pid=99486) log_opt_values /opt/stack/data/venv/lib/python3.12/site-packages/oslo_config/cfg.py:3242}}
Jul 07 15:40:05.465155 np0000004733 devstack@g-api.service[99486]: DEBUG glance.common.config [None req-03fed7c8-2ba9-4532-98a5-80bd0186ff5f None None] limit_param_default = 25 {{(pid=99486) log_opt_values /opt/stack/data/venv/lib/python3.12/site-packages/oslo_config/cfg.py:3242}}
Jul 07 15:40:05.466428 np0000004733 devstack@g-api.service[99486]: DEBUG glance.common.config [None req-03fed7c8-2ba9-4532-98a5-80bd0186ff5f None None] log_color = False {{(pid=99486) log_opt_values /opt/stack/data/venv/lib/python3.12/site-packages/oslo_config/cfg.py:3242}}
Jul 07 15:40:05.466428 np0000004733 devstack@g-api.service[99486]: DEBUG glance.common.config [None req-03fed7c8-2ba9-4532-98a5-80bd0186ff5f None None] log_config_append = None {{(pid=99486) log_opt_values /opt/stack/data/venv/lib/python3.12/site-packages/oslo_config/cfg.py:3242}}
Jul 07 15:40:05.466428 np0000004733 devstack@g-api.service[99486]: DEBUG glance.common.config [None req-03fed7c8-2ba9-4532-98a5-80bd0186ff5f None None] log_date_format = %Y-%m-%d %H:%M:%S {{(pid=99486) log_opt_values /opt/stack/data/venv/lib/python3.12/site-packages/oslo_config/cfg.py:3242}}
Jul 07 15:40:05.466428 np0000004733 devstack@g-api.service[99486]: DEBUG glance.common.config [None req-03fed7c8-2ba9-4532-98a5-80bd0186ff5f None None] log_dir = None {{(pid=99486) log_opt_values /opt/stack/data/venv/lib/python3.12/site-packages/oslo_config/cfg.py:3242}}
Jul 07 15:40:05.466428 np0000004733 devstack@g-api.service[99486]: DEBUG glance.common.config [None req-03fed7c8-2ba9-4532-98a5-80bd0186ff5f None None] log_file = None {{(pid=99486) log_opt_values /opt/stack/data/venv/lib/python3.12/site-packages/oslo_config/cfg.py:3242}}
Jul 07 15:40:05.466428 np0000004733 devstack@g-api.service[99486]: DEBUG glance.common.config [None req-03fed7c8-2ba9-4532-98a5-80bd0186ff5f None None] log_rotate_interval = 1 {{(pid=99486) log_opt_values /opt/stack/data/venv/lib/python3.12/site-packages/oslo_config/cfg.py:3242}}
Jul 07 15:40:05.466428 np0000004733 devstack@g-api.service[99486]: DEBUG glance.common.config [None req-03fed7c8-2ba9-4532-98a5-80bd0186ff5f None None] log_rotate_interval_type = days {{(pid=99486) log_opt_values /opt/stack/data/venv/lib/python3.12/site-packages/oslo_config/cfg.py:3242}}
Jul 07 15:40:05.467794 np0000004733 devstack@g-api.service[99486]: DEBUG glance.common.config [None req-03fed7c8-2ba9-4532-98a5-80bd0186ff5f None None] log_rotation_type = none {{(pid=99486) log_opt_values /opt/stack/data/venv/lib/python3.12/site-packages/oslo_config/cfg.py:3242}}
Jul 07 15:40:05.467794 np0000004733 devstack@g-api.service[99486]: DEBUG glance.common.config [None req-03fed7c8-2ba9-4532-98a5-80bd0186ff5f None None] logging_context_format_string = %(color)s%(levelname)s %(name)s [%(global_request_id)s %(request_id)s %(project_name)s %(user_name)s%(color)s] %(instance)s%(color)s%(message)s {{(pid=99486) log_opt_values /opt/stack/data/venv/lib/python3.12/site-packages/oslo_config/cfg.py:3242}}
Jul 07 15:40:05.467794 np0000004733 devstack@g-api.service[99486]: DEBUG glance.common.config [None req-03fed7c8-2ba9-4532-98a5-80bd0186ff5f None None] logging_debug_format_suffix = {{(pid=%(process)d) %(funcName)s %(pathname)s:%(lineno)d}} {{(pid=99486) log_opt_values /opt/stack/data/venv/lib/python3.12/site-packages/oslo_config/cfg.py:3242}}
Jul 07 15:40:05.467794 np0000004733 devstack@g-api.service[99486]: DEBUG glance.common.config [None req-03fed7c8-2ba9-4532-98a5-80bd0186ff5f None None] logging_default_format_string = %(color)s%(levelname)s %(name)s [-%(color)s] %(instance)s%(color)s%(message)s {{(pid=99486) log_opt_values /opt/stack/data/venv/lib/python3.12/site-packages/oslo_config/cfg.py:3242}}
Jul 07 15:40:05.467794 np0000004733 devstack@g-api.service[99486]: DEBUG glance.common.config [None req-03fed7c8-2ba9-4532-98a5-80bd0186ff5f None None] logging_exception_prefix = ERROR %(name)s %(instance)s {{(pid=99486) log_opt_values /opt/stack/data/venv/lib/python3.12/site-packages/oslo_config/cfg.py:3242}}
Jul 07 15:40:05.468802 np0000004733 devstack@g-api.service[99486]: DEBUG glance.common.config [None req-03fed7c8-2ba9-4532-98a5-80bd0186ff5f None None] logging_user_identity_format = %(user)s %(project)s %(domain)s %(system_scope)s %(user_domain)s %(project_domain)s {{(pid=99486) log_opt_values /opt/stack/data/venv/lib/python3.12/site-packages/oslo_config/cfg.py:3242}}
Jul 07 15:40:05.468802 np0000004733 devstack@g-api.service[99486]: DEBUG glance.common.config [None req-03fed7c8-2ba9-4532-98a5-80bd0186ff5f None None] max_logfile_count = 30 {{(pid=99486) log_opt_values /opt/stack/data/venv/lib/python3.12/site-packages/oslo_config/cfg.py:3242}}
Jul 07 15:40:05.468802 np0000004733 devstack@g-api.service[99486]: DEBUG glance.common.config [None req-03fed7c8-2ba9-4532-98a5-80bd0186ff5f None None] max_logfile_size_mb = 200 {{(pid=99486) log_opt_values /opt/stack/data/venv/lib/python3.12/site-packages/oslo_config/cfg.py:3242}}
Jul 07 15:40:05.468802 np0000004733 devstack@g-api.service[99486]: DEBUG glance.common.config [None req-03fed7c8-2ba9-4532-98a5-80bd0186ff5f None None] max_request_id_length = 64 {{(pid=99486) log_opt_values /opt/stack/data/venv/lib/python3.12/site-packages/oslo_config/cfg.py:3242}}
Jul 07 15:40:05.468802 np0000004733 devstack@g-api.service[99486]: DEBUG glance.common.config [None req-03fed7c8-2ba9-4532-98a5-80bd0186ff5f None None] metadata_encryption_key = **** {{(pid=99486) log_opt_values /opt/stack/data/venv/lib/python3.12/site-packages/oslo_config/cfg.py:3242}}
Jul 07 15:40:05.468802 np0000004733 devstack@g-api.service[99486]: DEBUG glance.common.config [None req-03fed7c8-2ba9-4532-98a5-80bd0186ff5f None None] node_staging_uri = file:///tmp/staging/ {{(pid=99486) log_opt_values /opt/stack/data/venv/lib/python3.12/site-packages/oslo_config/cfg.py:3242}}
Jul 07 15:40:05.468802 np0000004733 devstack@g-api.service[99486]: DEBUG glance.common.config [None req-03fed7c8-2ba9-4532-98a5-80bd0186ff5f None None] property_protection_file = None {{(pid=99486) log_opt_values /opt/stack/data/venv/lib/python3.12/site-packages/oslo_config/cfg.py:3242}}
Jul 07 15:40:05.470149 np0000004733 devstack@g-api.service[99486]: DEBUG glance.common.config [None req-03fed7c8-2ba9-4532-98a5-80bd0186ff5f None None] property_protection_rule_format = roles {{(pid=99486) log_opt_values /opt/stack/data/venv/lib/python3.12/site-packages/oslo_config/cfg.py:3242}}
Jul 07 15:40:05.470149 np0000004733 devstack@g-api.service[99486]: DEBUG glance.common.config [None req-03fed7c8-2ba9-4532-98a5-80bd0186ff5f None None] public_endpoint = https://10.4.3.27/image {{(pid=99486) log_opt_values /opt/stack/data/venv/lib/python3.12/site-packages/oslo_config/cfg.py:3242}}
Jul 07 15:40:05.470149 np0000004733 devstack@g-api.service[99486]: DEBUG glance.common.config [None req-03fed7c8-2ba9-4532-98a5-80bd0186ff5f None None] publish_errors = False {{(pid=99486) log_opt_values /opt/stack/data/venv/lib/python3.12/site-packages/oslo_config/cfg.py:3242}}
Jul 07 15:40:05.470149 np0000004733 devstack@g-api.service[99486]: DEBUG glance.common.config [None req-03fed7c8-2ba9-4532-98a5-80bd0186ff5f None None] pydev_worker_debug_host = None {{(pid=99486) log_opt_values /opt/stack/data/venv/lib/python3.12/site-packages/oslo_config/cfg.py:3242}}
Jul 07 15:40:05.470149 np0000004733 devstack@g-api.service[99486]: DEBUG glance.common.config [None req-03fed7c8-2ba9-4532-98a5-80bd0186ff5f None None] pydev_worker_debug_port = 5678 {{(pid=99486) log_opt_values /opt/stack/data/venv/lib/python3.12/site-packages/oslo_config/cfg.py:3242}}
Jul 07 15:40:05.470149 np0000004733 devstack@g-api.service[99486]: DEBUG glance.common.config [None req-03fed7c8-2ba9-4532-98a5-80bd0186ff5f None None] rate_limit_burst = 0 {{(pid=99486) log_opt_values /opt/stack/data/venv/lib/python3.12/site-packages/oslo_config/cfg.py:3242}}
Jul 07 15:40:05.470149 np0000004733 devstack@g-api.service[99486]: DEBUG glance.common.config [None req-03fed7c8-2ba9-4532-98a5-80bd0186ff5f None None] rate_limit_except_level = CRITICAL {{(pid=99486) log_opt_values /opt/stack/data/venv/lib/python3.12/site-packages/oslo_config/cfg.py:3242}}
Jul 07 15:40:05.471361 np0000004733 devstack@g-api.service[99486]: DEBUG glance.common.config [None req-03fed7c8-2ba9-4532-98a5-80bd0186ff5f None None] rate_limit_interval = 0 {{(pid=99486) log_opt_values /opt/stack/data/venv/lib/python3.12/site-packages/oslo_config/cfg.py:3242}}
Jul 07 15:40:05.471361 np0000004733 devstack@g-api.service[99486]: DEBUG glance.common.config [None req-03fed7c8-2ba9-4532-98a5-80bd0186ff5f None None] scrub_pool_size = 1 {{(pid=99486) log_opt_values /opt/stack/data/venv/lib/python3.12/site-packages/oslo_config/cfg.py:3242}}
Jul 07 15:40:05.472581 np0000004733 devstack@g-api.service[99488]: INFO glance.api.middleware.cache [None req-825e7c17-781e-4a4e-b839-0f2828e1b2ec None None] Initialized image cache middleware
Jul 07 15:40:05.474370 np0000004733 devstack@g-api.service[99486]: DEBUG glance.common.config [None req-03fed7c8-2ba9-4532-98a5-80bd0186ff5f None None] scrub_time = 0 {{(pid=99486) log_opt_values /opt/stack/data/venv/lib/python3.12/site-packages/oslo_config/cfg.py:3242}}
Jul 07 15:40:05.474370 np0000004733 devstack@g-api.service[99486]: DEBUG glance.common.config [None req-03fed7c8-2ba9-4532-98a5-80bd0186ff5f None None] shell_completion = None {{(pid=99486) log_opt_values /opt/stack/data/venv/lib/python3.12/site-packages/oslo_config/cfg.py:3242}}
Jul 07 15:40:05.474370 np0000004733 devstack@g-api.service[99486]: DEBUG glance.common.config [None req-03fed7c8-2ba9-4532-98a5-80bd0186ff5f None None] show_image_direct_url = False {{(pid=99486) log_opt_values /opt/stack/data/venv/lib/python3.12/site-packages/oslo_config/cfg.py:3242}}
Jul 07 15:40:05.474370 np0000004733 devstack@g-api.service[99486]: WARNING oslo_config.cfg [None req-03fed7c8-2ba9-4532-98a5-80bd0186ff5f None None] Deprecated: Option "show_multiple_locations" from group "DEFAULT" is deprecated for removal (Use of this option, deprecated since Newton, is a security risk and will be removed once we figure out a way to satisfy those use cases that currently require it. An earlier announcement that the same functionality can be achieved with greater granularity by using policies is incorrect. You cannot work around this option via policy configuration at the present time, though that is the direction we believe the fix will take. Please keep an eye on the Glance release notes to stay up to date on progress in addressing this issue.). Its value may be silently ignored in the future.
Jul 07 15:40:05.474370 np0000004733 devstack@g-api.service[99486]: DEBUG glance.common.config [None req-03fed7c8-2ba9-4532-98a5-80bd0186ff5f None None] show_multiple_locations = False {{(pid=99486) log_opt_values /opt/stack/data/venv/lib/python3.12/site-packages/oslo_config/cfg.py:3242}}
Jul 07 15:40:05.475540 np0000004733 devstack@g-api.service[99486]: DEBUG glance.common.config [None req-03fed7c8-2ba9-4532-98a5-80bd0186ff5f None None] syslog_log_facility = LOG_USER {{(pid=99486) log_opt_values /opt/stack/data/venv/lib/python3.12/site-packages/oslo_config/cfg.py:3242}}
Jul 07 15:40:05.475540 np0000004733 devstack@g-api.service[99486]: DEBUG glance.common.config [None req-03fed7c8-2ba9-4532-98a5-80bd0186ff5f None None] transport_url = **** {{(pid=99486) log_opt_values /opt/stack/data/venv/lib/python3.12/site-packages/oslo_config/cfg.py:3242}}
Jul 07 15:40:05.475540 np0000004733 devstack@g-api.service[99486]: DEBUG glance.common.config [None req-03fed7c8-2ba9-4532-98a5-80bd0186ff5f None None] use_journal = False {{(pid=99486) log_opt_values /opt/stack/data/venv/lib/python3.12/site-packages/oslo_config/cfg.py:3242}}
Jul 07 15:40:05.475540 np0000004733 devstack@g-api.service[99486]: DEBUG glance.common.config [None req-03fed7c8-2ba9-4532-98a5-80bd0186ff5f None None] use_json = False {{(pid=99486) log_opt_values /opt/stack/data/venv/lib/python3.12/site-packages/oslo_config/cfg.py:3242}}
Jul 07 15:40:05.475540 np0000004733 devstack@g-api.service[99486]: DEBUG glance.common.config [None req-03fed7c8-2ba9-4532-98a5-80bd0186ff5f None None] use_keystone_limits = True {{(pid=99486) log_opt_values /opt/stack/data/venv/lib/python3.12/site-packages/oslo_config/cfg.py:3242}}
Jul 07 15:40:05.475540 np0000004733 devstack@g-api.service[99486]: DEBUG glance.common.config [None req-03fed7c8-2ba9-4532-98a5-80bd0186ff5f None None] use_stderr = False {{(pid=99486) log_opt_values /opt/stack/data/venv/lib/python3.12/site-packages/oslo_config/cfg.py:3242}}
Jul 07 15:40:05.475540 np0000004733 devstack@g-api.service[99486]: DEBUG glance.common.config [None req-03fed7c8-2ba9-4532-98a5-80bd0186ff5f None None] use_syslog = False {{(pid=99486) log_opt_values /opt/stack/data/venv/lib/python3.12/site-packages/oslo_config/cfg.py:3242}}
Jul 07 15:40:05.477041 np0000004733 devstack@g-api.service[99486]: DEBUG glance.common.config [None req-03fed7c8-2ba9-4532-98a5-80bd0186ff5f None None] user_storage_quota = 0 {{(pid=99486) log_opt_values /opt/stack/data/venv/lib/python3.12/site-packages/oslo_config/cfg.py:3242}}
Jul 07 15:40:05.477041 np0000004733 devstack@g-api.service[99486]: DEBUG glance.common.config [None req-03fed7c8-2ba9-4532-98a5-80bd0186ff5f None None] worker_self_reference_url = http://127.0.0.1:60999 {{(pid=99486) log_opt_values /opt/stack/data/venv/lib/python3.12/site-packages/oslo_config/cfg.py:3242}}
Jul 07 15:40:05.477041 np0000004733 devstack@g-api.service[99486]: DEBUG glance.common.config [None req-03fed7c8-2ba9-4532-98a5-80bd0186ff5f None None] oslo_concurrency.disable_process_locking = False {{(pid=99486) log_opt_values /opt/stack/data/venv/lib/python3.12/site-packages/oslo_config/cfg.py:3253}}
Jul 07 15:40:05.477041 np0000004733 devstack@g-api.service[99486]: DEBUG glance.common.config [None req-03fed7c8-2ba9-4532-98a5-80bd0186ff5f None None] oslo_concurrency.lock_path = /opt/stack/data/glance/locks {{(pid=99486) log_opt_values /opt/stack/data/venv/lib/python3.12/site-packages/oslo_config/cfg.py:3253}}
Jul 07 15:40:05.477041 np0000004733 devstack@g-api.service[99486]: DEBUG glance.common.config [None req-03fed7c8-2ba9-4532-98a5-80bd0186ff5f None None] oslo_middleware.enable_proxy_headers_parsing = False {{(pid=99486) log_opt_values /opt/stack/data/venv/lib/python3.12/site-packages/oslo_config/cfg.py:3253}}
Jul 07 15:40:05.477041 np0000004733 devstack@g-api.service[99486]: DEBUG glance.common.config [None req-03fed7c8-2ba9-4532-98a5-80bd0186ff5f None None] oslo_middleware.http_basic_auth_user_file = /etc/htpasswd {{(pid=99486) log_opt_values /opt/stack/data/venv/lib/python3.12/site-packages/oslo_config/cfg.py:3253}}
Jul 07 15:40:05.477041 np0000004733 devstack@g-api.service[99486]: DEBUG glance.common.config [None req-03fed7c8-2ba9-4532-98a5-80bd0186ff5f None None] paste_deploy.config_file = None {{(pid=99486) log_opt_values /opt/stack/data/venv/lib/python3.12/site-packages/oslo_config/cfg.py:3253}}
Jul 07 15:40:05.478165 np0000004733 devstack@g-api.service[99486]: DEBUG glance.common.config [None req-03fed7c8-2ba9-4532-98a5-80bd0186ff5f None None] paste_deploy.flavor = keystone+cachemanagement {{(pid=99486) log_opt_values /opt/stack/data/venv/lib/python3.12/site-packages/oslo_config/cfg.py:3253}}
Jul 07 15:40:05.478165 np0000004733 devstack@g-api.service[99486]: DEBUG glance.common.config [None req-03fed7c8-2ba9-4532-98a5-80bd0186ff5f None None] image_format.container_formats = ['ami', 'ari', 'aki', 'bare', 'ovf', 'ova', 'docker', 'compressed'] {{(pid=99486) log_opt_values /opt/stack/data/venv/lib/python3.12/site-packages/oslo_config/cfg.py:3253}}
Jul 07 15:40:05.478165 np0000004733 devstack@g-api.service[99486]: DEBUG glance.common.config [None req-03fed7c8-2ba9-4532-98a5-80bd0186ff5f None None] image_format.disk_formats = ['ami', 'ari', 'aki', 'vhd', 'vhdx', 'vmdk', 'raw', 'qcow2', 'vdi', 'iso', 'ploop'] {{(pid=99486) log_opt_values /opt/stack/data/venv/lib/python3.12/site-packages/oslo_config/cfg.py:3253}}
Jul 07 15:40:05.478165 np0000004733 devstack@g-api.service[99486]: DEBUG glance.common.config [None req-03fed7c8-2ba9-4532-98a5-80bd0186ff5f None None] image_format.gpt_safety_checks_nonfatal = [] {{(pid=99486) log_opt_values /opt/stack/data/venv/lib/python3.12/site-packages/oslo_config/cfg.py:3253}}
Jul 07 15:40:05.478165 np0000004733 devstack@g-api.service[99486]: DEBUG glance.common.config [None req-03fed7c8-2ba9-4532-98a5-80bd0186ff5f None None] image_format.require_image_format_match = True {{(pid=99486) log_opt_values /opt/stack/data/venv/lib/python3.12/site-packages/oslo_config/cfg.py:3253}}
Jul 07 15:40:05.479377 np0000004733 devstack@g-api.service[99487]: DEBUG glance.image_cache.drivers.centralized_db [None req-44d7750c-fd87-4f5e-8de0-9e0dd894baf4 None None] Node reference is already recorded, ignoring it {{(pid=99487) configure /opt/stack/glance/glance/image_cache/drivers/centralized_db.py:71}}
Jul 07 15:40:05.480659 np0000004733 devstack@g-api.service[99486]: DEBUG glance.common.config [None req-03fed7c8-2ba9-4532-98a5-80bd0186ff5f None None] image_format.vmdk_allowed_types = ['streamOptimized', 'monolithicSparse'] {{(pid=99486) log_opt_values /opt/stack/data/venv/lib/python3.12/site-packages/oslo_config/cfg.py:3253}}
Jul 07 15:40:05.480659 np0000004733 devstack@g-api.service[99486]: DEBUG glance.common.config [None req-03fed7c8-2ba9-4532-98a5-80bd0186ff5f None None] task.task_executor = taskflow {{(pid=99486) log_opt_values /opt/stack/data/venv/lib/python3.12/site-packages/oslo_config/cfg.py:3253}}
Jul 07 15:40:05.480659 np0000004733 devstack@g-api.service[99486]: DEBUG glance.common.config [None req-03fed7c8-2ba9-4532-98a5-80bd0186ff5f None None] task.task_time_to_live = 48 {{(pid=99486) log_opt_values /opt/stack/data/venv/lib/python3.12/site-packages/oslo_config/cfg.py:3253}}
Jul 07 15:40:05.480659 np0000004733 devstack@g-api.service[99486]: DEBUG glance.common.config [None req-03fed7c8-2ba9-4532-98a5-80bd0186ff5f None None] task.work_dir = None {{(pid=99486) log_opt_values /opt/stack/data/venv/lib/python3.12/site-packages/oslo_config/cfg.py:3253}}
Jul 07 15:40:05.480659 np0000004733 devstack@g-api.service[99486]: DEBUG glance.common.config [None req-03fed7c8-2ba9-4532-98a5-80bd0186ff5f None None] wsgi.python_interpreter = /opt/stack/data/venv/bin/python3 {{(pid=99486) log_opt_values /opt/stack/data/venv/lib/python3.12/site-packages/oslo_config/cfg.py:3253}}
Jul 07 15:40:05.480659 np0000004733 devstack@g-api.service[99486]: DEBUG glance.common.config [None req-03fed7c8-2ba9-4532-98a5-80bd0186ff5f None None] wsgi.task_pool_threads = 16 {{(pid=99486) log_opt_values /opt/stack/data/venv/lib/python3.12/site-packages/oslo_config/cfg.py:3253}}
Jul 07 15:40:05.480659 np0000004733 devstack@g-api.service[99486]: DEBUG glance.common.config [None req-03fed7c8-2ba9-4532-98a5-80bd0186ff5f None None] import_filtering_opts.allowed_hosts = [] {{(pid=99486) log_opt_values /opt/stack/data/venv/lib/python3.12/site-packages/oslo_config/cfg.py:3253}}
Jul 07 15:40:05.481803 np0000004733 devstack@g-api.service[99486]: DEBUG glance.common.config [None req-03fed7c8-2ba9-4532-98a5-80bd0186ff5f None None] import_filtering_opts.allowed_ports = [80, 443] {{(pid=99486) log_opt_values /opt/stack/data/venv/lib/python3.12/site-packages/oslo_config/cfg.py:3253}}
Jul 07 15:40:05.481803 np0000004733 devstack@g-api.service[99486]: DEBUG glance.common.config [None req-03fed7c8-2ba9-4532-98a5-80bd0186ff5f None None] import_filtering_opts.allowed_schemes = ['http', 'https'] {{(pid=99486) log_opt_values /opt/stack/data/venv/lib/python3.12/site-packages/oslo_config/cfg.py:3253}}
Jul 07 15:40:05.481803 np0000004733 devstack@g-api.service[99486]: DEBUG glance.common.config [None req-03fed7c8-2ba9-4532-98a5-80bd0186ff5f None None] import_filtering_opts.disallowed_hosts = [] {{(pid=99486) log_opt_values /opt/stack/data/venv/lib/python3.12/site-packages/oslo_config/cfg.py:3253}}
Jul 07 15:40:05.481803 np0000004733 devstack@g-api.service[99486]: DEBUG glance.common.config [None req-03fed7c8-2ba9-4532-98a5-80bd0186ff5f None None] import_filtering_opts.disallowed_ports = [] {{(pid=99486) log_opt_values /opt/stack/data/venv/lib/python3.12/site-packages/oslo_config/cfg.py:3253}}
Jul 07 15:40:05.481803 np0000004733 devstack@g-api.service[99486]: DEBUG glance.common.config [None req-03fed7c8-2ba9-4532-98a5-80bd0186ff5f None None] import_filtering_opts.disallowed_schemes = [] {{(pid=99486) log_opt_values /opt/stack/data/venv/lib/python3.12/site-packages/oslo_config/cfg.py:3253}}
Jul 07 15:40:05.481803 np0000004733 devstack@g-api.service[99486]: DEBUG glance.common.config [None req-03fed7c8-2ba9-4532-98a5-80bd0186ff5f None None] oslo_messaging_metrics.metrics_buffer_size = 1000 {{(pid=99486) log_opt_values /opt/stack/data/venv/lib/python3.12/site-packages/oslo_config/cfg.py:3253}}
