Jul 07 15:39:42.016302 np0000004733 nova-scheduler[93216]: DEBUG cotyledon.oslo_config_glue [-] oslo_messaging_notifications.driver = ['messagingv2'] {{(pid=93216) log_opt_values /opt/stack/data/venv/lib/python3.12/site-packages/oslo_config/cfg.py:3253}}
Jul 07 15:39:42.016302 np0000004733 nova-scheduler[93216]: DEBUG cotyledon.oslo_config_glue [-] oslo_messaging_notifications.retry = -1 {{(pid=93216) log_opt_values /opt/stack/data/venv/lib/python3.12/site-packages/oslo_config/cfg.py:3253}}
Jul 07 15:39:42.016302 np0000004733 nova-scheduler[93216]: DEBUG cotyledon.oslo_config_glue [-] oslo_messaging_notifications.topics = ['notifications'] {{(pid=93216) log_opt_values /opt/stack/data/venv/lib/python3.12/site-packages/oslo_config/cfg.py:3253}}
Jul 07 15:39:42.016302 np0000004733 nova-scheduler[93216]: DEBUG cotyledon.oslo_config_glue [-] oslo_messaging_notifications.transport_url = **** {{(pid=93216) log_opt_values /opt/stack/data/venv/lib/python3.12/site-packages/oslo_config/cfg.py:3253}}
Jul 07 15:39:42.016302 np0000004733 nova-scheduler[93216]: DEBUG cotyledon.oslo_config_glue [-] oslo_limit.auth_section = None {{(pid=93216) log_opt_values /opt/stack/data/venv/lib/python3.12/site-packages/oslo_config/cfg.py:3253}}
Jul 07 15:39:42.016302 np0000004733 nova-scheduler[93216]: DEBUG cotyledon.oslo_config_glue [-] oslo_limit.auth_type = None {{(pid=93216) log_opt_values /opt/stack/data/venv/lib/python3.12/site-packages/oslo_config/cfg.py:3253}}
Jul 07 15:39:42.016302 np0000004733 nova-scheduler[93216]: DEBUG cotyledon.oslo_config_glue [-] oslo_limit.cafile = None {{(pid=93216) log_opt_values /opt/stack/data/venv/lib/python3.12/site-packages/oslo_config/cfg.py:3253}}
Jul 07 15:39:42.016302 np0000004733 nova-scheduler[93216]: DEBUG cotyledon.oslo_config_glue [-] oslo_limit.certfile = None {{(pid=93216) log_opt_values /opt/stack/data/venv/lib/python3.12/site-packages/oslo_config/cfg.py:3253}}
Jul 07 15:39:42.016302 np0000004733 nova-scheduler[93216]: DEBUG cotyledon.oslo_config_glue [-] oslo_limit.collect_timing = False {{(pid=93216) log_opt_values /opt/stack/data/venv/lib/python3.12/site-packages/oslo_config/cfg.py:3253}}
Jul 07 15:39:42.016570 np0000004733 nova-scheduler[93216]: DEBUG cotyledon.oslo_config_glue [-] oslo_limit.connect_retries = None {{(pid=93216) log_opt_values /opt/stack/data/venv/lib/python3.12/site-packages/oslo_config/cfg.py:3253}}
Jul 07 15:39:42.016570 np0000004733 nova-scheduler[93216]: DEBUG cotyledon.oslo_config_glue [-] oslo_limit.connect_retry_delay = None {{(pid=93216) log_opt_values /opt/stack/data/venv/lib/python3.12/site-packages/oslo_config/cfg.py:3253}}
Jul 07 15:39:42.016570 np0000004733 nova-scheduler[93216]: DEBUG cotyledon.oslo_config_glue [-] oslo_limit.endpoint_id = None {{(pid=93216) log_opt_values /opt/stack/data/venv/lib/python3.12/site-packages/oslo_config/cfg.py:3253}}
Jul 07 15:39:42.016570 np0000004733 nova-scheduler[93216]: DEBUG cotyledon.oslo_config_glue [-] oslo_limit.endpoint_interface = public {{(pid=93216) log_opt_values /opt/stack/data/venv/lib/python3.12/site-packages/oslo_config/cfg.py:3253}}
Jul 07 15:39:42.016570 np0000004733 nova-scheduler[93216]: DEBUG cotyledon.oslo_config_glue [-] oslo_limit.endpoint_override = None {{(pid=93216) log_opt_values /opt/stack/data/venv/lib/python3.12/site-packages/oslo_config/cfg.py:3253}}
Jul 07 15:39:42.016570 np0000004733 nova-scheduler[93216]: DEBUG cotyledon.oslo_config_glue [-] oslo_limit.endpoint_region_name = None {{(pid=93216) log_opt_values /opt/stack/data/venv/lib/python3.12/site-packages/oslo_config/cfg.py:3253}}
Jul 07 15:39:42.016570 np0000004733 nova-scheduler[93216]: DEBUG cotyledon.oslo_config_glue [-] oslo_limit.endpoint_service_name = None {{(pid=93216) log_opt_values /opt/stack/data/venv/lib/python3.12/site-packages/oslo_config/cfg.py:3253}}
Jul 07 15:39:42.016570 np0000004733 nova-scheduler[93216]: DEBUG cotyledon.oslo_config_glue [-] oslo_limit.endpoint_service_type = None {{(pid=93216) log_opt_values /opt/stack/data/venv/lib/python3.12/site-packages/oslo_config/cfg.py:3253}}
Jul 07 15:39:42.016570 np0000004733 nova-scheduler[93216]: DEBUG cotyledon.oslo_config_glue [-] oslo_limit.insecure = False {{(pid=93216) log_opt_values /opt/stack/data/venv/lib/python3.12/site-packages/oslo_config/cfg.py:3253}}
Jul 07 15:39:42.016853 np0000004733 nova-scheduler[93216]: DEBUG cotyledon.oslo_config_glue [-] oslo_limit.keyfile = None {{(pid=93216) log_opt_values /opt/stack/data/venv/lib/python3.12/site-packages/oslo_config/cfg.py:3253}}
Jul 07 15:39:42.016853 np0000004733 nova-scheduler[93216]: DEBUG cotyledon.oslo_config_glue [-] oslo_limit.max_version = None {{(pid=93216) log_opt_values /opt/stack/data/venv/lib/python3.12/site-packages/oslo_config/cfg.py:3253}}
Jul 07 15:39:42.016853 np0000004733 nova-scheduler[93216]: DEBUG cotyledon.oslo_config_glue [-] oslo_limit.min_version = None {{(pid=93216) log_opt_values /opt/stack/data/venv/lib/python3.12/site-packages/oslo_config/cfg.py:3253}}
Jul 07 15:39:42.016853 np0000004733 nova-scheduler[93216]: DEBUG cotyledon.oslo_config_glue [-] oslo_limit.region_name = None {{(pid=93216) log_opt_values /opt/stack/data/venv/lib/python3.12/site-packages/oslo_config/cfg.py:3253}}
Jul 07 15:39:42.016853 np0000004733 nova-scheduler[93216]: DEBUG cotyledon.oslo_config_glue [-] oslo_limit.retriable_status_codes = None {{(pid=93216) log_opt_values /opt/stack/data/venv/lib/python3.12/site-packages/oslo_config/cfg.py:3253}}
Jul 07 15:39:42.016853 np0000004733 nova-scheduler[93216]: DEBUG cotyledon.oslo_config_glue [-] oslo_limit.service_name = None {{(pid=93216) log_opt_values /opt/stack/data/venv/lib/python3.12/site-packages/oslo_config/cfg.py:3253}}
Jul 07 15:39:42.016853 np0000004733 nova-scheduler[93216]: DEBUG cotyledon.oslo_config_glue [-] oslo_limit.service_type = None {{(pid=93216) log_opt_values /opt/stack/data/venv/lib/python3.12/site-packages/oslo_config/cfg.py:3253}}
Jul 07 15:39:42.016853 np0000004733 nova-scheduler[93216]: DEBUG cotyledon.oslo_config_glue [-] oslo_limit.split_loggers = False {{(pid=93216) log_opt_values /opt/stack/data/venv/lib/python3.12/site-packages/oslo_config/cfg.py:3253}}
Jul 07 15:39:42.016853 np0000004733 nova-scheduler[93216]: DEBUG cotyledon.oslo_config_glue [-] oslo_limit.status_code_retries = None {{(pid=93216) log_opt_values /opt/stack/data/venv/lib/python3.12/site-packages/oslo_config/cfg.py:3253}}
Jul 07 15:39:42.017112 np0000004733 nova-scheduler[93216]: DEBUG cotyledon.oslo_config_glue [-] oslo_limit.status_code_retry_delay = None {{(pid=93216) log_opt_values /opt/stack/data/venv/lib/python3.12/site-packages/oslo_config/cfg.py:3253}}
Jul 07 15:39:42.017112 np0000004733 nova-scheduler[93216]: DEBUG cotyledon.oslo_config_glue [-] oslo_limit.timeout = None {{(pid=93216) log_opt_values /opt/stack/data/venv/lib/python3.12/site-packages/oslo_config/cfg.py:3253}}
Jul 07 15:39:42.017112 np0000004733 nova-scheduler[93216]: DEBUG cotyledon.oslo_config_glue [-] oslo_limit.valid_interfaces = None {{(pid=93216) log_opt_values /opt/stack/data/venv/lib/python3.12/site-packages/oslo_config/cfg.py:3253}}
Jul 07 15:39:42.017112 np0000004733 nova-scheduler[93216]: DEBUG cotyledon.oslo_config_glue [-] oslo_limit.version = None {{(pid=93216) log_opt_values /opt/stack/data/venv/lib/python3.12/site-packages/oslo_config/cfg.py:3253}}
Jul 07 15:39:42.017112 np0000004733 nova-scheduler[93216]: DEBUG cotyledon.oslo_config_glue [-] oslo_reports.file_event_handler = None {{(pid=93216) log_opt_values /opt/stack/data/venv/lib/python3.12/site-packages/oslo_config/cfg.py:3253}}
Jul 07 15:39:42.017112 np0000004733 nova-scheduler[93216]: DEBUG cotyledon.oslo_config_glue [-] oslo_reports.file_event_handler_interval = 1 {{(pid=93216) log_opt_values /opt/stack/data/venv/lib/python3.12/site-packages/oslo_config/cfg.py:3253}}
Jul 07 15:39:42.017112 np0000004733 nova-scheduler[93216]: DEBUG cotyledon.oslo_config_glue [-] oslo_reports.log_dir = None {{(pid=93216) log_opt_values /opt/stack/data/venv/lib/python3.12/site-packages/oslo_config/cfg.py:3253}}
Jul 07 15:39:42.017112 np0000004733 nova-scheduler[93216]: DEBUG cotyledon.oslo_config_glue [-] ******************************************************************************** {{(pid=93216) log_opt_values /opt/stack/data/venv/lib/python3.12/site-packages/oslo_config/cfg.py:3260}}
Jul 07 15:39:42.017112 np0000004733 nova-scheduler[93216]: DEBUG cotyledon._service_worker [-] Run service ServiceWrapper(2) [93216] {{(pid=93216) wait_forever /opt/stack/data/venv/lib/python3.12/site-packages/cotyledon/_service_worker.py:218}}
Jul 07 15:39:42.017411 np0000004733 nova-scheduler[93216]: INFO nova.service [-] Starting scheduler node (version 33.1.0)
Jul 07 15:39:42.017450 np0000004733 nova-scheduler[93212]: DEBUG oslo_db.sqlalchemy.engines [None req-56c4072a-3d16-4789-bee9-33c10f2ee1bd None None] MySQL server mode set to STRICT_TRANS_TABLES,STRICT_ALL_TABLES,NO_ZERO_IN_DATE,NO_ZERO_DATE,ERROR_FOR_DIVISION_BY_ZERO,TRADITIONAL,NO_ENGINE_SUBSTITUTION {{(pid=93212) _check_effective_sql_mode /opt/stack/data/venv/lib/python3.12/site-packages/oslo_db/sqlalchemy/engines.py:325}}
Jul 07 15:39:42.017495 np0000004733 nova-scheduler[93216]: INFO dbcounter [None req-5491efc3-8155-4957-a46b-c423199e97f8 None None] Registered counter for database nova_cell0
Jul 07 15:39:42.017534 np0000004733 nova-scheduler[93212]: DEBUG dbcounter [-] [93212] Writer thread running {{(pid=93212) stat_writer /opt/stack/data/venv/lib/python3.12/site-packages/dbcounter.py:102}}
Jul 07 15:39:42.017578 np0000004733 nova-scheduler[93214]: DEBUG oslo_db.sqlalchemy.engines [None req-ca47e295-e146-4f83-8800-8480788fb500 None None] MySQL server mode set to STRICT_TRANS_TABLES,STRICT_ALL_TABLES,NO_ZERO_IN_DATE,NO_ZERO_DATE,ERROR_FOR_DIVISION_BY_ZERO,TRADITIONAL,NO_ENGINE_SUBSTITUTION {{(pid=93214) _check_effective_sql_mode /opt/stack/data/venv/lib/python3.12/site-packages/oslo_db/sqlalchemy/engines.py:325}}
Jul 07 15:39:42.021281 np0000004733 nova-scheduler[93214]: DEBUG dbcounter [-] [93214] Writer thread running {{(pid=93214) stat_writer /opt/stack/data/venv/lib/python3.12/site-packages/dbcounter.py:102}}
Jul 07 15:39:42.028413 np0000004733 nova-scheduler[93212]: DEBUG nova.service [None req-56c4072a-3d16-4789-bee9-33c10f2ee1bd None None] Creating RPC server for service: nova-scheduler on topic: scheduler {{(pid=93212) start /opt/stack/nova/nova/service.py:196}}
Jul 07 15:39:42.046065 np0000004733 nova-scheduler[93214]: DEBUG nova.service [None req-ca47e295-e146-4f83-8800-8480788fb500 None None] Creating RPC server for service: nova-scheduler on topic: scheduler {{(pid=93214) start /opt/stack/nova/nova/service.py:196}}
Jul 07 15:39:42.046368 np0000004733 nova-scheduler[93216]: DEBUG oslo_db.sqlalchemy.engines [None req-5491efc3-8155-4957-a46b-c423199e97f8 None None] MySQL server mode set to STRICT_TRANS_TABLES,STRICT_ALL_TABLES,NO_ZERO_IN_DATE,NO_ZERO_DATE,ERROR_FOR_DIVISION_BY_ZERO,TRADITIONAL,NO_ENGINE_SUBSTITUTION {{(pid=93216) _check_effective_sql_mode /opt/stack/data/venv/lib/python3.12/site-packages/oslo_db/sqlalchemy/engines.py:325}}
Jul 07 15:39:42.058693 np0000004733 nova-scheduler[93216]: DEBUG dbcounter [-] [93216] Writer thread running {{(pid=93216) stat_writer /opt/stack/data/venv/lib/python3.12/site-packages/dbcounter.py:102}}
Jul 07 15:39:42.062115 np0000004733 nova-scheduler[93216]: DEBUG nova.service [None req-5491efc3-8155-4957-a46b-c423199e97f8 None None] Creating RPC server for service: nova-scheduler on topic: scheduler {{(pid=93216) start /opt/stack/nova/nova/service.py:196}}
Jul 07 15:39:42.070631 np0000004733 nova-scheduler[93212]: DEBUG nova.service [None req-56c4072a-3d16-4789-bee9-33c10f2ee1bd None None] Join ServiceGroup membership for this service scheduler {{(pid=93212) start /opt/stack/nova/nova/service.py:222}}
Jul 07 15:39:42.071472 np0000004733 nova-scheduler[93212]: DEBUG nova.servicegroup.drivers.db [None req-56c4072a-3d16-4789-bee9-33c10f2ee1bd None None] DB_Driver: join new ServiceGroup member np0000004733 to the scheduler group, service = {{(pid=93212) join /opt/stack/nova/nova/servicegroup/drivers/db.py:44}}
Jul 07 15:39:42.072278 np0000004733 nova-scheduler[93214]: DEBUG nova.service [None req-ca47e295-e146-4f83-8800-8480788fb500 None None] Join ServiceGroup membership for this service scheduler {{(pid=93214) start /opt/stack/nova/nova/service.py:222}}
Jul 07 15:39:42.072588 np0000004733 nova-scheduler[93214]: DEBUG nova.servicegroup.drivers.db [None req-ca47e295-e146-4f83-8800-8480788fb500 None None] DB_Driver: join new ServiceGroup member np0000004733 to the scheduler group, service = {{(pid=93214) join /opt/stack/nova/nova/servicegroup/drivers/db.py:44}}
Jul 07 15:39:42.080997 np0000004733 nova-scheduler[93216]: DEBUG nova.service [None req-5491efc3-8155-4957-a46b-c423199e97f8 None None] Join ServiceGroup membership for this service scheduler {{(pid=93216) start /opt/stack/nova/nova/service.py:222}}
Jul 07 15:39:42.081171 np0000004733 nova-scheduler[93216]: DEBUG nova.servicegroup.drivers.db [None req-5491efc3-8155-4957-a46b-c423199e97f8 None None] DB_Driver: join new ServiceGroup member np0000004733 to the scheduler group, service = {{(pid=93216) join /opt/stack/nova/nova/servicegroup/drivers/db.py:44}}
Jul 07 15:39:45.083183 np0000004733 nova-scheduler[93216]: DEBUG oslo.service.backend._threading.loopingcall [None req-10833391-ecf3-49ca-8680-9b584976ecec None None] Dynamic interval looping call 'nova.service.Service.periodic_tasks' sleeping for 60.00 seconds {{(pid=93216) _run_loop /opt/stack/data/venv/lib/python3.12/site-packages/oslo_service/backend/_threading/loopingcall.py:125}}
Jul 07 15:39:47.074129 np0000004733 nova-scheduler[93212]: DEBUG oslo.service.backend._threading.loopingcall [None req-59c4c304-f79b-4064-bc17-41ce348dc0c6 None None] Dynamic interval looping call 'nova.service.Service.periodic_tasks' sleeping for 60.00 seconds {{(pid=93212) _run_loop /opt/stack/data/venv/lib/python3.12/site-packages/oslo_service/backend/_threading/loopingcall.py:125}}
Jul 07 15:39:47.085587 np0000004733 nova-scheduler[93214]: DEBUG oslo.service.backend._threading.loopingcall [-] Fixed interval looping call 'nova.servicegroup.drivers.db.DbDriver._report_state' sleeping for 119.99 seconds {{(pid=93214) _run_loop /opt/stack/data/venv/lib/python3.12/site-packages/oslo_service/backend/_threading/loopingcall.py:125}}
Jul 07 15:39:47.086015 np0000004733 nova-scheduler[93212]: DEBUG oslo.service.backend._threading.loopingcall [-] Fixed interval looping call 'nova.servicegroup.drivers.db.DbDriver._report_state' sleeping for 119.99 seconds {{(pid=93212) _run_loop /opt/stack/data/venv/lib/python3.12/site-packages/oslo_service/backend/_threading/loopingcall.py:125}}
Jul 07 15:39:47.091370 np0000004733 nova-scheduler[93216]: DEBUG oslo.service.backend._threading.loopingcall [-] Fixed interval looping call 'nova.servicegroup.drivers.db.DbDriver._report_state' sleeping for 119.99 seconds {{(pid=93216) _run_loop /opt/stack/data/venv/lib/python3.12/site-packages/oslo_service/backend/_threading/loopingcall.py:125}}
Jul 07 15:39:50.591393 np0000004733 nova-scheduler[92009]: DEBUG dbcounter [-] [92009] Writing DB stats nova_api:SELECT=3 {{(pid=92009) stat_writer /opt/stack/data/venv/lib/python3.12/site-packages/dbcounter.py:115}}
Jul 07 15:39:50.758115 np0000004733 nova-scheduler[92009]: DEBUG dbcounter [-] [92009] Writing DB stats nova_cell1:SELECT=1 {{(pid=92009) stat_writer /opt/stack/data/venv/lib/python3.12/site-packages/dbcounter.py:115}}
Jul 07 15:39:50.765697 np0000004733 nova-scheduler[92009]: DEBUG dbcounter [-] [92009] Writing DB stats nova_cell0:SELECT=1 {{(pid=92009) stat_writer /opt/stack/data/venv/lib/python3.12/site-packages/dbcounter.py:115}}
Jul 07 15:39:57.080797 np0000004733 nova-scheduler[93214]: DEBUG dbcounter [-] [93214] Writing DB stats nova_cell0:SELECT=4,nova_cell0:INSERT=1,nova_cell0:UPDATE=1 {{(pid=93214) stat_writer /opt/stack/data/venv/lib/python3.12/site-packages/dbcounter.py:115}}
Jul 07 15:39:57.083852 np0000004733 nova-scheduler[93212]: DEBUG dbcounter [-] [93212] Writing DB stats nova_cell0:SELECT=4,nova_cell0:INSERT=1,nova_cell0:UPDATE=1 {{(pid=93212) stat_writer /opt/stack/data/venv/lib/python3.12/site-packages/dbcounter.py:115}}
Jul 07 15:39:57.088742 np0000004733 nova-scheduler[93216]: DEBUG dbcounter [-] [93216] Writing DB stats nova_cell0:SELECT=3 {{(pid=93216) stat_writer /opt/stack/data/venv/lib/python3.12/site-packages/dbcounter.py:115}}
Jul 07 15:40:36.074869 np0000004733 nova-scheduler[93214]: DEBUG oslo.service.backend._threading.loopingcall [None req-95413d89-4931-4e69-8783-357e32cc69d7 None None] Dynamic interval looping call 'nova.service.Service.periodic_tasks' sleeping for 60.00 seconds {{(pid=93214) _run_loop /opt/stack/data/venv/lib/python3.12/site-packages/oslo_service/backend/_threading/loopingcall.py:125}}
Jul 07 15:40:45.083772 np0000004733 nova-scheduler[93216]: DEBUG oslo.service.backend._threading.loopingcall [None req-10833391-ecf3-49ca-8680-9b584976ecec None None] Dynamic interval looping call 'nova.service.Service.periodic_tasks' sleeping for 60.00 seconds {{(pid=93216) _run_loop /opt/stack/data/venv/lib/python3.12/site-packages/oslo_service/backend/_threading/loopingcall.py:125}}
Jul 07 15:40:47.074728 np0000004733 nova-scheduler[93212]: DEBUG oslo.service.backend._threading.loopingcall [None req-59c4c304-f79b-4064-bc17-41ce348dc0c6 None None] Dynamic interval looping call 'nova.service.Service.periodic_tasks' sleeping for 60.00 seconds {{(pid=93212) _run_loop /opt/stack/data/venv/lib/python3.12/site-packages/oslo_service/backend/_threading/loopingcall.py:125}}
Jul 07 15:41:36.075971 np0000004733 nova-scheduler[93214]: DEBUG oslo.service.backend._threading.loopingcall [None req-95413d89-4931-4e69-8783-357e32cc69d7 None None] Dynamic interval looping call 'nova.service.Service.periodic_tasks' sleeping for 60.00 seconds {{(pid=93214) _run_loop /opt/stack/data/venv/lib/python3.12/site-packages/oslo_service/backend/_threading/loopingcall.py:125}}
Jul 07 15:41:45.084285 np0000004733 nova-scheduler[93216]: DEBUG oslo.service.backend._threading.loopingcall [None req-10833391-ecf3-49ca-8680-9b584976ecec None None] Dynamic interval looping call 'nova.service.Service.periodic_tasks' sleeping for 60.00 seconds {{(pid=93216) _run_loop /opt/stack/data/venv/lib/python3.12/site-packages/oslo_service/backend/_threading/loopingcall.py:125}}
Jul 07 15:41:47.075163 np0000004733 nova-scheduler[93212]: DEBUG oslo.service.backend._threading.loopingcall [None req-59c4c304-f79b-4064-bc17-41ce348dc0c6 None None] Dynamic interval looping call 'nova.service.Service.periodic_tasks' sleeping for 60.00 seconds {{(pid=93212) _run_loop /opt/stack/data/venv/lib/python3.12/site-packages/oslo_service/backend/_threading/loopingcall.py:125}}
Jul 07 15:41:47.082866 np0000004733 nova-scheduler[93212]: DEBUG oslo.service.backend._threading.loopingcall [-] Fixed interval looping call 'nova.servicegroup.drivers.db.DbDriver._report_state' sleeping for 119.99 seconds {{(pid=93212) _run_loop /opt/stack/data/venv/lib/python3.12/site-packages/oslo_service/backend/_threading/loopingcall.py:125}}
Jul 07 15:41:47.083159 np0000004733 nova-scheduler[93214]: DEBUG oslo.service.backend._threading.loopingcall [-] Fixed interval looping call 'nova.servicegroup.drivers.db.DbDriver._report_state' sleeping for 119.99 seconds {{(pid=93214) _run_loop /opt/stack/data/venv/lib/python3.12/site-packages/oslo_service/backend/_threading/loopingcall.py:125}}
Jul 07 15:41:47.085007 np0000004733 nova-scheduler[93216]: DEBUG oslo.service.backend._threading.loopingcall [-] Fixed interval looping call 'nova.servicegroup.drivers.db.DbDriver._report_state' sleeping for 120.00 seconds {{(pid=93216) _run_loop /opt/stack/data/venv/lib/python3.12/site-packages/oslo_service/backend/_threading/loopingcall.py:125}}
Jul 07 15:41:57.079631 np0000004733 nova-scheduler[93214]: DEBUG dbcounter [-] [93214] Writing DB stats nova_cell0:SELECT=1,nova_cell0:UPDATE=1 {{(pid=93214) stat_writer /opt/stack/data/venv/lib/python3.12/site-packages/dbcounter.py:115}}
Jul 07 15:41:57.080107 np0000004733 nova-scheduler[93212]: DEBUG dbcounter [-] [93212] Writing DB stats nova_cell0:SELECT=1,nova_cell0:UPDATE=1 {{(pid=93212) stat_writer /opt/stack/data/venv/lib/python3.12/site-packages/dbcounter.py:115}}
Jul 07 15:41:57.083422 np0000004733 nova-scheduler[93216]: DEBUG dbcounter [-] [93216] Writing DB stats nova_cell0:SELECT=1 {{(pid=93216) stat_writer /opt/stack/data/venv/lib/python3.12/site-packages/dbcounter.py:115}}
Jul 07 15:42:12.566942 np0000004733 nova-scheduler[93212]: DEBUG nova.scheduler.manager [None req-321bb94d-5083-43a6-b656-ee794d091ed0 tempest-ImageDependencyTests-1323881539 tempest-ImageDependencyTests-1323881539-project-member] Starting to schedule for instances: ['ec776090-283a-4036-a79a-6dc36c61c7b1'] {{(pid=93212) select_destinations /opt/stack/nova/nova/scheduler/manager.py:209}}
Jul 07 15:42:12.567472 np0000004733 nova-scheduler[93212]: DEBUG nova.scheduler.request_filter [None req-321bb94d-5083-43a6-b656-ee794d091ed0 tempest-ImageDependencyTests-1323881539 tempest-ImageDependencyTests-1323881539-project-member] compute_status_filter request filter added forbidden trait COMPUTE_STATUS_DISABLED {{(pid=93212) compute_status_filter /opt/stack/nova/nova/scheduler/request_filter.py:253}}
Jul 07 15:42:12.567609 np0000004733 nova-scheduler[93212]: DEBUG nova.scheduler.request_filter [None req-321bb94d-5083-43a6-b656-ee794d091ed0 tempest-ImageDependencyTests-1323881539 tempest-ImageDependencyTests-1323881539-project-member] Request filter 'compute_status_filter' took 0.0 seconds {{(pid=93212) wrapper /opt/stack/nova/nova/scheduler/request_filter.py:46}}
Jul 07 15:42:12.567895 np0000004733 nova-scheduler[93212]: DEBUG nova.scheduler.request_filter [None req-321bb94d-5083-43a6-b656-ee794d091ed0 tempest-ImageDependencyTests-1323881539 tempest-ImageDependencyTests-1323881539-project-member] Request filter 'accelerators_filter' took 0.0 seconds {{(pid=93212) wrapper /opt/stack/nova/nova/scheduler/request_filter.py:46}}
Jul 07 15:42:12.568156 np0000004733 nova-scheduler[93212]: DEBUG nova.scheduler.request_filter [None req-321bb94d-5083-43a6-b656-ee794d091ed0 tempest-ImageDependencyTests-1323881539 tempest-ImageDependencyTests-1323881539-project-member] Request filter 'packed_virtqueue_filter' took 0.0 seconds {{(pid=93212) wrapper /opt/stack/nova/nova/scheduler/request_filter.py:46}}
Jul 07 15:42:12.568414 np0000004733 nova-scheduler[93212]: DEBUG nova.scheduler.request_filter [None req-321bb94d-5083-43a6-b656-ee794d091ed0 tempest-ImageDependencyTests-1323881539 tempest-ImageDependencyTests-1323881539-project-member] Request filter 'remote_managed_ports_filter' took 0.0 seconds {{(pid=93212) wrapper /opt/stack/nova/nova/scheduler/request_filter.py:46}}
Jul 07 15:42:12.568642 np0000004733 nova-scheduler[93212]: DEBUG nova.scheduler.request_filter [None req-321bb94d-5083-43a6-b656-ee794d091ed0 tempest-ImageDependencyTests-1323881539 tempest-ImageDependencyTests-1323881539-project-member] ephemeral_encryption_filter skipped {{(pid=93212) ephemeral_encryption_filter /opt/stack/nova/nova/scheduler/request_filter.py:426}}
Jul 07 15:42:12.569275 np0000004733 nova-scheduler[93212]: DEBUG nova.scheduler.request_filter [None req-321bb94d-5083-43a6-b656-ee794d091ed0 tempest-ImageDependencyTests-1323881539 tempest-ImageDependencyTests-1323881539-project-member] virtio_sound_filter skipped {{(pid=93212) virtio_sound_filter /opt/stack/nova/nova/scheduler/request_filter.py:460}}
Jul 07 15:42:12.569570 np0000004733 nova-scheduler[93212]: DEBUG nova.scheduler.request_filter [None req-321bb94d-5083-43a6-b656-ee794d091ed0 tempest-ImageDependencyTests-1323881539 tempest-ImageDependencyTests-1323881539-project-member] tpm_secret_security_filter skipped {{(pid=93212) tpm_secret_security_filter /opt/stack/nova/nova/scheduler/request_filter.py:477}}
Jul 07 15:42:13.307585 np0000004733 nova-scheduler[93212]: INFO nova.utils [None req-321bb94d-5083-43a6-b656-ee794d091ed0 tempest-ImageDependencyTests-1323881539 tempest-ImageDependencyTests-1323881539-project-member] The cell worker thread pool ForkProcess-1.cell_worker is initialized
Jul 07 15:42:13.308008 np0000004733 nova-scheduler[93212]: DEBUG oslo_concurrency.lockutils [None req-321bb94d-5083-43a6-b656-ee794d091ed0 tempest-ImageDependencyTests-1323881539 tempest-ImageDependencyTests-1323881539-project-member] Acquiring lock "dd693189-e130-4bab-94ae-1957e2260d1c" by "nova.context.set_target_cell..get_or_set_cached_cell_and_set_connections" {{(pid=93212) inner /opt/stack/data/venv/lib/python3.12/site-packages/oslo_concurrency/lockutils.py:511}}
Jul 07 15:42:13.308244 np0000004733 nova-scheduler[93212]: DEBUG oslo_concurrency.lockutils [None req-321bb94d-5083-43a6-b656-ee794d091ed0 tempest-ImageDependencyTests-1323881539 tempest-ImageDependencyTests-1323881539-project-member] Lock "dd693189-e130-4bab-94ae-1957e2260d1c" acquired by "nova.context.set_target_cell..get_or_set_cached_cell_and_set_connections" :: waited 0.000s {{(pid=93212) inner /opt/stack/data/venv/lib/python3.12/site-packages/oslo_concurrency/lockutils.py:524}}
Jul 07 15:42:13.309699 np0000004733 nova-scheduler[93212]: DEBUG oslo_concurrency.lockutils [None req-321bb94d-5083-43a6-b656-ee794d091ed0 tempest-ImageDependencyTests-1323881539 tempest-ImageDependencyTests-1323881539-project-member] Lock "dd693189-e130-4bab-94ae-1957e2260d1c" "released" by "nova.context.set_target_cell..get_or_set_cached_cell_and_set_connections" :: held 0.001s {{(pid=93212) inner /opt/stack/data/venv/lib/python3.12/site-packages/oslo_concurrency/lockutils.py:543}}
Jul 07 15:42:13.313185 np0000004733 nova-scheduler[93212]: INFO dbcounter [None req-321bb94d-5083-43a6-b656-ee794d091ed0 tempest-ImageDependencyTests-1323881539 tempest-ImageDependencyTests-1323881539-project-member] Registered counter for database nova_cell1
Jul 07 15:42:13.350213 np0000004733 nova-scheduler[93212]: DEBUG oslo_db.sqlalchemy.engines [None req-321bb94d-5083-43a6-b656-ee794d091ed0 tempest-ImageDependencyTests-1323881539 tempest-ImageDependencyTests-1323881539-project-member] MySQL server mode set to STRICT_TRANS_TABLES,STRICT_ALL_TABLES,NO_ZERO_IN_DATE,NO_ZERO_DATE,ERROR_FOR_DIVISION_BY_ZERO,TRADITIONAL,NO_ENGINE_SUBSTITUTION {{(pid=93212) _check_effective_sql_mode /opt/stack/data/venv/lib/python3.12/site-packages/oslo_db/sqlalchemy/engines.py:325}}
Jul 07 15:42:13.356152 np0000004733 nova-scheduler[93212]: DEBUG dbcounter [-] [93212] Writer thread running {{(pid=93212) stat_writer /opt/stack/data/venv/lib/python3.12/site-packages/dbcounter.py:102}}
Jul 07 15:42:13.373166 np0000004733 nova-scheduler[93212]: DEBUG oslo_db.sqlalchemy.engines [None req-321bb94d-5083-43a6-b656-ee794d091ed0 tempest-ImageDependencyTests-1323881539 tempest-ImageDependencyTests-1323881539-project-member] Parent process 92009 forked (93212) with an open database connection, which is being discarded and recreated. {{(pid=93212) checkout /opt/stack/data/venv/lib/python3.12/site-packages/oslo_db/sqlalchemy/engines.py:402}}
Jul 07 15:42:13.431180 np0000004733 nova-scheduler[93212]: DEBUG dbcounter [-] [93212] Writer thread running {{(pid=93212) stat_writer /opt/stack/data/venv/lib/python3.12/site-packages/dbcounter.py:102}}
Jul 07 15:42:13.438224 np0000004733 nova-scheduler[93212]: DEBUG oslo_concurrency.lockutils [None req-321bb94d-5083-43a6-b656-ee794d091ed0 tempest-ImageDependencyTests-1323881539 tempest-ImageDependencyTests-1323881539-project-member] Acquiring lock "dd693189-e130-4bab-94ae-1957e2260d1c" by "nova.context.set_target_cell..get_or_set_cached_cell_and_set_connections" {{(pid=93212) inner /opt/stack/data/venv/lib/python3.12/site-packages/oslo_concurrency/lockutils.py:511}}
Jul 07 15:42:13.438544 np0000004733 nova-scheduler[93212]: DEBUG oslo_concurrency.lockutils [None req-321bb94d-5083-43a6-b656-ee794d091ed0 tempest-ImageDependencyTests-1323881539 tempest-ImageDependencyTests-1323881539-project-member] Lock "dd693189-e130-4bab-94ae-1957e2260d1c" acquired by "nova.context.set_target_cell..get_or_set_cached_cell_and_set_connections" :: waited 0.001s {{(pid=93212) inner /opt/stack/data/venv/lib/python3.12/site-packages/oslo_concurrency/lockutils.py:524}}
Jul 07 15:42:13.438614 np0000004733 nova-scheduler[93212]: DEBUG oslo_concurrency.lockutils [None req-321bb94d-5083-43a6-b656-ee794d091ed0 tempest-ImageDependencyTests-1323881539 tempest-ImageDependencyTests-1323881539-project-member] Lock "dd693189-e130-4bab-94ae-1957e2260d1c" "released" by "nova.context.set_target_cell..get_or_set_cached_cell_and_set_connections" :: held 0.000s {{(pid=93212) inner /opt/stack/data/venv/lib/python3.12/site-packages/oslo_concurrency/lockutils.py:543}}
Jul 07 15:42:13.445137 np0000004733 nova-scheduler[93212]: DEBUG oslo_concurrency.lockutils [None req-321bb94d-5083-43a6-b656-ee794d091ed0 tempest-ImageDependencyTests-1323881539 tempest-ImageDependencyTests-1323881539-project-member] Acquiring lock "np0000004733-np0000004733" by "nova.scheduler.host_manager.HostState.update.._locked_update" {{(pid=93212) inner /opt/stack/data/venv/lib/python3.12/site-packages/oslo_concurrency/lockutils.py:511}}
Jul 07 15:42:13.445137 np0000004733 nova-scheduler[93212]: DEBUG oslo_concurrency.lockutils [None req-321bb94d-5083-43a6-b656-ee794d091ed0 tempest-ImageDependencyTests-1323881539 tempest-ImageDependencyTests-1323881539-project-member] Lock "np0000004733-np0000004733" acquired by "nova.scheduler.host_manager.HostState.update.._locked_update" :: waited 0.000s {{(pid=93212) inner /opt/stack/data/venv/lib/python3.12/site-packages/oslo_concurrency/lockutils.py:524}}
Jul 07 15:42:13.446529 np0000004733 nova-scheduler[93212]: DEBUG nova.scheduler.host_manager [None req-321bb94d-5083-43a6-b656-ee794d091ed0 tempest-ImageDependencyTests-1323881539 tempest-ImageDependencyTests-1323881539-project-member] Update host state from compute node: ComputeNode(cpu_allocation_ratio=4.0,cpu_info='{"arch": "x86_64", "model": "EPYC-Milan", "vendor": "AMD", "topology": {"cells": 1, "sockets": 16, "cores": 1, "threads": 1}, "maxphysaddr": {"mode": "emulate", "bits": 40}, "features": ["tsc-scale", "cmov", "cr8legacy", "sse4a", "rdctl-no", "mca", "mmxext", "hypervisor", "xsaveerptr", "cx16", "gds-no", "sep", "topoext", "fsgsbase", "pni", "bmi1", "sse2", "xsavec", "clzero", "xsaves", "clflushopt", "sse", "pause-filter", "bmi2", "rdpid", "erms", "fsrm", "mmx", "pschange-mc-no", "vmcb-clean", "lfence-always-serializing", "pge", "stibp-always-on", "vaes", "fxsr_opt", "sse4.1", "pclmuldq", "rdtscp", "sha-ni", "fma", "no-nested-data-bp", "nrip-save", "vpclmulqdq", "mtrr", "lm", "cx8", "pdpe1gb", "perfctr_core", "smap", "smep", "xsave", "lahf_lm", "umip", "npt", "fxsr", "nx", "pae", "amd-ssbd", "ibrs", "osvw", "stibp", "avx2", "avx", "mds-no", "rdseed", "vme", "clflush", "fpu", "movbe", "mce", "x2apic", "f16c", "de", "pfthreshold", "adx", "apic", "ssbd", "wbnoinvd", "popcnt", "flushbyasid", "null-sel-clr-base", "misalignsse", "amd-psfd", "arat", "aes", "sse4.2", "ssse3", "amd-stibp", "xgetbv1", "skip-l1dfl-vmentry", "syscall", "vgif", "pse36", "pku", "v-vmsave-vmload", "pcid", "arch-capabilities", "tsc_adjust", "pat", "3dnowprefetch", "lbrv", "spec-ctrl", "virt-ssbd", "msr", "rdrand", "tsc-deadline", "cmp_legacy", "clwb", "pse", "ibpb", "svme-addr-chk", "xsaveopt", "tsc", "abm", "svm", "invpcid"]}',created_at=2026-07-07T15:40:09Z,current_workload=0,deleted=False,deleted_at=None,disk_allocation_ratio=1.0,disk_available_least=73,free_disk_gb=95,free_ram_mb=62765,host='np0000004733',host_ip=10.4.3.27,hypervisor_hostname='np0000004733',hypervisor_type='QEMU',hypervisor_version=8002002,id=1,local_gb=95,local_gb_used=0,mapped=1,memory_mb=63277,memory_mb_used=512,metrics='[]',numa_topology='{"nova_object.name": "NUMATopology", "nova_object.namespace": "nova", "nova_object.version": "1.2", "nova_object.data": {"cells": [{"nova_object.name": "NUMACell", "nova_object.namespace": "nova", "nova_object.version": "1.5", "nova_object.data": {"id": 0, "cpuset": [0, 1, 2, 3, 4, 5, 6, 7, 8, 9, 10, 11, 12, 13, 14, 15], "pcpuset": [0, 1, 2, 3, 4, 5, 6, 7, 8, 9, 10, 11, 12, 13, 14, 15], "memory": 63277, "cpu_usage": 0, "memory_usage": 0, "pinned_cpus": [], "siblings": [[6], [12], [2], [15], [5], [11], [8], [14], [4], [1], [7], [10], [0], [13], [3], [9]], "mempages": [{"nova_object.name": "NUMAPagesTopology", "nova_object.namespace": "nova", "nova_object.version": "1.1", "nova_object.data": {"size_kb": 4, "total": 16177930, "used": 0, "reserved": 0}, "nova_object.changes": ["size_kb", "used", "reserved", "total"]}, {"nova_object.name": "NUMAPagesTopology", "nova_object.namespace": "nova", "nova_object.version": "1.1", "nova_object.data": {"size_kb": 2048, "total": 41, "used": 0, "reserved": 0}, "nova_object.changes": ["size_kb", "used", "reserved", "total"]}, {"nova_object.name": "NUMAPagesTopology", "nova_object.namespace": "nova", "nova_object.version": "1.1", "nova_object.data": {"size_kb": 1048576, "total": 0, "used": 0, "reserved": 0}, "nova_object.changes": ["size_kb", "used", "reserved", "total"]}], "network_metadata": {"nova_object.name": "NetworkMetadata", "nova_object.namespace": "nova", "nova_object.version": "1.0", "nova_object.data": {"physnets": [], "tunneled": false}, "nova_object.changes": ["tunneled", "physnets"]}, "socket": null}, "nova_object.changes": ["pinned_cpus", "id", "mempages", "socket", "pcpuset", "siblings", "memory", "cpuset", "memory_usage", "cpu_usage", "network_metadata"]}]}, "nova_object.changes": ["cells"]}',pci_device_pools=PciDevicePoolList,ram_allocation_ratio=1.0,running_vms=0,service_id=2,stats={failed_builds='0',uptime=' 15:41:53 up 14 min, 2 users, load average: 1.64, 1.46, 0.83
Jul 07 15:42:13.446529 np0000004733 nova-scheduler[93212]: '},supported_hv_specs=[HVSpec,HVSpec,HVSpec,HVSpec,HVSpec,HVSpec,HVSpec,HVSpec,HVSpec,HVSpec,HVSpec,HVSpec,HVSpec,HVSpec,HVSpec,HVSpec,HVSpec,HVSpec,HVSpec,HVSpec,HVSpec,HVSpec,HVSpec,HVSpec,HVSpec],updated_at=2026-07-07T15:41:55Z,uuid=74a64e8c-e716-4d5c-b2e9-08dfbb79bb78,vcpus=16,vcpus_used=0) {{(pid=93212) _locked_update /opt/stack/nova/nova/scheduler/host_manager.py:168}}
Jul 07 15:42:13.447501 np0000004733 nova-scheduler[93212]: DEBUG nova.scheduler.host_manager [None req-321bb94d-5083-43a6-b656-ee794d091ed0 tempest-ImageDependencyTests-1323881539 tempest-ImageDependencyTests-1323881539-project-member] Update host state with aggregates: [] {{(pid=93212) _locked_update /opt/stack/nova/nova/scheduler/host_manager.py:171}}
Jul 07 15:42:13.447747 np0000004733 nova-scheduler[93212]: DEBUG nova.scheduler.host_manager [None req-321bb94d-5083-43a6-b656-ee794d091ed0 tempest-ImageDependencyTests-1323881539 tempest-ImageDependencyTests-1323881539-project-member] Update host state with service dict: {'id': 2, 'uuid': '05fb3d28-651a-420e-8cd7-892fb9994798', 'host': 'np0000004733', 'binary': 'nova-compute', 'topic': 'compute', 'report_count': 1, 'disabled': False, 'disabled_reason': None, 'last_seen_up': datetime.datetime(2026, 7, 7, 15, 40, 18, tzinfo=datetime.timezone.utc), 'forced_down': False, 'version': 72, 'created_at': datetime.datetime(2026, 7, 7, 15, 40, 8, tzinfo=datetime.timezone.utc), 'updated_at': datetime.datetime(2026, 7, 7, 15, 40, 18, tzinfo=datetime.timezone.utc), 'deleted_at': None, 'deleted': False} {{(pid=93212) _locked_update /opt/stack/nova/nova/scheduler/host_manager.py:174}}
Jul 07 15:42:13.447747 np0000004733 nova-scheduler[93212]: DEBUG nova.scheduler.host_manager [None req-321bb94d-5083-43a6-b656-ee794d091ed0 tempest-ImageDependencyTests-1323881539 tempest-ImageDependencyTests-1323881539-project-member] Update host state with instances: [] {{(pid=93212) _locked_update /opt/stack/nova/nova/scheduler/host_manager.py:177}}
Jul 07 15:42:13.448462 np0000004733 nova-scheduler[93212]: DEBUG oslo_concurrency.lockutils [None req-321bb94d-5083-43a6-b656-ee794d091ed0 tempest-ImageDependencyTests-1323881539 tempest-ImageDependencyTests-1323881539-project-member] Lock "np0000004733-np0000004733" "released" by "nova.scheduler.host_manager.HostState.update.._locked_update" :: held 0.003s {{(pid=93212) inner /opt/stack/data/venv/lib/python3.12/site-packages/oslo_concurrency/lockutils.py:543}}
Jul 07 15:42:13.449934 np0000004733 nova-scheduler[93212]: DEBUG nova.filters [None req-321bb94d-5083-43a6-b656-ee794d091ed0 tempest-ImageDependencyTests-1323881539 tempest-ImageDependencyTests-1323881539-project-member] Starting with 1 host(s) {{(pid=93212) get_filtered_objects /opt/stack/nova/nova/filters.py:70}}
Jul 07 15:42:13.450251 np0000004733 nova-scheduler[93212]: DEBUG nova.filters [None req-321bb94d-5083-43a6-b656-ee794d091ed0 tempest-ImageDependencyTests-1323881539 tempest-ImageDependencyTests-1323881539-project-member] Filter ComputeFilter returned 1 host(s) {{(pid=93212) get_filtered_objects /opt/stack/nova/nova/filters.py:102}}
Jul 07 15:42:13.450503 np0000004733 nova-scheduler[93212]: DEBUG nova.filters [None req-321bb94d-5083-43a6-b656-ee794d091ed0 tempest-ImageDependencyTests-1323881539 tempest-ImageDependencyTests-1323881539-project-member] Filter ComputeCapabilitiesFilter returned 1 host(s) {{(pid=93212) get_filtered_objects /opt/stack/nova/nova/filters.py:102}}
Jul 07 15:42:13.450741 np0000004733 nova-scheduler[93212]: DEBUG nova.filters [None req-321bb94d-5083-43a6-b656-ee794d091ed0 tempest-ImageDependencyTests-1323881539 tempest-ImageDependencyTests-1323881539-project-member] Filter ImagePropertiesFilter returned 1 host(s) {{(pid=93212) get_filtered_objects /opt/stack/nova/nova/filters.py:102}}
Jul 07 15:42:13.450846 np0000004733 nova-scheduler[93212]: DEBUG nova.filters [None req-321bb94d-5083-43a6-b656-ee794d091ed0 tempest-ImageDependencyTests-1323881539 tempest-ImageDependencyTests-1323881539-project-member] Filter ServerGroupAntiAffinityFilter returned 1 host(s) {{(pid=93212) get_filtered_objects /opt/stack/nova/nova/filters.py:102}}
Jul 07 15:42:13.451094 np0000004733 nova-scheduler[93212]: DEBUG nova.filters [None req-321bb94d-5083-43a6-b656-ee794d091ed0 tempest-ImageDependencyTests-1323881539 tempest-ImageDependencyTests-1323881539-project-member] Filter ServerGroupAffinityFilter returned 1 host(s) {{(pid=93212) get_filtered_objects /opt/stack/nova/nova/filters.py:102}}
Jul 07 15:42:13.451094 np0000004733 nova-scheduler[93212]: DEBUG nova.filters [None req-321bb94d-5083-43a6-b656-ee794d091ed0 tempest-ImageDependencyTests-1323881539 tempest-ImageDependencyTests-1323881539-project-member] Filter SameHostFilter returned 1 host(s) {{(pid=93212) get_filtered_objects /opt/stack/nova/nova/filters.py:102}}
Jul 07 15:42:13.451209 np0000004733 nova-scheduler[93212]: DEBUG nova.filters [None req-321bb94d-5083-43a6-b656-ee794d091ed0 tempest-ImageDependencyTests-1323881539 tempest-ImageDependencyTests-1323881539-project-member] Filter DifferentHostFilter returned 1 host(s) {{(pid=93212) get_filtered_objects /opt/stack/nova/nova/filters.py:102}}
Jul 07 15:42:13.451278 np0000004733 nova-scheduler[93212]: DEBUG nova.scheduler.manager [None req-321bb94d-5083-43a6-b656-ee794d091ed0 tempest-ImageDependencyTests-1323881539 tempest-ImageDependencyTests-1323881539-project-member] Filtered [(np0000004733, np0000004733) ram: 62765MB disk: 74752MB io_ops: 0 instances: 0, allocation_candidates: 1] {{(pid=93212) _get_sorted_hosts /opt/stack/nova/nova/scheduler/manager.py:742}}
Jul 07 15:42:13.451556 np0000004733 nova-scheduler[93212]: DEBUG nova.scheduler.manager [None req-321bb94d-5083-43a6-b656-ee794d091ed0 tempest-ImageDependencyTests-1323881539 tempest-ImageDependencyTests-1323881539-project-member] Weighed [WeighedHost [host: (np0000004733, np0000004733) ram: 62765MB disk: 74752MB io_ops: 0 instances: 0, allocation_candidates: 1, weight: 0.0]] {{(pid=93212) _get_sorted_hosts /opt/stack/nova/nova/scheduler/manager.py:764}}
Jul 07 15:42:13.451944 np0000004733 nova-scheduler[93212]: DEBUG nova.scheduler.utils [None req-321bb94d-5083-43a6-b656-ee794d091ed0 tempest-ImageDependencyTests-1323881539 tempest-ImageDependencyTests-1323881539-project-member] Attempting to claim resources in the placement API for instance ec776090-283a-4036-a79a-6dc36c61c7b1 {{(pid=93212) claim_resources /opt/stack/nova/nova/scheduler/utils.py:1345}}
Jul 07 15:42:13.627043 np0000004733 nova-scheduler[93212]: DEBUG nova.scheduler.manager [None req-321bb94d-5083-43a6-b656-ee794d091ed0 tempest-ImageDependencyTests-1323881539 tempest-ImageDependencyTests-1323881539-project-member] [instance: ec776090-283a-4036-a79a-6dc36c61c7b1] Selected host: (np0000004733, np0000004733) ram: 62765MB disk: 74752MB io_ops: 0 instances: 0, allocation_candidates: 1 {{(pid=93212) _consume_selected_host /opt/stack/nova/nova/scheduler/manager.py:624}}
Jul 07 15:42:13.627591 np0000004733 nova-scheduler[93212]: DEBUG oslo_concurrency.lockutils [None req-321bb94d-5083-43a6-b656-ee794d091ed0 tempest-ImageDependencyTests-1323881539 tempest-ImageDependencyTests-1323881539-project-member] Acquiring lock "np0000004733-np0000004733" by "nova.scheduler.host_manager.HostState.consume_from_request.._locked" {{(pid=93212) inner /opt/stack/data/venv/lib/python3.12/site-packages/oslo_concurrency/lockutils.py:511}}
Jul 07 15:42:13.627591 np0000004733 nova-scheduler[93212]: DEBUG oslo_concurrency.lockutils [None req-321bb94d-5083-43a6-b656-ee794d091ed0 tempest-ImageDependencyTests-1323881539 tempest-ImageDependencyTests-1323881539-project-member] Lock "np0000004733-np0000004733" acquired by "nova.scheduler.host_manager.HostState.consume_from_request.._locked" :: waited 0.000s {{(pid=93212) inner /opt/stack/data/venv/lib/python3.12/site-packages/oslo_concurrency/lockutils.py:524}}
Jul 07 15:42:13.627844 np0000004733 nova-scheduler[93212]: DEBUG oslo_concurrency.lockutils [None req-321bb94d-5083-43a6-b656-ee794d091ed0 tempest-ImageDependencyTests-1323881539 tempest-ImageDependencyTests-1323881539-project-member] Lock "np0000004733-np0000004733" "released" by "nova.scheduler.host_manager.HostState.consume_from_request.._locked" :: held 0.000s {{(pid=93212) inner /opt/stack/data/venv/lib/python3.12/site-packages/oslo_concurrency/lockutils.py:543}}
Jul 07 15:42:14.194951 np0000004733 nova-scheduler[93214]: DEBUG nova.scheduler.manager [None req-80408276-15fe-49d6-b682-64c548cf0dfc tempest-ServerStableDeviceRescueTest-1629786093 tempest-ServerStableDeviceRescueTest-1629786093-project-member] Starting to schedule for instances: ['4be801ad-3dc7-4fe8-8391-46ba769cf618'] {{(pid=93214) select_destinations /opt/stack/nova/nova/scheduler/manager.py:209}}
Jul 07 15:42:14.195807 np0000004733 nova-scheduler[93214]: DEBUG nova.scheduler.request_filter [None req-80408276-15fe-49d6-b682-64c548cf0dfc tempest-ServerStableDeviceRescueTest-1629786093 tempest-ServerStableDeviceRescueTest-1629786093-project-member] compute_status_filter request filter added forbidden trait COMPUTE_STATUS_DISABLED {{(pid=93214) compute_status_filter /opt/stack/nova/nova/scheduler/request_filter.py:253}}
Jul 07 15:42:14.196124 np0000004733 nova-scheduler[93214]: DEBUG nova.scheduler.request_filter [None req-80408276-15fe-49d6-b682-64c548cf0dfc tempest-ServerStableDeviceRescueTest-1629786093 tempest-ServerStableDeviceRescueTest-1629786093-project-member] Request filter 'compute_status_filter' took 0.0 seconds {{(pid=93214) wrapper /opt/stack/nova/nova/scheduler/request_filter.py:46}}
Jul 07 15:42:14.196452 np0000004733 nova-scheduler[93214]: DEBUG nova.scheduler.request_filter [None req-80408276-15fe-49d6-b682-64c548cf0dfc tempest-ServerStableDeviceRescueTest-1629786093 tempest-ServerStableDeviceRescueTest-1629786093-project-member] Request filter 'accelerators_filter' took 0.0 seconds {{(pid=93214) wrapper /opt/stack/nova/nova/scheduler/request_filter.py:46}}
Jul 07 15:42:14.196685 np0000004733 nova-scheduler[93214]: DEBUG nova.scheduler.request_filter [None req-80408276-15fe-49d6-b682-64c548cf0dfc tempest-ServerStableDeviceRescueTest-1629786093 tempest-ServerStableDeviceRescueTest-1629786093-project-member] Request filter 'packed_virtqueue_filter' took 0.0 seconds {{(pid=93214) wrapper /opt/stack/nova/nova/scheduler/request_filter.py:46}}
Jul 07 15:42:14.197001 np0000004733 nova-scheduler[93214]: DEBUG nova.scheduler.request_filter [None req-80408276-15fe-49d6-b682-64c548cf0dfc tempest-ServerStableDeviceRescueTest-1629786093 tempest-ServerStableDeviceRescueTest-1629786093-project-member] Request filter 'remote_managed_ports_filter' took 0.0 seconds {{(pid=93214) wrapper /opt/stack/nova/nova/scheduler/request_filter.py:46}}
Jul 07 15:42:14.197512 np0000004733 nova-scheduler[93214]: DEBUG nova.scheduler.request_filter [None req-80408276-15fe-49d6-b682-64c548cf0dfc tempest-ServerStableDeviceRescueTest-1629786093 tempest-ServerStableDeviceRescueTest-1629786093-project-member] ephemeral_encryption_filter skipped {{(pid=93214) ephemeral_encryption_filter /opt/stack/nova/nova/scheduler/request_filter.py:426}}
Jul 07 15:42:14.197958 np0000004733 nova-scheduler[93214]: DEBUG nova.scheduler.request_filter [None req-80408276-15fe-49d6-b682-64c548cf0dfc tempest-ServerStableDeviceRescueTest-1629786093 tempest-ServerStableDeviceRescueTest-1629786093-project-member] virtio_sound_filter skipped {{(pid=93214) virtio_sound_filter /opt/stack/nova/nova/scheduler/request_filter.py:460}}
Jul 07 15:42:14.198292 np0000004733 nova-scheduler[93214]: DEBUG nova.scheduler.request_filter [None req-80408276-15fe-49d6-b682-64c548cf0dfc tempest-ServerStableDeviceRescueTest-1629786093 tempest-ServerStableDeviceRescueTest-1629786093-project-member] tpm_secret_security_filter skipped {{(pid=93214) tpm_secret_security_filter /opt/stack/nova/nova/scheduler/request_filter.py:477}}
Jul 07 15:42:14.316855 np0000004733 nova-scheduler[93214]: INFO nova.utils [None req-80408276-15fe-49d6-b682-64c548cf0dfc tempest-ServerStableDeviceRescueTest-1629786093 tempest-ServerStableDeviceRescueTest-1629786093-project-member] The cell worker thread pool ForkProcess-2.cell_worker is initialized
Jul 07 15:42:14.317523 np0000004733 nova-scheduler[93214]: DEBUG oslo_concurrency.lockutils [None req-80408276-15fe-49d6-b682-64c548cf0dfc tempest-ServerStableDeviceRescueTest-1629786093 tempest-ServerStableDeviceRescueTest-1629786093-project-member] Acquiring lock "dd693189-e130-4bab-94ae-1957e2260d1c" by "nova.context.set_target_cell..get_or_set_cached_cell_and_set_connections" {{(pid=93214) inner /opt/stack/data/venv/lib/python3.12/site-packages/oslo_concurrency/lockutils.py:511}}
Jul 07 15:42:14.318094 np0000004733 nova-scheduler[93214]: DEBUG oslo_concurrency.lockutils [None req-80408276-15fe-49d6-b682-64c548cf0dfc tempest-ServerStableDeviceRescueTest-1629786093 tempest-ServerStableDeviceRescueTest-1629786093-project-member] Lock "dd693189-e130-4bab-94ae-1957e2260d1c" acquired by "nova.context.set_target_cell..get_or_set_cached_cell_and_set_connections" :: waited 0.001s {{(pid=93214) inner /opt/stack/data/venv/lib/python3.12/site-packages/oslo_concurrency/lockutils.py:524}}
Jul 07 15:42:14.319459 np0000004733 nova-scheduler[93214]: DEBUG oslo_concurrency.lockutils [None req-80408276-15fe-49d6-b682-64c548cf0dfc tempest-ServerStableDeviceRescueTest-1629786093 tempest-ServerStableDeviceRescueTest-1629786093-project-member] Lock "dd693189-e130-4bab-94ae-1957e2260d1c" "released" by "nova.context.set_target_cell..get_or_set_cached_cell_and_set_connections" :: held 0.002s {{(pid=93214) inner /opt/stack/data/venv/lib/python3.12/site-packages/oslo_concurrency/lockutils.py:543}}
Jul 07 15:42:14.323593 np0000004733 nova-scheduler[93214]: INFO dbcounter [None req-80408276-15fe-49d6-b682-64c548cf0dfc tempest-ServerStableDeviceRescueTest-1629786093 tempest-ServerStableDeviceRescueTest-1629786093-project-member] Registered counter for database nova_cell1
Jul 07 15:42:14.373308 np0000004733 nova-scheduler[93214]: DEBUG oslo_db.sqlalchemy.engines [None req-80408276-15fe-49d6-b682-64c548cf0dfc tempest-ServerStableDeviceRescueTest-1629786093 tempest-ServerStableDeviceRescueTest-1629786093-project-member] MySQL server mode set to STRICT_TRANS_TABLES,STRICT_ALL_TABLES,NO_ZERO_IN_DATE,NO_ZERO_DATE,ERROR_FOR_DIVISION_BY_ZERO,TRADITIONAL,NO_ENGINE_SUBSTITUTION {{(pid=93214) _check_effective_sql_mode /opt/stack/data/venv/lib/python3.12/site-packages/oslo_db/sqlalchemy/engines.py:325}}
Jul 07 15:42:14.379008 np0000004733 nova-scheduler[93214]: DEBUG dbcounter [-] [93214] Writer thread running {{(pid=93214) stat_writer /opt/stack/data/venv/lib/python3.12/site-packages/dbcounter.py:102}}
Jul 07 15:42:14.444186 np0000004733 nova-scheduler[93214]: DEBUG dbcounter [-] [93214] Writer thread running {{(pid=93214) stat_writer /opt/stack/data/venv/lib/python3.12/site-packages/dbcounter.py:102}}
Jul 07 15:42:14.452593 np0000004733 nova-scheduler[93214]: DEBUG oslo_concurrency.lockutils [None req-80408276-15fe-49d6-b682-64c548cf0dfc tempest-ServerStableDeviceRescueTest-1629786093 tempest-ServerStableDeviceRescueTest-1629786093-project-member] Acquiring lock "dd693189-e130-4bab-94ae-1957e2260d1c" by "nova.context.set_target_cell..get_or_set_cached_cell_and_set_connections" {{(pid=93214) inner /opt/stack/data/venv/lib/python3.12/site-packages/oslo_concurrency/lockutils.py:511}}
Jul 07 15:42:14.452865 np0000004733 nova-scheduler[93214]: DEBUG oslo_concurrency.lockutils [None req-80408276-15fe-49d6-b682-64c548cf0dfc tempest-ServerStableDeviceRescueTest-1629786093 tempest-ServerStableDeviceRescueTest-1629786093-project-member] Lock "dd693189-e130-4bab-94ae-1957e2260d1c" acquired by "nova.context.set_target_cell..get_or_set_cached_cell_and_set_connections" :: waited 0.000s {{(pid=93214) inner /opt/stack/data/venv/lib/python3.12/site-packages/oslo_concurrency/lockutils.py:524}}
