Jul 31 04:29:48.207623 np0000006173 devstack@g-api.service[99769]: WARNING glance.common.wsgi_app [-] Import methods are enabled but staging directory /tmp/staging/ does not exist; Imports will fail!
Jul 31 04:29:48.207652 np0000006173 devstack@g-api.service[99770]: DEBUG glance_store.driver [-] Late loading location class glance_store._drivers.swift.store.StoreLocation {{(pid=99770) get_store_location_class /opt/stack/data/venv/lib/python3.12/site-packages/glance_store/driver.py:134}}
Jul 31 04:29:48.207681 np0000006173 devstack@g-api.service[99770]: DEBUG glance_store.location [-] Registering scheme swift+https with {'store': , 'location_class': , 'store_entry': 'swift'} {{(pid=99770) register_scheme_map /opt/stack/data/venv/lib/python3.12/site-packages/glance_store/location.py:146}}
Jul 31 04:29:48.207728 np0000006173 devstack@g-api.service[99770]: DEBUG glance_store.location [-] Registering scheme swift with {'store': , 'location_class': , 'store_entry': 'swift'} {{(pid=99770) register_scheme_map /opt/stack/data/venv/lib/python3.12/site-packages/glance_store/location.py:146}}
Jul 31 04:29:48.207778 np0000006173 devstack@g-api.service[99770]: DEBUG glance_store.location [-] Registering scheme swift+http with {'store': , 'location_class': , 'store_entry': 'swift'} {{(pid=99770) register_scheme_map /opt/stack/data/venv/lib/python3.12/site-packages/glance_store/location.py:146}}
Jul 31 04:29:48.207826 np0000006173 devstack@g-api.service[99770]: DEBUG glance_store.location [-] Registering scheme swift+config with {'store': , 'location_class': , 'store_entry': 'swift'} {{(pid=99770) register_scheme_map /opt/stack/data/venv/lib/python3.12/site-packages/glance_store/location.py:146}}
Jul 31 04:29:48.207895 np0000006173 devstack@g-api.service[99770]: DEBUG glance_store.backend [-] Attempting to import store file {{(pid=99770) _load_store /opt/stack/data/venv/lib/python3.12/site-packages/glance_store/backend.py:215}}
Jul 31 04:29:48.208463 np0000006173 devstack@g-api.service[99770]: DEBUG glance_store.capabilities [-] Store glance_store._drivers.filesystem.Store doesn't support updating dynamic storage capabilities. Please overwrite 'update_capabilities' method of the store to implement updating logics if needed. {{(pid=99770) update_capabilities /opt/stack/data/venv/lib/python3.12/site-packages/glance_store/capabilities.py:91}}
Jul 31 04:29:48.208518 np0000006173 devstack@g-api.service[99770]: DEBUG glance_store.backend [-] Registering store file with schemes ('file', 'filesystem') {{(pid=99770) create_stores /opt/stack/data/venv/lib/python3.12/site-packages/glance_store/backend.py:261}}
Jul 31 04:29:48.208594 np0000006173 devstack@g-api.service[99770]: DEBUG glance_store.driver [-] Late loading location class glance_store._drivers.filesystem.StoreLocation {{(pid=99770) get_store_location_class /opt/stack/data/venv/lib/python3.12/site-packages/glance_store/driver.py:134}}
Jul 31 04:29:48.208665 np0000006173 devstack@g-api.service[99770]: DEBUG glance_store.location [-] Registering scheme file with {'store': , 'location_class': , 'store_entry': 'file'} {{(pid=99770) register_scheme_map /opt/stack/data/venv/lib/python3.12/site-packages/glance_store/location.py:146}}
Jul 31 04:29:48.208754 np0000006173 devstack@g-api.service[99770]: DEBUG glance_store.location [-] Registering scheme filesystem with {'store': , 'location_class': , 'store_entry': 'file'} {{(pid=99770) register_scheme_map /opt/stack/data/venv/lib/python3.12/site-packages/glance_store/location.py:146}}
Jul 31 04:29:48.208888 np0000006173 devstack@g-api.service[99770]: DEBUG glance_store.backend [-] Attempting to import store swift {{(pid=99770) _load_store /opt/stack/data/venv/lib/python3.12/site-packages/glance_store/backend.py:215}}
Jul 31 04:29:48.209989 np0000006173 devstack@g-api.service[99770]: DEBUG glance_store.capabilities [-] Store glance_store._drivers.swift.store.SingleTenantStore doesn't support updating dynamic storage capabilities. Please overwrite 'update_capabilities' method of the store to implement updating logics if needed. {{(pid=99770) update_capabilities /opt/stack/data/venv/lib/python3.12/site-packages/glance_store/capabilities.py:91}}
Jul 31 04:29:48.210060 np0000006173 devstack@g-api.service[99770]: DEBUG glance_store.driver [-] Late loading location class glance_store._drivers.swift.store.StoreLocation {{(pid=99770) get_store_location_class /opt/stack/data/venv/lib/python3.12/site-packages/glance_store/driver.py:134}}
Jul 31 04:29:48.210129 np0000006173 devstack@g-api.service[99770]: DEBUG glance_store.location [-] Registering scheme swift+https with {'store': , 'location_class': , 'store_entry': 'swift'} {{(pid=99770) register_scheme_map /opt/stack/data/venv/lib/python3.12/site-packages/glance_store/location.py:146}}
Jul 31 04:29:48.210223 np0000006173 devstack@g-api.service[99770]: DEBUG glance_store.location [-] Registering scheme swift+https with {'store': , 'location_class': , 'store_entry': 'swift'} {{(pid=99770) register_scheme_map /opt/stack/data/venv/lib/python3.12/site-packages/glance_store/location.py:146}}
Jul 31 04:29:48.210284 np0000006173 devstack@g-api.service[99770]: DEBUG glance_store.location [-] Registering scheme swift with {'store': , 'location_class': , 'store_entry': 'swift'} {{(pid=99770) register_scheme_map /opt/stack/data/venv/lib/python3.12/site-packages/glance_store/location.py:146}}
Jul 31 04:29:48.210337 np0000006173 devstack@g-api.service[99770]: DEBUG glance_store.location [-] Registering scheme swift+https with {'store': , 'location_class': , 'store_entry': 'swift'} {{(pid=99770) register_scheme_map /opt/stack/data/venv/lib/python3.12/site-packages/glance_store/location.py:146}}
Jul 31 04:29:48.210387 np0000006173 devstack@g-api.service[99770]: DEBUG glance_store.location [-] Registering scheme swift with {'store': , 'location_class': , 'store_entry': 'swift'} {{(pid=99770) register_scheme_map /opt/stack/data/venv/lib/python3.12/site-packages/glance_store/location.py:146}}
Jul 31 04:29:48.210434 np0000006173 devstack@g-api.service[99770]: DEBUG glance_store.location [-] Registering scheme swift+http with {'store': , 'location_class': , 'store_entry': 'swift'} {{(pid=99770) register_scheme_map /opt/stack/data/venv/lib/python3.12/site-packages/glance_store/location.py:146}}
Jul 31 04:29:48.210482 np0000006173 devstack@g-api.service[99770]: DEBUG glance_store.location [-] Registering scheme swift+https with {'store': , 'location_class': , 'store_entry': 'swift'} {{(pid=99770) register_scheme_map /opt/stack/data/venv/lib/python3.12/site-packages/glance_store/location.py:146}}
Jul 31 04:29:48.210529 np0000006173 devstack@g-api.service[99770]: DEBUG glance_store.location [-] Registering scheme swift with {'store': , 'location_class': , 'store_entry': 'swift'} {{(pid=99770) register_scheme_map /opt/stack/data/venv/lib/python3.12/site-packages/glance_store/location.py:146}}
Jul 31 04:29:48.210578 np0000006173 devstack@g-api.service[99770]: DEBUG glance_store.location [-] Registering scheme swift+http with {'store': , 'location_class': , 'store_entry': 'swift'} {{(pid=99770) register_scheme_map /opt/stack/data/venv/lib/python3.12/site-packages/glance_store/location.py:146}}
Jul 31 04:29:48.210625 np0000006173 devstack@g-api.service[99770]: DEBUG glance_store.location [-] Registering scheme swift+config with {'store': , 'location_class': , 'store_entry': 'swift'} {{(pid=99770) register_scheme_map /opt/stack/data/venv/lib/python3.12/site-packages/glance_store/location.py:146}}
Jul 31 04:29:48.210882 np0000006173 devstack@g-api.service[99770]: DEBUG glance.sqlite_migration [-] SQLite caching database not located, skipping migration {{(pid=99770) get_db_path /opt/stack/glance/glance/sqlite_migration.py:68}}
Jul 31 04:29:48.211060 np0000006173 devstack@g-api.service[99770]: WARNING glance.common.wsgi_app [-] Import methods are enabled but staging directory /tmp/staging/ does not exist; Imports will fail!
Jul 31 04:29:48.333945 np0000006173 devstack@g-api.service[99769]: DEBUG glance.common.config [None req-b801f7c1-ee04-4703-83a8-7d8727d49f19 None None] Loading glance-api-keystone+cachemanagement from /etc/glance/glance-api-paste.ini {{(pid=99769) load_paste_app /opt/stack/glance/glance/common/config.py:765}}
Jul 31 04:29:48.347951 np0000006173 devstack@g-api.service[99768]: DEBUG glance.common.config [None req-ef485a67-99ef-4e7a-8f77-b6e14719e99a None None] Loading glance-api-keystone+cachemanagement from /etc/glance/glance-api-paste.ini {{(pid=99768) load_paste_app /opt/stack/glance/glance/common/config.py:765}}
Jul 31 04:29:48.356485 np0000006173 devstack@g-api.service[99770]: DEBUG glance.common.config [None req-a7f75249-cdfa-4aa0-93b5-9ae7e7469b28 None None] Loading glance-api-keystone+cachemanagement from /etc/glance/glance-api-paste.ini {{(pid=99770) load_paste_app /opt/stack/glance/glance/common/config.py:765}}
Jul 31 04:29:48.948221 np0000006173 devstack@g-api.service[99769]: INFO glance.image_cache [None req-b801f7c1-ee04-4703-83a8-7d8727d49f19 None None] Image cache loaded driver 'centralized_db'.
Jul 31 04:29:48.955854 np0000006173 devstack@g-api.service[99768]: INFO glance.image_cache [None req-ef485a67-99ef-4e7a-8f77-b6e14719e99a None None] Image cache loaded driver 'centralized_db'.
Jul 31 04:29:48.957593 np0000006173 devstack@g-api.service[99770]: INFO glance.image_cache [None req-a7f75249-cdfa-4aa0-93b5-9ae7e7469b28 None None] Image cache loaded driver 'centralized_db'.
Jul 31 04:29:49.002022 np0000006173 devstack@g-api.service[99769]: INFO dbcounter [None req-b801f7c1-ee04-4703-83a8-7d8727d49f19 None None] Registered counter for database glance
Jul 31 04:29:49.010518 np0000006173 devstack@g-api.service[99768]: INFO dbcounter [None req-ef485a67-99ef-4e7a-8f77-b6e14719e99a None None] Registered counter for database glance
Jul 31 04:29:49.016809 np0000006173 devstack@g-api.service[99770]: INFO dbcounter [None req-a7f75249-cdfa-4aa0-93b5-9ae7e7469b28 None None] Registered counter for database glance
Jul 31 04:29:49.040506 np0000006173 devstack@g-api.service[99769]: DEBUG oslo_db.sqlalchemy.engines [None req-b801f7c1-ee04-4703-83a8-7d8727d49f19 None None] MySQL server mode set to STRICT_TRANS_TABLES,STRICT_ALL_TABLES,NO_ZERO_IN_DATE,NO_ZERO_DATE,ERROR_FOR_DIVISION_BY_ZERO,TRADITIONAL,NO_ENGINE_SUBSTITUTION {{(pid=99769) _check_effective_sql_mode /opt/stack/data/venv/lib/python3.12/site-packages/oslo_db/sqlalchemy/engines.py:325}}
Jul 31 04:29:49.059281 np0000006173 devstack@g-api.service[99768]: DEBUG oslo_db.sqlalchemy.engines [None req-ef485a67-99ef-4e7a-8f77-b6e14719e99a None None] MySQL server mode set to STRICT_TRANS_TABLES,STRICT_ALL_TABLES,NO_ZERO_IN_DATE,NO_ZERO_DATE,ERROR_FOR_DIVISION_BY_ZERO,TRADITIONAL,NO_ENGINE_SUBSTITUTION {{(pid=99768) _check_effective_sql_mode /opt/stack/data/venv/lib/python3.12/site-packages/oslo_db/sqlalchemy/engines.py:325}}
Jul 31 04:29:49.066195 np0000006173 devstack@g-api.service[99770]: DEBUG oslo_db.sqlalchemy.engines [None req-a7f75249-cdfa-4aa0-93b5-9ae7e7469b28 None None] MySQL server mode set to STRICT_TRANS_TABLES,STRICT_ALL_TABLES,NO_ZERO_IN_DATE,NO_ZERO_DATE,ERROR_FOR_DIVISION_BY_ZERO,TRADITIONAL,NO_ENGINE_SUBSTITUTION {{(pid=99770) _check_effective_sql_mode /opt/stack/data/venv/lib/python3.12/site-packages/oslo_db/sqlalchemy/engines.py:325}}
Jul 31 04:29:49.080315 np0000006173 devstack@g-api.service[99768]: DEBUG dbcounter [-] [99768] Writer thread running {{(pid=99768) stat_writer /opt/stack/data/venv/lib/python3.12/site-packages/dbcounter.py:102}}
Jul 31 04:29:49.152025 np0000006173 devstack@g-api.service[99769]: DEBUG dbcounter [-] [99769] Writer thread running {{(pid=99769) stat_writer /opt/stack/data/venv/lib/python3.12/site-packages/dbcounter.py:102}}
Jul 31 04:29:49.155520 np0000006173 devstack@g-api.service[99769]: DEBUG glance.image_cache.drivers.centralized_db [None req-b801f7c1-ee04-4703-83a8-7d8727d49f19 None None] Node reference is already recorded, ignoring it {{(pid=99769) configure /opt/stack/glance/glance/image_cache/drivers/centralized_db.py:71}}
Jul 31 04:29:49.162464 np0000006173 devstack@g-api.service[99769]: INFO glance.image_cache [None req-b801f7c1-ee04-4703-83a8-7d8727d49f19 None None] Image cache loaded driver 'centralized_db'.
Jul 31 04:29:49.169621 np0000006173 devstack@g-api.service[99769]: DEBUG glance.image_cache.drivers.centralized_db [None req-b801f7c1-ee04-4703-83a8-7d8727d49f19 None None] Node reference is already recorded, ignoring it {{(pid=99769) configure /opt/stack/glance/glance/image_cache/drivers/centralized_db.py:71}}
Jul 31 04:29:49.173981 np0000006173 devstack@g-api.service[99769]: DEBUG glance.api.v2.cached_images [None req-b801f7c1-ee04-4703-83a8-7d8727d49f19 None None] Started cache worker thread {{(pid=99769) __init__ /opt/stack/glance/glance/api/v2/cached_images.py:71}}
Jul 31 04:29:49.174615 np0000006173 devstack@g-api.service[99769]: INFO glance.image_cache [None req-b801f7c1-ee04-4703-83a8-7d8727d49f19 None None] Image cache loaded driver 'centralized_db'.
Jul 31 04:29:49.180069 np0000006173 devstack@g-api.service[99768]: INFO glance.image_cache [None req-ef485a67-99ef-4e7a-8f77-b6e14719e99a None None] Image cache loaded driver 'centralized_db'.
Jul 31 04:29:49.181301 np0000006173 devstack@g-api.service[99769]: DEBUG glance.image_cache.drivers.centralized_db [None req-b801f7c1-ee04-4703-83a8-7d8727d49f19 None None] Node reference is already recorded, ignoring it {{(pid=99769) configure /opt/stack/glance/glance/image_cache/drivers/centralized_db.py:71}}
Jul 31 04:29:49.184076 np0000006173 devstack@g-api.service[99770]: DEBUG dbcounter [-] [99770] Writer thread running {{(pid=99770) stat_writer /opt/stack/data/venv/lib/python3.12/site-packages/dbcounter.py:102}}
Jul 31 04:29:49.186352 np0000006173 devstack@g-api.service[99769]: INFO glance.api.middleware.cache_manage [None req-b801f7c1-ee04-4703-83a8-7d8727d49f19 None None] Initialized image cache management middleware
Jul 31 04:29:49.186487 np0000006173 devstack@g-api.service[99769]: INFO glance.image_cache [None req-b801f7c1-ee04-4703-83a8-7d8727d49f19 None None] Image cache loaded driver 'centralized_db'.
Jul 31 04:29:49.188995 np0000006173 devstack@g-api.service[99770]: DEBUG glance.image_cache.drivers.centralized_db [None req-a7f75249-cdfa-4aa0-93b5-9ae7e7469b28 None None] Node reference is already recorded, ignoring it {{(pid=99770) configure /opt/stack/glance/glance/image_cache/drivers/centralized_db.py:71}}
Jul 31 04:29:49.189090 np0000006173 devstack@g-api.service[99768]: DEBUG glance.image_cache.drivers.centralized_db [None req-ef485a67-99ef-4e7a-8f77-b6e14719e99a None None] Node reference is already recorded, ignoring it {{(pid=99768) configure /opt/stack/glance/glance/image_cache/drivers/centralized_db.py:71}}
Jul 31 04:29:49.192926 np0000006173 devstack@g-api.service[99770]: INFO glance.image_cache [None req-a7f75249-cdfa-4aa0-93b5-9ae7e7469b28 None None] Image cache loaded driver 'centralized_db'.
Jul 31 04:29:49.192980 np0000006173 devstack@g-api.service[99769]: DEBUG glance.image_cache.drivers.centralized_db [None req-b801f7c1-ee04-4703-83a8-7d8727d49f19 None None] Node reference is already recorded, ignoring it {{(pid=99769) configure /opt/stack/glance/glance/image_cache/drivers/centralized_db.py:71}}
Jul 31 04:29:49.193203 np0000006173 devstack@g-api.service[99768]: DEBUG glance.api.v2.cached_images [None req-ef485a67-99ef-4e7a-8f77-b6e14719e99a None None] Started cache worker thread {{(pid=99768) __init__ /opt/stack/glance/glance/api/v2/cached_images.py:71}}
Jul 31 04:29:49.194015 np0000006173 devstack@g-api.service[99768]: INFO glance.image_cache [None req-ef485a67-99ef-4e7a-8f77-b6e14719e99a None None] Image cache loaded driver 'centralized_db'.
Jul 31 04:29:49.196247 np0000006173 devstack@g-api.service[99769]: INFO glance.api.middleware.cache [None req-b801f7c1-ee04-4703-83a8-7d8727d49f19 None None] Initialized image cache middleware
Jul 31 04:29:49.200325 np0000006173 devstack@g-api.service[99770]: DEBUG glance.image_cache.drivers.centralized_db [None req-a7f75249-cdfa-4aa0-93b5-9ae7e7469b28 None None] Node reference is already recorded, ignoring it {{(pid=99770) configure /opt/stack/glance/glance/image_cache/drivers/centralized_db.py:71}}
Jul 31 04:29:49.201449 np0000006173 devstack@g-api.service[99768]: DEBUG glance.image_cache.drivers.centralized_db [None req-ef485a67-99ef-4e7a-8f77-b6e14719e99a None None] Node reference is already recorded, ignoring it {{(pid=99768) configure /opt/stack/glance/glance/image_cache/drivers/centralized_db.py:71}}
Jul 31 04:29:49.205150 np0000006173 devstack@g-api.service[99770]: DEBUG glance.api.v2.cached_images [None req-a7f75249-cdfa-4aa0-93b5-9ae7e7469b28 None None] Started cache worker thread {{(pid=99770) __init__ /opt/stack/glance/glance/api/v2/cached_images.py:71}}
Jul 31 04:29:49.205868 np0000006173 devstack@g-api.service[99770]: INFO glance.image_cache [None req-a7f75249-cdfa-4aa0-93b5-9ae7e7469b28 None None] Image cache loaded driver 'centralized_db'.
Jul 31 04:29:49.206419 np0000006173 devstack@g-api.service[99769]: DEBUG glance.common.config [None req-b801f7c1-ee04-4703-83a8-7d8727d49f19 None None] ******************************************************************************** {{(pid=99769) log_opt_values /opt/stack/data/venv/lib/python3.12/site-packages/oslo_config/cfg.py:3226}}
Jul 31 04:29:49.206503 np0000006173 devstack@g-api.service[99769]: DEBUG glance.common.config [None req-b801f7c1-ee04-4703-83a8-7d8727d49f19 None None] Configuration options gathered from: {{(pid=99769) log_opt_values /opt/stack/data/venv/lib/python3.12/site-packages/oslo_config/cfg.py:3227}}
Jul 31 04:29:49.206785 np0000006173 devstack@g-api.service[99769]: DEBUG glance.common.config [None req-b801f7c1-ee04-4703-83a8-7d8727d49f19 None None] command line args: [] {{(pid=99769) log_opt_values /opt/stack/data/venv/lib/python3.12/site-packages/oslo_config/cfg.py:3228}}
Jul 31 04:29:49.206828 np0000006173 devstack@g-api.service[99768]: INFO glance.api.middleware.cache_manage [None req-ef485a67-99ef-4e7a-8f77-b6e14719e99a None None] Initialized image cache management middleware
Jul 31 04:29:49.206899 np0000006173 devstack@g-api.service[99769]: DEBUG glance.common.config [None req-b801f7c1-ee04-4703-83a8-7d8727d49f19 None None] config files: ['/etc/glance/glance-image-import.conf', '/etc/glance/glance-api.conf'] {{(pid=99769) log_opt_values /opt/stack/data/venv/lib/python3.12/site-packages/oslo_config/cfg.py:3229}}
Jul 31 04:29:49.206967 np0000006173 devstack@g-api.service[99769]: DEBUG glance.common.config [None req-b801f7c1-ee04-4703-83a8-7d8727d49f19 None None] ================================================================================ {{(pid=99769) log_opt_values /opt/stack/data/venv/lib/python3.12/site-packages/oslo_config/cfg.py:3234}}
Jul 31 04:29:49.207011 np0000006173 devstack@g-api.service[99768]: INFO glance.image_cache [None req-ef485a67-99ef-4e7a-8f77-b6e14719e99a None None] Image cache loaded driver 'centralized_db'.
Jul 31 04:29:49.207079 np0000006173 devstack@g-api.service[99769]: DEBUG glance.common.config [None req-b801f7c1-ee04-4703-83a8-7d8727d49f19 None None] allow_anonymous_access = False {{(pid=99769) log_opt_values /opt/stack/data/venv/lib/python3.12/site-packages/oslo_config/cfg.py:3242}}
Jul 31 04:29:49.207214 np0000006173 devstack@g-api.service[99769]: DEBUG glance.common.config [None req-b801f7c1-ee04-4703-83a8-7d8727d49f19 None None] api_limit_max = 1000 {{(pid=99769) log_opt_values /opt/stack/data/venv/lib/python3.12/site-packages/oslo_config/cfg.py:3242}}
Jul 31 04:29:49.207321 np0000006173 devstack@g-api.service[99769]: DEBUG glance.common.config [None req-b801f7c1-ee04-4703-83a8-7d8727d49f19 None None] config_dir = [] {{(pid=99769) log_opt_values /opt/stack/data/venv/lib/python3.12/site-packages/oslo_config/cfg.py:3242}}
Jul 31 04:29:49.207393 np0000006173 devstack@g-api.service[99769]: DEBUG glance.common.config [None req-b801f7c1-ee04-4703-83a8-7d8727d49f19 None None] config_file = ['/etc/glance/glance-image-import.conf', '/etc/glance/glance-api.conf'] {{(pid=99769) log_opt_values /opt/stack/data/venv/lib/python3.12/site-packages/oslo_config/cfg.py:3242}}
Jul 31 04:29:49.207507 np0000006173 devstack@g-api.service[99769]: DEBUG glance.common.config [None req-b801f7c1-ee04-4703-83a8-7d8727d49f19 None None] config_source = [] {{(pid=99769) log_opt_values /opt/stack/data/venv/lib/python3.12/site-packages/oslo_config/cfg.py:3242}}
Jul 31 04:29:49.207604 np0000006173 devstack@g-api.service[99769]: DEBUG glance.common.config [None req-b801f7c1-ee04-4703-83a8-7d8727d49f19 None None] control_exchange = glance {{(pid=99769) log_opt_values /opt/stack/data/venv/lib/python3.12/site-packages/oslo_config/cfg.py:3242}}
Jul 31 04:29:49.207673 np0000006173 devstack@g-api.service[99769]: DEBUG glance.common.config [None req-b801f7c1-ee04-4703-83a8-7d8727d49f19 None None] debug = True {{(pid=99769) log_opt_values /opt/stack/data/venv/lib/python3.12/site-packages/oslo_config/cfg.py:3242}}
Jul 31 04:29:49.207830 np0000006173 devstack@g-api.service[99769]: DEBUG glance.common.config [None req-b801f7c1-ee04-4703-83a8-7d8727d49f19 None None] default_log_levels = ['amqp=WARN', 'boto=WARN', 'sqlalchemy=WARN', 'suds=INFO', 'oslo.messaging=INFO', 'oslo_messaging=INFO', 'iso8601=WARN', 'requests.packages.urllib3.connectionpool=WARN', 'urllib3.connectionpool=WARN', 'websocket=WARN', 'requests.packages.urllib3.util.retry=WARN', 'urllib3.util.retry=WARN', 'keystonemiddleware=WARN', 'routes.middleware=WARN', 'stevedore=WARN', 'taskflow=WARN', 'keystoneauth=WARN', 'oslo.cache=INFO', 'oslo_policy=INFO', 'dogpile.core.dogpile=INFO'] {{(pid=99769) log_opt_values /opt/stack/data/venv/lib/python3.12/site-packages/oslo_config/cfg.py:3242}}
Jul 31 04:29:49.207924 np0000006173 devstack@g-api.service[99769]: DEBUG glance.common.config [None req-b801f7c1-ee04-4703-83a8-7d8727d49f19 None None] default_publisher_id = image.localhost {{(pid=99769) log_opt_values /opt/stack/data/venv/lib/python3.12/site-packages/oslo_config/cfg.py:3242}}
Jul 31 04:29:49.208011 np0000006173 devstack@g-api.service[99769]: DEBUG glance.common.config [None req-b801f7c1-ee04-4703-83a8-7d8727d49f19 None None] delayed_delete = False {{(pid=99769) log_opt_values /opt/stack/data/venv/lib/python3.12/site-packages/oslo_config/cfg.py:3242}}
Jul 31 04:29:49.208098 np0000006173 devstack@g-api.service[99769]: DEBUG glance.common.config [None req-b801f7c1-ee04-4703-83a8-7d8727d49f19 None None] digest_algorithm = sha256 {{(pid=99769) log_opt_values /opt/stack/data/venv/lib/python3.12/site-packages/oslo_config/cfg.py:3242}}
Jul 31 04:29:49.208208 np0000006173 devstack@g-api.service[99769]: DEBUG glance.common.config [None req-b801f7c1-ee04-4703-83a8-7d8727d49f19 None None] disabled_notifications = [] {{(pid=99769) log_opt_values /opt/stack/data/venv/lib/python3.12/site-packages/oslo_config/cfg.py:3242}}
Jul 31 04:29:49.208307 np0000006173 devstack@g-api.service[99769]: DEBUG glance.common.config [None req-b801f7c1-ee04-4703-83a8-7d8727d49f19 None None] do_secure_hash = True {{(pid=99769) log_opt_values /opt/stack/data/venv/lib/python3.12/site-packages/oslo_config/cfg.py:3242}}
Jul 31 04:29:49.208393 np0000006173 devstack@g-api.service[99769]: DEBUG glance.common.config [None req-b801f7c1-ee04-4703-83a8-7d8727d49f19 None None] enabled_backends = None {{(pid=99769) log_opt_values /opt/stack/data/venv/lib/python3.12/site-packages/oslo_config/cfg.py:3242}}
Jul 31 04:29:49.208497 np0000006173 devstack@g-api.service[99769]: DEBUG glance.common.config [None req-b801f7c1-ee04-4703-83a8-7d8727d49f19 None None] enabled_import_methods = ['glance-direct', 'web-download', 'copy-image'] {{(pid=99769) log_opt_values /opt/stack/data/venv/lib/python3.12/site-packages/oslo_config/cfg.py:3242}}
Jul 31 04:29:49.208582 np0000006173 devstack@g-api.service[99769]: DEBUG glance.common.config [None req-b801f7c1-ee04-4703-83a8-7d8727d49f19 None None] fatal_deprecations = False {{(pid=99769) log_opt_values /opt/stack/data/venv/lib/python3.12/site-packages/oslo_config/cfg.py:3242}}
Jul 31 04:29:49.208672 np0000006173 devstack@g-api.service[99769]: DEBUG glance.common.config [None req-b801f7c1-ee04-4703-83a8-7d8727d49f19 None None] hashing_algorithm = sha512 {{(pid=99769) log_opt_values /opt/stack/data/venv/lib/python3.12/site-packages/oslo_config/cfg.py:3242}}
Jul 31 04:29:49.208757 np0000006173 devstack@g-api.service[99769]: DEBUG glance.common.config [None req-b801f7c1-ee04-4703-83a8-7d8727d49f19 None None] http_retries = 3 {{(pid=99769) log_opt_values /opt/stack/data/venv/lib/python3.12/site-packages/oslo_config/cfg.py:3242}}
Jul 31 04:29:49.208848 np0000006173 devstack@g-api.service[99769]: DEBUG glance.common.config [None req-b801f7c1-ee04-4703-83a8-7d8727d49f19 None None] image_cache_dir = /opt/stack/data/glance/cache/ {{(pid=99769) log_opt_values /opt/stack/data/venv/lib/python3.12/site-packages/oslo_config/cfg.py:3242}}
Jul 31 04:29:49.208937 np0000006173 devstack@g-api.service[99769]: DEBUG glance.common.config [None req-b801f7c1-ee04-4703-83a8-7d8727d49f19 None None] image_cache_driver = centralized_db {{(pid=99769) log_opt_values /opt/stack/data/venv/lib/python3.12/site-packages/oslo_config/cfg.py:3242}}
Jul 31 04:29:49.209028 np0000006173 devstack@g-api.service[99769]: DEBUG glance.common.config [None req-b801f7c1-ee04-4703-83a8-7d8727d49f19 None None] image_cache_max_size = 10737418240 {{(pid=99769) log_opt_values /opt/stack/data/venv/lib/python3.12/site-packages/oslo_config/cfg.py:3242}}
Jul 31 04:29:49.209114 np0000006173 devstack@g-api.service[99769]: DEBUG glance.common.config [None req-b801f7c1-ee04-4703-83a8-7d8727d49f19 None None] image_cache_sqlite_db = cache.db {{(pid=99769) log_opt_values /opt/stack/data/venv/lib/python3.12/site-packages/oslo_config/cfg.py:3242}}
Jul 31 04:29:49.209217 np0000006173 devstack@g-api.service[99769]: DEBUG glance.common.config [None req-b801f7c1-ee04-4703-83a8-7d8727d49f19 None None] image_cache_stall_time = 86400 {{(pid=99769) log_opt_values /opt/stack/data/venv/lib/python3.12/site-packages/oslo_config/cfg.py:3242}}
Jul 31 04:29:49.209316 np0000006173 devstack@g-api.service[99769]: DEBUG glance.common.config [None req-b801f7c1-ee04-4703-83a8-7d8727d49f19 None None] image_location_quota = 10 {{(pid=99769) log_opt_values /opt/stack/data/venv/lib/python3.12/site-packages/oslo_config/cfg.py:3242}}
Jul 31 04:29:49.209400 np0000006173 devstack@g-api.service[99769]: DEBUG glance.common.config [None req-b801f7c1-ee04-4703-83a8-7d8727d49f19 None None] image_member_quota = 128 {{(pid=99769) log_opt_values /opt/stack/data/venv/lib/python3.12/site-packages/oslo_config/cfg.py:3242}}
Jul 31 04:29:49.209512 np0000006173 devstack@g-api.service[99769]: DEBUG glance.common.config [None req-b801f7c1-ee04-4703-83a8-7d8727d49f19 None None] image_property_quota = 128 {{(pid=99769) log_opt_values /opt/stack/data/venv/lib/python3.12/site-packages/oslo_config/cfg.py:3242}}
Jul 31 04:29:49.209611 np0000006173 devstack@g-api.service[99769]: DEBUG glance.common.config [None req-b801f7c1-ee04-4703-83a8-7d8727d49f19 None None] image_size_cap = 1099511627776 {{(pid=99769) log_opt_values /opt/stack/data/venv/lib/python3.12/site-packages/oslo_config/cfg.py:3242}}
Jul 31 04:29:49.209692 np0000006173 devstack@g-api.service[99769]: DEBUG glance.common.config [None req-b801f7c1-ee04-4703-83a8-7d8727d49f19 None None] image_tag_quota = 128 {{(pid=99769) log_opt_values /opt/stack/data/venv/lib/python3.12/site-packages/oslo_config/cfg.py:3242}}
Jul 31 04:29:49.209783 np0000006173 devstack@g-api.service[99769]: DEBUG glance.common.config [None req-b801f7c1-ee04-4703-83a8-7d8727d49f19 None None] instance_format = [instance: %(uuid)s] {{(pid=99769) log_opt_values /opt/stack/data/venv/lib/python3.12/site-packages/oslo_config/cfg.py:3242}}
Jul 31 04:29:49.209873 np0000006173 devstack@g-api.service[99769]: DEBUG glance.common.config [None req-b801f7c1-ee04-4703-83a8-7d8727d49f19 None None] instance_uuid_format = [instance: %(uuid)s] {{(pid=99769) log_opt_values /opt/stack/data/venv/lib/python3.12/site-packages/oslo_config/cfg.py:3242}}
Jul 31 04:29:49.209962 np0000006173 devstack@g-api.service[99769]: DEBUG glance.common.config [None req-b801f7c1-ee04-4703-83a8-7d8727d49f19 None None] limit_param_default = 25 {{(pid=99769) log_opt_values /opt/stack/data/venv/lib/python3.12/site-packages/oslo_config/cfg.py:3242}}
Jul 31 04:29:49.210053 np0000006173 devstack@g-api.service[99769]: DEBUG glance.common.config [None req-b801f7c1-ee04-4703-83a8-7d8727d49f19 None None] log_color = False {{(pid=99769) log_opt_values /opt/stack/data/venv/lib/python3.12/site-packages/oslo_config/cfg.py:3242}}
Jul 31 04:29:49.210156 np0000006173 devstack@g-api.service[99769]: DEBUG glance.common.config [None req-b801f7c1-ee04-4703-83a8-7d8727d49f19 None None] log_config_append = None {{(pid=99769) log_opt_values /opt/stack/data/venv/lib/python3.12/site-packages/oslo_config/cfg.py:3242}}
Jul 31 04:29:49.210264 np0000006173 devstack@g-api.service[99769]: DEBUG glance.common.config [None req-b801f7c1-ee04-4703-83a8-7d8727d49f19 None None] log_date_format = %Y-%m-%d %H:%M:%S {{(pid=99769) log_opt_values /opt/stack/data/venv/lib/python3.12/site-packages/oslo_config/cfg.py:3242}}
Jul 31 04:29:49.210358 np0000006173 devstack@g-api.service[99769]: DEBUG glance.common.config [None req-b801f7c1-ee04-4703-83a8-7d8727d49f19 None None] log_dir = None {{(pid=99769) log_opt_values /opt/stack/data/venv/lib/python3.12/site-packages/oslo_config/cfg.py:3242}}
Jul 31 04:29:49.210447 np0000006173 devstack@g-api.service[99769]: DEBUG glance.common.config [None req-b801f7c1-ee04-4703-83a8-7d8727d49f19 None None] log_file = None {{(pid=99769) log_opt_values /opt/stack/data/venv/lib/python3.12/site-packages/oslo_config/cfg.py:3242}}
Jul 31 04:29:49.210531 np0000006173 devstack@g-api.service[99769]: DEBUG glance.common.config [None req-b801f7c1-ee04-4703-83a8-7d8727d49f19 None None] log_rotate_interval = 1 {{(pid=99769) log_opt_values /opt/stack/data/venv/lib/python3.12/site-packages/oslo_config/cfg.py:3242}}
Jul 31 04:29:49.210623 np0000006173 devstack@g-api.service[99769]: DEBUG glance.common.config [None req-b801f7c1-ee04-4703-83a8-7d8727d49f19 None None] log_rotate_interval_type = days {{(pid=99769) log_opt_values /opt/stack/data/venv/lib/python3.12/site-packages/oslo_config/cfg.py:3242}}
Jul 31 04:29:49.210713 np0000006173 devstack@g-api.service[99769]: DEBUG glance.common.config [None req-b801f7c1-ee04-4703-83a8-7d8727d49f19 None None] log_rotation_type = none {{(pid=99769) log_opt_values /opt/stack/data/venv/lib/python3.12/site-packages/oslo_config/cfg.py:3242}}
Jul 31 04:29:49.210779 np0000006173 devstack@g-api.service[99769]: DEBUG glance.common.config [None req-b801f7c1-ee04-4703-83a8-7d8727d49f19 None None] logging_context_format_string = %(color)s%(levelname)s %(name)s [%(global_request_id)s %(request_id)s %(project_name)s %(user_name)s%(color)s] %(instance)s%(color)s%(message)s {{(pid=99769) log_opt_values /opt/stack/data/venv/lib/python3.12/site-packages/oslo_config/cfg.py:3242}}
Jul 31 04:29:49.210842 np0000006173 devstack@g-api.service[99769]: DEBUG glance.common.config [None req-b801f7c1-ee04-4703-83a8-7d8727d49f19 None None] logging_debug_format_suffix = {{(pid=%(process)d) %(funcName)s %(pathname)s:%(lineno)d}} {{(pid=99769) log_opt_values /opt/stack/data/venv/lib/python3.12/site-packages/oslo_config/cfg.py:3242}}
Jul 31 04:29:49.210928 np0000006173 devstack@g-api.service[99769]: DEBUG glance.common.config [None req-b801f7c1-ee04-4703-83a8-7d8727d49f19 None None] logging_default_format_string = %(color)s%(levelname)s %(name)s [-%(color)s] %(instance)s%(color)s%(message)s {{(pid=99769) log_opt_values /opt/stack/data/venv/lib/python3.12/site-packages/oslo_config/cfg.py:3242}}
Jul 31 04:29:49.211018 np0000006173 devstack@g-api.service[99769]: DEBUG glance.common.config [None req-b801f7c1-ee04-4703-83a8-7d8727d49f19 None None] logging_exception_prefix = ERROR %(name)s %(instance)s {{(pid=99769) log_opt_values /opt/stack/data/venv/lib/python3.12/site-packages/oslo_config/cfg.py:3242}}
Jul 31 04:29:49.211087 np0000006173 devstack@g-api.service[99769]: DEBUG glance.common.config [None req-b801f7c1-ee04-4703-83a8-7d8727d49f19 None None] logging_user_identity_format = %(user)s %(project)s %(domain)s %(system_scope)s %(user_domain)s %(project_domain)s {{(pid=99769) log_opt_values /opt/stack/data/venv/lib/python3.12/site-packages/oslo_config/cfg.py:3242}}
Jul 31 04:29:49.211193 np0000006173 devstack@g-api.service[99769]: DEBUG glance.common.config [None req-b801f7c1-ee04-4703-83a8-7d8727d49f19 None None] max_logfile_count = 30 {{(pid=99769) log_opt_values /opt/stack/data/venv/lib/python3.12/site-packages/oslo_config/cfg.py:3242}}
Jul 31 04:29:49.211292 np0000006173 devstack@g-api.service[99769]: DEBUG glance.common.config [None req-b801f7c1-ee04-4703-83a8-7d8727d49f19 None None] max_logfile_size_mb = 200 {{(pid=99769) log_opt_values /opt/stack/data/venv/lib/python3.12/site-packages/oslo_config/cfg.py:3242}}
Jul 31 04:29:49.211377 np0000006173 devstack@g-api.service[99769]: DEBUG glance.common.config [None req-b801f7c1-ee04-4703-83a8-7d8727d49f19 None None] max_request_id_length = 64 {{(pid=99769) log_opt_values /opt/stack/data/venv/lib/python3.12/site-packages/oslo_config/cfg.py:3242}}
Jul 31 04:29:49.211465 np0000006173 devstack@g-api.service[99769]: DEBUG glance.common.config [None req-b801f7c1-ee04-4703-83a8-7d8727d49f19 None None] metadata_encryption_key = **** {{(pid=99769) log_opt_values /opt/stack/data/venv/lib/python3.12/site-packages/oslo_config/cfg.py:3242}}
Jul 31 04:29:49.211554 np0000006173 devstack@g-api.service[99769]: DEBUG glance.common.config [None req-b801f7c1-ee04-4703-83a8-7d8727d49f19 None None] node_staging_uri = file:///tmp/staging/ {{(pid=99769) log_opt_values /opt/stack/data/venv/lib/python3.12/site-packages/oslo_config/cfg.py:3242}}
Jul 31 04:29:49.211638 np0000006173 devstack@g-api.service[99769]: DEBUG glance.common.config [None req-b801f7c1-ee04-4703-83a8-7d8727d49f19 None None] property_protection_file = None {{(pid=99769) log_opt_values /opt/stack/data/venv/lib/python3.12/site-packages/oslo_config/cfg.py:3242}}
Jul 31 04:29:49.211727 np0000006173 devstack@g-api.service[99769]: DEBUG glance.common.config [None req-b801f7c1-ee04-4703-83a8-7d8727d49f19 None None] property_protection_rule_format = roles {{(pid=99769) log_opt_values /opt/stack/data/venv/lib/python3.12/site-packages/oslo_config/cfg.py:3242}}
Jul 31 04:29:49.211815 np0000006173 devstack@g-api.service[99769]: DEBUG glance.common.config [None req-b801f7c1-ee04-4703-83a8-7d8727d49f19 None None] public_endpoint = https://10.4.3.175/image {{(pid=99769) log_opt_values /opt/stack/data/venv/lib/python3.12/site-packages/oslo_config/cfg.py:3242}}
Jul 31 04:29:49.211898 np0000006173 devstack@g-api.service[99769]: DEBUG glance.common.config [None req-b801f7c1-ee04-4703-83a8-7d8727d49f19 None None] publish_errors = False {{(pid=99769) log_opt_values /opt/stack/data/venv/lib/python3.12/site-packages/oslo_config/cfg.py:3242}}
Jul 31 04:29:49.211986 np0000006173 devstack@g-api.service[99769]: DEBUG glance.common.config [None req-b801f7c1-ee04-4703-83a8-7d8727d49f19 None None] pydev_worker_debug_host = None {{(pid=99769) log_opt_values /opt/stack/data/venv/lib/python3.12/site-packages/oslo_config/cfg.py:3242}}
Jul 31 04:29:49.212074 np0000006173 devstack@g-api.service[99769]: DEBUG glance.common.config [None req-b801f7c1-ee04-4703-83a8-7d8727d49f19 None None] pydev_worker_debug_port = 5678 {{(pid=99769) log_opt_values /opt/stack/data/venv/lib/python3.12/site-packages/oslo_config/cfg.py:3242}}
Jul 31 04:29:49.212176 np0000006173 devstack@g-api.service[99769]: DEBUG glance.common.config [None req-b801f7c1-ee04-4703-83a8-7d8727d49f19 None None] rate_limit_burst = 0 {{(pid=99769) log_opt_values /opt/stack/data/venv/lib/python3.12/site-packages/oslo_config/cfg.py:3242}}
Jul 31 04:29:49.212285 np0000006173 devstack@g-api.service[99769]: DEBUG glance.common.config [None req-b801f7c1-ee04-4703-83a8-7d8727d49f19 None None] rate_limit_except_level = CRITICAL {{(pid=99769) log_opt_values /opt/stack/data/venv/lib/python3.12/site-packages/oslo_config/cfg.py:3242}}
Jul 31 04:29:49.212375 np0000006173 devstack@g-api.service[99769]: DEBUG glance.common.config [None req-b801f7c1-ee04-4703-83a8-7d8727d49f19 None None] rate_limit_interval = 0 {{(pid=99769) log_opt_values /opt/stack/data/venv/lib/python3.12/site-packages/oslo_config/cfg.py:3242}}
Jul 31 04:29:49.212457 np0000006173 devstack@g-api.service[99769]: DEBUG glance.common.config [None req-b801f7c1-ee04-4703-83a8-7d8727d49f19 None None] scrub_pool_size = 1 {{(pid=99769) log_opt_values /opt/stack/data/venv/lib/python3.12/site-packages/oslo_config/cfg.py:3242}}
Jul 31 04:29:49.212541 np0000006173 devstack@g-api.service[99769]: DEBUG glance.common.config [None req-b801f7c1-ee04-4703-83a8-7d8727d49f19 None None] scrub_time = 0 {{(pid=99769) log_opt_values /opt/stack/data/venv/lib/python3.12/site-packages/oslo_config/cfg.py:3242}}
Jul 31 04:29:49.212625 np0000006173 devstack@g-api.service[99769]: DEBUG glance.common.config [None req-b801f7c1-ee04-4703-83a8-7d8727d49f19 None None] shell_completion = None {{(pid=99769) log_opt_values /opt/stack/data/venv/lib/python3.12/site-packages/oslo_config/cfg.py:3242}}
Jul 31 04:29:49.212714 np0000006173 devstack@g-api.service[99769]: DEBUG glance.common.config [None req-b801f7c1-ee04-4703-83a8-7d8727d49f19 None None] show_image_direct_url = False {{(pid=99769) log_opt_values /opt/stack/data/venv/lib/python3.12/site-packages/oslo_config/cfg.py:3242}}
Jul 31 04:29:49.212899 np0000006173 devstack@g-api.service[99769]: WARNING oslo_config.cfg [None req-b801f7c1-ee04-4703-83a8-7d8727d49f19 None None] Deprecated: Option "show_multiple_locations" from group "DEFAULT" is deprecated for removal (Use of this option, deprecated since Newton, is a security risk and will be removed once we figure out a way to satisfy those use cases that currently require it. An earlier announcement that the same functionality can be achieved with greater granularity by using policies is incorrect. You cannot work around this option via policy configuration at the present time, though that is the direction we believe the fix will take. Please keep an eye on the Glance release notes to stay up to date on progress in addressing this issue.). Its value may be silently ignored in the future.
Jul 31 04:29:49.212999 np0000006173 devstack@g-api.service[99769]: DEBUG glance.common.config [None req-b801f7c1-ee04-4703-83a8-7d8727d49f19 None None] show_multiple_locations = False {{(pid=99769) log_opt_values /opt/stack/data/venv/lib/python3.12/site-packages/oslo_config/cfg.py:3242}}
Jul 31 04:29:49.213083 np0000006173 devstack@g-api.service[99770]: DEBUG glance.image_cache.drivers.centralized_db [None req-a7f75249-cdfa-4aa0-93b5-9ae7e7469b28 None None] Node reference is already recorded, ignoring it {{(pid=99770) configure /opt/stack/glance/glance/image_cache/drivers/centralized_db.py:71}}
Jul 31 04:29:49.213118 np0000006173 devstack@g-api.service[99769]: DEBUG glance.common.config [None req-b801f7c1-ee04-4703-83a8-7d8727d49f19 None None] syslog_log_facility = LOG_USER {{(pid=99769) log_opt_values /opt/stack/data/venv/lib/python3.12/site-packages/oslo_config/cfg.py:3242}}
Jul 31 04:29:49.213194 np0000006173 devstack@g-api.service[99769]: DEBUG glance.common.config [None req-b801f7c1-ee04-4703-83a8-7d8727d49f19 None None] transport_url = **** {{(pid=99769) log_opt_values /opt/stack/data/venv/lib/python3.12/site-packages/oslo_config/cfg.py:3242}}
Jul 31 04:29:49.213291 np0000006173 devstack@g-api.service[99769]: DEBUG glance.common.config [None req-b801f7c1-ee04-4703-83a8-7d8727d49f19 None None] use_journal = False {{(pid=99769) log_opt_values /opt/stack/data/venv/lib/python3.12/site-packages/oslo_config/cfg.py:3242}}
Jul 31 04:29:49.213379 np0000006173 devstack@g-api.service[99769]: DEBUG glance.common.config [None req-b801f7c1-ee04-4703-83a8-7d8727d49f19 None None] use_json = False {{(pid=99769) log_opt_values /opt/stack/data/venv/lib/python3.12/site-packages/oslo_config/cfg.py:3242}}
Jul 31 04:29:49.213470 np0000006173 devstack@g-api.service[99769]: DEBUG glance.common.config [None req-b801f7c1-ee04-4703-83a8-7d8727d49f19 None None] use_keystone_limits = True {{(pid=99769) log_opt_values /opt/stack/data/venv/lib/python3.12/site-packages/oslo_config/cfg.py:3242}}
Jul 31 04:29:49.213553 np0000006173 devstack@g-api.service[99769]: DEBUG glance.common.config [None req-b801f7c1-ee04-4703-83a8-7d8727d49f19 None None] use_stderr = False {{(pid=99769) log_opt_values /opt/stack/data/venv/lib/python3.12/site-packages/oslo_config/cfg.py:3242}}
Jul 31 04:29:49.213642 np0000006173 devstack@g-api.service[99769]: DEBUG glance.common.config [None req-b801f7c1-ee04-4703-83a8-7d8727d49f19 None None] use_syslog = False {{(pid=99769) log_opt_values /opt/stack/data/venv/lib/python3.12/site-packages/oslo_config/cfg.py:3242}}
Jul 31 04:29:49.213730 np0000006173 devstack@g-api.service[99769]: DEBUG glance.common.config [None req-b801f7c1-ee04-4703-83a8-7d8727d49f19 None None] user_storage_quota = 0 {{(pid=99769) log_opt_values /opt/stack/data/venv/lib/python3.12/site-packages/oslo_config/cfg.py:3242}}
Jul 31 04:29:49.213822 np0000006173 devstack@g-api.service[99769]: DEBUG glance.common.config [None req-b801f7c1-ee04-4703-83a8-7d8727d49f19 None None] worker_self_reference_url = http://127.0.0.1:60999 {{(pid=99769) log_opt_values /opt/stack/data/venv/lib/python3.12/site-packages/oslo_config/cfg.py:3242}}
Jul 31 04:29:49.213919 np0000006173 devstack@g-api.service[99769]: DEBUG glance.common.config [None req-b801f7c1-ee04-4703-83a8-7d8727d49f19 None None] oslo_concurrency.disable_process_locking = False {{(pid=99769) log_opt_values /opt/stack/data/venv/lib/python3.12/site-packages/oslo_config/cfg.py:3253}}
Jul 31 04:29:49.214013 np0000006173 devstack@g-api.service[99769]: DEBUG glance.common.config [None req-b801f7c1-ee04-4703-83a8-7d8727d49f19 None None] oslo_concurrency.lock_path = /opt/stack/data/glance/locks {{(pid=99769) log_opt_values /opt/stack/data/venv/lib/python3.12/site-packages/oslo_config/cfg.py:3253}}
Jul 31 04:29:49.214104 np0000006173 devstack@g-api.service[99769]: DEBUG glance.common.config [None req-b801f7c1-ee04-4703-83a8-7d8727d49f19 None None] oslo_middleware.enable_proxy_headers_parsing = False {{(pid=99769) log_opt_values /opt/stack/data/venv/lib/python3.12/site-packages/oslo_config/cfg.py:3253}}
Jul 31 04:29:49.214213 np0000006173 devstack@g-api.service[99769]: DEBUG glance.common.config [None req-b801f7c1-ee04-4703-83a8-7d8727d49f19 None None] oslo_middleware.http_basic_auth_user_file = /etc/htpasswd {{(pid=99769) log_opt_values /opt/stack/data/venv/lib/python3.12/site-packages/oslo_config/cfg.py:3253}}
Jul 31 04:29:49.214320 np0000006173 devstack@g-api.service[99769]: DEBUG glance.common.config [None req-b801f7c1-ee04-4703-83a8-7d8727d49f19 None None] paste_deploy.config_file = None {{(pid=99769) log_opt_values /opt/stack/data/venv/lib/python3.12/site-packages/oslo_config/cfg.py:3253}}
Jul 31 04:29:49.214412 np0000006173 devstack@g-api.service[99769]: DEBUG glance.common.config [None req-b801f7c1-ee04-4703-83a8-7d8727d49f19 None None] paste_deploy.flavor = keystone+cachemanagement {{(pid=99769) log_opt_values /opt/stack/data/venv/lib/python3.12/site-packages/oslo_config/cfg.py:3253}}
Jul 31 04:29:49.214519 np0000006173 devstack@g-api.service[99768]: DEBUG glance.image_cache.drivers.centralized_db [None req-ef485a67-99ef-4e7a-8f77-b6e14719e99a None None] Node reference is already recorded, ignoring it {{(pid=99768) configure /opt/stack/glance/glance/image_cache/drivers/centralized_db.py:71}}
Jul 31 04:29:49.214553 np0000006173 devstack@g-api.service[99769]: DEBUG glance.common.config [None req-b801f7c1-ee04-4703-83a8-7d8727d49f19 None None] image_format.container_formats = ['ami', 'ari', 'aki', 'bare', 'ovf', 'ova', 'docker', 'compressed'] {{(pid=99769) log_opt_values /opt/stack/data/venv/lib/python3.12/site-packages/oslo_config/cfg.py:3253}}
Jul 31 04:29:49.214656 np0000006173 devstack@g-api.service[99769]: DEBUG glance.common.config [None req-b801f7c1-ee04-4703-83a8-7d8727d49f19 None None] image_format.disk_formats = ['ami', 'ari', 'aki', 'vhd', 'vhdx', 'vmdk', 'raw', 'qcow2', 'vdi', 'iso', 'ploop'] {{(pid=99769) log_opt_values /opt/stack/data/venv/lib/python3.12/site-packages/oslo_config/cfg.py:3253}}
Jul 31 04:29:49.214748 np0000006173 devstack@g-api.service[99769]: DEBUG glance.common.config [None req-b801f7c1-ee04-4703-83a8-7d8727d49f19 None None] image_format.gpt_safety_checks_nonfatal = [] {{(pid=99769) log_opt_values /opt/stack/data/venv/lib/python3.12/site-packages/oslo_config/cfg.py:3253}}
Jul 31 04:29:49.214848 np0000006173 devstack@g-api.service[99769]: DEBUG glance.common.config [None req-b801f7c1-ee04-4703-83a8-7d8727d49f19 None None] image_format.require_image_format_match = True {{(pid=99769) log_opt_values /opt/stack/data/venv/lib/python3.12/site-packages/oslo_config/cfg.py:3253}}
Jul 31 04:29:49.214997 np0000006173 devstack@g-api.service[99769]: DEBUG glance.common.config [None req-b801f7c1-ee04-4703-83a8-7d8727d49f19 None None] image_format.vmdk_allowed_types = ['streamOptimized', 'monolithicSparse'] {{(pid=99769) log_opt_values /opt/stack/data/venv/lib/python3.12/site-packages/oslo_config/cfg.py:3253}}
Jul 31 04:29:49.215112 np0000006173 devstack@g-api.service[99769]: DEBUG glance.common.config [None req-b801f7c1-ee04-4703-83a8-7d8727d49f19 None None] task.task_executor = taskflow {{(pid=99769) log_opt_values /opt/stack/data/venv/lib/python3.12/site-packages/oslo_config/cfg.py:3253}}
Jul 31 04:29:49.215222 np0000006173 devstack@g-api.service[99769]: DEBUG glance.common.config [None req-b801f7c1-ee04-4703-83a8-7d8727d49f19 None None] task.task_time_to_live = 48 {{(pid=99769) log_opt_values /opt/stack/data/venv/lib/python3.12/site-packages/oslo_config/cfg.py:3253}}
Jul 31 04:29:49.215327 np0000006173 devstack@g-api.service[99769]: DEBUG glance.common.config [None req-b801f7c1-ee04-4703-83a8-7d8727d49f19 None None] task.work_dir = None {{(pid=99769) log_opt_values /opt/stack/data/venv/lib/python3.12/site-packages/oslo_config/cfg.py:3253}}
Jul 31 04:29:49.215428 np0000006173 devstack@g-api.service[99769]: DEBUG glance.common.config [None req-b801f7c1-ee04-4703-83a8-7d8727d49f19 None None] wsgi.python_interpreter = /opt/stack/data/venv/bin/python3 {{(pid=99769) log_opt_values /opt/stack/data/venv/lib/python3.12/site-packages/oslo_config/cfg.py:3253}}
Jul 31 04:29:49.215515 np0000006173 devstack@g-api.service[99769]: DEBUG glance.common.config [None req-b801f7c1-ee04-4703-83a8-7d8727d49f19 None None] wsgi.task_pool_threads = 16 {{(pid=99769) log_opt_values /opt/stack/data/venv/lib/python3.12/site-packages/oslo_config/cfg.py:3253}}
Jul 31 04:29:49.215632 np0000006173 devstack@g-api.service[99769]: DEBUG glance.common.config [None req-b801f7c1-ee04-4703-83a8-7d8727d49f19 None None] import_filtering_opts.allowed_hosts = [] {{(pid=99769) log_opt_values /opt/stack/data/venv/lib/python3.12/site-packages/oslo_config/cfg.py:3253}}
Jul 31 04:29:49.215728 np0000006173 devstack@g-api.service[99769]: DEBUG glance.common.config [None req-b801f7c1-ee04-4703-83a8-7d8727d49f19 None None] import_filtering_opts.allowed_ports = [80, 443] {{(pid=99769) log_opt_values /opt/stack/data/venv/lib/python3.12/site-packages/oslo_config/cfg.py:3253}}
Jul 31 04:29:49.215829 np0000006173 devstack@g-api.service[99769]: DEBUG glance.common.config [None req-b801f7c1-ee04-4703-83a8-7d8727d49f19 None None] import_filtering_opts.allowed_schemes = ['http', 'https'] {{(pid=99769) log_opt_values /opt/stack/data/venv/lib/python3.12/site-packages/oslo_config/cfg.py:3253}}
Jul 31 04:29:49.215919 np0000006173 devstack@g-api.service[99769]: DEBUG glance.common.config [None req-b801f7c1-ee04-4703-83a8-7d8727d49f19 None None] import_filtering_opts.disallowed_hosts = [] {{(pid=99769) log_opt_values /opt/stack/data/venv/lib/python3.12/site-packages/oslo_config/cfg.py:3253}}
Jul 31 04:29:49.216007 np0000006173 devstack@g-api.service[99769]: DEBUG glance.common.config [None req-b801f7c1-ee04-4703-83a8-7d8727d49f19 None None] import_filtering_opts.disallowed_ports = [] {{(pid=99769) log_opt_values /opt/stack/data/venv/lib/python3.12/site-packages/oslo_config/cfg.py:3253}}
Jul 31 04:29:49.216094 np0000006173 devstack@g-api.service[99769]: DEBUG glance.common.config [None req-b801f7c1-ee04-4703-83a8-7d8727d49f19 None None] import_filtering_opts.disallowed_schemes = [] {{(pid=99769) log_opt_values /opt/stack/data/venv/lib/python3.12/site-packages/oslo_config/cfg.py:3253}}
Jul 31 04:29:49.216207 np0000006173 devstack@g-api.service[99769]: DEBUG glance.common.config [None req-b801f7c1-ee04-4703-83a8-7d8727d49f19 None None] oslo_messaging_metrics.metrics_buffer_size = 1000 {{(pid=99769) log_opt_values /opt/stack/data/venv/lib/python3.12/site-packages/oslo_config/cfg.py:3253}}
Jul 31 04:29:49.216307 np0000006173 devstack@g-api.service[99769]: DEBUG glance.common.config [None req-b801f7c1-ee04-4703-83a8-7d8727d49f19 None None] oslo_messaging_metrics.metrics_enabled = False {{(pid=99769) log_opt_values /opt/stack/data/venv/lib/python3.12/site-packages/oslo_config/cfg.py:3253}}
Jul 31 04:29:49.216400 np0000006173 devstack@g-api.service[99769]: DEBUG glance.common.config [None req-b801f7c1-ee04-4703-83a8-7d8727d49f19 None None] oslo_messaging_metrics.metrics_process_name = {{(pid=99769) log_opt_values /opt/stack/data/venv/lib/python3.12/site-packages/oslo_config/cfg.py:3253}}
Jul 31 04:29:49.216493 np0000006173 devstack@g-api.service[99769]: DEBUG glance.common.config [None req-b801f7c1-ee04-4703-83a8-7d8727d49f19 None None] oslo_messaging_metrics.metrics_socket_file = /var/tmp/metrics_collector.sock {{(pid=99769) log_opt_values /opt/stack/data/venv/lib/python3.12/site-packages/oslo_config/cfg.py:3253}}
