Jul 31 04:29:21.289361 np0000006173 devstack@neutron-api.service[87618]: DEBUG ovsdbapp.backend.ovs_idl.transaction [None req-eb2bd291-de41-4f47-804b-cd002cdbfde4 None None] Running txn n=1 command(idx=1): SetLSwitchPortCommand(_result=None, lport=a9287b5c-bd44-4ec2-94e1-90e698551c2e, external_ids_update=None, columns={'external_ids': {'neutron:port_name': '', 'neutron:device_id': '7cc8c9a4-1444-4d3b-8c8b-f9e119b9ba38', 'neutron:project_id': '', 'neutron:cidrs': '172.24.5.155/24 2001:db8::1/64', 'neutron:device_owner': 'network:router_gateway', 'neutron:subnet_pool_addr_scope4': '', 'neutron:subnet_pool_addr_scope6': '', 'neutron:network_name': 'neutron-1e204544-4f87-466b-a729-91f8fda87d93', 'neutron:security_group_ids': '', 'neutron:revision_number': '6', 'neutron:vnic_type': 'normal', 'neutron:port_capabilities': '', 'neutron:mtu': '', 'neutron:host_id': 'np0000006173'}, 'parent_name': [], 'options': {'requested-chassis': 'np0000006173', 'exclude-lb-vips-from-garp': 'true', 'nat-addresses': 'router', 'router-port': 'lrp-a9287b5c-bd44-4ec2-94e1-90e698551c2e'}, 'enabled': True, 'port_security': [], 'dhcpv4_options': [], 'dhcpv6_options': [], 'type': 'router', 'ha_chassis_group': [], 'tag_request': []}, if_exists=False) {{(pid=87618) do_commit /opt/stack/data/venv/lib/python3.12/site-packages/ovsdbapp/backend/ovs_idl/transaction.py:89}}
Jul 31 04:29:21.290215 np0000006173 devstack@neutron-api.service[87618]: DEBUG ovsdbapp.backend.ovs_idl.transaction [None req-eb2bd291-de41-4f47-804b-cd002cdbfde4 None None] Running txn n=1 command(idx=2): PgDelPortCommand(_result=None, port_group=neutron_pg_drop, lsp=['a9287b5c-bd44-4ec2-94e1-90e698551c2e'], if_exists=False) {{(pid=87618) do_commit /opt/stack/data/venv/lib/python3.12/site-packages/ovsdbapp/backend/ovs_idl/transaction.py:89}}
Jul 31 04:29:21.320622 np0000006173 devstack@neutron-api.service[87618]: DEBUG ovsdbapp.backend.ovs_idl.transaction [None req-eb2bd291-de41-4f47-804b-cd002cdbfde4 None None] Running txn n=1 command(idx=0): DbSetCommand(_result=None, table=Logical_Switch_Port, record=a9287b5c-bd44-4ec2-94e1-90e698551c2e, col_values=(('external_ids', {'neutron:host_id': 'np0000006173'}),), if_exists=True) {{(pid=87618) do_commit /opt/stack/data/venv/lib/python3.12/site-packages/ovsdbapp/backend/ovs_idl/transaction.py:89}}
Jul 31 04:29:21.321177 np0000006173 devstack@neutron-api.service[87618]: DEBUG ovsdbapp.backend.ovs_idl.transaction [None req-eb2bd291-de41-4f47-804b-cd002cdbfde4 None None] Transaction caused no change {{(pid=87618) do_commit /opt/stack/data/venv/lib/python3.12/site-packages/ovsdbapp/backend/ovs_idl/transaction.py:129}}
Jul 31 04:29:21.538933 np0000006173 devstack@neutron-api.service[87619]: DEBUG neutron.api.wsgi [None req-47a485ef-38a3-436b-bc45-ba9e111e88df admin admin] Missing Content-Type {{(pid=87619) get_content_type /opt/stack/neutron/neutron/api/wsgi.py:80}}
Jul 31 04:29:21.591266 np0000006173 devstack@neutron-api.service[87619]: [pid: 87619|app: 0|req: 12/32] 10.4.3.175 () {64 vars in 1381 bytes} [Fri Jul 31 04:29:21 2026] GET /networking/v2.0/routers/7cc8c9a4-1444-4d3b-8c8b-f9e119b9ba38 => generated 1110 bytes in 55 msecs (HTTP/1.1 200) 4 headers in 158 bytes (1 switches on core 0)
Jul 31 04:29:21.634368 np0000006173 devstack@neutron-api.service[87619]: DEBUG neutron.plugins.ml2.drivers.ovn.mech_driver.ovsdb.ovsdb_monitor [None req-de1b2bc7-ebae-419d-9c66-8cdbddb6b5a7 None None] Touching Hash Ring node "b3552cce699c5d56a422d67d40d10b81" from IDL notify handler {{(pid=87619) notify /opt/stack/neutron/neutron/plugins/ml2/drivers/ovn/mech_driver/ovsdb/ovsdb_monitor.py:1005}}
Jul 31 04:29:21.635424 np0000006173 devstack@neutron-api.service[87618]: DEBUG neutron.plugins.ml2.drivers.ovn.mech_driver.ovsdb.ovsdb_monitor [None req-eb2bd291-de41-4f47-804b-cd002cdbfde4 None None] Touching Hash Ring node "9f668360bbc95b939c3a2538429ef48f" from IDL notify handler {{(pid=87618) notify /opt/stack/neutron/neutron/plugins/ml2/drivers/ovn/mech_driver/ovsdb/ovsdb_monitor.py:1005}}
Jul 31 04:29:21.639394 np0000006173 devstack@neutron-api.service[87619]: DEBUG neutron.plugins.ml2.drivers.ovn.mech_driver.ovsdb.ovsdb_monitor [None req-de1b2bc7-ebae-419d-9c66-8cdbddb6b5a7 None None] Hash Ring: Node b3552cce699c5d56a422d67d40d10b81 (host: np0000006173) handling event "update" for row a20295a3-42ec-4124-9cfd-9e50ff0889be (table: NB_Global) {{(pid=87619) notify /opt/stack/neutron/neutron/plugins/ml2/drivers/ovn/mech_driver/ovsdb/ovsdb_monitor.py:1013}}
Jul 31 04:29:21.642690 np0000006173 devstack@neutron-api.service[87618]: DEBUG neutron.plugins.ml2.drivers.ovn.mech_driver.ovsdb.ovsdb_monitor [None req-eb2bd291-de41-4f47-804b-cd002cdbfde4 None None] Hash Ring: Node 9f668360bbc95b939c3a2538429ef48f (host: np0000006173) handling event "update" for row a20295a3-42ec-4124-9cfd-9e50ff0889be (table: NB_Global) {{(pid=87618) notify /opt/stack/neutron/neutron/plugins/ml2/drivers/ovn/mech_driver/ovsdb/ovsdb_monitor.py:1013}}
Jul 31 04:29:21.660939 np0000006173 devstack@neutron-api.service[87620]: DEBUG neutron.pecan_wsgi.hooks.policy_enforcement [None req-d6ede48e-3e63-433b-a3f8-f2b3090abb02 admin admin] Attributes excluded by policy engine: ['standard_attr_id'] {{(pid=87620) _exclude_attributes_by_policy /opt/stack/neutron/neutron/pecan_wsgi/hooks/policy_enforcement.py:259}}
Jul 31 04:29:21.662868 np0000006173 devstack@neutron-api.service[87620]: [pid: 87620|app: 0|req: 11/33] 10.4.3.175 () {64 vars in 1370 bytes} [Fri Jul 31 04:29:21 2026] GET /networking/v2.0/ports?device_id=7cc8c9a4-1444-4d3b-8c8b-f9e119b9ba38 => generated 2594 bytes in 64 msecs (HTTP/1.1 200) 4 headers in 158 bytes (1 switches on core 0)
Jul 31 04:29:21.904960 np0000006173 devstack@neutron-api.service[87619]: DEBUG neutron.plugins.ml2.drivers.ovn.mech_driver.ovsdb.ovsdb_monitor [None req-de1b2bc7-ebae-419d-9c66-8cdbddb6b5a7 None None] Touching Hash Ring node "b3552cce699c5d56a422d67d40d10b81" from IDL notify handler {{(pid=87619) notify /opt/stack/neutron/neutron/plugins/ml2/drivers/ovn/mech_driver/ovsdb/ovsdb_monitor.py:1005}}
Jul 31 04:29:21.906096 np0000006173 devstack@neutron-api.service[87618]: DEBUG neutron.plugins.ml2.drivers.ovn.mech_driver.ovsdb.ovsdb_monitor [None req-eb2bd291-de41-4f47-804b-cd002cdbfde4 None None] Touching Hash Ring node "9f668360bbc95b939c3a2538429ef48f" from IDL notify handler {{(pid=87618) notify /opt/stack/neutron/neutron/plugins/ml2/drivers/ovn/mech_driver/ovsdb/ovsdb_monitor.py:1005}}
Jul 31 04:29:21.910129 np0000006173 devstack@neutron-api.service[87619]: DEBUG neutron.plugins.ml2.drivers.ovn.mech_driver.ovsdb.ovsdb_monitor [None req-de1b2bc7-ebae-419d-9c66-8cdbddb6b5a7 None None] Hash Ring: Node b3552cce699c5d56a422d67d40d10b81 (host: np0000006173) handling event "update" for row a20295a3-42ec-4124-9cfd-9e50ff0889be (table: NB_Global) {{(pid=87619) notify /opt/stack/neutron/neutron/plugins/ml2/drivers/ovn/mech_driver/ovsdb/ovsdb_monitor.py:1013}}
Jul 31 04:29:21.910209 np0000006173 devstack@neutron-api.service[87618]: DEBUG neutron.plugins.ml2.drivers.ovn.mech_driver.ovsdb.ovsdb_monitor [None req-eb2bd291-de41-4f47-804b-cd002cdbfde4 None None] Hash Ring: Node 9f668360bbc95b939c3a2538429ef48f (host: np0000006173) handling event "update" for row a20295a3-42ec-4124-9cfd-9e50ff0889be (table: NB_Global) {{(pid=87618) notify /opt/stack/neutron/neutron/plugins/ml2/drivers/ovn/mech_driver/ovsdb/ovsdb_monitor.py:1013}}
Jul 31 04:29:21.911496 np0000006173 devstack@neutron-api.service[87618]: DEBUG neutron.plugins.ml2.drivers.ovn.mech_driver.ovsdb.ovsdb_monitor [None req-eb2bd291-de41-4f47-804b-cd002cdbfde4 None None] Touching Hash Ring node "9f668360bbc95b939c3a2538429ef48f" from IDL notify handler {{(pid=87618) notify /opt/stack/neutron/neutron/plugins/ml2/drivers/ovn/mech_driver/ovsdb/ovsdb_monitor.py:1005}}
Jul 31 04:29:21.911573 np0000006173 devstack@neutron-api.service[87619]: DEBUG neutron.plugins.ml2.drivers.ovn.mech_driver.ovsdb.ovsdb_monitor [None req-de1b2bc7-ebae-419d-9c66-8cdbddb6b5a7 None None] Touching Hash Ring node "b3552cce699c5d56a422d67d40d10b81" from IDL notify handler {{(pid=87619) notify /opt/stack/neutron/neutron/plugins/ml2/drivers/ovn/mech_driver/ovsdb/ovsdb_monitor.py:1005}}
Jul 31 04:29:21.913908 np0000006173 devstack@neutron-api.service[87618]: DEBUG neutron.plugins.ml2.drivers.ovn.mech_driver.ovsdb.ovsdb_monitor [None req-eb2bd291-de41-4f47-804b-cd002cdbfde4 None None] Hash Ring: Node 9f668360bbc95b939c3a2538429ef48f (host: np0000006173) handling event "update" for row a20295a3-42ec-4124-9cfd-9e50ff0889be (table: NB_Global) {{(pid=87618) notify /opt/stack/neutron/neutron/plugins/ml2/drivers/ovn/mech_driver/ovsdb/ovsdb_monitor.py:1013}}
Jul 31 04:29:21.914027 np0000006173 devstack@neutron-api.service[87619]: DEBUG neutron.plugins.ml2.drivers.ovn.mech_driver.ovsdb.ovsdb_monitor [None req-de1b2bc7-ebae-419d-9c66-8cdbddb6b5a7 None None] Hash Ring: Node b3552cce699c5d56a422d67d40d10b81 (host: np0000006173) handling event "update" for row a20295a3-42ec-4124-9cfd-9e50ff0889be (table: NB_Global) {{(pid=87619) notify /opt/stack/neutron/neutron/plugins/ml2/drivers/ovn/mech_driver/ovsdb/ovsdb_monitor.py:1013}}
Jul 31 04:29:21.919091 np0000006173 devstack@neutron-api.service[87619]: DEBUG neutron.plugins.ml2.drivers.ovn.mech_driver.ovsdb.ovsdb_monitor [None req-de1b2bc7-ebae-419d-9c66-8cdbddb6b5a7 None None] Touching Hash Ring node "b3552cce699c5d56a422d67d40d10b81" from IDL notify handler {{(pid=87619) notify /opt/stack/neutron/neutron/plugins/ml2/drivers/ovn/mech_driver/ovsdb/ovsdb_monitor.py:1005}}
Jul 31 04:29:21.919802 np0000006173 devstack@neutron-api.service[87618]: DEBUG neutron.plugins.ml2.drivers.ovn.mech_driver.ovsdb.ovsdb_monitor [None req-eb2bd291-de41-4f47-804b-cd002cdbfde4 None None] Touching Hash Ring node "9f668360bbc95b939c3a2538429ef48f" from IDL notify handler {{(pid=87618) notify /opt/stack/neutron/neutron/plugins/ml2/drivers/ovn/mech_driver/ovsdb/ovsdb_monitor.py:1005}}
Jul 31 04:29:21.922534 np0000006173 devstack@neutron-api.service[87619]: DEBUG neutron.plugins.ml2.drivers.ovn.mech_driver.ovsdb.ovsdb_monitor [None req-de1b2bc7-ebae-419d-9c66-8cdbddb6b5a7 None None] Hash Ring: Node b3552cce699c5d56a422d67d40d10b81 (host: np0000006173) handling event "update" for row a20295a3-42ec-4124-9cfd-9e50ff0889be (table: NB_Global) {{(pid=87619) notify /opt/stack/neutron/neutron/plugins/ml2/drivers/ovn/mech_driver/ovsdb/ovsdb_monitor.py:1013}}
Jul 31 04:29:21.922674 np0000006173 devstack@neutron-api.service[87618]: DEBUG neutron.plugins.ml2.drivers.ovn.mech_driver.ovsdb.ovsdb_monitor [None req-eb2bd291-de41-4f47-804b-cd002cdbfde4 None None] Hash Ring: Node 9f668360bbc95b939c3a2538429ef48f (host: np0000006173) handling event "update" for row a20295a3-42ec-4124-9cfd-9e50ff0889be (table: NB_Global) {{(pid=87618) notify /opt/stack/neutron/neutron/plugins/ml2/drivers/ovn/mech_driver/ovsdb/ovsdb_monitor.py:1013}}
Jul 31 04:29:28.884391 np0000006173 devstack@neutron-api.service[87619]: DEBUG futurist.periodics [-] Submitting periodic callback 'neutron.plugins.ml2.drivers.ovn.mech_driver.ovsdb.maintenance.HashRingHealthCheckPeriodics.touch_hash_ring_node' {{(pid=87619) _process_scheduled /opt/stack/data/venv/lib/python3.12/site-packages/futurist/periodics.py:784}}
Jul 31 04:29:28.886197 np0000006173 devstack@neutron-api.service[87619]: DEBUG neutron.plugins.ml2.drivers.ovn.mech_driver.ovsdb.maintenance [-] Touching Hash Ring node "b3552cce699c5d56a422d67d40d10b81" from periodic health check thread {{(pid=87619) touch_hash_ring_node /opt/stack/neutron/neutron/plugins/ml2/drivers/ovn/mech_driver/ovsdb/maintenance.py:1417}}
Jul 31 04:29:29.819089 np0000006173 devstack@neutron-api.service[87620]: DEBUG futurist.periodics [-] Submitting periodic callback 'neutron.plugins.ml2.drivers.ovn.mech_driver.ovsdb.maintenance.HashRingHealthCheckPeriodics.touch_hash_ring_node' {{(pid=87620) _process_scheduled /opt/stack/data/venv/lib/python3.12/site-packages/futurist/periodics.py:784}}
Jul 31 04:29:29.820293 np0000006173 devstack@neutron-api.service[87620]: DEBUG neutron.plugins.ml2.drivers.ovn.mech_driver.ovsdb.maintenance [-] Touching Hash Ring node "652b3632d10f5d548bbcd7f71ada5992" from periodic health check thread {{(pid=87620) touch_hash_ring_node /opt/stack/neutron/neutron/plugins/ml2/drivers/ovn/mech_driver/ovsdb/maintenance.py:1417}}
Jul 31 04:29:29.896669 np0000006173 devstack@neutron-api.service[87618]: DEBUG futurist.periodics [-] Submitting periodic callback 'neutron.plugins.ml2.drivers.ovn.mech_driver.ovsdb.maintenance.HashRingHealthCheckPeriodics.touch_hash_ring_node' {{(pid=87618) _process_scheduled /opt/stack/data/venv/lib/python3.12/site-packages/futurist/periodics.py:784}}
Jul 31 04:29:29.897181 np0000006173 devstack@neutron-api.service[87618]: DEBUG neutron.plugins.ml2.drivers.ovn.mech_driver.ovsdb.maintenance [-] Touching Hash Ring node "9f668360bbc95b939c3a2538429ef48f" from periodic health check thread {{(pid=87618) touch_hash_ring_node /opt/stack/neutron/neutron/plugins/ml2/drivers/ovn/mech_driver/ovsdb/maintenance.py:1417}}
Jul 31 04:29:38.892046 np0000006173 devstack@neutron-api.service[87619]: DEBUG dbcounter [-] [87619] Writing DB stats neutron:SELECT=2904,neutron:INSERT=729,neutron:DELETE=12,neutron:UPDATE=125 {{(pid=87619) stat_writer /opt/stack/data/venv/lib/python3.12/site-packages/dbcounter.py:115}}
Jul 31 04:29:39.828331 np0000006173 devstack@neutron-api.service[87620]: DEBUG dbcounter [-] [87620] Writing DB stats neutron:SELECT=460,neutron:INSERT=19,neutron:DELETE=6,neutron:UPDATE=23 {{(pid=87620) stat_writer /opt/stack/data/venv/lib/python3.12/site-packages/dbcounter.py:115}}
Jul 31 04:29:39.905437 np0000006173 devstack@neutron-api.service[87618]: DEBUG dbcounter [-] [87618] Writing DB stats neutron:SELECT=2793,neutron:INSERT=56,neutron:DELETE=10,neutron:UPDATE=81 {{(pid=87618) stat_writer /opt/stack/data/venv/lib/python3.12/site-packages/dbcounter.py:115}}
Jul 31 04:29:43.886016 np0000006173 devstack@neutron-api.service[87619]: DEBUG futurist.periodics [-] Submitting periodic callback 'neutron.plugins.ml2.drivers.ovn.mech_driver.ovsdb.maintenance.HashRingHealthCheckPeriodics.touch_hash_ring_node' {{(pid=87619) _process_scheduled /opt/stack/data/venv/lib/python3.12/site-packages/futurist/periodics.py:784}}
Jul 31 04:29:43.887643 np0000006173 devstack@neutron-api.service[87619]: DEBUG neutron.plugins.ml2.drivers.ovn.mech_driver.ovsdb.maintenance [-] Touching Hash Ring node "b3552cce699c5d56a422d67d40d10b81" from periodic health check thread {{(pid=87619) touch_hash_ring_node /opt/stack/neutron/neutron/plugins/ml2/drivers/ovn/mech_driver/ovsdb/maintenance.py:1417}}
Jul 31 04:29:44.820580 np0000006173 devstack@neutron-api.service[87620]: DEBUG futurist.periodics [-] Submitting periodic callback 'neutron.plugins.ml2.drivers.ovn.mech_driver.ovsdb.maintenance.HashRingHealthCheckPeriodics.touch_hash_ring_node' {{(pid=87620) _process_scheduled /opt/stack/data/venv/lib/python3.12/site-packages/futurist/periodics.py:784}}
Jul 31 04:29:44.822386 np0000006173 devstack@neutron-api.service[87620]: DEBUG neutron.plugins.ml2.drivers.ovn.mech_driver.ovsdb.maintenance [-] Touching Hash Ring node "652b3632d10f5d548bbcd7f71ada5992" from periodic health check thread {{(pid=87620) touch_hash_ring_node /opt/stack/neutron/neutron/plugins/ml2/drivers/ovn/mech_driver/ovsdb/maintenance.py:1417}}
Jul 31 04:29:44.897296 np0000006173 devstack@neutron-api.service[87618]: DEBUG futurist.periodics [-] Submitting periodic callback 'neutron.plugins.ml2.drivers.ovn.mech_driver.ovsdb.maintenance.HashRingHealthCheckPeriodics.touch_hash_ring_node' {{(pid=87618) _process_scheduled /opt/stack/data/venv/lib/python3.12/site-packages/futurist/periodics.py:784}}
Jul 31 04:29:44.897843 np0000006173 devstack@neutron-api.service[87618]: DEBUG neutron.plugins.ml2.drivers.ovn.mech_driver.ovsdb.maintenance [-] Touching Hash Ring node "9f668360bbc95b939c3a2538429ef48f" from periodic health check thread {{(pid=87618) touch_hash_ring_node /opt/stack/neutron/neutron/plugins/ml2/drivers/ovn/mech_driver/ovsdb/maintenance.py:1417}}
Jul 31 04:29:53.896416 np0000006173 devstack@neutron-api.service[87619]: DEBUG dbcounter [-] [87619] Writing DB stats neutron:UPDATE=1,neutron:SELECT=1 {{(pid=87619) stat_writer /opt/stack/data/venv/lib/python3.12/site-packages/dbcounter.py:115}}
Jul 31 04:29:54.831213 np0000006173 devstack@neutron-api.service[87620]: DEBUG dbcounter [-] [87620] Writing DB stats neutron:UPDATE=1,neutron:SELECT=1 {{(pid=87620) stat_writer /opt/stack/data/venv/lib/python3.12/site-packages/dbcounter.py:115}}
Jul 31 04:29:54.907039 np0000006173 devstack@neutron-api.service[87618]: DEBUG dbcounter [-] [87618] Writing DB stats neutron:UPDATE=1,neutron:SELECT=1 {{(pid=87618) stat_writer /opt/stack/data/venv/lib/python3.12/site-packages/dbcounter.py:115}}
Jul 31 04:29:58.887484 np0000006173 devstack@neutron-api.service[87619]: DEBUG futurist.periodics [-] Submitting periodic callback 'neutron.plugins.ml2.drivers.ovn.mech_driver.ovsdb.maintenance.HashRingHealthCheckPeriodics.touch_hash_ring_node' {{(pid=87619) _process_scheduled /opt/stack/data/venv/lib/python3.12/site-packages/futurist/periodics.py:784}}
Jul 31 04:29:58.887886 np0000006173 devstack@neutron-api.service[87619]: DEBUG neutron.plugins.ml2.drivers.ovn.mech_driver.ovsdb.maintenance [-] Touching Hash Ring node "b3552cce699c5d56a422d67d40d10b81" from periodic health check thread {{(pid=87619) touch_hash_ring_node /opt/stack/neutron/neutron/plugins/ml2/drivers/ovn/mech_driver/ovsdb/maintenance.py:1417}}
Jul 31 04:29:59.821483 np0000006173 devstack@neutron-api.service[87620]: DEBUG futurist.periodics [-] Submitting periodic callback 'neutron.plugins.ml2.drivers.ovn.mech_driver.ovsdb.maintenance.HashRingHealthCheckPeriodics.touch_hash_ring_node' {{(pid=87620) _process_scheduled /opt/stack/data/venv/lib/python3.12/site-packages/futurist/periodics.py:784}}
Jul 31 04:29:59.823288 np0000006173 devstack@neutron-api.service[87620]: DEBUG neutron.plugins.ml2.drivers.ovn.mech_driver.ovsdb.maintenance [-] Touching Hash Ring node "652b3632d10f5d548bbcd7f71ada5992" from periodic health check thread {{(pid=87620) touch_hash_ring_node /opt/stack/neutron/neutron/plugins/ml2/drivers/ovn/mech_driver/ovsdb/maintenance.py:1417}}
Jul 31 04:29:59.897945 np0000006173 devstack@neutron-api.service[87618]: DEBUG futurist.periodics [-] Submitting periodic callback 'neutron.plugins.ml2.drivers.ovn.mech_driver.ovsdb.maintenance.HashRingHealthCheckPeriodics.touch_hash_ring_node' {{(pid=87618) _process_scheduled /opt/stack/data/venv/lib/python3.12/site-packages/futurist/periodics.py:784}}
Jul 31 04:29:59.898335 np0000006173 devstack@neutron-api.service[87618]: DEBUG neutron.plugins.ml2.drivers.ovn.mech_driver.ovsdb.maintenance [-] Touching Hash Ring node "9f668360bbc95b939c3a2538429ef48f" from periodic health check thread {{(pid=87618) touch_hash_ring_node /opt/stack/neutron/neutron/plugins/ml2/drivers/ovn/mech_driver/ovsdb/maintenance.py:1417}}
Jul 31 04:30:08.893416 np0000006173 devstack@neutron-api.service[87619]: DEBUG dbcounter [-] [87619] Writing DB stats neutron:UPDATE=1,neutron:SELECT=1 {{(pid=87619) stat_writer /opt/stack/data/venv/lib/python3.12/site-packages/dbcounter.py:115}}
Jul 31 04:30:09.828589 np0000006173 devstack@neutron-api.service[87620]: DEBUG dbcounter [-] [87620] Writing DB stats neutron:UPDATE=1,neutron:SELECT=1 {{(pid=87620) stat_writer /opt/stack/data/venv/lib/python3.12/site-packages/dbcounter.py:115}}
Jul 31 04:30:09.904115 np0000006173 devstack@neutron-api.service[87618]: DEBUG dbcounter [-] [87618] Writing DB stats neutron:UPDATE=1,neutron:SELECT=1 {{(pid=87618) stat_writer /opt/stack/data/venv/lib/python3.12/site-packages/dbcounter.py:115}}
Jul 31 04:30:13.887866 np0000006173 devstack@neutron-api.service[87619]: DEBUG futurist.periodics [-] Submitting periodic callback 'neutron.plugins.ml2.drivers.ovn.mech_driver.ovsdb.maintenance.HashRingHealthCheckPeriodics.touch_hash_ring_node' {{(pid=87619) _process_scheduled /opt/stack/data/venv/lib/python3.12/site-packages/futurist/periodics.py:784}}
Jul 31 04:30:13.888355 np0000006173 devstack@neutron-api.service[87619]: DEBUG neutron.plugins.ml2.drivers.ovn.mech_driver.ovsdb.maintenance [-] Touching Hash Ring node "b3552cce699c5d56a422d67d40d10b81" from periodic health check thread {{(pid=87619) touch_hash_ring_node /opt/stack/neutron/neutron/plugins/ml2/drivers/ovn/mech_driver/ovsdb/maintenance.py:1417}}
Jul 31 04:30:14.822479 np0000006173 devstack@neutron-api.service[87620]: DEBUG futurist.periodics [-] Submitting periodic callback 'neutron.plugins.ml2.drivers.ovn.mech_driver.ovsdb.maintenance.HashRingHealthCheckPeriodics.touch_hash_ring_node' {{(pid=87620) _process_scheduled /opt/stack/data/venv/lib/python3.12/site-packages/futurist/periodics.py:784}}
Jul 31 04:30:14.823019 np0000006173 devstack@neutron-api.service[87620]: DEBUG neutron.plugins.ml2.drivers.ovn.mech_driver.ovsdb.maintenance [-] Touching Hash Ring node "652b3632d10f5d548bbcd7f71ada5992" from periodic health check thread {{(pid=87620) touch_hash_ring_node /opt/stack/neutron/neutron/plugins/ml2/drivers/ovn/mech_driver/ovsdb/maintenance.py:1417}}
Jul 31 04:30:14.898437 np0000006173 devstack@neutron-api.service[87618]: DEBUG futurist.periodics [-] Submitting periodic callback 'neutron.plugins.ml2.drivers.ovn.mech_driver.ovsdb.maintenance.HashRingHealthCheckPeriodics.touch_hash_ring_node' {{(pid=87618) _process_scheduled /opt/stack/data/venv/lib/python3.12/site-packages/futurist/periodics.py:784}}
Jul 31 04:30:14.898838 np0000006173 devstack@neutron-api.service[87618]: DEBUG neutron.plugins.ml2.drivers.ovn.mech_driver.ovsdb.maintenance [-] Touching Hash Ring node "9f668360bbc95b939c3a2538429ef48f" from periodic health check thread {{(pid=87618) touch_hash_ring_node /opt/stack/neutron/neutron/plugins/ml2/drivers/ovn/mech_driver/ovsdb/maintenance.py:1417}}
Jul 31 04:30:22.333160 np0000006173 devstack@neutron-api.service[87618]: DEBUG neutron.api.wsgi [None req-c0999118-a034-46a5-8572-7f8ae8b7216a admin admin] Missing Content-Type {{(pid=87618) get_content_type /opt/stack/neutron/neutron/api/wsgi.py:80}}
Jul 31 04:30:22.333759 np0000006173 devstack@neutron-api.service[87618]: DEBUG neutron.api.wsgi [None req-c0999118-a034-46a5-8572-7f8ae8b7216a admin admin] https://10.4.3.175/networking/v2.0/extensions returned with HTTP 200 {{(pid=87618) __call__ /opt/stack/neutron/neutron/api/wsgi.py:540}}
Jul 31 04:30:22.334250 np0000006173 devstack@neutron-api.service[87618]: [pid: 87618|app: 0|req: 11/34] 10.4.3.175 () {64 vars in 1292 bytes} [Fri Jul 31 04:30:22 2026] GET /networking/v2.0/extensions => generated 16171 bytes in 4 msecs (HTTP/1.1 200) 4 headers in 159 bytes (1 switches on core 0)
Jul 31 04:30:22.582247 np0000006173 devstack@neutron-api.service[87619]: INFO neutron.pecan_wsgi.hooks.translation [None req-c996b064-e78e-4ef4-885e-afde42473c74 admin admin] GET failed (client error): The resource could not be found.
Jul 31 04:30:22.582996 np0000006173 devstack@neutron-api.service[87619]: [pid: 87619|app: 0|req: 13/35] 10.4.3.175 () {64 vars in 1294 bytes} [Fri Jul 31 04:30:22 2026] GET /networking/v2.0/networks/public => generated 108 bytes in 9 msecs (HTTP/1.1 404) 4 headers in 164 bytes (1 switches on core 0)
Jul 31 04:30:22.623424 np0000006173 devstack@neutron-api.service[87620]: DEBUG neutron.pecan_wsgi.hooks.policy_enforcement [None req-de5d3349-885b-4f51-af96-ed1a9568b35f admin admin] Attributes excluded by policy engine: ['standard_attr_id'] {{(pid=87620) _exclude_attributes_by_policy /opt/stack/neutron/neutron/pecan_wsgi/hooks/policy_enforcement.py:259}}
Jul 31 04:30:22.624697 np0000006173 devstack@neutron-api.service[87620]: [pid: 87620|app: 0|req: 12/36] 10.4.3.175 () {64 vars in 1309 bytes} [Fri Jul 31 04:30:22 2026] GET /networking/v2.0/networks?name=public => generated 759 bytes in 35 msecs (HTTP/1.1 200) 4 headers in 157 bytes (1 switches on core 0)
Jul 31 04:30:22.807039 np0000006173 devstack@neutron-api.service[87618]: DEBUG neutron.api.v2.base [None req-74ddb631-225d-4d9a-8cbb-c7e0ddc673e4 admin admin] Request body: {'network': {'shared': True, 'name': 'shared', 'admin_state_up': True}} {{(pid=87618) prepare_request_body /opt/stack/neutron/neutron/api/v2/base.py:727}}
Jul 31 04:30:22.818409 np0000006173 devstack@neutron-api.service[87618]: DEBUG neutron.pecan_wsgi.hooks.quota_enforcement [None req-74ddb631-225d-4d9a-8cbb-c7e0ddc673e4 admin admin] Made reservation on behalf of 545bceac0ecb403db8badb3bc5740a2e for: {'network': 1} {{(pid=87618) before /opt/stack/neutron/neutron/pecan_wsgi/hooks/quota_enforcement.py:66}}
Jul 31 04:30:22.820860 np0000006173 devstack@neutron-api.service[87618]: DEBUG neutron_lib.callbacks.manager [None req-74ddb631-225d-4d9a-8cbb-c7e0ddc673e4 admin admin] Publish callbacks ['neutron.plugins.ml2.plugin.SecurityGroupDbMixin._ensure_default_security_group_handler-15778923'] for network (None), before_create {{(pid=87618) _notify_loop /opt/stack/data/venv/lib/python3.12/site-packages/neutron_lib/callbacks/manager.py:184}}
Jul 31 04:30:22.847158 np0000006173 devstack@neutron-api.service[87618]: WARNING neutron.services.revisions.revision_plugin [None req-74ddb631-225d-4d9a-8cbb-c7e0ddc673e4 admin admin] Could not find related network for resource to bump revision.
Jul 31 04:30:22.872442 np0000006173 devstack@neutron-api.service[87618]: DEBUG neutron.plugins.ml2.drivers.helpers [None req-74ddb631-225d-4d9a-8cbb-c7e0ddc673e4 admin admin] geneve segment allocate from pool success with {'geneve_vni': 8726} {{(pid=87618) allocate_partially_specified_segment /opt/stack/neutron/neutron/plugins/ml2/drivers/helpers.py:142}}
Jul 31 04:30:22.878817 np0000006173 devstack@neutron-api.service[87618]: DEBUG neutron_lib.callbacks.manager [None req-74ddb631-225d-4d9a-8cbb-c7e0ddc673e4 admin admin] Publish callbacks ['neutron.plugins.ml2.plugin.Ml2Plugin._handle_segment_change-15676477'] for segment (111613f8-bd2f-4186-9902-d07bf49b6111), precommit_create {{(pid=87618) _notify_loop /opt/stack/data/venv/lib/python3.12/site-packages/neutron_lib/callbacks/manager.py:184}}
Jul 31 04:30:22.878982 np0000006173 devstack@neutron-api.service[87618]: INFO neutron.db.segments_db [None req-74ddb631-225d-4d9a-8cbb-c7e0ddc673e4 admin admin] Added segment 111613f8-bd2f-4186-9902-d07bf49b6111 of type geneve for network fece80ff-bac4-4947-aa93-7077ea6bfd33
Jul 31 04:30:22.890968 np0000006173 devstack@neutron-api.service[87618]: DEBUG neutron_lib.callbacks.manager [None req-74ddb631-225d-4d9a-8cbb-c7e0ddc673e4 admin admin] Publish callbacks ['neutron.services.auto_allocate.db._ensure_external_network_default_value_callback-8412957958668'] for network (fece80ff-bac4-4947-aa93-7077ea6bfd33), precommit_create {{(pid=87618) _notify_loop /opt/stack/data/venv/lib/python3.12/site-packages/neutron_lib/callbacks/manager.py:184}}
Jul 31 04:30:22.901117 np0000006173 devstack@neutron-api.service[87618]: DEBUG neutron.plugins.ml2.drivers.ovn.mech_driver.mech_driver [None req-74ddb631-225d-4d9a-8cbb-c7e0ddc673e4 admin admin] Validating network segment with type geneve, segmentation ID 8726, physical network None {{(pid=87618) _validate_network_segments /opt/stack/neutron/neutron/plugins/ml2/drivers/ovn/mech_driver/mech_driver.py:646}}
Jul 31 04:30:22.901317 np0000006173 devstack@neutron-api.service[87618]: DEBUG neutron.db.ovn_revision_numbers_db [None req-74ddb631-225d-4d9a-8cbb-c7e0ddc673e4 admin admin] create_initial_revision uuid=fece80ff-bac4-4947-aa93-7077ea6bfd33, type=networks, rev=-1 {{(pid=87618) create_initial_revision /opt/stack/neutron/neutron/db/ovn_revision_numbers_db.py:98}}
Jul 31 04:30:22.908477 np0000006173 devstack@neutron-api.service[87618]: DEBUG neutron_lib.callbacks.manager [None req-74ddb631-225d-4d9a-8cbb-c7e0ddc673e4 admin admin] Publish callbacks ['neutron.plugins.ml2.ovo_rpc._ObjectChangeHandler.handle_event-1122189'] for network (fece80ff-bac4-4947-aa93-7077ea6bfd33), after_create {{(pid=87618) _notify_loop /opt/stack/data/venv/lib/python3.12/site-packages/neutron_lib/callbacks/manager.py:184}}
Jul 31 04:30:22.922073 np0000006173 devstack@neutron-api.service[87618]: DEBUG neutron.api.rpc.handlers.resources_rpc [None req-74ddb631-225d-4d9a-8cbb-c7e0ddc673e4 admin admin] Pushing event updated for resources: {'Network': ['ID=fece80ff-bac4-4947-aa93-7077ea6bfd33,revision_number=1']} {{(pid=87618) push /opt/stack/neutron/neutron/api/rpc/handlers/resources_rpc.py:237}}
Jul 31 04:30:22.926496 np0000006173 devstack@neutron-api.service[87618]: DEBUG ovsdbapp.backend.ovs_idl.transaction [None req-eb2bd291-de41-4f47-804b-cd002cdbfde4 None None] Running txn n=1 command(idx=0): CheckLivenessCommand(_result=None) {{(pid=87618) do_commit /opt/stack/data/venv/lib/python3.12/site-packages/ovsdbapp/backend/ovs_idl/transaction.py:89}}
Jul 31 04:30:22.932029 np0000006173 devstack@neutron-api.service[87619]: DEBUG ovsdbapp.backend.ovs_idl.event [None req-2c1e1141-6d18-4f53-9e15-8b27ac31a549 None None] Matched UPDATE: ChassisAgentWriteEvent(events=('create', 'update'), table='Chassis_Private', conditions=None, old_conditions=None), priority=20 to row=Chassis_Private(uuid=a019d76d-bfe5-45a5-a993-1cd96361b01a, chassis=bf49ccc4-bafc-4cd1-9f2a-4d12ab174b68, external_ids={'neutron:ovn-bridge': 'br-int', 'neutron:ovn-neutron-agent-id': '9cfa6da3-ee3f-513d-a652-9ee90fd47da7', 'neutron:ovn-neutron-agent-sb-cfg': '1'}, name='fa1ef89a-e26d-4047-82b9-9975ddbdba48', nb_cfg=2, nb_cfg_timestamp=1785472222929) old=Chassis_Private(uuid=a019d76d-bfe5-45a5-a993-1cd96361b01a, nb_cfg=1, nb_cfg_timestamp=1785472145732) {{(pid=87619) matches /opt/stack/data/venv/lib/python3.12/site-packages/ovsdbapp/backend/ovs_idl/event.py:55}}
Jul 31 04:30:22.932846 np0000006173 devstack@neutron-api.service[87618]: DEBUG ovsdbapp.backend.ovs_idl.event [None req-32a7f8f3-8801-4a05-8f58-85d99d87e1f5 None None] Matched UPDATE: ChassisAgentWriteEvent(events=('create', 'update'), table='Chassis_Private', conditions=None, old_conditions=None), priority=20 to row=Chassis_Private(uuid=a019d76d-bfe5-45a5-a993-1cd96361b01a, chassis=bf49ccc4-bafc-4cd1-9f2a-4d12ab174b68, external_ids={'neutron:ovn-bridge': 'br-int', 'neutron:ovn-neutron-agent-id': '9cfa6da3-ee3f-513d-a652-9ee90fd47da7', 'neutron:ovn-neutron-agent-sb-cfg': '1'}, name='fa1ef89a-e26d-4047-82b9-9975ddbdba48', nb_cfg=2, nb_cfg_timestamp=1785472222929) old=Chassis_Private(uuid=a019d76d-bfe5-45a5-a993-1cd96361b01a, nb_cfg=1, nb_cfg_timestamp=1785472145732) {{(pid=87618) matches /opt/stack/data/venv/lib/python3.12/site-packages/ovsdbapp/backend/ovs_idl/event.py:55}}
Jul 31 04:30:22.934719 np0000006173 devstack@neutron-api.service[87620]: DEBUG ovsdbapp.backend.ovs_idl.event [None req-6b5953cd-239f-4069-a2f4-2f77fab05a9d None None] Matched UPDATE: ChassisAgentWriteEvent(events=('create', 'update'), table='Chassis_Private', conditions=None, old_conditions=None), priority=20 to row=Chassis_Private(uuid=a019d76d-bfe5-45a5-a993-1cd96361b01a, chassis=bf49ccc4-bafc-4cd1-9f2a-4d12ab174b68, external_ids={'neutron:ovn-bridge': 'br-int', 'neutron:ovn-neutron-agent-id': '9cfa6da3-ee3f-513d-a652-9ee90fd47da7', 'neutron:ovn-neutron-agent-sb-cfg': '1'}, name='fa1ef89a-e26d-4047-82b9-9975ddbdba48', nb_cfg=2, nb_cfg_timestamp=1785472222929) old=Chassis_Private(uuid=a019d76d-bfe5-45a5-a993-1cd96361b01a, nb_cfg=1, nb_cfg_timestamp=1785472145732) {{(pid=87620) matches /opt/stack/data/venv/lib/python3.12/site-packages/ovsdbapp/backend/ovs_idl/event.py:55}}
Jul 31 04:30:22.942684 np0000006173 devstack@neutron-api.service[87619]: DEBUG neutron.common.ovn.hash_ring_manager [None req-2c1e1141-6d18-4f53-9e15-8b27ac31a549 None None] Hash Ring loaded. 3 active nodes. 0 offline nodes {{(pid=87619) _load_hash_ring /opt/stack/neutron/neutron/common/ovn/hash_ring_manager.py:110}}
Jul 31 04:30:22.943399 np0000006173 devstack@neutron-api.service[87619]: DEBUG neutron.common.ovn.hash_ring_manager [None req-de1b2bc7-ebae-419d-9c66-8cdbddb6b5a7 None None] Hash Ring loaded. 3 active nodes. 0 offline nodes {{(pid=87619) _load_hash_ring /opt/stack/neutron/neutron/common/ovn/hash_ring_manager.py:110}}
Jul 31 04:30:22.943684 np0000006173 devstack@neutron-api.service[87618]: DEBUG neutron.common.ovn.hash_ring_manager [None req-32a7f8f3-8801-4a05-8f58-85d99d87e1f5 None None] Hash Ring loaded. 3 active nodes. 0 offline nodes {{(pid=87618) _load_hash_ring /opt/stack/neutron/neutron/common/ovn/hash_ring_manager.py:110}}
Jul 31 04:30:22.943891 np0000006173 devstack@neutron-api.service[87618]: DEBUG neutron.plugins.ml2.drivers.ovn.mech_driver.ovsdb.ovsdb_monitor [None req-32a7f8f3-8801-4a05-8f58-85d99d87e1f5 None None] Hash Ring: Node 9f668360bbc95b939c3a2538429ef48f (host: np0000006173) handling event "update" for row a019d76d-bfe5-45a5-a993-1cd96361b01a (table: Chassis_Private) {{(pid=87618) notify /opt/stack/neutron/neutron/plugins/ml2/drivers/ovn/mech_driver/ovsdb/ovsdb_monitor.py:1013}}
Jul 31 04:30:22.944609 np0000006173 devstack@neutron-api.service[87618]: DEBUG neutron.common.ovn.hash_ring_manager [None req-eb2bd291-de41-4f47-804b-cd002cdbfde4 None None] Hash Ring loaded. 3 active nodes. 0 offline nodes {{(pid=87618) _load_hash_ring /opt/stack/neutron/neutron/common/ovn/hash_ring_manager.py:110}}
Jul 31 04:30:22.944825 np0000006173 devstack@neutron-api.service[87618]: DEBUG neutron.plugins.ml2.drivers.ovn.mech_driver.ovsdb.ovsdb_monitor [None req-eb2bd291-de41-4f47-804b-cd002cdbfde4 None None] Hash Ring: Node 9f668360bbc95b939c3a2538429ef48f (host: np0000006173) handling event "update" for row a20295a3-42ec-4124-9cfd-9e50ff0889be (table: NB_Global) {{(pid=87618) notify /opt/stack/neutron/neutron/plugins/ml2/drivers/ovn/mech_driver/ovsdb/ovsdb_monitor.py:1013}}
Jul 31 04:30:22.945671 np0000006173 devstack@neutron-api.service[87618]: DEBUG neutron.plugins.ml2.drivers.ovn.mech_driver.ovsdb.ovsdb_monitor [None req-eb2bd291-de41-4f47-804b-cd002cdbfde4 None None] Hash Ring: Node 9f668360bbc95b939c3a2538429ef48f (host: np0000006173) handling event "update" for row a20295a3-42ec-4124-9cfd-9e50ff0889be (table: NB_Global) {{(pid=87618) notify /opt/stack/neutron/neutron/plugins/ml2/drivers/ovn/mech_driver/ovsdb/ovsdb_monitor.py:1013}}
Jul 31 04:30:22.945905 np0000006173 devstack@neutron-api.service[87620]: DEBUG neutron.common.ovn.hash_ring_manager [None req-2c06bb66-b139-47f6-a376-e0254c7fc6bc None None] Hash Ring loaded. 3 active nodes. 0 offline nodes {{(pid=87620) _load_hash_ring /opt/stack/neutron/neutron/common/ovn/hash_ring_manager.py:110}}
Jul 31 04:30:22.946203 np0000006173 devstack@neutron-api.service[87618]: DEBUG neutron.plugins.ml2.drivers.ovn.mech_driver.ovsdb.ovsdb_monitor [None req-eb2bd291-de41-4f47-804b-cd002cdbfde4 None None] Hash Ring: Node 9f668360bbc95b939c3a2538429ef48f (host: np0000006173) handling event "update" for row a20295a3-42ec-4124-9cfd-9e50ff0889be (table: NB_Global) {{(pid=87618) notify /opt/stack/neutron/neutron/plugins/ml2/drivers/ovn/mech_driver/ovsdb/ovsdb_monitor.py:1013}}
Jul 31 04:30:22.946703 np0000006173 devstack@neutron-api.service[87618]: DEBUG neutron.plugins.ml2.drivers.ovn.mech_driver.ovsdb.ovsdb_monitor [None req-eb2bd291-de41-4f47-804b-cd002cdbfde4 None None] Hash Ring: Node 9f668360bbc95b939c3a2538429ef48f (host: np0000006173) handling event "update" for row a20295a3-42ec-4124-9cfd-9e50ff0889be (table: NB_Global) {{(pid=87618) notify /opt/stack/neutron/neutron/plugins/ml2/drivers/ovn/mech_driver/ovsdb/ovsdb_monitor.py:1013}}
Jul 31 04:30:22.946763 np0000006173 devstack@neutron-api.service[87620]: DEBUG neutron.common.ovn.hash_ring_manager [None req-6b5953cd-239f-4069-a2f4-2f77fab05a9d None None] Hash Ring loaded. 3 active nodes. 0 offline nodes {{(pid=87620) _load_hash_ring /opt/stack/neutron/neutron/common/ovn/hash_ring_manager.py:110}}
Jul 31 04:30:22.948536 np0000006173 devstack@neutron-api.service[87618]: DEBUG neutron.api.rpc.callbacks.version_manager [None req-74ddb631-225d-4d9a-8cbb-c7e0ddc673e4 admin admin] Tracked resource versions report:
Jul 31 04:30:22.948536 np0000006173 devstack@neutron-api.service[87618]: pushed versions:
Jul 31 04:30:22.948536 np0000006173 devstack@neutron-api.service[87618]: { 'AddressGroup': {'1.2'},
Jul 31 04:30:22.948536 np0000006173 devstack@neutron-api.service[87618]: 'Agent': {'1.1'},
Jul 31 04:30:22.948536 np0000006173 devstack@neutron-api.service[87618]: 'ConntrackHelper': {'1.0'},
Jul 31 04:30:22.948536 np0000006173 devstack@neutron-api.service[87618]: 'LocalIPAssociation': {'1.0'},
Jul 31 04:30:22.948536 np0000006173 devstack@neutron-api.service[87618]: 'Log': {'1.0'},
Jul 31 04:30:22.948536 np0000006173 devstack@neutron-api.service[87618]: 'NDPProxy': {'1.0'},
Jul 31 04:30:22.948536 np0000006173 devstack@neutron-api.service[87618]: 'Network': {'1.3'},
Jul 31 04:30:22.948536 np0000006173 devstack@neutron-api.service[87618]: 'Port': {'1.11'},
Jul 31 04:30:22.948536 np0000006173 devstack@neutron-api.service[87618]: 'PortForwarding': {'1.3'},
Jul 31 04:30:22.948536 np0000006173 devstack@neutron-api.service[87618]: 'QosPolicy': {'1.10'},
Jul 31 04:30:22.948536 np0000006173 devstack@neutron-api.service[87618]: 'SecurityGroup': {'1.6'},
Jul 31 04:30:22.948536 np0000006173 devstack@neutron-api.service[87618]: 'SecurityGroupRule': {'1.3'},
Jul 31 04:30:22.948536 np0000006173 devstack@neutron-api.service[87618]: 'SubPort': {'1.0'},
Jul 31 04:30:22.948536 np0000006173 devstack@neutron-api.service[87618]: 'Subnet': {'1.2'},
Jul 31 04:30:22.948536 np0000006173 devstack@neutron-api.service[87618]: 'Trunk': {'1.1'}}
Jul 31 04:30:22.948536 np0000006173 devstack@neutron-api.service[87618]: consumer versions:
Jul 31 04:30:22.948536 np0000006173 devstack@neutron-api.service[87618]: { OVN Neutron agent@np0000006173: {},
Jul 31 04:30:22.948536 np0000006173 devstack@neutron-api.service[87618]: OVN Controller Gateway agent@np0000006173: {}}
Jul 31 04:30:22.948536 np0000006173 devstack@neutron-api.service[87618]: {{(pid=87618) report /opt/stack/neutron/neutron/api/rpc/callbacks/version_manager.py:183}}
Jul 31 04:30:22.955503 np0000006173 devstack@neutron-api.service[87618]: DEBUG ovsdbapp.backend.ovs_idl.transaction [None req-eb2bd291-de41-4f47-804b-cd002cdbfde4 None None] Running txn n=1 command(idx=0): AddNetworkCommand(_result=None, network_uuid=fece80ff-bac4-4947-aa93-7077ea6bfd33, may_exist=True, columns={'external_ids': {'neutron:network_name': 'shared', 'neutron:mtu': '1372', 'neutron:revision_number': '1', 'neutron:availability_zone_hints': '', 'neutron:provnet-network-type': 'geneve'}, 'other_config': {'mcast_snoop': 'false', 'mcast_flood_unregistered': 'false', 'vlan-passthru': 'false'}}) {{(pid=87618) do_commit /opt/stack/data/venv/lib/python3.12/site-packages/ovsdbapp/backend/ovs_idl/transaction.py:89}}
Jul 31 04:30:22.957480 np0000006173 devstack@neutron-api.service[87618]: DEBUG neutron.plugins.ml2.drivers.ovn.mech_driver.ovsdb.ovsdb_monitor [None req-eb2bd291-de41-4f47-804b-cd002cdbfde4 None None] Hash Ring: Node 9f668360bbc95b939c3a2538429ef48f (host: np0000006173) handling event "create" for row fece80ff-bac4-4947-aa93-7077ea6bfd33 (table: Logical_Switch) {{(pid=87618) notify /opt/stack/neutron/neutron/plugins/ml2/drivers/ovn/mech_driver/ovsdb/ovsdb_monitor.py:1013}}
Jul 31 04:30:22.961240 np0000006173 devstack@neutron-api.service[87618]: DEBUG neutron.plugins.ml2.drivers.ovn.mech_driver.ovsdb.ovsdb_monitor [None req-32a7f8f3-8801-4a05-8f58-85d99d87e1f5 None None] Hash Ring: Node 9f668360bbc95b939c3a2538429ef48f (host: np0000006173) handling event "create" for row 007b8e45-3e1a-4e41-ad43-3819673230ae (table: Datapath_Binding) {{(pid=87618) notify /opt/stack/neutron/neutron/plugins/ml2/drivers/ovn/mech_driver/ovsdb/ovsdb_monitor.py:1013}}
Jul 31 04:30:22.976218 np0000006173 devstack@neutron-api.service[87618]: INFO neutron.db.ovn_revision_numbers_db [None req-74ddb631-225d-4d9a-8cbb-c7e0ddc673e4 admin admin] Successfully bumped revision number for resource fece80ff-bac4-4947-aa93-7077ea6bfd33 (type: networks) to 1
Jul 31 04:30:22.986826 np0000006173 devstack@neutron-api.service[87618]: DEBUG neutron_lib.callbacks.manager [None req-74ddb631-225d-4d9a-8cbb-c7e0ddc673e4 admin admin] Publish callbacks ['neutron.plugins.ml2.plugin.SecurityGroupDbMixin._ensure_default_security_group_handler-15778923'] for port (None), before_create {{(pid=87618) _notify_loop /opt/stack/data/venv/lib/python3.12/site-packages/neutron_lib/callbacks/manager.py:184}}
Jul 31 04:30:23.047460 np0000006173 devstack@neutron-api.service[87618]: DEBUG neutron_lib.callbacks.manager [None req-74ddb631-225d-4d9a-8cbb-c7e0ddc673e4 admin admin] Publish callbacks ['neutron.plugins.ml2.drivers.ovn.mech_driver.mech_driver.OVNMechanismDriver._validate_allowed_address_pairs-464931'] for allowed_address_pair (71f4f184-c2a5-43ce-8523-7d89df800f3c), before_create {{(pid=87618) _notify_loop /opt/stack/data/venv/lib/python3.12/site-packages/neutron_lib/callbacks/manager.py:184}}
Jul 31 04:30:23.048066 np0000006173 devstack@neutron-api.service[87618]: DEBUG neutron_lib.callbacks.manager [None req-74ddb631-225d-4d9a-8cbb-c7e0ddc673e4 admin admin] Publish callbacks [] for port (71f4f184-c2a5-43ce-8523-7d89df800f3c), precommit_create {{(pid=87618) _notify_loop /opt/stack/data/venv/lib/python3.12/site-packages/neutron_lib/callbacks/manager.py:184}}
Jul 31 04:30:23.048264 np0000006173 devstack@neutron-api.service[87618]: DEBUG neutron.plugins.ml2.drivers.ovn.mech_driver.mech_driver [None req-74ddb631-225d-4d9a-8cbb-c7e0ddc673e4 admin admin] No provisioning block for port 71f4f184-c2a5-43ce-8523-7d89df800f3c since it does not have a host {{(pid=87618) _is_port_provisioning_required /opt/stack/neutron/neutron/plugins/ml2/drivers/ovn/mech_driver/mech_driver.py:899}}
Jul 31 04:30:23.048400 np0000006173 devstack@neutron-api.service[87618]: DEBUG neutron.db.ovn_revision_numbers_db [None req-74ddb631-225d-4d9a-8cbb-c7e0ddc673e4 admin admin] create_initial_revision uuid=71f4f184-c2a5-43ce-8523-7d89df800f3c, type=ports, rev=-1 {{(pid=87618) create_initial_revision /opt/stack/neutron/neutron/db/ovn_revision_numbers_db.py:98}}
Jul 31 04:30:23.075163 np0000006173 devstack@neutron-api.service[87618]: DEBUG neutron_lib.callbacks.manager [None req-74ddb631-225d-4d9a-8cbb-c7e0ddc673e4 admin admin] Publish callbacks ['neutron.plugins.ml2.ovo_rpc._ObjectChangeHandler.handle_event-1122178'] for port (71f4f184-c2a5-43ce-8523-7d89df800f3c), after_create {{(pid=87618) _notify_loop /opt/stack/data/venv/lib/python3.12/site-packages/neutron_lib/callbacks/manager.py:184}}
Jul 31 04:30:23.105645 np0000006173 devstack@neutron-api.service[87618]: DEBUG neutron.api.rpc.handlers.resources_rpc [None req-74ddb631-225d-4d9a-8cbb-c7e0ddc673e4 admin admin] Pushing event updated for resources: {'Port': ['ID=71f4f184-c2a5-43ce-8523-7d89df800f3c,revision_number=1']} {{(pid=87618) push /opt/stack/neutron/neutron/api/rpc/handlers/resources_rpc.py:237}}
Jul 31 04:30:23.110702 np0000006173 devstack@neutron-api.service[87618]: DEBUG neutron.plugins.ml2.drivers.ovn.mech_driver.ovsdb.commands [None req-74ddb631-225d-4d9a-8cbb-c7e0ddc673e4 admin admin] Converting tag [] to a tag_request {{(pid=87618) _tag_column_to_tag_request /opt/stack/neutron/neutron/plugins/ml2/drivers/ovn/mech_driver/ovsdb/commands.py:205}}
Jul 31 04:30:23.111471 np0000006173 devstack@neutron-api.service[87618]: DEBUG ovsdbapp.backend.ovs_idl.transaction [None req-eb2bd291-de41-4f47-804b-cd002cdbfde4 None None] Running txn n=1 command(idx=0): AddLSwitchPortCommand(_result=None, lport=71f4f184-c2a5-43ce-8523-7d89df800f3c, lswitch=neutron-fece80ff-bac4-4947-aa93-7077ea6bfd33, may_exist=True, network_uuid=fece80ff-bac4-4947-aa93-7077ea6bfd33, columns={'addresses': ['fa:16:3e:a7:b8:ca'], 'external_ids': {'neutron:port_name': '', 'neutron:device_id': 'ovnmeta-fece80ff-bac4-4947-aa93-7077ea6bfd33', 'neutron:project_id': '545bceac0ecb403db8badb3bc5740a2e', 'neutron:cidrs': '', 'neutron:device_owner': 'network:distributed', 'neutron:subnet_pool_addr_scope4': '', 'neutron:subnet_pool_addr_scope6': '', 'neutron:network_name': 'neutron-fece80ff-bac4-4947-aa93-7077ea6bfd33', 'neutron:security_group_ids': '', 'neutron:revision_number': '1', 'neutron:vnic_type': 'normal', 'neutron:port_capabilities': '', 'neutron:mtu': '1372'}, 'parent_name': [], 'enabled': True, 'options': {}, 'type': 'localport', 'port_security': [], 'dhcpv4_options': [], 'dhcpv6_options': [], 'tag_request': []}) {{(pid=87618) do_commit /opt/stack/data/venv/lib/python3.12/site-packages/ovsdbapp/backend/ovs_idl/transaction.py:89}}
Jul 31 04:30:23.111981 np0000006173 devstack@neutron-api.service[87618]: DEBUG ovsdbapp.backend.ovs_idl.transaction [None req-eb2bd291-de41-4f47-804b-cd002cdbfde4 None None] Running txn n=1 command(idx=1): QoSDelCommand(_result=None, switch=neutron-fece80ff-bac4-4947-aa93-7077ea6bfd33, conditions=[('direction', '=', 'to-lport'), ('priority', '=', 2002), ('match', '=', 'outport == "71f4f184-c2a5-43ce-8523-7d89df800f3c"')], if_exists=True) {{(pid=87618) do_commit /opt/stack/data/venv/lib/python3.12/site-packages/ovsdbapp/backend/ovs_idl/transaction.py:89}}
Jul 31 04:30:23.112203 np0000006173 devstack@neutron-api.service[87618]: DEBUG ovsdbapp.backend.ovs_idl.transaction [None req-eb2bd291-de41-4f47-804b-cd002cdbfde4 None None] Running txn n=1 command(idx=2): QoSDelCommand(_result=None, switch=neutron-fece80ff-bac4-4947-aa93-7077ea6bfd33, conditions=[('direction', '=', 'from-lport'), ('priority', '=', 2002), ('match', '=', 'inport == "71f4f184-c2a5-43ce-8523-7d89df800f3c"')], if_exists=True) {{(pid=87618) do_commit /opt/stack/data/venv/lib/python3.12/site-packages/ovsdbapp/backend/ovs_idl/transaction.py:89}}
Jul 31 04:30:23.114844 np0000006173 devstack@neutron-api.service[87618]: DEBUG neutron.plugins.ml2.drivers.ovn.mech_driver.ovsdb.ovsdb_monitor [None req-eb2bd291-de41-4f47-804b-cd002cdbfde4 None None] Hash Ring: Node 9f668360bbc95b939c3a2538429ef48f (host: np0000006173) handling event "update" for row fece80ff-bac4-4947-aa93-7077ea6bfd33 (table: Logical_Switch) {{(pid=87618) notify /opt/stack/neutron/neutron/plugins/ml2/drivers/ovn/mech_driver/ovsdb/ovsdb_monitor.py:1013}}
Jul 31 04:30:23.119513 np0000006173 devstack@neutron-api.service[87619]: DEBUG neutron.plugins.ml2.drivers.ovn.mech_driver.ovsdb.ovsdb_monitor [None req-de1b2bc7-ebae-419d-9c66-8cdbddb6b5a7 None None] Hash Ring: Node b3552cce699c5d56a422d67d40d10b81 (host: np0000006173) handling event "create" for row 27aac1c8-6ae7-4b7d-9c13-4499aed672c3 (table: Logical_Switch_Port) {{(pid=87619) notify /opt/stack/neutron/neutron/plugins/ml2/drivers/ovn/mech_driver/ovsdb/ovsdb_monitor.py:1013}}
Jul 31 04:30:23.121357 np0000006173 devstack@neutron-api.service[87619]: DEBUG ovsdbapp.backend.ovs_idl.event [None req-de1b2bc7-ebae-419d-9c66-8cdbddb6b5a7 None None] Matched CREATE: LogicalSwitchPortCreateEvent(events=('create',), table='Logical_Switch_Port', conditions=[], old_conditions=None), priority=20 to row=Logical_Switch_Port(uuid=27aac1c8-6ae7-4b7d-9c13-4499aed672c3, addresses=['fa:16:3e:a7:b8:ca'], dhcpv4_options=[], dhcpv6_options=[], dynamic_addresses=[], enabled=True, external_ids={'neutron:cidrs': '', 'neutron:device_id': 'ovnmeta-fece80ff-bac4-4947-aa93-7077ea6bfd33', 'neutron:device_owner': 'network:distributed', 'neutron:mtu': '1372', 'neutron:network_name': 'neutron-fece80ff-bac4-4947-aa93-7077ea6bfd33', 'neutron:port_capabilities': '', 'neutron:port_name': '', 'neutron:project_id': '545bceac0ecb403db8badb3bc5740a2e', 'neutron:revision_number': '1', 'neutron:security_group_ids': '', 'neutron:subnet_pool_addr_scope4': '', 'neutron:subnet_pool_addr_scope6': '', 'neutron:vnic_type': 'normal'}, ha_chassis_group=[], mirror_rules=[], name='71f4f184-c2a5-43ce-8523-7d89df800f3c', options={}, parent_name=[], port_security=[], tag=[], tag_request=[], type='localport', up=[]) old= {{(pid=87619) matches /opt/stack/data/venv/lib/python3.12/site-packages/ovsdbapp/backend/ovs_idl/event.py:55}}
Jul 31 04:30:23.123937 np0000006173 devstack@neutron-api.service[87619]: INFO neutron.plugins.ml2.drivers.ovn.mech_driver.mech_driver [None req-d556e613-de79-4878-be41-db7e8ce7bff8 None None] OVN reports status down for port: 71f4f184-c2a5-43ce-8523-7d89df800f3c
Jul 31 04:30:23.125644 np0000006173 devstack@neutron-api.service[87619]: DEBUG neutron.plugins.ml2.drivers.ovn.mech_driver.ovsdb.ovsdb_monitor [None req-de1b2bc7-ebae-419d-9c66-8cdbddb6b5a7 None None] Hash Ring: Node b3552cce699c5d56a422d67d40d10b81 (host: np0000006173) handling event "update" for row 27aac1c8-6ae7-4b7d-9c13-4499aed672c3 (table: Logical_Switch_Port) {{(pid=87619) notify /opt/stack/neutron/neutron/plugins/ml2/drivers/ovn/mech_driver/ovsdb/ovsdb_monitor.py:1013}}
Jul 31 04:30:23.126196 np0000006173 devstack@neutron-api.service[87619]: DEBUG neutron.plugins.ml2.drivers.ovn.mech_driver.ovsdb.ovsdb_monitor [None req-2c1e1141-6d18-4f53-9e15-8b27ac31a549 None None] Hash Ring: Node b3552cce699c5d56a422d67d40d10b81 (host: np0000006173) handling event "create" for row f35efc76-1509-40c2-8e2d-1b6302ba2aa2 (table: Port_Binding) {{(pid=87619) notify /opt/stack/neutron/neutron/plugins/ml2/drivers/ovn/mech_driver/ovsdb/ovsdb_monitor.py:1013}}
Jul 31 04:30:23.147407 np0000006173 devstack@neutron-api.service[87618]: INFO neutron.db.ovn_revision_numbers_db [None req-74ddb631-225d-4d9a-8cbb-c7e0ddc673e4 admin admin] Successfully bumped revision number for resource 71f4f184-c2a5-43ce-8523-7d89df800f3c (type: ports) to 1
Jul 31 04:30:23.153818 np0000006173 devstack@neutron-api.service[87618]: DEBUG neutron.pecan_wsgi.hooks.policy_enforcement [None req-74ddb631-225d-4d9a-8cbb-c7e0ddc673e4 admin admin] Attributes excluded by policy engine: ['standard_attr_id'] {{(pid=87618) _exclude_attributes_by_policy /opt/stack/neutron/neutron/pecan_wsgi/hooks/policy_enforcement.py:259}}
