Jun 11 20:18:01.068848 np0000002669 devstack@g-api.service[102016]: DEBUG glance_store.capabilities [-] Store glance_store._drivers.swift.store.SingleTenantStore doesn't support updating dynamic storage capabilities. Please overwrite 'update_capabilities' method of the store to implement updating logics if needed. {{(pid=102016) update_capabilities /opt/stack/data/venv/lib/python3.12/site-packages/glance_store/capabilities.py:91}}
Jun 11 20:18:01.068897 np0000002669 devstack@g-api.service[102016]: DEBUG glance_store.backend [-] Registering store swift with schemes ('swift+https', 'swift', 'swift+http', 'swift+config') {{(pid=102016) create_stores /opt/stack/data/venv/lib/python3.12/site-packages/glance_store/backend.py:261}}
Jun 11 20:18:01.068961 np0000002669 devstack@g-api.service[102016]: DEBUG glance_store.driver [-] Late loading location class glance_store._drivers.swift.store.StoreLocation {{(pid=102016) get_store_location_class /opt/stack/data/venv/lib/python3.12/site-packages/glance_store/driver.py:134}}
Jun 11 20:18:01.069004 np0000002669 devstack@g-api.service[102016]: DEBUG glance_store.location [-] Registering scheme swift+https with {'store': , 'location_class': , 'store_entry': 'swift'} {{(pid=102016) register_scheme_map /opt/stack/data/venv/lib/python3.12/site-packages/glance_store/location.py:146}}
Jun 11 20:18:01.069073 np0000002669 devstack@g-api.service[102016]: DEBUG glance_store.location [-] Registering scheme swift with {'store': , 'location_class': , 'store_entry': 'swift'} {{(pid=102016) register_scheme_map /opt/stack/data/venv/lib/python3.12/site-packages/glance_store/location.py:146}}
Jun 11 20:18:01.069118 np0000002669 devstack@g-api.service[102016]: DEBUG glance_store.location [-] Registering scheme swift+http with {'store': , 'location_class': , 'store_entry': 'swift'} {{(pid=102016) register_scheme_map /opt/stack/data/venv/lib/python3.12/site-packages/glance_store/location.py:146}}
Jun 11 20:18:01.069162 np0000002669 devstack@g-api.service[102016]: DEBUG glance_store.location [-] Registering scheme swift+config with {'store': , 'location_class': , 'store_entry': 'swift'} {{(pid=102016) register_scheme_map /opt/stack/data/venv/lib/python3.12/site-packages/glance_store/location.py:146}}
Jun 11 20:18:01.069211 np0000002669 devstack@g-api.service[102016]: DEBUG glance_store.backend [-] Attempting to import store file {{(pid=102016) _load_store /opt/stack/data/venv/lib/python3.12/site-packages/glance_store/backend.py:215}}
Jun 11 20:18:01.069650 np0000002669 devstack@g-api.service[102016]: DEBUG glance_store.capabilities [-] Store glance_store._drivers.filesystem.Store doesn't support updating dynamic storage capabilities. Please overwrite 'update_capabilities' method of the store to implement updating logics if needed. {{(pid=102016) update_capabilities /opt/stack/data/venv/lib/python3.12/site-packages/glance_store/capabilities.py:91}}
Jun 11 20:18:01.069704 np0000002669 devstack@g-api.service[102016]: DEBUG glance_store.backend [-] Registering store file with schemes ('file', 'filesystem') {{(pid=102016) create_stores /opt/stack/data/venv/lib/python3.12/site-packages/glance_store/backend.py:261}}
Jun 11 20:18:01.069773 np0000002669 devstack@g-api.service[102016]: DEBUG glance_store.driver [-] Late loading location class glance_store._drivers.filesystem.StoreLocation {{(pid=102016) get_store_location_class /opt/stack/data/venv/lib/python3.12/site-packages/glance_store/driver.py:134}}
Jun 11 20:18:01.069813 np0000002669 devstack@g-api.service[102016]: DEBUG glance_store.location [-] Registering scheme file with {'store': , 'location_class': , 'store_entry': 'file'} {{(pid=102016) register_scheme_map /opt/stack/data/venv/lib/python3.12/site-packages/glance_store/location.py:146}}
Jun 11 20:18:01.069859 np0000002669 devstack@g-api.service[102016]: DEBUG glance_store.location [-] Registering scheme filesystem with {'store': , 'location_class': , 'store_entry': 'file'} {{(pid=102016) register_scheme_map /opt/stack/data/venv/lib/python3.12/site-packages/glance_store/location.py:146}}
Jun 11 20:18:01.069975 np0000002669 devstack@g-api.service[102016]: DEBUG glance_store.backend [-] Attempting to import store swift {{(pid=102016) _load_store /opt/stack/data/venv/lib/python3.12/site-packages/glance_store/backend.py:215}}
Jun 11 20:18:01.071010 np0000002669 devstack@g-api.service[102016]: DEBUG glance_store.capabilities [-] Store glance_store._drivers.swift.store.SingleTenantStore doesn't support updating dynamic storage capabilities. Please overwrite 'update_capabilities' method of the store to implement updating logics if needed. {{(pid=102016) update_capabilities /opt/stack/data/venv/lib/python3.12/site-packages/glance_store/capabilities.py:91}}
Jun 11 20:18:01.071077 np0000002669 devstack@g-api.service[102016]: DEBUG glance_store.driver [-] Late loading location class glance_store._drivers.swift.store.StoreLocation {{(pid=102016) get_store_location_class /opt/stack/data/venv/lib/python3.12/site-packages/glance_store/driver.py:134}}
Jun 11 20:18:01.071146 np0000002669 devstack@g-api.service[102016]: DEBUG glance_store.location [-] Registering scheme swift+https with {'store': , 'location_class': , 'store_entry': 'swift'} {{(pid=102016) register_scheme_map /opt/stack/data/venv/lib/python3.12/site-packages/glance_store/location.py:146}}
Jun 11 20:18:01.071189 np0000002669 devstack@g-api.service[102016]: DEBUG glance_store.location [-] Registering scheme swift+https with {'store': , 'location_class': , 'store_entry': 'swift'} {{(pid=102016) register_scheme_map /opt/stack/data/venv/lib/python3.12/site-packages/glance_store/location.py:146}}
Jun 11 20:18:01.071234 np0000002669 devstack@g-api.service[102016]: DEBUG glance_store.location [-] Registering scheme swift with {'store': , 'location_class': , 'store_entry': 'swift'} {{(pid=102016) register_scheme_map /opt/stack/data/venv/lib/python3.12/site-packages/glance_store/location.py:146}}
Jun 11 20:18:01.071289 np0000002669 devstack@g-api.service[102016]: DEBUG glance_store.location [-] Registering scheme swift+https with {'store': , 'location_class': , 'store_entry': 'swift'} {{(pid=102016) register_scheme_map /opt/stack/data/venv/lib/python3.12/site-packages/glance_store/location.py:146}}
Jun 11 20:18:01.071337 np0000002669 devstack@g-api.service[102016]: DEBUG glance_store.location [-] Registering scheme swift with {'store': , 'location_class': , 'store_entry': 'swift'} {{(pid=102016) register_scheme_map /opt/stack/data/venv/lib/python3.12/site-packages/glance_store/location.py:146}}
Jun 11 20:18:01.071381 np0000002669 devstack@g-api.service[102016]: DEBUG glance_store.location [-] Registering scheme swift+http with {'store': , 'location_class': , 'store_entry': 'swift'} {{(pid=102016) register_scheme_map /opt/stack/data/venv/lib/python3.12/site-packages/glance_store/location.py:146}}
Jun 11 20:18:01.071420 np0000002669 devstack@g-api.service[102016]: DEBUG glance_store.location [-] Registering scheme swift+https with {'store': , 'location_class': , 'store_entry': 'swift'} {{(pid=102016) register_scheme_map /opt/stack/data/venv/lib/python3.12/site-packages/glance_store/location.py:146}}
Jun 11 20:18:01.071461 np0000002669 devstack@g-api.service[102016]: DEBUG glance_store.location [-] Registering scheme swift with {'store': , 'location_class': , 'store_entry': 'swift'} {{(pid=102016) register_scheme_map /opt/stack/data/venv/lib/python3.12/site-packages/glance_store/location.py:146}}
Jun 11 20:18:01.071499 np0000002669 devstack@g-api.service[102016]: DEBUG glance_store.location [-] Registering scheme swift+http with {'store': , 'location_class': , 'store_entry': 'swift'} {{(pid=102016) register_scheme_map /opt/stack/data/venv/lib/python3.12/site-packages/glance_store/location.py:146}}
Jun 11 20:18:01.071540 np0000002669 devstack@g-api.service[102016]: DEBUG glance_store.location [-] Registering scheme swift+config with {'store': , 'location_class': , 'store_entry': 'swift'} {{(pid=102016) register_scheme_map /opt/stack/data/venv/lib/python3.12/site-packages/glance_store/location.py:146}}
Jun 11 20:18:01.074731 np0000002669 devstack@g-api.service[102016]: DEBUG glance.sqlite_migration [-] SQLite caching database not located, skipping migration {{(pid=102016) get_db_path /opt/stack/glance/glance/sqlite_migration.py:68}}
Jun 11 20:18:01.074731 np0000002669 devstack@g-api.service[102016]: WARNING glance.common.wsgi_app [-] Import methods are enabled but staging directory /tmp/staging/ does not exist; Imports will fail!
Jun 11 20:18:01.314916 np0000002669 devstack@g-api.service[102015]: DEBUG glance.common.config [None req-5b227817-0e52-4900-a300-fc535ece9d1b None None] Loading glance-api-keystone+cachemanagement from /etc/glance/glance-api-paste.ini {{(pid=102015) load_paste_app /opt/stack/glance/glance/common/config.py:758}}
Jun 11 20:18:01.328436 np0000002669 devstack@g-api.service[102017]: DEBUG glance.common.config [None req-4ce2365b-5372-4296-84de-18189c439101 None None] Loading glance-api-keystone+cachemanagement from /etc/glance/glance-api-paste.ini {{(pid=102017) load_paste_app /opt/stack/glance/glance/common/config.py:758}}
Jun 11 20:18:01.349420 np0000002669 devstack@g-api.service[102016]: DEBUG glance.common.config [None req-0d2c528e-46f4-4de6-9c5e-c3e2d15fd974 None None] Loading glance-api-keystone+cachemanagement from /etc/glance/glance-api-paste.ini {{(pid=102016) load_paste_app /opt/stack/glance/glance/common/config.py:758}}
Jun 11 20:18:01.907052 np0000002669 devstack@g-api.service[102015]: INFO glance.image_cache [None req-5b227817-0e52-4900-a300-fc535ece9d1b None None] Image cache loaded driver 'centralized_db'.
Jun 11 20:18:01.914322 np0000002669 devstack@g-api.service[102017]: INFO glance.image_cache [None req-4ce2365b-5372-4296-84de-18189c439101 None None] Image cache loaded driver 'centralized_db'.
Jun 11 20:18:01.919727 np0000002669 devstack@g-api.service[102016]: INFO glance.image_cache [None req-0d2c528e-46f4-4de6-9c5e-c3e2d15fd974 None None] Image cache loaded driver 'centralized_db'.
Jun 11 20:18:01.949354 np0000002669 devstack@g-api.service[102015]: INFO dbcounter [None req-5b227817-0e52-4900-a300-fc535ece9d1b None None] Registered counter for database glance
Jun 11 20:18:01.964260 np0000002669 devstack@g-api.service[102016]: INFO dbcounter [None req-0d2c528e-46f4-4de6-9c5e-c3e2d15fd974 None None] Registered counter for database glance
Jun 11 20:18:01.965659 np0000002669 devstack@g-api.service[102017]: INFO dbcounter [None req-4ce2365b-5372-4296-84de-18189c439101 None None] Registered counter for database glance
Jun 11 20:18:01.990578 np0000002669 devstack@g-api.service[102015]: DEBUG oslo_db.sqlalchemy.engines [None req-5b227817-0e52-4900-a300-fc535ece9d1b None None] MySQL server mode set to STRICT_TRANS_TABLES,STRICT_ALL_TABLES,NO_ZERO_IN_DATE,NO_ZERO_DATE,ERROR_FOR_DIVISION_BY_ZERO,TRADITIONAL,NO_ENGINE_SUBSTITUTION {{(pid=102015) _check_effective_sql_mode /opt/stack/data/venv/lib/python3.12/site-packages/oslo_db/sqlalchemy/engines.py:325}}
Jun 11 20:18:02.008824 np0000002669 devstack@g-api.service[102016]: DEBUG oslo_db.sqlalchemy.engines [None req-0d2c528e-46f4-4de6-9c5e-c3e2d15fd974 None None] MySQL server mode set to STRICT_TRANS_TABLES,STRICT_ALL_TABLES,NO_ZERO_IN_DATE,NO_ZERO_DATE,ERROR_FOR_DIVISION_BY_ZERO,TRADITIONAL,NO_ENGINE_SUBSTITUTION {{(pid=102016) _check_effective_sql_mode /opt/stack/data/venv/lib/python3.12/site-packages/oslo_db/sqlalchemy/engines.py:325}}
Jun 11 20:18:02.012146 np0000002669 devstack@g-api.service[102017]: DEBUG oslo_db.sqlalchemy.engines [None req-4ce2365b-5372-4296-84de-18189c439101 None None] MySQL server mode set to STRICT_TRANS_TABLES,STRICT_ALL_TABLES,NO_ZERO_IN_DATE,NO_ZERO_DATE,ERROR_FOR_DIVISION_BY_ZERO,TRADITIONAL,NO_ENGINE_SUBSTITUTION {{(pid=102017) _check_effective_sql_mode /opt/stack/data/venv/lib/python3.12/site-packages/oslo_db/sqlalchemy/engines.py:325}}
Jun 11 20:18:02.014012 np0000002669 devstack@g-api.service[102015]: DEBUG dbcounter [-] [102015] Writer thread running {{(pid=102015) stat_writer /opt/stack/data/venv/lib/python3.12/site-packages/dbcounter.py:102}}
Jun 11 20:18:02.025318 np0000002669 devstack@g-api.service[102015]: INFO glance.image_cache [None req-5b227817-0e52-4900-a300-fc535ece9d1b None None] Image cache loaded driver 'centralized_db'.
Jun 11 20:18:02.032631 np0000002669 devstack@g-api.service[102016]: DEBUG dbcounter [-] [102016] Writer thread running {{(pid=102016) stat_writer /opt/stack/data/venv/lib/python3.12/site-packages/dbcounter.py:102}}
Jun 11 20:18:02.032888 np0000002669 devstack@g-api.service[102015]: DEBUG glance.image_cache.drivers.centralized_db [None req-5b227817-0e52-4900-a300-fc535ece9d1b None None] Node reference is already recorded, ignoring it {{(pid=102015) configure /opt/stack/glance/glance/image_cache/drivers/centralized_db.py:71}}
Jun 11 20:18:02.035784 np0000002669 devstack@g-api.service[102016]: DEBUG glance.image_cache.drivers.centralized_db [None req-0d2c528e-46f4-4de6-9c5e-c3e2d15fd974 None None] Node reference is already recorded, ignoring it {{(pid=102016) configure /opt/stack/glance/glance/image_cache/drivers/centralized_db.py:71}}
Jun 11 20:18:02.036555 np0000002669 devstack@g-api.service[102017]: DEBUG dbcounter [-] [102017] Writer thread running {{(pid=102017) stat_writer /opt/stack/data/venv/lib/python3.12/site-packages/dbcounter.py:102}}
Jun 11 20:18:02.037480 np0000002669 devstack@g-api.service[102015]: DEBUG glance.api.v2.cached_images [None req-5b227817-0e52-4900-a300-fc535ece9d1b None None] Started cache worker thread {{(pid=102015) __init__ /opt/stack/glance/glance/api/v2/cached_images.py:69}}
Jun 11 20:18:02.038114 np0000002669 devstack@g-api.service[102015]: INFO glance.image_cache [None req-5b227817-0e52-4900-a300-fc535ece9d1b None None] Image cache loaded driver 'centralized_db'.
Jun 11 20:18:02.039629 np0000002669 devstack@g-api.service[102017]: DEBUG glance.image_cache.drivers.centralized_db [None req-4ce2365b-5372-4296-84de-18189c439101 None None] Node reference is already recorded, ignoring it {{(pid=102017) configure /opt/stack/glance/glance/image_cache/drivers/centralized_db.py:71}}
Jun 11 20:18:02.041657 np0000002669 devstack@g-api.service[102016]: INFO glance.image_cache [None req-0d2c528e-46f4-4de6-9c5e-c3e2d15fd974 None None] Image cache loaded driver 'centralized_db'.
Jun 11 20:18:02.044124 np0000002669 devstack@g-api.service[102015]: DEBUG glance.image_cache.drivers.centralized_db [None req-5b227817-0e52-4900-a300-fc535ece9d1b None None] Node reference is already recorded, ignoring it {{(pid=102015) configure /opt/stack/glance/glance/image_cache/drivers/centralized_db.py:71}}
Jun 11 20:18:02.046166 np0000002669 devstack@g-api.service[102017]: INFO glance.image_cache [None req-4ce2365b-5372-4296-84de-18189c439101 None None] Image cache loaded driver 'centralized_db'.
Jun 11 20:18:02.048255 np0000002669 devstack@g-api.service[102015]: INFO glance.api.middleware.cache_manage [None req-5b227817-0e52-4900-a300-fc535ece9d1b None None] Initialized image cache management middleware
Jun 11 20:18:02.048379 np0000002669 devstack@g-api.service[102015]: INFO glance.image_cache [None req-5b227817-0e52-4900-a300-fc535ece9d1b None None] Image cache loaded driver 'centralized_db'.
Jun 11 20:18:02.049062 np0000002669 devstack@g-api.service[102016]: DEBUG glance.image_cache.drivers.centralized_db [None req-0d2c528e-46f4-4de6-9c5e-c3e2d15fd974 None None] Node reference is already recorded, ignoring it {{(pid=102016) configure /opt/stack/glance/glance/image_cache/drivers/centralized_db.py:71}}
Jun 11 20:18:02.053427 np0000002669 devstack@g-api.service[102017]: DEBUG glance.image_cache.drivers.centralized_db [None req-4ce2365b-5372-4296-84de-18189c439101 None None] Node reference is already recorded, ignoring it {{(pid=102017) configure /opt/stack/glance/glance/image_cache/drivers/centralized_db.py:71}}
Jun 11 20:18:02.054016 np0000002669 devstack@g-api.service[102016]: DEBUG glance.api.v2.cached_images [None req-0d2c528e-46f4-4de6-9c5e-c3e2d15fd974 None None] Started cache worker thread {{(pid=102016) __init__ /opt/stack/glance/glance/api/v2/cached_images.py:69}}
Jun 11 20:18:02.054101 np0000002669 devstack@g-api.service[102015]: DEBUG glance.image_cache.drivers.centralized_db [None req-5b227817-0e52-4900-a300-fc535ece9d1b None None] Node reference is already recorded, ignoring it {{(pid=102015) configure /opt/stack/glance/glance/image_cache/drivers/centralized_db.py:71}}
Jun 11 20:18:02.054546 np0000002669 devstack@g-api.service[102016]: INFO glance.image_cache [None req-0d2c528e-46f4-4de6-9c5e-c3e2d15fd974 None None] Image cache loaded driver 'centralized_db'.
Jun 11 20:18:02.057335 np0000002669 devstack@g-api.service[102015]: INFO glance.api.middleware.cache [None req-5b227817-0e52-4900-a300-fc535ece9d1b None None] Initialized image cache middleware
Jun 11 20:18:02.058972 np0000002669 devstack@g-api.service[102017]: DEBUG glance.api.v2.cached_images [None req-4ce2365b-5372-4296-84de-18189c439101 None None] Started cache worker thread {{(pid=102017) __init__ /opt/stack/glance/glance/api/v2/cached_images.py:69}}
Jun 11 20:18:02.059777 np0000002669 devstack@g-api.service[102017]: INFO glance.image_cache [None req-4ce2365b-5372-4296-84de-18189c439101 None None] Image cache loaded driver 'centralized_db'.
Jun 11 20:18:02.060921 np0000002669 devstack@g-api.service[102016]: DEBUG glance.image_cache.drivers.centralized_db [None req-0d2c528e-46f4-4de6-9c5e-c3e2d15fd974 None None] Node reference is already recorded, ignoring it {{(pid=102016) configure /opt/stack/glance/glance/image_cache/drivers/centralized_db.py:71}}
Jun 11 20:18:02.065477 np0000002669 devstack@g-api.service[102016]: INFO glance.api.middleware.cache_manage [None req-0d2c528e-46f4-4de6-9c5e-c3e2d15fd974 None None] Initialized image cache management middleware
Jun 11 20:18:02.065613 np0000002669 devstack@g-api.service[102016]: INFO glance.image_cache [None req-0d2c528e-46f4-4de6-9c5e-c3e2d15fd974 None None] Image cache loaded driver 'centralized_db'.
Jun 11 20:18:02.067471 np0000002669 devstack@g-api.service[102017]: DEBUG glance.image_cache.drivers.centralized_db [None req-4ce2365b-5372-4296-84de-18189c439101 None None] Node reference is already recorded, ignoring it {{(pid=102017) configure /opt/stack/glance/glance/image_cache/drivers/centralized_db.py:71}}
Jun 11 20:18:02.072007 np0000002669 devstack@g-api.service[102016]: DEBUG glance.image_cache.drivers.centralized_db [None req-0d2c528e-46f4-4de6-9c5e-c3e2d15fd974 None None] Node reference is already recorded, ignoring it {{(pid=102016) configure /opt/stack/glance/glance/image_cache/drivers/centralized_db.py:71}}
Jun 11 20:18:02.072141 np0000002669 devstack@g-api.service[102017]: INFO glance.api.middleware.cache_manage [None req-4ce2365b-5372-4296-84de-18189c439101 None None] Initialized image cache management middleware
Jun 11 20:18:02.072198 np0000002669 devstack@g-api.service[102017]: INFO glance.image_cache [None req-4ce2365b-5372-4296-84de-18189c439101 None None] Image cache loaded driver 'centralized_db'.
Jun 11 20:18:02.076638 np0000002669 devstack@g-api.service[102016]: INFO glance.api.middleware.cache [None req-0d2c528e-46f4-4de6-9c5e-c3e2d15fd974 None None] Initialized image cache middleware
Jun 11 20:18:02.079616 np0000002669 devstack@g-api.service[102017]: DEBUG glance.image_cache.drivers.centralized_db [None req-4ce2365b-5372-4296-84de-18189c439101 None None] Node reference is already recorded, ignoring it {{(pid=102017) configure /opt/stack/glance/glance/image_cache/drivers/centralized_db.py:71}}
Jun 11 20:18:02.083296 np0000002669 devstack@g-api.service[102017]: INFO glance.api.middleware.cache [None req-4ce2365b-5372-4296-84de-18189c439101 None None] Initialized image cache middleware
Jun 11 20:18:02.162174 np0000002669 devstack@g-api.service[102015]: DEBUG glance.common.config [None req-5b227817-0e52-4900-a300-fc535ece9d1b None None] ******************************************************************************** {{(pid=102015) log_opt_values /opt/stack/data/venv/lib/python3.12/site-packages/oslo_config/cfg.py:3229}}
Jun 11 20:18:02.162300 np0000002669 devstack@g-api.service[102015]: DEBUG glance.common.config [None req-5b227817-0e52-4900-a300-fc535ece9d1b None None] Configuration options gathered from: {{(pid=102015) log_opt_values /opt/stack/data/venv/lib/python3.12/site-packages/oslo_config/cfg.py:3230}}
Jun 11 20:18:02.162557 np0000002669 devstack@g-api.service[102015]: DEBUG glance.common.config [None req-5b227817-0e52-4900-a300-fc535ece9d1b None None] command line args: [] {{(pid=102015) log_opt_values /opt/stack/data/venv/lib/python3.12/site-packages/oslo_config/cfg.py:3231}}
Jun 11 20:18:02.162681 np0000002669 devstack@g-api.service[102015]: DEBUG glance.common.config [None req-5b227817-0e52-4900-a300-fc535ece9d1b None None] config files: ['/etc/glance/glance-image-import.conf', '/etc/glance/glance-api.conf'] {{(pid=102015) log_opt_values /opt/stack/data/venv/lib/python3.12/site-packages/oslo_config/cfg.py:3232}}
Jun 11 20:18:02.162765 np0000002669 devstack@g-api.service[102015]: DEBUG glance.common.config [None req-5b227817-0e52-4900-a300-fc535ece9d1b None None] ================================================================================ {{(pid=102015) log_opt_values /opt/stack/data/venv/lib/python3.12/site-packages/oslo_config/cfg.py:3237}}
Jun 11 20:18:02.162890 np0000002669 devstack@g-api.service[102015]: DEBUG glance.common.config [None req-5b227817-0e52-4900-a300-fc535ece9d1b None None] allow_anonymous_access = False {{(pid=102015) log_opt_values /opt/stack/data/venv/lib/python3.12/site-packages/oslo_config/cfg.py:3245}}
Jun 11 20:18:02.162979 np0000002669 devstack@g-api.service[102015]: DEBUG glance.common.config [None req-5b227817-0e52-4900-a300-fc535ece9d1b None None] api_limit_max = 1000 {{(pid=102015) log_opt_values /opt/stack/data/venv/lib/python3.12/site-packages/oslo_config/cfg.py:3245}}
Jun 11 20:18:02.163105 np0000002669 devstack@g-api.service[102015]: DEBUG glance.common.config [None req-5b227817-0e52-4900-a300-fc535ece9d1b None None] backlog = 4096 {{(pid=102015) log_opt_values /opt/stack/data/venv/lib/python3.12/site-packages/oslo_config/cfg.py:3245}}
Jun 11 20:18:02.163336 np0000002669 devstack@g-api.service[102015]: DEBUG glance.common.config [None req-5b227817-0e52-4900-a300-fc535ece9d1b None None] bind_host = 0.0.0.0 {{(pid=102015) log_opt_values /opt/stack/data/venv/lib/python3.12/site-packages/oslo_config/cfg.py:3245}}
Jun 11 20:18:02.163480 np0000002669 devstack@g-api.service[102015]: DEBUG glance.common.config [None req-5b227817-0e52-4900-a300-fc535ece9d1b None None] bind_port = 19292 {{(pid=102015) log_opt_values /opt/stack/data/venv/lib/python3.12/site-packages/oslo_config/cfg.py:3245}}
Jun 11 20:18:02.163580 np0000002669 devstack@g-api.service[102015]: DEBUG glance.common.config [None req-5b227817-0e52-4900-a300-fc535ece9d1b None None] client_socket_timeout = 900 {{(pid=102015) log_opt_values /opt/stack/data/venv/lib/python3.12/site-packages/oslo_config/cfg.py:3245}}
Jun 11 20:18:02.163679 np0000002669 devstack@g-api.service[102015]: DEBUG glance.common.config [None req-5b227817-0e52-4900-a300-fc535ece9d1b None None] config_dir = [] {{(pid=102015) log_opt_values /opt/stack/data/venv/lib/python3.12/site-packages/oslo_config/cfg.py:3245}}
Jun 11 20:18:02.163769 np0000002669 devstack@g-api.service[102015]: DEBUG glance.common.config [None req-5b227817-0e52-4900-a300-fc535ece9d1b None None] config_file = ['/etc/glance/glance-image-import.conf', '/etc/glance/glance-api.conf'] {{(pid=102015) log_opt_values /opt/stack/data/venv/lib/python3.12/site-packages/oslo_config/cfg.py:3245}}
Jun 11 20:18:02.163866 np0000002669 devstack@g-api.service[102015]: DEBUG glance.common.config [None req-5b227817-0e52-4900-a300-fc535ece9d1b None None] config_source = [] {{(pid=102015) log_opt_values /opt/stack/data/venv/lib/python3.12/site-packages/oslo_config/cfg.py:3245}}
Jun 11 20:18:02.163962 np0000002669 devstack@g-api.service[102015]: DEBUG glance.common.config [None req-5b227817-0e52-4900-a300-fc535ece9d1b None None] control_exchange = glance {{(pid=102015) log_opt_values /opt/stack/data/venv/lib/python3.12/site-packages/oslo_config/cfg.py:3245}}
Jun 11 20:18:02.164028 np0000002669 devstack@g-api.service[102015]: DEBUG glance.common.config [None req-5b227817-0e52-4900-a300-fc535ece9d1b None None] debug = True {{(pid=102015) log_opt_values /opt/stack/data/venv/lib/python3.12/site-packages/oslo_config/cfg.py:3245}}
Jun 11 20:18:02.164313 np0000002669 devstack@g-api.service[102015]: DEBUG glance.common.config [None req-5b227817-0e52-4900-a300-fc535ece9d1b None None] default_log_levels = ['amqp=WARN', 'boto=WARN', 'sqlalchemy=WARN', 'suds=INFO', 'oslo.messaging=INFO', 'oslo_messaging=INFO', 'iso8601=WARN', 'requests.packages.urllib3.connectionpool=WARN', 'urllib3.connectionpool=WARN', 'websocket=WARN', 'requests.packages.urllib3.util.retry=WARN', 'urllib3.util.retry=WARN', 'keystonemiddleware=WARN', 'routes.middleware=WARN', 'stevedore=WARN', 'taskflow=WARN', 'keystoneauth=WARN', 'oslo.cache=INFO', 'oslo_policy=INFO', 'dogpile.core.dogpile=INFO'] {{(pid=102015) log_opt_values /opt/stack/data/venv/lib/python3.12/site-packages/oslo_config/cfg.py:3245}}
Jun 11 20:18:02.164427 np0000002669 devstack@g-api.service[102015]: DEBUG glance.common.config [None req-5b227817-0e52-4900-a300-fc535ece9d1b None None] default_publisher_id = image.localhost {{(pid=102015) log_opt_values /opt/stack/data/venv/lib/python3.12/site-packages/oslo_config/cfg.py:3245}}
Jun 11 20:18:02.164520 np0000002669 devstack@g-api.service[102015]: DEBUG glance.common.config [None req-5b227817-0e52-4900-a300-fc535ece9d1b None None] delayed_delete = False {{(pid=102015) log_opt_values /opt/stack/data/venv/lib/python3.12/site-packages/oslo_config/cfg.py:3245}}
Jun 11 20:18:02.164614 np0000002669 devstack@g-api.service[102015]: DEBUG glance.common.config [None req-5b227817-0e52-4900-a300-fc535ece9d1b None None] digest_algorithm = sha256 {{(pid=102015) log_opt_values /opt/stack/data/venv/lib/python3.12/site-packages/oslo_config/cfg.py:3245}}
Jun 11 20:18:02.164700 np0000002669 devstack@g-api.service[102015]: DEBUG glance.common.config [None req-5b227817-0e52-4900-a300-fc535ece9d1b None None] disabled_notifications = [] {{(pid=102015) log_opt_values /opt/stack/data/venv/lib/python3.12/site-packages/oslo_config/cfg.py:3245}}
Jun 11 20:18:02.164811 np0000002669 devstack@g-api.service[102015]: DEBUG glance.common.config [None req-5b227817-0e52-4900-a300-fc535ece9d1b None None] do_secure_hash = True {{(pid=102015) log_opt_values /opt/stack/data/venv/lib/python3.12/site-packages/oslo_config/cfg.py:3245}}
Jun 11 20:18:02.164897 np0000002669 devstack@g-api.service[102015]: DEBUG glance.common.config [None req-5b227817-0e52-4900-a300-fc535ece9d1b None None] enabled_backends = None {{(pid=102015) log_opt_values /opt/stack/data/venv/lib/python3.12/site-packages/oslo_config/cfg.py:3245}}
Jun 11 20:18:02.164999 np0000002669 devstack@g-api.service[102015]: DEBUG glance.common.config [None req-5b227817-0e52-4900-a300-fc535ece9d1b None None] enabled_import_methods = ['glance-direct', 'web-download', 'copy-image'] {{(pid=102015) log_opt_values /opt/stack/data/venv/lib/python3.12/site-packages/oslo_config/cfg.py:3245}}
Jun 11 20:18:02.165116 np0000002669 devstack@g-api.service[102015]: DEBUG glance.common.config [None req-5b227817-0e52-4900-a300-fc535ece9d1b None None] fatal_deprecations = False {{(pid=102015) log_opt_values /opt/stack/data/venv/lib/python3.12/site-packages/oslo_config/cfg.py:3245}}
Jun 11 20:18:02.165303 np0000002669 devstack@g-api.service[102015]: DEBUG glance.common.config [None req-5b227817-0e52-4900-a300-fc535ece9d1b None None] hashing_algorithm = sha512 {{(pid=102015) log_opt_values /opt/stack/data/venv/lib/python3.12/site-packages/oslo_config/cfg.py:3245}}
Jun 11 20:18:02.165399 np0000002669 devstack@g-api.service[102015]: DEBUG glance.common.config [None req-5b227817-0e52-4900-a300-fc535ece9d1b None None] http_keepalive = True {{(pid=102015) log_opt_values /opt/stack/data/venv/lib/python3.12/site-packages/oslo_config/cfg.py:3245}}
Jun 11 20:18:02.165489 np0000002669 devstack@g-api.service[102015]: DEBUG glance.common.config [None req-5b227817-0e52-4900-a300-fc535ece9d1b None None] http_retries = 3 {{(pid=102015) log_opt_values /opt/stack/data/venv/lib/python3.12/site-packages/oslo_config/cfg.py:3245}}
Jun 11 20:18:02.165583 np0000002669 devstack@g-api.service[102015]: DEBUG glance.common.config [None req-5b227817-0e52-4900-a300-fc535ece9d1b None None] image_cache_dir = /opt/stack/data/glance/cache/ {{(pid=102015) log_opt_values /opt/stack/data/venv/lib/python3.12/site-packages/oslo_config/cfg.py:3245}}
Jun 11 20:18:02.165680 np0000002669 devstack@g-api.service[102015]: DEBUG glance.common.config [None req-5b227817-0e52-4900-a300-fc535ece9d1b None None] image_cache_driver = centralized_db {{(pid=102015) log_opt_values /opt/stack/data/venv/lib/python3.12/site-packages/oslo_config/cfg.py:3245}}
Jun 11 20:18:02.165835 np0000002669 devstack@g-api.service[102015]: DEBUG glance.common.config [None req-5b227817-0e52-4900-a300-fc535ece9d1b None None] image_cache_max_size = 10737418240 {{(pid=102015) log_opt_values /opt/stack/data/venv/lib/python3.12/site-packages/oslo_config/cfg.py:3245}}
Jun 11 20:18:02.165970 np0000002669 devstack@g-api.service[102015]: DEBUG glance.common.config [None req-5b227817-0e52-4900-a300-fc535ece9d1b None None] image_cache_sqlite_db = cache.db {{(pid=102015) log_opt_values /opt/stack/data/venv/lib/python3.12/site-packages/oslo_config/cfg.py:3245}}
Jun 11 20:18:02.166080 np0000002669 devstack@g-api.service[102015]: DEBUG glance.common.config [None req-5b227817-0e52-4900-a300-fc535ece9d1b None None] image_cache_stall_time = 86400 {{(pid=102015) log_opt_values /opt/stack/data/venv/lib/python3.12/site-packages/oslo_config/cfg.py:3245}}
Jun 11 20:18:02.166181 np0000002669 devstack@g-api.service[102015]: DEBUG glance.common.config [None req-5b227817-0e52-4900-a300-fc535ece9d1b None None] image_location_quota = 10 {{(pid=102015) log_opt_values /opt/stack/data/venv/lib/python3.12/site-packages/oslo_config/cfg.py:3245}}
Jun 11 20:18:02.166269 np0000002669 devstack@g-api.service[102015]: DEBUG glance.common.config [None req-5b227817-0e52-4900-a300-fc535ece9d1b None None] image_member_quota = 128 {{(pid=102015) log_opt_values /opt/stack/data/venv/lib/python3.12/site-packages/oslo_config/cfg.py:3245}}
Jun 11 20:18:02.166357 np0000002669 devstack@g-api.service[102015]: DEBUG glance.common.config [None req-5b227817-0e52-4900-a300-fc535ece9d1b None None] image_property_quota = 128 {{(pid=102015) log_opt_values /opt/stack/data/venv/lib/python3.12/site-packages/oslo_config/cfg.py:3245}}
Jun 11 20:18:02.166474 np0000002669 devstack@g-api.service[102015]: DEBUG glance.common.config [None req-5b227817-0e52-4900-a300-fc535ece9d1b None None] image_size_cap = 1099511627776 {{(pid=102015) log_opt_values /opt/stack/data/venv/lib/python3.12/site-packages/oslo_config/cfg.py:3245}}
Jun 11 20:18:02.166615 np0000002669 devstack@g-api.service[102015]: DEBUG glance.common.config [None req-5b227817-0e52-4900-a300-fc535ece9d1b None None] image_tag_quota = 128 {{(pid=102015) log_opt_values /opt/stack/data/venv/lib/python3.12/site-packages/oslo_config/cfg.py:3245}}
Jun 11 20:18:02.166753 np0000002669 devstack@g-api.service[102015]: DEBUG glance.common.config [None req-5b227817-0e52-4900-a300-fc535ece9d1b None None] instance_format = [instance: %(uuid)s] {{(pid=102015) log_opt_values /opt/stack/data/venv/lib/python3.12/site-packages/oslo_config/cfg.py:3245}}
Jun 11 20:18:02.166884 np0000002669 devstack@g-api.service[102015]: DEBUG glance.common.config [None req-5b227817-0e52-4900-a300-fc535ece9d1b None None] instance_uuid_format = [instance: %(uuid)s] {{(pid=102015) log_opt_values /opt/stack/data/venv/lib/python3.12/site-packages/oslo_config/cfg.py:3245}}
Jun 11 20:18:02.167028 np0000002669 devstack@g-api.service[102015]: DEBUG glance.common.config [None req-5b227817-0e52-4900-a300-fc535ece9d1b None None] limit_param_default = 25 {{(pid=102015) log_opt_values /opt/stack/data/venv/lib/python3.12/site-packages/oslo_config/cfg.py:3245}}
Jun 11 20:18:02.167156 np0000002669 devstack@g-api.service[102015]: DEBUG glance.common.config [None req-5b227817-0e52-4900-a300-fc535ece9d1b None None] log_color = False {{(pid=102015) log_opt_values /opt/stack/data/venv/lib/python3.12/site-packages/oslo_config/cfg.py:3245}}
Jun 11 20:18:02.167281 np0000002669 devstack@g-api.service[102015]: DEBUG glance.common.config [None req-5b227817-0e52-4900-a300-fc535ece9d1b None None] log_config_append = None {{(pid=102015) log_opt_values /opt/stack/data/venv/lib/python3.12/site-packages/oslo_config/cfg.py:3245}}
Jun 11 20:18:02.167377 np0000002669 devstack@g-api.service[102015]: DEBUG glance.common.config [None req-5b227817-0e52-4900-a300-fc535ece9d1b None None] log_date_format = %Y-%m-%d %H:%M:%S {{(pid=102015) log_opt_values /opt/stack/data/venv/lib/python3.12/site-packages/oslo_config/cfg.py:3245}}
Jun 11 20:18:02.167464 np0000002669 devstack@g-api.service[102015]: DEBUG glance.common.config [None req-5b227817-0e52-4900-a300-fc535ece9d1b None None] log_dir = None {{(pid=102015) log_opt_values /opt/stack/data/venv/lib/python3.12/site-packages/oslo_config/cfg.py:3245}}
Jun 11 20:18:02.167547 np0000002669 devstack@g-api.service[102015]: DEBUG glance.common.config [None req-5b227817-0e52-4900-a300-fc535ece9d1b None None] log_file = None {{(pid=102015) log_opt_values /opt/stack/data/venv/lib/python3.12/site-packages/oslo_config/cfg.py:3245}}
Jun 11 20:18:02.167634 np0000002669 devstack@g-api.service[102015]: DEBUG glance.common.config [None req-5b227817-0e52-4900-a300-fc535ece9d1b None None] log_rotate_interval = 1 {{(pid=102015) log_opt_values /opt/stack/data/venv/lib/python3.12/site-packages/oslo_config/cfg.py:3245}}
Jun 11 20:18:02.167775 np0000002669 devstack@g-api.service[102015]: DEBUG glance.common.config [None req-5b227817-0e52-4900-a300-fc535ece9d1b None None] log_rotate_interval_type = days {{(pid=102015) log_opt_values /opt/stack/data/venv/lib/python3.12/site-packages/oslo_config/cfg.py:3245}}
Jun 11 20:18:02.167926 np0000002669 devstack@g-api.service[102015]: DEBUG glance.common.config [None req-5b227817-0e52-4900-a300-fc535ece9d1b None None] log_rotation_type = none {{(pid=102015) log_opt_values /opt/stack/data/venv/lib/python3.12/site-packages/oslo_config/cfg.py:3245}}
Jun 11 20:18:02.168007 np0000002669 devstack@g-api.service[102015]: DEBUG glance.common.config [None req-5b227817-0e52-4900-a300-fc535ece9d1b None None] logging_context_format_string = %(color)s%(levelname)s %(name)s [%(global_request_id)s %(request_id)s %(project_name)s %(user_name)s%(color)s] %(instance)s%(color)s%(message)s {{(pid=102015) log_opt_values /opt/stack/data/venv/lib/python3.12/site-packages/oslo_config/cfg.py:3245}}
Jun 11 20:18:02.168111 np0000002669 devstack@g-api.service[102015]: DEBUG glance.common.config [None req-5b227817-0e52-4900-a300-fc535ece9d1b None None] logging_debug_format_suffix = {{(pid=%(process)d) %(funcName)s %(pathname)s:%(lineno)d}} {{(pid=102015) log_opt_values /opt/stack/data/venv/lib/python3.12/site-packages/oslo_config/cfg.py:3245}}
Jun 11 20:18:02.168273 np0000002669 devstack@g-api.service[102015]: DEBUG glance.common.config [None req-5b227817-0e52-4900-a300-fc535ece9d1b None None] logging_default_format_string = %(color)s%(levelname)s %(name)s [-%(color)s] %(instance)s%(color)s%(message)s {{(pid=102015) log_opt_values /opt/stack/data/venv/lib/python3.12/site-packages/oslo_config/cfg.py:3245}}
Jun 11 20:18:02.168392 np0000002669 devstack@g-api.service[102015]: DEBUG glance.common.config [None req-5b227817-0e52-4900-a300-fc535ece9d1b None None] logging_exception_prefix = ERROR %(name)s %(instance)s {{(pid=102015) log_opt_values /opt/stack/data/venv/lib/python3.12/site-packages/oslo_config/cfg.py:3245}}
Jun 11 20:18:02.168458 np0000002669 devstack@g-api.service[102015]: DEBUG glance.common.config [None req-5b227817-0e52-4900-a300-fc535ece9d1b None None] logging_user_identity_format = %(user)s %(project)s %(domain)s %(system_scope)s %(user_domain)s %(project_domain)s {{(pid=102015) log_opt_values /opt/stack/data/venv/lib/python3.12/site-packages/oslo_config/cfg.py:3245}}
Jun 11 20:18:02.168547 np0000002669 devstack@g-api.service[102015]: DEBUG glance.common.config [None req-5b227817-0e52-4900-a300-fc535ece9d1b None None] max_header_line = 16384 {{(pid=102015) log_opt_values /opt/stack/data/venv/lib/python3.12/site-packages/oslo_config/cfg.py:3245}}
Jun 11 20:18:02.168633 np0000002669 devstack@g-api.service[102015]: DEBUG glance.common.config [None req-5b227817-0e52-4900-a300-fc535ece9d1b None None] max_logfile_count = 30 {{(pid=102015) log_opt_values /opt/stack/data/venv/lib/python3.12/site-packages/oslo_config/cfg.py:3245}}
Jun 11 20:18:02.168727 np0000002669 devstack@g-api.service[102015]: DEBUG glance.common.config [None req-5b227817-0e52-4900-a300-fc535ece9d1b None None] max_logfile_size_mb = 200 {{(pid=102015) log_opt_values /opt/stack/data/venv/lib/python3.12/site-packages/oslo_config/cfg.py:3245}}
Jun 11 20:18:02.168823 np0000002669 devstack@g-api.service[102015]: DEBUG glance.common.config [None req-5b227817-0e52-4900-a300-fc535ece9d1b None None] max_request_id_length = 64 {{(pid=102015) log_opt_values /opt/stack/data/venv/lib/python3.12/site-packages/oslo_config/cfg.py:3245}}
Jun 11 20:18:02.168906 np0000002669 devstack@g-api.service[102015]: DEBUG glance.common.config [None req-5b227817-0e52-4900-a300-fc535ece9d1b None None] metadata_encryption_key = **** {{(pid=102015) log_opt_values /opt/stack/data/venv/lib/python3.12/site-packages/oslo_config/cfg.py:3245}}
Jun 11 20:18:02.168994 np0000002669 devstack@g-api.service[102015]: DEBUG glance.common.config [None req-5b227817-0e52-4900-a300-fc535ece9d1b None None] node_staging_uri = file:///tmp/staging/ {{(pid=102015) log_opt_values /opt/stack/data/venv/lib/python3.12/site-packages/oslo_config/cfg.py:3245}}
Jun 11 20:18:02.169098 np0000002669 devstack@g-api.service[102015]: DEBUG glance.common.config [None req-5b227817-0e52-4900-a300-fc535ece9d1b None None] property_protection_file = None {{(pid=102015) log_opt_values /opt/stack/data/venv/lib/python3.12/site-packages/oslo_config/cfg.py:3245}}
Jun 11 20:18:02.169280 np0000002669 devstack@g-api.service[102015]: DEBUG glance.common.config [None req-5b227817-0e52-4900-a300-fc535ece9d1b None None] property_protection_rule_format = roles {{(pid=102015) log_opt_values /opt/stack/data/venv/lib/python3.12/site-packages/oslo_config/cfg.py:3245}}
Jun 11 20:18:02.169418 np0000002669 devstack@g-api.service[102015]: DEBUG glance.common.config [None req-5b227817-0e52-4900-a300-fc535ece9d1b None None] public_endpoint = https://10.4.3.95/image {{(pid=102015) log_opt_values /opt/stack/data/venv/lib/python3.12/site-packages/oslo_config/cfg.py:3245}}
Jun 11 20:18:02.169558 np0000002669 devstack@g-api.service[102015]: DEBUG glance.common.config [None req-5b227817-0e52-4900-a300-fc535ece9d1b None None] publish_errors = False {{(pid=102015) log_opt_values /opt/stack/data/venv/lib/python3.12/site-packages/oslo_config/cfg.py:3245}}
Jun 11 20:18:02.169668 np0000002669 devstack@g-api.service[102015]: DEBUG glance.common.config [None req-5b227817-0e52-4900-a300-fc535ece9d1b None None] pydev_worker_debug_host = None {{(pid=102015) log_opt_values /opt/stack/data/venv/lib/python3.12/site-packages/oslo_config/cfg.py:3245}}
Jun 11 20:18:02.169801 np0000002669 devstack@g-api.service[102015]: DEBUG glance.common.config [None req-5b227817-0e52-4900-a300-fc535ece9d1b None None] pydev_worker_debug_port = 5678 {{(pid=102015) log_opt_values /opt/stack/data/venv/lib/python3.12/site-packages/oslo_config/cfg.py:3245}}
Jun 11 20:18:02.169916 np0000002669 devstack@g-api.service[102015]: DEBUG glance.common.config [None req-5b227817-0e52-4900-a300-fc535ece9d1b None None] rate_limit_burst = 0 {{(pid=102015) log_opt_values /opt/stack/data/venv/lib/python3.12/site-packages/oslo_config/cfg.py:3245}}
Jun 11 20:18:02.170039 np0000002669 devstack@g-api.service[102015]: DEBUG glance.common.config [None req-5b227817-0e52-4900-a300-fc535ece9d1b None None] rate_limit_except_level = CRITICAL {{(pid=102015) log_opt_values /opt/stack/data/venv/lib/python3.12/site-packages/oslo_config/cfg.py:3245}}
Jun 11 20:18:02.170438 np0000002669 devstack@g-api.service[102015]: DEBUG glance.common.config [None req-5b227817-0e52-4900-a300-fc535ece9d1b None None] rate_limit_interval = 0 {{(pid=102015) log_opt_values /opt/stack/data/venv/lib/python3.12/site-packages/oslo_config/cfg.py:3245}}
Jun 11 20:18:02.170438 np0000002669 devstack@g-api.service[102015]: DEBUG glance.common.config [None req-5b227817-0e52-4900-a300-fc535ece9d1b None None] scrub_pool_size = 1 {{(pid=102015) log_opt_values /opt/stack/data/venv/lib/python3.12/site-packages/oslo_config/cfg.py:3245}}
Jun 11 20:18:02.170507 np0000002669 devstack@g-api.service[102015]: DEBUG glance.common.config [None req-5b227817-0e52-4900-a300-fc535ece9d1b None None] scrub_time = 0 {{(pid=102015) log_opt_values /opt/stack/data/venv/lib/python3.12/site-packages/oslo_config/cfg.py:3245}}
Jun 11 20:18:02.170596 np0000002669 devstack@g-api.service[102015]: DEBUG glance.common.config [None req-5b227817-0e52-4900-a300-fc535ece9d1b None None] shell_completion = None {{(pid=102015) log_opt_values /opt/stack/data/venv/lib/python3.12/site-packages/oslo_config/cfg.py:3245}}
Jun 11 20:18:02.170733 np0000002669 devstack@g-api.service[102015]: DEBUG glance.common.config [None req-5b227817-0e52-4900-a300-fc535ece9d1b None None] show_image_direct_url = False {{(pid=102015) log_opt_values /opt/stack/data/venv/lib/python3.12/site-packages/oslo_config/cfg.py:3245}}
Jun 11 20:18:02.171016 np0000002669 devstack@g-api.service[102015]: WARNING oslo_config.cfg [None req-5b227817-0e52-4900-a300-fc535ece9d1b None None] Deprecated: Option "show_multiple_locations" from group "DEFAULT" is deprecated for removal (Use of this option, deprecated since Newton, is a security risk and will be removed once we figure out a way to satisfy those use cases that currently require it. An earlier announcement that the same functionality can be achieved with greater granularity by using policies is incorrect. You cannot work around this option via policy configuration at the present time, though that is the direction we believe the fix will take. Please keep an eye on the Glance release notes to stay up to date on progress in addressing this issue.). Its value may be silently ignored in the future.
Jun 11 20:18:02.171149 np0000002669 devstack@g-api.service[102015]: DEBUG glance.common.config [None req-5b227817-0e52-4900-a300-fc535ece9d1b None None] show_multiple_locations = False {{(pid=102015) log_opt_values /opt/stack/data/venv/lib/python3.12/site-packages/oslo_config/cfg.py:3245}}
Jun 11 20:18:02.171421 np0000002669 devstack@g-api.service[102015]: DEBUG glance.common.config [None req-5b227817-0e52-4900-a300-fc535ece9d1b None None] syslog_log_facility = LOG_USER {{(pid=102015) log_opt_values /opt/stack/data/venv/lib/python3.12/site-packages/oslo_config/cfg.py:3245}}
Jun 11 20:18:02.171421 np0000002669 devstack@g-api.service[102015]: DEBUG glance.common.config [None req-5b227817-0e52-4900-a300-fc535ece9d1b None None] tcp_keepidle = 600 {{(pid=102015) log_opt_values /opt/stack/data/venv/lib/python3.12/site-packages/oslo_config/cfg.py:3245}}
Jun 11 20:18:02.171512 np0000002669 devstack@g-api.service[102015]: DEBUG glance.common.config [None req-5b227817-0e52-4900-a300-fc535ece9d1b None None] transport_url = **** {{(pid=102015) log_opt_values /opt/stack/data/venv/lib/python3.12/site-packages/oslo_config/cfg.py:3245}}
Jun 11 20:18:02.172303 np0000002669 devstack@g-api.service[102015]: DEBUG glance.common.config [None req-5b227817-0e52-4900-a300-fc535ece9d1b None None] use_journal = False {{(pid=102015) log_opt_values /opt/stack/data/venv/lib/python3.12/site-packages/oslo_config/cfg.py:3245}}
Jun 11 20:18:02.172303 np0000002669 devstack@g-api.service[102015]: DEBUG glance.common.config [None req-5b227817-0e52-4900-a300-fc535ece9d1b None None] use_json = False {{(pid=102015) log_opt_values /opt/stack/data/venv/lib/python3.12/site-packages/oslo_config/cfg.py:3245}}
Jun 11 20:18:02.172303 np0000002669 devstack@g-api.service[102015]: DEBUG glance.common.config [None req-5b227817-0e52-4900-a300-fc535ece9d1b None None] use_keystone_limits = True {{(pid=102015) log_opt_values /opt/stack/data/venv/lib/python3.12/site-packages/oslo_config/cfg.py:3245}}
Jun 11 20:18:02.172303 np0000002669 devstack@g-api.service[102015]: DEBUG glance.common.config [None req-5b227817-0e52-4900-a300-fc535ece9d1b None None] use_stderr = False {{(pid=102015) log_opt_values /opt/stack/data/venv/lib/python3.12/site-packages/oslo_config/cfg.py:3245}}
Jun 11 20:18:02.172303 np0000002669 devstack@g-api.service[102015]: DEBUG glance.common.config [None req-5b227817-0e52-4900-a300-fc535ece9d1b None None] use_syslog = False {{(pid=102015) log_opt_values /opt/stack/data/venv/lib/python3.12/site-packages/oslo_config/cfg.py:3245}}
Jun 11 20:18:02.172303 np0000002669 devstack@g-api.service[102015]: DEBUG glance.common.config [None req-5b227817-0e52-4900-a300-fc535ece9d1b None None] user_storage_quota = 0 {{(pid=102015) log_opt_values /opt/stack/data/venv/lib/python3.12/site-packages/oslo_config/cfg.py:3245}}
Jun 11 20:18:02.172499 np0000002669 devstack@g-api.service[102015]: DEBUG glance.common.config [None req-5b227817-0e52-4900-a300-fc535ece9d1b None None] worker_self_reference_url = http://127.0.0.1:60999 {{(pid=102015) log_opt_values /opt/stack/data/venv/lib/python3.12/site-packages/oslo_config/cfg.py:3245}}
Jun 11 20:18:02.172499 np0000002669 devstack@g-api.service[102015]: DEBUG glance.common.config [None req-5b227817-0e52-4900-a300-fc535ece9d1b None None] workers = None {{(pid=102015) log_opt_values /opt/stack/data/venv/lib/python3.12/site-packages/oslo_config/cfg.py:3245}}
Jun 11 20:18:02.172686 np0000002669 devstack@g-api.service[102015]: DEBUG glance.common.config [None req-5b227817-0e52-4900-a300-fc535ece9d1b None None] oslo_concurrency.disable_process_locking = False {{(pid=102015) log_opt_values /opt/stack/data/venv/lib/python3.12/site-packages/oslo_config/cfg.py:3256}}
Jun 11 20:18:02.172686 np0000002669 devstack@g-api.service[102015]: DEBUG glance.common.config [None req-5b227817-0e52-4900-a300-fc535ece9d1b None None] oslo_concurrency.lock_path = /opt/stack/data/glance/locks {{(pid=102015) log_opt_values /opt/stack/data/venv/lib/python3.12/site-packages/oslo_config/cfg.py:3256}}
Jun 11 20:18:02.172829 np0000002669 devstack@g-api.service[102015]: DEBUG glance.common.config [None req-5b227817-0e52-4900-a300-fc535ece9d1b None None] oslo_middleware.enable_proxy_headers_parsing = False {{(pid=102015) log_opt_values /opt/stack/data/venv/lib/python3.12/site-packages/oslo_config/cfg.py:3256}}
Jun 11 20:18:02.172978 np0000002669 devstack@g-api.service[102015]: DEBUG glance.common.config [None req-5b227817-0e52-4900-a300-fc535ece9d1b None None] oslo_middleware.http_basic_auth_user_file = /etc/htpasswd {{(pid=102015) log_opt_values /opt/stack/data/venv/lib/python3.12/site-packages/oslo_config/cfg.py:3256}}
Jun 11 20:18:02.173112 np0000002669 devstack@g-api.service[102015]: DEBUG glance.common.config [None req-5b227817-0e52-4900-a300-fc535ece9d1b None None] paste_deploy.config_file = None {{(pid=102015) log_opt_values /opt/stack/data/venv/lib/python3.12/site-packages/oslo_config/cfg.py:3256}}
Jun 11 20:18:02.173254 np0000002669 devstack@g-api.service[102015]: DEBUG glance.common.config [None req-5b227817-0e52-4900-a300-fc535ece9d1b None None] paste_deploy.flavor = keystone+cachemanagement {{(pid=102015) log_opt_values /opt/stack/data/venv/lib/python3.12/site-packages/oslo_config/cfg.py:3256}}
Jun 11 20:18:02.173418 np0000002669 devstack@g-api.service[102015]: DEBUG glance.common.config [None req-5b227817-0e52-4900-a300-fc535ece9d1b None None] image_format.container_formats = ['ami', 'ari', 'aki', 'bare', 'ovf', 'ova', 'docker', 'compressed'] {{(pid=102015) log_opt_values /opt/stack/data/venv/lib/python3.12/site-packages/oslo_config/cfg.py:3256}}
Jun 11 20:18:02.173578 np0000002669 devstack@g-api.service[102015]: DEBUG glance.common.config [None req-5b227817-0e52-4900-a300-fc535ece9d1b None None] image_format.disk_formats = ['ami', 'ari', 'aki', 'vhd', 'vhdx', 'vmdk', 'raw', 'qcow2', 'vdi', 'iso', 'ploop'] {{(pid=102015) log_opt_values /opt/stack/data/venv/lib/python3.12/site-packages/oslo_config/cfg.py:3256}}
Jun 11 20:18:02.173666 np0000002669 devstack@g-api.service[102015]: DEBUG glance.common.config [None req-5b227817-0e52-4900-a300-fc535ece9d1b None None] image_format.gpt_safety_checks_nonfatal = [] {{(pid=102015) log_opt_values /opt/stack/data/venv/lib/python3.12/site-packages/oslo_config/cfg.py:3256}}
Jun 11 20:18:02.173785 np0000002669 devstack@g-api.service[102015]: DEBUG glance.common.config [None req-5b227817-0e52-4900-a300-fc535ece9d1b None None] image_format.require_image_format_match = True {{(pid=102015) log_opt_values /opt/stack/data/venv/lib/python3.12/site-packages/oslo_config/cfg.py:3256}}
Jun 11 20:18:02.173909 np0000002669 devstack@g-api.service[102015]: DEBUG glance.common.config [None req-5b227817-0e52-4900-a300-fc535ece9d1b None None] image_format.vmdk_allowed_types = ['streamOptimized', 'monolithicSparse'] {{(pid=102015) log_opt_values /opt/stack/data/venv/lib/python3.12/site-packages/oslo_config/cfg.py:3256}}
Jun 11 20:18:02.174013 np0000002669 devstack@g-api.service[102015]: DEBUG glance.common.config [None req-5b227817-0e52-4900-a300-fc535ece9d1b None None] task.task_executor = taskflow {{(pid=102015) log_opt_values /opt/stack/data/venv/lib/python3.12/site-packages/oslo_config/cfg.py:3256}}
