Jun 11 20:17:38.573207 np0000002669 nova-scheduler[95697]: DEBUG cotyledon.oslo_config_glue [-] oslo_limit.connect_retries = None {{(pid=95697) log_opt_values /opt/stack/data/venv/lib/python3.12/site-packages/oslo_config/cfg.py:3256}}
Jun 11 20:17:38.573272 np0000002669 nova-scheduler[95697]: DEBUG cotyledon.oslo_config_glue [-] oslo_limit.connect_retry_delay = None {{(pid=95697) log_opt_values /opt/stack/data/venv/lib/python3.12/site-packages/oslo_config/cfg.py:3256}}
Jun 11 20:17:38.573351 np0000002669 nova-scheduler[95697]: DEBUG cotyledon.oslo_config_glue [-] oslo_limit.endpoint_id = None {{(pid=95697) log_opt_values /opt/stack/data/venv/lib/python3.12/site-packages/oslo_config/cfg.py:3256}}
Jun 11 20:17:38.573417 np0000002669 nova-scheduler[95697]: DEBUG cotyledon.oslo_config_glue [-] oslo_limit.endpoint_interface = public {{(pid=95697) log_opt_values /opt/stack/data/venv/lib/python3.12/site-packages/oslo_config/cfg.py:3256}}
Jun 11 20:17:38.573490 np0000002669 nova-scheduler[95697]: DEBUG cotyledon.oslo_config_glue [-] oslo_limit.endpoint_override = None {{(pid=95697) log_opt_values /opt/stack/data/venv/lib/python3.12/site-packages/oslo_config/cfg.py:3256}}
Jun 11 20:17:38.573552 np0000002669 nova-scheduler[95697]: DEBUG cotyledon.oslo_config_glue [-] oslo_limit.endpoint_region_name = None {{(pid=95697) log_opt_values /opt/stack/data/venv/lib/python3.12/site-packages/oslo_config/cfg.py:3256}}
Jun 11 20:17:38.573632 np0000002669 nova-scheduler[95697]: DEBUG cotyledon.oslo_config_glue [-] oslo_limit.endpoint_service_name = None {{(pid=95697) log_opt_values /opt/stack/data/venv/lib/python3.12/site-packages/oslo_config/cfg.py:3256}}
Jun 11 20:17:38.573707 np0000002669 nova-scheduler[95697]: DEBUG cotyledon.oslo_config_glue [-] oslo_limit.endpoint_service_type = None {{(pid=95697) log_opt_values /opt/stack/data/venv/lib/python3.12/site-packages/oslo_config/cfg.py:3256}}
Jun 11 20:17:38.573795 np0000002669 nova-scheduler[95697]: DEBUG cotyledon.oslo_config_glue [-] oslo_limit.insecure = False {{(pid=95697) log_opt_values /opt/stack/data/venv/lib/python3.12/site-packages/oslo_config/cfg.py:3256}}
Jun 11 20:17:38.573861 np0000002669 nova-scheduler[95697]: DEBUG cotyledon.oslo_config_glue [-] oslo_limit.keyfile = None {{(pid=95697) log_opt_values /opt/stack/data/venv/lib/python3.12/site-packages/oslo_config/cfg.py:3256}}
Jun 11 20:17:38.573919 np0000002669 nova-scheduler[95697]: DEBUG cotyledon.oslo_config_glue [-] oslo_limit.max_version = None {{(pid=95697) log_opt_values /opt/stack/data/venv/lib/python3.12/site-packages/oslo_config/cfg.py:3256}}
Jun 11 20:17:38.573974 np0000002669 nova-scheduler[95697]: DEBUG cotyledon.oslo_config_glue [-] oslo_limit.min_version = None {{(pid=95697) log_opt_values /opt/stack/data/venv/lib/python3.12/site-packages/oslo_config/cfg.py:3256}}
Jun 11 20:17:38.574039 np0000002669 nova-scheduler[95697]: DEBUG cotyledon.oslo_config_glue [-] oslo_limit.region_name = None {{(pid=95697) log_opt_values /opt/stack/data/venv/lib/python3.12/site-packages/oslo_config/cfg.py:3256}}
Jun 11 20:17:38.574110 np0000002669 nova-scheduler[95697]: DEBUG cotyledon.oslo_config_glue [-] oslo_limit.retriable_status_codes = None {{(pid=95697) log_opt_values /opt/stack/data/venv/lib/python3.12/site-packages/oslo_config/cfg.py:3256}}
Jun 11 20:17:38.574184 np0000002669 nova-scheduler[95697]: DEBUG cotyledon.oslo_config_glue [-] oslo_limit.service_name = None {{(pid=95697) log_opt_values /opt/stack/data/venv/lib/python3.12/site-packages/oslo_config/cfg.py:3256}}
Jun 11 20:17:38.574250 np0000002669 nova-scheduler[95697]: DEBUG cotyledon.oslo_config_glue [-] oslo_limit.service_type = None {{(pid=95697) log_opt_values /opt/stack/data/venv/lib/python3.12/site-packages/oslo_config/cfg.py:3256}}
Jun 11 20:17:38.574321 np0000002669 nova-scheduler[95697]: DEBUG cotyledon.oslo_config_glue [-] oslo_limit.split_loggers = False {{(pid=95697) log_opt_values /opt/stack/data/venv/lib/python3.12/site-packages/oslo_config/cfg.py:3256}}
Jun 11 20:17:38.574394 np0000002669 nova-scheduler[95697]: DEBUG cotyledon.oslo_config_glue [-] oslo_limit.status_code_retries = None {{(pid=95697) log_opt_values /opt/stack/data/venv/lib/python3.12/site-packages/oslo_config/cfg.py:3256}}
Jun 11 20:17:38.574468 np0000002669 nova-scheduler[95697]: DEBUG cotyledon.oslo_config_glue [-] oslo_limit.status_code_retry_delay = None {{(pid=95697) log_opt_values /opt/stack/data/venv/lib/python3.12/site-packages/oslo_config/cfg.py:3256}}
Jun 11 20:17:38.574535 np0000002669 nova-scheduler[95697]: DEBUG cotyledon.oslo_config_glue [-] oslo_limit.timeout = None {{(pid=95697) log_opt_values /opt/stack/data/venv/lib/python3.12/site-packages/oslo_config/cfg.py:3256}}
Jun 11 20:17:38.574594 np0000002669 nova-scheduler[95697]: DEBUG cotyledon.oslo_config_glue [-] oslo_limit.valid_interfaces = None {{(pid=95697) log_opt_values /opt/stack/data/venv/lib/python3.12/site-packages/oslo_config/cfg.py:3256}}
Jun 11 20:17:38.574652 np0000002669 nova-scheduler[95697]: DEBUG cotyledon.oslo_config_glue [-] oslo_limit.version = None {{(pid=95697) log_opt_values /opt/stack/data/venv/lib/python3.12/site-packages/oslo_config/cfg.py:3256}}
Jun 11 20:17:38.574765 np0000002669 nova-scheduler[95697]: DEBUG cotyledon.oslo_config_glue [-] oslo_reports.file_event_handler = None {{(pid=95697) log_opt_values /opt/stack/data/venv/lib/python3.12/site-packages/oslo_config/cfg.py:3256}}
Jun 11 20:17:38.574838 np0000002669 nova-scheduler[95697]: DEBUG cotyledon.oslo_config_glue [-] oslo_reports.file_event_handler_interval = 1 {{(pid=95697) log_opt_values /opt/stack/data/venv/lib/python3.12/site-packages/oslo_config/cfg.py:3256}}
Jun 11 20:17:38.574914 np0000002669 nova-scheduler[95697]: DEBUG cotyledon.oslo_config_glue [-] oslo_reports.log_dir = None {{(pid=95697) log_opt_values /opt/stack/data/venv/lib/python3.12/site-packages/oslo_config/cfg.py:3256}}
Jun 11 20:17:38.574985 np0000002669 nova-scheduler[95697]: DEBUG cotyledon.oslo_config_glue [-] ******************************************************************************** {{(pid=95697) log_opt_values /opt/stack/data/venv/lib/python3.12/site-packages/oslo_config/cfg.py:3263}}
Jun 11 20:17:38.575180 np0000002669 nova-scheduler[95697]: DEBUG cotyledon._service_worker [-] Run service ServiceWrapper(2) [95697] {{(pid=95697) wait_forever /opt/stack/data/venv/lib/python3.12/site-packages/cotyledon/_service_worker.py:218}}
Jun 11 20:17:38.579733 np0000002669 nova-scheduler[95697]: INFO nova.service [-] Starting scheduler node (version 33.1.0)
Jun 11 20:17:38.579807 np0000002669 nova-scheduler[95695]: DEBUG oslo_db.sqlalchemy.engines [None req-2c19c368-2454-4e46-9731-1d18407aff3b None None] MySQL server mode set to STRICT_TRANS_TABLES,STRICT_ALL_TABLES,NO_ZERO_IN_DATE,NO_ZERO_DATE,ERROR_FOR_DIVISION_BY_ZERO,TRADITIONAL,NO_ENGINE_SUBSTITUTION {{(pid=95695) _check_effective_sql_mode /opt/stack/data/venv/lib/python3.12/site-packages/oslo_db/sqlalchemy/engines.py:325}}
Jun 11 20:17:38.580320 np0000002669 nova-scheduler[95697]: INFO dbcounter [None req-6fba5b3e-9855-424d-881c-ddf8c6a56371 None None] Registered counter for database nova_cell0
Jun 11 20:17:38.582499 np0000002669 nova-scheduler[95693]: DEBUG dbcounter [-] [95693] Writer thread running {{(pid=95693) stat_writer /opt/stack/data/venv/lib/python3.12/site-packages/dbcounter.py:102}}
Jun 11 20:17:38.587649 np0000002669 nova-scheduler[95695]: DEBUG dbcounter [-] [95695] Writer thread running {{(pid=95695) stat_writer /opt/stack/data/venv/lib/python3.12/site-packages/dbcounter.py:102}}
Jun 11 20:17:38.599412 np0000002669 nova-scheduler[95693]: DEBUG nova.service [None req-430f70d8-30cf-4381-ad15-ad81bf90a69a None None] Creating RPC server for service: nova-scheduler on topic: scheduler {{(pid=95693) start /opt/stack/nova/nova/service.py:196}}
Jun 11 20:17:38.603044 np0000002669 nova-scheduler[95695]: DEBUG nova.service [None req-2c19c368-2454-4e46-9731-1d18407aff3b None None] Creating RPC server for service: nova-scheduler on topic: scheduler {{(pid=95695) start /opt/stack/nova/nova/service.py:196}}
Jun 11 20:17:38.633446 np0000002669 nova-scheduler[95697]: DEBUG oslo_db.sqlalchemy.engines [None req-6fba5b3e-9855-424d-881c-ddf8c6a56371 None None] MySQL server mode set to STRICT_TRANS_TABLES,STRICT_ALL_TABLES,NO_ZERO_IN_DATE,NO_ZERO_DATE,ERROR_FOR_DIVISION_BY_ZERO,TRADITIONAL,NO_ENGINE_SUBSTITUTION {{(pid=95697) _check_effective_sql_mode /opt/stack/data/venv/lib/python3.12/site-packages/oslo_db/sqlalchemy/engines.py:325}}
Jun 11 20:17:38.637156 np0000002669 nova-scheduler[95693]: DEBUG nova.service [None req-430f70d8-30cf-4381-ad15-ad81bf90a69a None None] Join ServiceGroup membership for this service scheduler {{(pid=95693) start /opt/stack/nova/nova/service.py:222}}
Jun 11 20:17:38.637350 np0000002669 nova-scheduler[95693]: DEBUG nova.servicegroup.drivers.db [None req-430f70d8-30cf-4381-ad15-ad81bf90a69a None None] DB_Driver: join new ServiceGroup member np0000002669 to the scheduler group, service = {{(pid=95693) join /opt/stack/nova/nova/servicegroup/drivers/db.py:44}}
Jun 11 20:17:38.642232 np0000002669 nova-scheduler[95695]: DEBUG nova.service [None req-2c19c368-2454-4e46-9731-1d18407aff3b None None] Join ServiceGroup membership for this service scheduler {{(pid=95695) start /opt/stack/nova/nova/service.py:222}}
Jun 11 20:17:38.642441 np0000002669 nova-scheduler[95697]: DEBUG dbcounter [-] [95697] Writer thread running {{(pid=95697) stat_writer /opt/stack/data/venv/lib/python3.12/site-packages/dbcounter.py:102}}
Jun 11 20:17:38.642498 np0000002669 nova-scheduler[95695]: DEBUG nova.servicegroup.drivers.db [None req-2c19c368-2454-4e46-9731-1d18407aff3b None None] DB_Driver: join new ServiceGroup member np0000002669 to the scheduler group, service = {{(pid=95695) join /opt/stack/nova/nova/servicegroup/drivers/db.py:44}}
Jun 11 20:17:38.645171 np0000002669 nova-scheduler[95697]: DEBUG nova.service [None req-6fba5b3e-9855-424d-881c-ddf8c6a56371 None None] Creating RPC server for service: nova-scheduler on topic: scheduler {{(pid=95697) start /opt/stack/nova/nova/service.py:196}}
Jun 11 20:17:38.667551 np0000002669 nova-scheduler[95697]: DEBUG nova.service [None req-6fba5b3e-9855-424d-881c-ddf8c6a56371 None None] Join ServiceGroup membership for this service scheduler {{(pid=95697) start /opt/stack/nova/nova/service.py:222}}
Jun 11 20:17:38.667693 np0000002669 nova-scheduler[95697]: DEBUG nova.servicegroup.drivers.db [None req-6fba5b3e-9855-424d-881c-ddf8c6a56371 None None] DB_Driver: join new ServiceGroup member np0000002669 to the scheduler group, service = {{(pid=95697) join /opt/stack/nova/nova/servicegroup/drivers/db.py:44}}
Jun 11 20:17:43.651746 np0000002669 nova-scheduler[95693]: DEBUG oslo.service.backend._threading.loopingcall [-] Fixed interval looping call 'nova.servicegroup.drivers.db.DbDriver._report_state' sleeping for 119.99 seconds {{(pid=95693) _run_loop /opt/stack/data/venv/lib/python3.12/site-packages/oslo_service/backend/_threading/loopingcall.py:125}}
Jun 11 20:17:43.653962 np0000002669 nova-scheduler[95695]: DEBUG oslo.service.backend._threading.loopingcall [-] Fixed interval looping call 'nova.servicegroup.drivers.db.DbDriver._report_state' sleeping for 119.99 seconds {{(pid=95695) _run_loop /opt/stack/data/venv/lib/python3.12/site-packages/oslo_service/backend/_threading/loopingcall.py:125}}
Jun 11 20:17:43.678620 np0000002669 nova-scheduler[95697]: DEBUG oslo.service.backend._threading.loopingcall [-] Fixed interval looping call 'nova.servicegroup.drivers.db.DbDriver._report_state' sleeping for 119.99 seconds {{(pid=95697) _run_loop /opt/stack/data/venv/lib/python3.12/site-packages/oslo_service/backend/_threading/loopingcall.py:125}}
Jun 11 20:17:46.669878 np0000002669 nova-scheduler[95697]: DEBUG oslo.service.backend._threading.loopingcall [None req-2674360e-fe3c-4d8d-adab-1fb891812d5f None None] Dynamic interval looping call 'nova.service.Service.periodic_tasks' sleeping for 60.00 seconds {{(pid=95697) _run_loop /opt/stack/data/venv/lib/python3.12/site-packages/oslo_service/backend/_threading/loopingcall.py:125}}
Jun 11 20:17:47.175734 np0000002669 nova-scheduler[94493]: DEBUG dbcounter [-] [94493] Writing DB stats nova_api:SELECT=3 {{(pid=94493) stat_writer /opt/stack/data/venv/lib/python3.12/site-packages/dbcounter.py:115}}
Jun 11 20:17:47.304139 np0000002669 nova-scheduler[94493]: DEBUG dbcounter [-] [94493] Writing DB stats nova_cell1:SELECT=1 {{(pid=94493) stat_writer /opt/stack/data/venv/lib/python3.12/site-packages/dbcounter.py:115}}
Jun 11 20:17:47.308172 np0000002669 nova-scheduler[94493]: DEBUG dbcounter [-] [94493] Writing DB stats nova_cell0:SELECT=1 {{(pid=94493) stat_writer /opt/stack/data/venv/lib/python3.12/site-packages/dbcounter.py:115}}
Jun 11 20:17:50.645511 np0000002669 nova-scheduler[95695]: DEBUG oslo.service.backend._threading.loopingcall [None req-526ceead-2137-4fc8-a698-0c42dff38e6e None None] Dynamic interval looping call 'nova.service.Service.periodic_tasks' sleeping for 60.00 seconds {{(pid=95695) _run_loop /opt/stack/data/venv/lib/python3.12/site-packages/oslo_service/backend/_threading/loopingcall.py:125}}
Jun 11 20:17:53.646662 np0000002669 nova-scheduler[95693]: DEBUG dbcounter [-] [95693] Writing DB stats nova_cell0:SELECT=4,nova_cell0:INSERT=1,nova_cell0:UPDATE=1 {{(pid=95693) stat_writer /opt/stack/data/venv/lib/python3.12/site-packages/dbcounter.py:115}}
Jun 11 20:17:53.656889 np0000002669 nova-scheduler[95695]: DEBUG dbcounter [-] [95695] Writing DB stats nova_cell0:SELECT=5,nova_cell0:INSERT=1,nova_cell0:UPDATE=1 {{(pid=95695) stat_writer /opt/stack/data/venv/lib/python3.12/site-packages/dbcounter.py:115}}
Jun 11 20:17:53.675620 np0000002669 nova-scheduler[95697]: DEBUG dbcounter [-] [95697] Writing DB stats nova_cell0:SELECT=3 {{(pid=95697) stat_writer /opt/stack/data/venv/lib/python3.12/site-packages/dbcounter.py:115}}
Jun 11 20:18:11.639076 np0000002669 nova-scheduler[95693]: DEBUG oslo.service.backend._threading.loopingcall [None req-7c30560c-6ed8-4c04-a87f-e1dbc779a87c None None] Dynamic interval looping call 'nova.service.Service.periodic_tasks' sleeping for 60.00 seconds {{(pid=95693) _run_loop /opt/stack/data/venv/lib/python3.12/site-packages/oslo_service/backend/_threading/loopingcall.py:125}}
Jun 11 20:18:46.670268 np0000002669 nova-scheduler[95697]: DEBUG oslo.service.backend._threading.loopingcall [None req-2674360e-fe3c-4d8d-adab-1fb891812d5f None None] Dynamic interval looping call 'nova.service.Service.periodic_tasks' sleeping for 60.00 seconds {{(pid=95697) _run_loop /opt/stack/data/venv/lib/python3.12/site-packages/oslo_service/backend/_threading/loopingcall.py:125}}
Jun 11 20:18:50.645781 np0000002669 nova-scheduler[95695]: DEBUG oslo.service.backend._threading.loopingcall [None req-526ceead-2137-4fc8-a698-0c42dff38e6e None None] Dynamic interval looping call 'nova.service.Service.periodic_tasks' sleeping for 60.00 seconds {{(pid=95695) _run_loop /opt/stack/data/venv/lib/python3.12/site-packages/oslo_service/backend/_threading/loopingcall.py:125}}
Jun 11 20:19:11.639652 np0000002669 nova-scheduler[95693]: DEBUG oslo.service.backend._threading.loopingcall [None req-7c30560c-6ed8-4c04-a87f-e1dbc779a87c None None] Dynamic interval looping call 'nova.service.Service.periodic_tasks' sleeping for 60.00 seconds {{(pid=95693) _run_loop /opt/stack/data/venv/lib/python3.12/site-packages/oslo_service/backend/_threading/loopingcall.py:125}}
Jun 11 20:19:43.648907 np0000002669 nova-scheduler[95693]: DEBUG oslo.service.backend._threading.loopingcall [-] Fixed interval looping call 'nova.servicegroup.drivers.db.DbDriver._report_state' sleeping for 119.99 seconds {{(pid=95693) _run_loop /opt/stack/data/venv/lib/python3.12/site-packages/oslo_service/backend/_threading/loopingcall.py:125}}
Jun 11 20:19:43.649388 np0000002669 nova-scheduler[95695]: DEBUG oslo.service.backend._threading.loopingcall [-] Fixed interval looping call 'nova.servicegroup.drivers.db.DbDriver._report_state' sleeping for 120.00 seconds {{(pid=95695) _run_loop /opt/stack/data/venv/lib/python3.12/site-packages/oslo_service/backend/_threading/loopingcall.py:125}}
Jun 11 20:19:43.671906 np0000002669 nova-scheduler[95697]: DEBUG oslo.service.backend._threading.loopingcall [-] Fixed interval looping call 'nova.servicegroup.drivers.db.DbDriver._report_state' sleeping for 120.00 seconds {{(pid=95697) _run_loop /opt/stack/data/venv/lib/python3.12/site-packages/oslo_service/backend/_threading/loopingcall.py:125}}
Jun 11 20:19:46.670769 np0000002669 nova-scheduler[95697]: DEBUG oslo.service.backend._threading.loopingcall [None req-2674360e-fe3c-4d8d-adab-1fb891812d5f None None] Dynamic interval looping call 'nova.service.Service.periodic_tasks' sleeping for 60.00 seconds {{(pid=95697) _run_loop /opt/stack/data/venv/lib/python3.12/site-packages/oslo_service/backend/_threading/loopingcall.py:125}}
Jun 11 20:19:50.646337 np0000002669 nova-scheduler[95695]: DEBUG oslo.service.backend._threading.loopingcall [None req-526ceead-2137-4fc8-a698-0c42dff38e6e None None] Dynamic interval looping call 'nova.service.Service.periodic_tasks' sleeping for 60.00 seconds {{(pid=95695) _run_loop /opt/stack/data/venv/lib/python3.12/site-packages/oslo_service/backend/_threading/loopingcall.py:125}}
Jun 11 20:19:53.644982 np0000002669 nova-scheduler[95693]: DEBUG dbcounter [-] [95693] Writing DB stats nova_cell0:SELECT=1,nova_cell0:UPDATE=1 {{(pid=95693) stat_writer /opt/stack/data/venv/lib/python3.12/site-packages/dbcounter.py:115}}
Jun 11 20:19:53.646978 np0000002669 nova-scheduler[95695]: DEBUG dbcounter [-] [95695] Writing DB stats nova_cell0:SELECT=1,nova_cell0:UPDATE=1 {{(pid=95695) stat_writer /opt/stack/data/venv/lib/python3.12/site-packages/dbcounter.py:115}}
Jun 11 20:19:53.670440 np0000002669 nova-scheduler[95697]: DEBUG dbcounter [-] [95697] Writing DB stats nova_cell0:SELECT=1 {{(pid=95697) stat_writer /opt/stack/data/venv/lib/python3.12/site-packages/dbcounter.py:115}}
Jun 11 20:20:11.640109 np0000002669 nova-scheduler[95693]: DEBUG oslo.service.backend._threading.loopingcall [None req-7c30560c-6ed8-4c04-a87f-e1dbc779a87c None None] Dynamic interval looping call 'nova.service.Service.periodic_tasks' sleeping for 60.00 seconds {{(pid=95693) _run_loop /opt/stack/data/venv/lib/python3.12/site-packages/oslo_service/backend/_threading/loopingcall.py:125}}
Jun 11 20:20:22.234282 np0000002669 nova-scheduler[95693]: DEBUG nova.scheduler.manager [None req-0d94b07f-8afe-4e28-aa8e-931deb585d0c tempest-DeleteServersTestJSON-98795681 tempest-DeleteServersTestJSON-98795681-project-member] Starting to schedule for instances: ['c5377131-c9aa-4a90-8071-a683f6ddf4c0'] {{(pid=95693) select_destinations /opt/stack/nova/nova/scheduler/manager.py:210}}
Jun 11 20:20:22.234886 np0000002669 nova-scheduler[95693]: DEBUG nova.scheduler.request_filter [None req-0d94b07f-8afe-4e28-aa8e-931deb585d0c tempest-DeleteServersTestJSON-98795681 tempest-DeleteServersTestJSON-98795681-project-member] compute_status_filter request filter added forbidden trait COMPUTE_STATUS_DISABLED {{(pid=95693) compute_status_filter /opt/stack/nova/nova/scheduler/request_filter.py:253}}
Jun 11 20:20:22.235689 np0000002669 nova-scheduler[95693]: DEBUG nova.scheduler.request_filter [None req-0d94b07f-8afe-4e28-aa8e-931deb585d0c tempest-DeleteServersTestJSON-98795681 tempest-DeleteServersTestJSON-98795681-project-member] Request filter 'compute_status_filter' took 0.0 seconds {{(pid=95693) wrapper /opt/stack/nova/nova/scheduler/request_filter.py:46}}
Jun 11 20:20:22.235850 np0000002669 nova-scheduler[95693]: DEBUG nova.scheduler.request_filter [None req-0d94b07f-8afe-4e28-aa8e-931deb585d0c tempest-DeleteServersTestJSON-98795681 tempest-DeleteServersTestJSON-98795681-project-member] Request filter 'accelerators_filter' took 0.0 seconds {{(pid=95693) wrapper /opt/stack/nova/nova/scheduler/request_filter.py:46}}
Jun 11 20:20:22.236073 np0000002669 nova-scheduler[95693]: DEBUG nova.scheduler.request_filter [None req-0d94b07f-8afe-4e28-aa8e-931deb585d0c tempest-DeleteServersTestJSON-98795681 tempest-DeleteServersTestJSON-98795681-project-member] Request filter 'packed_virtqueue_filter' took 0.0 seconds {{(pid=95693) wrapper /opt/stack/nova/nova/scheduler/request_filter.py:46}}
Jun 11 20:20:22.236543 np0000002669 nova-scheduler[95693]: DEBUG nova.scheduler.request_filter [None req-0d94b07f-8afe-4e28-aa8e-931deb585d0c tempest-DeleteServersTestJSON-98795681 tempest-DeleteServersTestJSON-98795681-project-member] Request filter 'remote_managed_ports_filter' took 0.0 seconds {{(pid=95693) wrapper /opt/stack/nova/nova/scheduler/request_filter.py:46}}
Jun 11 20:20:22.236890 np0000002669 nova-scheduler[95693]: DEBUG nova.scheduler.request_filter [None req-0d94b07f-8afe-4e28-aa8e-931deb585d0c tempest-DeleteServersTestJSON-98795681 tempest-DeleteServersTestJSON-98795681-project-member] ephemeral_encryption_filter skipped {{(pid=95693) ephemeral_encryption_filter /opt/stack/nova/nova/scheduler/request_filter.py:426}}
Jun 11 20:20:22.236966 np0000002669 nova-scheduler[95693]: DEBUG nova.scheduler.request_filter [None req-0d94b07f-8afe-4e28-aa8e-931deb585d0c tempest-DeleteServersTestJSON-98795681 tempest-DeleteServersTestJSON-98795681-project-member] virtio_sound_filter skipped {{(pid=95693) virtio_sound_filter /opt/stack/nova/nova/scheduler/request_filter.py:460}}
Jun 11 20:20:22.237125 np0000002669 nova-scheduler[95693]: DEBUG nova.scheduler.request_filter [None req-0d94b07f-8afe-4e28-aa8e-931deb585d0c tempest-DeleteServersTestJSON-98795681 tempest-DeleteServersTestJSON-98795681-project-member] tpm_secret_security_filter skipped {{(pid=95693) tpm_secret_security_filter /opt/stack/nova/nova/scheduler/request_filter.py:477}}
Jun 11 20:20:22.775282 np0000002669 nova-scheduler[95693]: INFO nova.utils [None req-0d94b07f-8afe-4e28-aa8e-931deb585d0c tempest-DeleteServersTestJSON-98795681 tempest-DeleteServersTestJSON-98795681-project-member] The cell worker thread pool ForkProcess-1.cell_worker is initialized
Jun 11 20:20:22.775650 np0000002669 nova-scheduler[95693]: DEBUG oslo_concurrency.lockutils [None req-0d94b07f-8afe-4e28-aa8e-931deb585d0c tempest-DeleteServersTestJSON-98795681 tempest-DeleteServersTestJSON-98795681-project-member] Acquiring lock "04a84082-a42f-45fc-af0a-75825b94c09c" by "nova.context.set_target_cell..get_or_set_cached_cell_and_set_connections" {{(pid=95693) inner /opt/stack/data/venv/lib/python3.12/site-packages/oslo_concurrency/lockutils.py:511}}
Jun 11 20:20:22.775867 np0000002669 nova-scheduler[95693]: DEBUG oslo_concurrency.lockutils [None req-0d94b07f-8afe-4e28-aa8e-931deb585d0c tempest-DeleteServersTestJSON-98795681 tempest-DeleteServersTestJSON-98795681-project-member] Lock "04a84082-a42f-45fc-af0a-75825b94c09c" acquired by "nova.context.set_target_cell..get_or_set_cached_cell_and_set_connections" :: waited 0.000s {{(pid=95693) inner /opt/stack/data/venv/lib/python3.12/site-packages/oslo_concurrency/lockutils.py:524}}
Jun 11 20:20:22.777492 np0000002669 nova-scheduler[95693]: DEBUG oslo_concurrency.lockutils [None req-0d94b07f-8afe-4e28-aa8e-931deb585d0c tempest-DeleteServersTestJSON-98795681 tempest-DeleteServersTestJSON-98795681-project-member] Lock "04a84082-a42f-45fc-af0a-75825b94c09c" "released" by "nova.context.set_target_cell..get_or_set_cached_cell_and_set_connections" :: held 0.002s {{(pid=95693) inner /opt/stack/data/venv/lib/python3.12/site-packages/oslo_concurrency/lockutils.py:543}}
Jun 11 20:20:22.779318 np0000002669 nova-scheduler[95693]: INFO dbcounter [None req-0d94b07f-8afe-4e28-aa8e-931deb585d0c tempest-DeleteServersTestJSON-98795681 tempest-DeleteServersTestJSON-98795681-project-member] Registered counter for database nova_cell1
Jun 11 20:20:22.819390 np0000002669 nova-scheduler[95693]: DEBUG oslo_db.sqlalchemy.engines [None req-0d94b07f-8afe-4e28-aa8e-931deb585d0c tempest-DeleteServersTestJSON-98795681 tempest-DeleteServersTestJSON-98795681-project-member] MySQL server mode set to STRICT_TRANS_TABLES,STRICT_ALL_TABLES,NO_ZERO_IN_DATE,NO_ZERO_DATE,ERROR_FOR_DIVISION_BY_ZERO,TRADITIONAL,NO_ENGINE_SUBSTITUTION {{(pid=95693) _check_effective_sql_mode /opt/stack/data/venv/lib/python3.12/site-packages/oslo_db/sqlalchemy/engines.py:325}}
Jun 11 20:20:22.825172 np0000002669 nova-scheduler[95693]: DEBUG dbcounter [-] [95693] Writer thread running {{(pid=95693) stat_writer /opt/stack/data/venv/lib/python3.12/site-packages/dbcounter.py:102}}
Jun 11 20:20:22.836891 np0000002669 nova-scheduler[95693]: DEBUG oslo_db.sqlalchemy.engines [None req-0d94b07f-8afe-4e28-aa8e-931deb585d0c tempest-DeleteServersTestJSON-98795681 tempest-DeleteServersTestJSON-98795681-project-member] Parent process 94493 forked (95693) with an open database connection, which is being discarded and recreated. {{(pid=95693) checkout /opt/stack/data/venv/lib/python3.12/site-packages/oslo_db/sqlalchemy/engines.py:402}}
Jun 11 20:20:22.888010 np0000002669 nova-scheduler[95693]: DEBUG dbcounter [-] [95693] Writer thread running {{(pid=95693) stat_writer /opt/stack/data/venv/lib/python3.12/site-packages/dbcounter.py:102}}
Jun 11 20:20:22.892681 np0000002669 nova-scheduler[95693]: DEBUG oslo_concurrency.lockutils [None req-0d94b07f-8afe-4e28-aa8e-931deb585d0c tempest-DeleteServersTestJSON-98795681 tempest-DeleteServersTestJSON-98795681-project-member] Acquiring lock "04a84082-a42f-45fc-af0a-75825b94c09c" by "nova.context.set_target_cell..get_or_set_cached_cell_and_set_connections" {{(pid=95693) inner /opt/stack/data/venv/lib/python3.12/site-packages/oslo_concurrency/lockutils.py:511}}
Jun 11 20:20:22.892681 np0000002669 nova-scheduler[95693]: DEBUG oslo_concurrency.lockutils [None req-0d94b07f-8afe-4e28-aa8e-931deb585d0c tempest-DeleteServersTestJSON-98795681 tempest-DeleteServersTestJSON-98795681-project-member] Lock "04a84082-a42f-45fc-af0a-75825b94c09c" acquired by "nova.context.set_target_cell..get_or_set_cached_cell_and_set_connections" :: waited 0.000s {{(pid=95693) inner /opt/stack/data/venv/lib/python3.12/site-packages/oslo_concurrency/lockutils.py:524}}
Jun 11 20:20:22.892681 np0000002669 nova-scheduler[95693]: DEBUG oslo_concurrency.lockutils [None req-0d94b07f-8afe-4e28-aa8e-931deb585d0c tempest-DeleteServersTestJSON-98795681 tempest-DeleteServersTestJSON-98795681-project-member] Lock "04a84082-a42f-45fc-af0a-75825b94c09c" "released" by "nova.context.set_target_cell..get_or_set_cached_cell_and_set_connections" :: held 0.000s {{(pid=95693) inner /opt/stack/data/venv/lib/python3.12/site-packages/oslo_concurrency/lockutils.py:543}}
Jun 11 20:20:22.897120 np0000002669 nova-scheduler[95693]: DEBUG oslo_concurrency.lockutils [None req-0d94b07f-8afe-4e28-aa8e-931deb585d0c tempest-DeleteServersTestJSON-98795681 tempest-DeleteServersTestJSON-98795681-project-member] Acquiring lock "('np0000002669', 'np0000002669')" by "nova.scheduler.host_manager.HostState.update.._locked_update" {{(pid=95693) inner /opt/stack/data/venv/lib/python3.12/site-packages/oslo_concurrency/lockutils.py:511}}
Jun 11 20:20:22.897317 np0000002669 nova-scheduler[95693]: DEBUG oslo_concurrency.lockutils [None req-0d94b07f-8afe-4e28-aa8e-931deb585d0c tempest-DeleteServersTestJSON-98795681 tempest-DeleteServersTestJSON-98795681-project-member] Lock "('np0000002669', 'np0000002669')" acquired by "nova.scheduler.host_manager.HostState.update.._locked_update" :: waited 0.000s {{(pid=95693) inner /opt/stack/data/venv/lib/python3.12/site-packages/oslo_concurrency/lockutils.py:524}}
Jun 11 20:20:22.898306 np0000002669 nova-scheduler[95693]: DEBUG nova.scheduler.host_manager [None req-0d94b07f-8afe-4e28-aa8e-931deb585d0c tempest-DeleteServersTestJSON-98795681 tempest-DeleteServersTestJSON-98795681-project-member] Update host state from compute node: ComputeNode(cpu_allocation_ratio=4.0,cpu_info='{"arch": "x86_64", "model": "EPYC-Milan", "vendor": "AMD", "topology": {"cells": 1, "sockets": 12, "cores": 1, "threads": 1}, "maxphysaddr": {"mode": "emulate", "bits": 40}, "features": ["pclmuldq", "arch-capabilities", "pcid", "mds-no", "xsaves", "pge", "vpclmulqdq", "mce", "npt", "tsc-deadline", "mmxext", "ssbd", "null-sel-clr-base", "sse4a", "svm", "sse2", "umip", "arat", "3dnowprefetch", "v-vmsave-vmload", "fxsr_opt", "hypervisor", "xsavec", "osvw", "vme", "mmx", "skip-l1dfl-vmentry", "adx", "de", "fsgsbase", "mca", "stibp-always-on", "avx2", "gds-no", "smap", "msr", "clflush", "sse4.2", "xsaveerptr", "lm", "lahf_lm", "fxsr", "abm", "amd-psfd", "avx", "pku", "cx16", "fsrm", "wbnoinvd", "bmi2", "xsaveopt", "cmp_legacy", "cmov", "xgetbv1", "smep", "misalignsse", "sep", "rdctl-no", "pae", "sse", "topoext", "vaes", "apic", "lbrv", "pause-filter", "fpu", "popcnt", "pse36", "spec-ctrl", "erms", "rdrand", "nx", "f16c", "pse", "ibrs", "clwb", "flushbyasid", "movbe", "nrip-save", "cr8legacy", "bmi1", "invpcid", "ibpb", "pschange-mc-no", "rdtscp", "rdpid", "syscall", "stibp", "lfence-always-serializing", "tsc", "tsc-scale", "no-nested-data-bp", "amd-ssbd", "amd-stibp", "sha-ni", "rdseed", "cx8", "clflushopt", "pat", "virt-ssbd", "vgif", "xsave", "perfctr_core", "x2apic", "ssse3", "vmcb-clean", "svme-addr-chk", "fma", "pni", "pfthreshold", "mtrr", "pdpe1gb", "clzero", "tsc_adjust", "aes", "sse4.1"]}',created_at=2026-06-11T20:18:04Z,current_workload=0,deleted=False,deleted_at=None,disk_allocation_ratio=1.0,disk_available_least=74,free_disk_gb=95,free_ram_mb=23518,host='np0000002669',host_ip=10.4.3.95,hypervisor_hostname='np0000002669',hypervisor_type='QEMU',hypervisor_version=8002002,id=1,local_gb=95,local_gb_used=0,mapped=1,memory_mb=24030,memory_mb_used=512,metrics='[]',numa_topology='{"nova_object.name": "NUMATopology", "nova_object.namespace": "nova", "nova_object.version": "1.2", "nova_object.data": {"cells": [{"nova_object.name": "NUMACell", "nova_object.namespace": "nova", "nova_object.version": "1.5", "nova_object.data": {"id": 0, "cpuset": [0, 1, 2, 3, 4, 5, 6, 7, 8, 9, 10, 11], "pcpuset": [0, 1, 2, 3, 4, 5, 6, 7, 8, 9, 10, 11], "memory": 24030, "cpu_usage": 0, "memory_usage": 0, "pinned_cpus": [], "siblings": [[6], [2], [5], [11], [8], [4], [1], [7], [10], [0], [3], [9]], "mempages": [{"nova_object.name": "NUMAPagesTopology", "nova_object.namespace": "nova", "nova_object.version": "1.1", "nova_object.data": {"size_kb": 4, "total": 6151798, "used": 0, "reserved": 0}, "nova_object.changes": ["reserved", "size_kb", "total", "used"]}, {"nova_object.name": "NUMAPagesTopology", "nova_object.namespace": "nova", "nova_object.version": "1.1", "nova_object.data": {"size_kb": 2048, "total": 0, "used": 0, "reserved": 0}, "nova_object.changes": ["reserved", "size_kb", "total", "used"]}, {"nova_object.name": "NUMAPagesTopology", "nova_object.namespace": "nova", "nova_object.version": "1.1", "nova_object.data": {"size_kb": 1048576, "total": 0, "used": 0, "reserved": 0}, "nova_object.changes": ["reserved", "size_kb", "total", "used"]}], "network_metadata": {"nova_object.name": "NetworkMetadata", "nova_object.namespace": "nova", "nova_object.version": "1.0", "nova_object.data": {"physnets": [], "tunneled": false}, "nova_object.changes": ["physnets", "tunneled"]}, "socket": null}, "nova_object.changes": ["memory_usage", "pinned_cpus", "siblings", "memory", "id", "cpu_usage", "network_metadata", "socket", "cpuset", "mempages", "pcpuset"]}]}, "nova_object.changes": ["cells"]}',pci_device_pools=PciDevicePoolList,ram_allocation_ratio=1.0,running_vms=0,service_id=2,stats={failed_builds='0',uptime=' 20:19:50 up 24 min, 2 users, load average: 1.26, 1.45, 0.85
Jun 11 20:20:22.898306 np0000002669 nova-scheduler[95693]: '},supported_hv_specs=[HVSpec,HVSpec,HVSpec,HVSpec,HVSpec,HVSpec,HVSpec,HVSpec,HVSpec,HVSpec,HVSpec,HVSpec,HVSpec,HVSpec,HVSpec,HVSpec,HVSpec,HVSpec,HVSpec,HVSpec,HVSpec,HVSpec,HVSpec,HVSpec,HVSpec],updated_at=2026-06-11T20:19:52Z,uuid=0e348f52-ebd8-41df-a294-370b618874f8,vcpus=12,vcpus_used=0) {{(pid=95693) _locked_update /opt/stack/nova/nova/scheduler/host_manager.py:168}}
Jun 11 20:20:22.899167 np0000002669 nova-scheduler[95693]: DEBUG nova.scheduler.host_manager [None req-0d94b07f-8afe-4e28-aa8e-931deb585d0c tempest-DeleteServersTestJSON-98795681 tempest-DeleteServersTestJSON-98795681-project-member] Update host state with aggregates: [] {{(pid=95693) _locked_update /opt/stack/nova/nova/scheduler/host_manager.py:171}}
Jun 11 20:20:22.899282 np0000002669 nova-scheduler[95693]: DEBUG nova.scheduler.host_manager [None req-0d94b07f-8afe-4e28-aa8e-931deb585d0c tempest-DeleteServersTestJSON-98795681 tempest-DeleteServersTestJSON-98795681-project-member] Update host state with service dict: {'id': 2, 'uuid': '7051e45c-55d8-49a3-b6bf-b2e82984aa5e', 'host': 'np0000002669', 'binary': 'nova-compute', 'topic': 'compute', 'report_count': 2, 'disabled': False, 'disabled_reason': None, 'last_seen_up': datetime.datetime(2026, 6, 11, 20, 20, 13, tzinfo=datetime.timezone.utc), 'forced_down': False, 'version': 72, 'created_at': datetime.datetime(2026, 6, 11, 20, 18, 2, tzinfo=datetime.timezone.utc), 'updated_at': datetime.datetime(2026, 6, 11, 20, 20, 13, tzinfo=datetime.timezone.utc), 'deleted_at': None, 'deleted': False} {{(pid=95693) _locked_update /opt/stack/nova/nova/scheduler/host_manager.py:174}}
Jun 11 20:20:22.901729 np0000002669 nova-scheduler[95693]: DEBUG nova.scheduler.host_manager [None req-0d94b07f-8afe-4e28-aa8e-931deb585d0c tempest-DeleteServersTestJSON-98795681 tempest-DeleteServersTestJSON-98795681-project-member] Update host state with instances: [] {{(pid=95693) _locked_update /opt/stack/nova/nova/scheduler/host_manager.py:177}}
Jun 11 20:20:22.901729 np0000002669 nova-scheduler[95693]: DEBUG oslo_concurrency.lockutils [None req-0d94b07f-8afe-4e28-aa8e-931deb585d0c tempest-DeleteServersTestJSON-98795681 tempest-DeleteServersTestJSON-98795681-project-member] Lock "('np0000002669', 'np0000002669')" "released" by "nova.scheduler.host_manager.HostState.update.._locked_update" :: held 0.002s {{(pid=95693) inner /opt/stack/data/venv/lib/python3.12/site-packages/oslo_concurrency/lockutils.py:543}}
Jun 11 20:20:22.901729 np0000002669 nova-scheduler[95693]: DEBUG nova.filters [None req-0d94b07f-8afe-4e28-aa8e-931deb585d0c tempest-DeleteServersTestJSON-98795681 tempest-DeleteServersTestJSON-98795681-project-member] Starting with 1 host(s) {{(pid=95693) get_filtered_objects /opt/stack/nova/nova/filters.py:70}}
Jun 11 20:20:22.901729 np0000002669 nova-scheduler[95693]: DEBUG nova.filters [None req-0d94b07f-8afe-4e28-aa8e-931deb585d0c tempest-DeleteServersTestJSON-98795681 tempest-DeleteServersTestJSON-98795681-project-member] Filter ComputeFilter returned 1 host(s) {{(pid=95693) get_filtered_objects /opt/stack/nova/nova/filters.py:102}}
Jun 11 20:20:22.901729 np0000002669 nova-scheduler[95693]: DEBUG nova.filters [None req-0d94b07f-8afe-4e28-aa8e-931deb585d0c tempest-DeleteServersTestJSON-98795681 tempest-DeleteServersTestJSON-98795681-project-member] Filter ComputeCapabilitiesFilter returned 1 host(s) {{(pid=95693) get_filtered_objects /opt/stack/nova/nova/filters.py:102}}
Jun 11 20:20:22.901729 np0000002669 nova-scheduler[95693]: DEBUG nova.filters [None req-0d94b07f-8afe-4e28-aa8e-931deb585d0c tempest-DeleteServersTestJSON-98795681 tempest-DeleteServersTestJSON-98795681-project-member] Filter ImagePropertiesFilter returned 1 host(s) {{(pid=95693) get_filtered_objects /opt/stack/nova/nova/filters.py:102}}
Jun 11 20:20:22.901729 np0000002669 nova-scheduler[95693]: DEBUG nova.filters [None req-0d94b07f-8afe-4e28-aa8e-931deb585d0c tempest-DeleteServersTestJSON-98795681 tempest-DeleteServersTestJSON-98795681-project-member] Filter ServerGroupAntiAffinityFilter returned 1 host(s) {{(pid=95693) get_filtered_objects /opt/stack/nova/nova/filters.py:102}}
Jun 11 20:20:22.901729 np0000002669 nova-scheduler[95693]: DEBUG nova.filters [None req-0d94b07f-8afe-4e28-aa8e-931deb585d0c tempest-DeleteServersTestJSON-98795681 tempest-DeleteServersTestJSON-98795681-project-member] Filter ServerGroupAffinityFilter returned 1 host(s) {{(pid=95693) get_filtered_objects /opt/stack/nova/nova/filters.py:102}}
Jun 11 20:20:22.901729 np0000002669 nova-scheduler[95693]: DEBUG nova.filters [None req-0d94b07f-8afe-4e28-aa8e-931deb585d0c tempest-DeleteServersTestJSON-98795681 tempest-DeleteServersTestJSON-98795681-project-member] Filter SameHostFilter returned 1 host(s) {{(pid=95693) get_filtered_objects /opt/stack/nova/nova/filters.py:102}}
Jun 11 20:20:22.901729 np0000002669 nova-scheduler[95693]: DEBUG nova.filters [None req-0d94b07f-8afe-4e28-aa8e-931deb585d0c tempest-DeleteServersTestJSON-98795681 tempest-DeleteServersTestJSON-98795681-project-member] Filter DifferentHostFilter returned 1 host(s) {{(pid=95693) get_filtered_objects /opt/stack/nova/nova/filters.py:102}}
Jun 11 20:20:22.901729 np0000002669 nova-scheduler[95693]: DEBUG nova.scheduler.manager [None req-0d94b07f-8afe-4e28-aa8e-931deb585d0c tempest-DeleteServersTestJSON-98795681 tempest-DeleteServersTestJSON-98795681-project-member] Filtered [(np0000002669, np0000002669) ram: 23518MB disk: 75776MB io_ops: 0 instances: 0, allocation_candidates: 1] {{(pid=95693) _get_sorted_hosts /opt/stack/nova/nova/scheduler/manager.py:743}}
Jun 11 20:20:22.901729 np0000002669 nova-scheduler[95693]: DEBUG nova.scheduler.manager [None req-0d94b07f-8afe-4e28-aa8e-931deb585d0c tempest-DeleteServersTestJSON-98795681 tempest-DeleteServersTestJSON-98795681-project-member] Weighed [WeighedHost [host: (np0000002669, np0000002669) ram: 23518MB disk: 75776MB io_ops: 0 instances: 0, allocation_candidates: 1, weight: 0.0]] {{(pid=95693) _get_sorted_hosts /opt/stack/nova/nova/scheduler/manager.py:765}}
Jun 11 20:20:22.902106 np0000002669 nova-scheduler[95693]: DEBUG nova.scheduler.utils [None req-0d94b07f-8afe-4e28-aa8e-931deb585d0c tempest-DeleteServersTestJSON-98795681 tempest-DeleteServersTestJSON-98795681-project-member] Attempting to claim resources in the placement API for instance c5377131-c9aa-4a90-8071-a683f6ddf4c0 {{(pid=95693) claim_resources /opt/stack/nova/nova/scheduler/utils.py:1345}}
Jun 11 20:20:23.048748 np0000002669 nova-scheduler[95693]: DEBUG nova.scheduler.manager [None req-0d94b07f-8afe-4e28-aa8e-931deb585d0c tempest-DeleteServersTestJSON-98795681 tempest-DeleteServersTestJSON-98795681-project-member] [instance: c5377131-c9aa-4a90-8071-a683f6ddf4c0] Selected host: (np0000002669, np0000002669) ram: 23518MB disk: 75776MB io_ops: 0 instances: 0, allocation_candidates: 1 {{(pid=95693) _consume_selected_host /opt/stack/nova/nova/scheduler/manager.py:625}}
Jun 11 20:20:23.049078 np0000002669 nova-scheduler[95693]: DEBUG oslo_concurrency.lockutils [None req-0d94b07f-8afe-4e28-aa8e-931deb585d0c tempest-DeleteServersTestJSON-98795681 tempest-DeleteServersTestJSON-98795681-project-member] Acquiring lock "('np0000002669', 'np0000002669')" by "nova.scheduler.host_manager.HostState.consume_from_request.._locked" {{(pid=95693) inner /opt/stack/data/venv/lib/python3.12/site-packages/oslo_concurrency/lockutils.py:511}}
Jun 11 20:20:23.049239 np0000002669 nova-scheduler[95693]: DEBUG oslo_concurrency.lockutils [None req-0d94b07f-8afe-4e28-aa8e-931deb585d0c tempest-DeleteServersTestJSON-98795681 tempest-DeleteServersTestJSON-98795681-project-member] Lock "('np0000002669', 'np0000002669')" acquired by "nova.scheduler.host_manager.HostState.consume_from_request.._locked" :: waited 0.000s {{(pid=95693) inner /opt/stack/data/venv/lib/python3.12/site-packages/oslo_concurrency/lockutils.py:524}}
Jun 11 20:20:23.049400 np0000002669 nova-scheduler[95693]: DEBUG oslo_concurrency.lockutils [None req-0d94b07f-8afe-4e28-aa8e-931deb585d0c tempest-DeleteServersTestJSON-98795681 tempest-DeleteServersTestJSON-98795681-project-member] Lock "('np0000002669', 'np0000002669')" "released" by "nova.scheduler.host_manager.HostState.consume_from_request.._locked" :: held 0.000s {{(pid=95693) inner /opt/stack/data/venv/lib/python3.12/site-packages/oslo_concurrency/lockutils.py:543}}
Jun 11 20:20:26.115901 np0000002669 nova-scheduler[95695]: DEBUG nova.scheduler.manager [None req-0f8009f1-d8c7-4467-a98b-e80d1d38cd14 tempest-ServerActionsTestOtherA-822884350 tempest-ServerActionsTestOtherA-822884350-project-member] Starting to schedule for instances: ['5d66237f-d61c-47f0-b2d4-084e7475d3ba'] {{(pid=95695) select_destinations /opt/stack/nova/nova/scheduler/manager.py:210}}
Jun 11 20:20:26.116646 np0000002669 nova-scheduler[95695]: DEBUG nova.scheduler.request_filter [None req-0f8009f1-d8c7-4467-a98b-e80d1d38cd14 tempest-ServerActionsTestOtherA-822884350 tempest-ServerActionsTestOtherA-822884350-project-member] compute_status_filter request filter added forbidden trait COMPUTE_STATUS_DISABLED {{(pid=95695) compute_status_filter /opt/stack/nova/nova/scheduler/request_filter.py:253}}
Jun 11 20:20:26.116879 np0000002669 nova-scheduler[95695]: DEBUG nova.scheduler.request_filter [None req-0f8009f1-d8c7-4467-a98b-e80d1d38cd14 tempest-ServerActionsTestOtherA-822884350 tempest-ServerActionsTestOtherA-822884350-project-member] Request filter 'compute_status_filter' took 0.0 seconds {{(pid=95695) wrapper /opt/stack/nova/nova/scheduler/request_filter.py:46}}
Jun 11 20:20:26.117211 np0000002669 nova-scheduler[95695]: DEBUG nova.scheduler.request_filter [None req-0f8009f1-d8c7-4467-a98b-e80d1d38cd14 tempest-ServerActionsTestOtherA-822884350 tempest-ServerActionsTestOtherA-822884350-project-member] Request filter 'accelerators_filter' took 0.0 seconds {{(pid=95695) wrapper /opt/stack/nova/nova/scheduler/request_filter.py:46}}
Jun 11 20:20:26.117351 np0000002669 nova-scheduler[95695]: DEBUG nova.scheduler.request_filter [None req-0f8009f1-d8c7-4467-a98b-e80d1d38cd14 tempest-ServerActionsTestOtherA-822884350 tempest-ServerActionsTestOtherA-822884350-project-member] Request filter 'packed_virtqueue_filter' took 0.0 seconds {{(pid=95695) wrapper /opt/stack/nova/nova/scheduler/request_filter.py:46}}
Jun 11 20:20:26.117600 np0000002669 nova-scheduler[95695]: DEBUG nova.scheduler.request_filter [None req-0f8009f1-d8c7-4467-a98b-e80d1d38cd14 tempest-ServerActionsTestOtherA-822884350 tempest-ServerActionsTestOtherA-822884350-project-member] Request filter 'remote_managed_ports_filter' took 0.0 seconds {{(pid=95695) wrapper /opt/stack/nova/nova/scheduler/request_filter.py:46}}
Jun 11 20:20:26.117752 np0000002669 nova-scheduler[95695]: DEBUG nova.scheduler.request_filter [None req-0f8009f1-d8c7-4467-a98b-e80d1d38cd14 tempest-ServerActionsTestOtherA-822884350 tempest-ServerActionsTestOtherA-822884350-project-member] ephemeral_encryption_filter skipped {{(pid=95695) ephemeral_encryption_filter /opt/stack/nova/nova/scheduler/request_filter.py:426}}
Jun 11 20:20:26.117877 np0000002669 nova-scheduler[95695]: DEBUG nova.scheduler.request_filter [None req-0f8009f1-d8c7-4467-a98b-e80d1d38cd14 tempest-ServerActionsTestOtherA-822884350 tempest-ServerActionsTestOtherA-822884350-project-member] virtio_sound_filter skipped {{(pid=95695) virtio_sound_filter /opt/stack/nova/nova/scheduler/request_filter.py:460}}
Jun 11 20:20:26.117990 np0000002669 nova-scheduler[95695]: DEBUG nova.scheduler.request_filter [None req-0f8009f1-d8c7-4467-a98b-e80d1d38cd14 tempest-ServerActionsTestOtherA-822884350 tempest-ServerActionsTestOtherA-822884350-project-member] tpm_secret_security_filter skipped {{(pid=95695) tpm_secret_security_filter /opt/stack/nova/nova/scheduler/request_filter.py:477}}
Jun 11 20:20:26.206454 np0000002669 nova-scheduler[95695]: INFO nova.utils [None req-0f8009f1-d8c7-4467-a98b-e80d1d38cd14 tempest-ServerActionsTestOtherA-822884350 tempest-ServerActionsTestOtherA-822884350-project-member] The cell worker thread pool ForkProcess-2.cell_worker is initialized
Jun 11 20:20:26.206931 np0000002669 nova-scheduler[95695]: DEBUG oslo_concurrency.lockutils [None req-0f8009f1-d8c7-4467-a98b-e80d1d38cd14 tempest-ServerActionsTestOtherA-822884350 tempest-ServerActionsTestOtherA-822884350-project-member] Acquiring lock "04a84082-a42f-45fc-af0a-75825b94c09c" by "nova.context.set_target_cell..get_or_set_cached_cell_and_set_connections" {{(pid=95695) inner /opt/stack/data/venv/lib/python3.12/site-packages/oslo_concurrency/lockutils.py:511}}
Jun 11 20:20:26.207254 np0000002669 nova-scheduler[95695]: DEBUG oslo_concurrency.lockutils [None req-0f8009f1-d8c7-4467-a98b-e80d1d38cd14 tempest-ServerActionsTestOtherA-822884350 tempest-ServerActionsTestOtherA-822884350-project-member] Lock "04a84082-a42f-45fc-af0a-75825b94c09c" acquired by "nova.context.set_target_cell..get_or_set_cached_cell_and_set_connections" :: waited 0.000s {{(pid=95695) inner /opt/stack/data/venv/lib/python3.12/site-packages/oslo_concurrency/lockutils.py:524}}
Jun 11 20:20:26.209110 np0000002669 nova-scheduler[95695]: DEBUG oslo_concurrency.lockutils [None req-0f8009f1-d8c7-4467-a98b-e80d1d38cd14 tempest-ServerActionsTestOtherA-822884350 tempest-ServerActionsTestOtherA-822884350-project-member] Lock "04a84082-a42f-45fc-af0a-75825b94c09c" "released" by "nova.context.set_target_cell..get_or_set_cached_cell_and_set_connections" :: held 0.002s {{(pid=95695) inner /opt/stack/data/venv/lib/python3.12/site-packages/oslo_concurrency/lockutils.py:543}}
Jun 11 20:20:26.210778 np0000002669 nova-scheduler[95695]: INFO dbcounter [None req-0f8009f1-d8c7-4467-a98b-e80d1d38cd14 tempest-ServerActionsTestOtherA-822884350 tempest-ServerActionsTestOtherA-822884350-project-member] Registered counter for database nova_cell1
Jun 11 20:20:26.254415 np0000002669 nova-scheduler[95695]: DEBUG oslo_db.sqlalchemy.engines [None req-0f8009f1-d8c7-4467-a98b-e80d1d38cd14 tempest-ServerActionsTestOtherA-822884350 tempest-ServerActionsTestOtherA-822884350-project-member] MySQL server mode set to STRICT_TRANS_TABLES,STRICT_ALL_TABLES,NO_ZERO_IN_DATE,NO_ZERO_DATE,ERROR_FOR_DIVISION_BY_ZERO,TRADITIONAL,NO_ENGINE_SUBSTITUTION {{(pid=95695) _check_effective_sql_mode /opt/stack/data/venv/lib/python3.12/site-packages/oslo_db/sqlalchemy/engines.py:325}}
Jun 11 20:20:26.260339 np0000002669 nova-scheduler[95695]: DEBUG dbcounter [-] [95695] Writer thread running {{(pid=95695) stat_writer /opt/stack/data/venv/lib/python3.12/site-packages/dbcounter.py:102}}
Jun 11 20:20:26.315481 np0000002669 nova-scheduler[95695]: DEBUG dbcounter [-] [95695] Writer thread running {{(pid=95695) stat_writer /opt/stack/data/venv/lib/python3.12/site-packages/dbcounter.py:102}}
Jun 11 20:20:26.320742 np0000002669 nova-scheduler[95695]: DEBUG oslo_concurrency.lockutils [None req-0f8009f1-d8c7-4467-a98b-e80d1d38cd14 tempest-ServerActionsTestOtherA-822884350 tempest-ServerActionsTestOtherA-822884350-project-member] Acquiring lock "04a84082-a42f-45fc-af0a-75825b94c09c" by "nova.context.set_target_cell..get_or_set_cached_cell_and_set_connections" {{(pid=95695) inner /opt/stack/data/venv/lib/python3.12/site-packages/oslo_concurrency/lockutils.py:511}}
Jun 11 20:20:26.320907 np0000002669 nova-scheduler[95695]: DEBUG oslo_concurrency.lockutils [None req-0f8009f1-d8c7-4467-a98b-e80d1d38cd14 tempest-ServerActionsTestOtherA-822884350 tempest-ServerActionsTestOtherA-822884350-project-member] Lock "04a84082-a42f-45fc-af0a-75825b94c09c" acquired by "nova.context.set_target_cell..get_or_set_cached_cell_and_set_connections" :: waited 0.000s {{(pid=95695) inner /opt/stack/data/venv/lib/python3.12/site-packages/oslo_concurrency/lockutils.py:524}}
Jun 11 20:20:26.321014 np0000002669 nova-scheduler[95695]: DEBUG oslo_concurrency.lockutils [None req-0f8009f1-d8c7-4467-a98b-e80d1d38cd14 tempest-ServerActionsTestOtherA-822884350 tempest-ServerActionsTestOtherA-822884350-project-member] Lock "04a84082-a42f-45fc-af0a-75825b94c09c" "released" by "nova.context.set_target_cell..get_or_set_cached_cell_and_set_connections" :: held 0.000s {{(pid=95695) inner /opt/stack/data/venv/lib/python3.12/site-packages/oslo_concurrency/lockutils.py:543}}
Jun 11 20:20:26.328223 np0000002669 nova-scheduler[95695]: DEBUG oslo_concurrency.lockutils [None req-0f8009f1-d8c7-4467-a98b-e80d1d38cd14 tempest-ServerActionsTestOtherA-822884350 tempest-ServerActionsTestOtherA-822884350-project-member] Acquiring lock "('np0000002669', 'np0000002669')" by "nova.scheduler.host_manager.HostState.update.._locked_update" {{(pid=95695) inner /opt/stack/data/venv/lib/python3.12/site-packages/oslo_concurrency/lockutils.py:511}}
Jun 11 20:20:26.328402 np0000002669 nova-scheduler[95695]: DEBUG oslo_concurrency.lockutils [None req-0f8009f1-d8c7-4467-a98b-e80d1d38cd14 tempest-ServerActionsTestOtherA-822884350 tempest-ServerActionsTestOtherA-822884350-project-member] Lock "('np0000002669', 'np0000002669')" acquired by "nova.scheduler.host_manager.HostState.update.._locked_update" :: waited 0.000s {{(pid=95695) inner /opt/stack/data/venv/lib/python3.12/site-packages/oslo_concurrency/lockutils.py:524}}
