Jun 11 20:17:14.202905 np0000002669 devstack@neutron-api.service[89957]: DEBUG oslo_concurrency.processutils [None req-4f172a39-5e8b-4a52-a590-60704d9cd566 None None] Running cmd (subprocess): ovsdb-client transact ssl:10.4.3.95:6641 --timeout 180 -p /opt/stack/data/CA/int-ca/private/devstack-cert.key -c /opt/stack/data/CA/int-ca/devstack-cert.crt -C /opt/stack/data/CA/int-ca/ca-chain.pem ["OVN_Northbound", {"op": "wait", "timeout": 0, "table": "Port_Group", "where": [["name", "==", "pvlan_pg_drop"]], "until": "==", "rows": []}, {"op": "insert", "table": "ACL", "row": {"action": "drop", "direction": "to-lport", "match": "outport == @pvlan_pg_drop && ip", "priority": 1010}, "uuid-name": "pvlandroptoport"}, {"op": "insert", "table": "ACL", "row": {"action": "drop", "direction": "from-lport", "match": "inport == @pvlan_pg_drop && ip", "priority": 1010}, "uuid-name": "pvlandropfromport"}, {"op": "insert", "table": "Port_Group", "row": {"name": "pvlan_pg_drop", "acls": ["set", [["named-uuid", "pvlandroptoport"], ["named-uuid", "pvlandropfromport"]]]}}] {{(pid=89957) execute /opt/stack/data/venv/lib/python3.12/site-packages/oslo_concurrency/processutils.py:440}}
Jun 11 20:17:14.208783 np0000002669 devstack@neutron-api.service[89959]: DEBUG neutron.common.ovn.hash_ring_manager [None req-fc5a59d9-fcff-4c08-afad-382211f0eccf None None] Allow caching, nodes 3>=3 {{(pid=89959) _wait_startup_before_caching /opt/stack/neutron/neutron/common/ovn/hash_ring_manager.py:65}}
Jun 11 20:17:14.211660 np0000002669 devstack@neutron-api.service[89959]: DEBUG neutron.common.ovn.hash_ring_manager [None req-fc5a59d9-fcff-4c08-afad-382211f0eccf None None] Hash Ring loaded. 3 active nodes. 0 offline nodes {{(pid=89959) _load_hash_ring /opt/stack/neutron/neutron/common/ovn/hash_ring_manager.py:102}}
Jun 11 20:17:14.211842 np0000002669 devstack@neutron-api.service[89959]: DEBUG neutron.plugins.ml2.drivers.ovn.mech_driver.ovsdb.ovsdb_monitor [None req-fc5a59d9-fcff-4c08-afad-382211f0eccf None None] ChassisAgentWriteEvent : Matched Chassis_Private, create, None None {{(pid=89959) matches /opt/stack/neutron/neutron/plugins/ml2/drivers/ovn/mech_driver/ovsdb/ovsdb_monitor.py:64}}
Jun 11 20:17:14.211994 np0000002669 devstack@neutron-api.service[89959]: DEBUG neutron.plugins.ml2.drivers.ovn.mech_driver.ovsdb.ovsdb_monitor [None req-fc5a59d9-fcff-4c08-afad-382211f0eccf None None] ChassisOVNAgentWriteEvent : Matched Chassis_Private, create, None None {{(pid=89959) matches /opt/stack/neutron/neutron/plugins/ml2/drivers/ovn/mech_driver/ovsdb/ovsdb_monitor.py:64}}
Jun 11 20:17:14.213672 np0000002669 devstack@neutron-api.service[89959]: INFO neutron.plugins.ml2.drivers.ovn.mech_driver.mech_driver [None req-fc5a59d9-fcff-4c08-afad-382211f0eccf None None] WorkerService process has finished the post initialization
Jun 11 20:17:14.213976 np0000002669 devstack@neutron-api.service[89959]: DEBUG oslo_concurrency.processutils [None req-fc5a59d9-fcff-4c08-afad-382211f0eccf None None] Running cmd (subprocess): ovsdb-client transact ssl:10.4.3.95:6641 --timeout 180 -p /opt/stack/data/CA/int-ca/private/devstack-cert.key -c /opt/stack/data/CA/int-ca/devstack-cert.crt -C /opt/stack/data/CA/int-ca/ca-chain.pem ["OVN_Northbound", {"op": "wait", "timeout": 0, "table": "Port_Group", "where": [["name", "==", "pvlan_pg_drop"]], "until": "==", "rows": []}, {"op": "insert", "table": "ACL", "row": {"action": "drop", "direction": "to-lport", "match": "outport == @pvlan_pg_drop && ip", "priority": 1010}, "uuid-name": "pvlandroptoport"}, {"op": "insert", "table": "ACL", "row": {"action": "drop", "direction": "from-lport", "match": "inport == @pvlan_pg_drop && ip", "priority": 1010}, "uuid-name": "pvlandropfromport"}, {"op": "insert", "table": "Port_Group", "row": {"name": "pvlan_pg_drop", "acls": ["set", [["named-uuid", "pvlandroptoport"], ["named-uuid", "pvlandropfromport"]]]}}] {{(pid=89959) execute /opt/stack/data/venv/lib/python3.12/site-packages/oslo_concurrency/processutils.py:440}}
Jun 11 20:17:14.227886 np0000002669 devstack@neutron-api.service[89957]: DEBUG oslo_concurrency.processutils [None req-4f172a39-5e8b-4a52-a590-60704d9cd566 None None] CMD "ovsdb-client transact ssl:10.4.3.95:6641 --timeout 180 -p /opt/stack/data/CA/int-ca/private/devstack-cert.key -c /opt/stack/data/CA/int-ca/devstack-cert.crt -C /opt/stack/data/CA/int-ca/ca-chain.pem ["OVN_Northbound", {"op": "wait", "timeout": 0, "table": "Port_Group", "where": [["name", "==", "pvlan_pg_drop"]], "until": "==", "rows": []}, {"op": "insert", "table": "ACL", "row": {"action": "drop", "direction": "to-lport", "match": "outport == @pvlan_pg_drop && ip", "priority": 1010}, "uuid-name": "pvlandroptoport"}, {"op": "insert", "table": "ACL", "row": {"action": "drop", "direction": "from-lport", "match": "inport == @pvlan_pg_drop && ip", "priority": 1010}, "uuid-name": "pvlandropfromport"}, {"op": "insert", "table": "Port_Group", "row": {"name": "pvlan_pg_drop", "acls": ["set", [["named-uuid", "pvlandroptoport"], ["named-uuid", "pvlandropfromport"]]]}}]" returned: 0 in 0.025s {{(pid=89957) execute /opt/stack/data/venv/lib/python3.12/site-packages/oslo_concurrency/processutils.py:468}}
Jun 11 20:17:14.229657 np0000002669 devstack@neutron-api.service[89957]: WSGI app 0 (mountpoint='') ready in 6 seconds on interpreter 0x7fddfe8a3668 pid: 89957 (default app)
Jun 11 20:17:14.237684 np0000002669 devstack@neutron-api.service[89959]: DEBUG oslo_concurrency.processutils [None req-fc5a59d9-fcff-4c08-afad-382211f0eccf None None] CMD "ovsdb-client transact ssl:10.4.3.95:6641 --timeout 180 -p /opt/stack/data/CA/int-ca/private/devstack-cert.key -c /opt/stack/data/CA/int-ca/devstack-cert.crt -C /opt/stack/data/CA/int-ca/ca-chain.pem ["OVN_Northbound", {"op": "wait", "timeout": 0, "table": "Port_Group", "where": [["name", "==", "pvlan_pg_drop"]], "until": "==", "rows": []}, {"op": "insert", "table": "ACL", "row": {"action": "drop", "direction": "to-lport", "match": "outport == @pvlan_pg_drop && ip", "priority": 1010}, "uuid-name": "pvlandroptoport"}, {"op": "insert", "table": "ACL", "row": {"action": "drop", "direction": "from-lport", "match": "inport == @pvlan_pg_drop && ip", "priority": 1010}, "uuid-name": "pvlandropfromport"}, {"op": "insert", "table": "Port_Group", "row": {"name": "pvlan_pg_drop", "acls": ["set", [["named-uuid", "pvlandroptoport"], ["named-uuid", "pvlandropfromport"]]]}}]" returned: 0 in 0.023s {{(pid=89959) execute /opt/stack/data/venv/lib/python3.12/site-packages/oslo_concurrency/processutils.py:468}}
Jun 11 20:17:14.239821 np0000002669 devstack@neutron-api.service[89959]: WSGI app 0 (mountpoint='') ready in 6 seconds on interpreter 0x7fddfe8a3668 pid: 89959 (default app)
Jun 11 20:17:15.056863 np0000002669 devstack@neutron-api.service[89957]: DEBUG neutron.plugins.ml2.drivers.ovn.mech_driver.ovsdb.ovsdb_monitor [-] Hash Ring: Node 69ce3cf7fbac5de8ad7af47dfc359cf0 (host: np0000002669) handling event "update" for row 370f714f-407f-47d5-b2ee-47887177fb31 (table: Connection) {{(pid=89957) notify /opt/stack/neutron/neutron/plugins/ml2/drivers/ovn/mech_driver/ovsdb/ovsdb_monitor.py:1015}}
Jun 11 20:17:15.061334 np0000002669 devstack@neutron-api.service[89958]: DEBUG neutron.common.ovn.hash_ring_manager [-] Allow caching, nodes 3>=3 {{(pid=89958) _wait_startup_before_caching /opt/stack/neutron/neutron/common/ovn/hash_ring_manager.py:65}}
Jun 11 20:17:15.061572 np0000002669 devstack@neutron-api.service[89958]: DEBUG neutron.plugins.ml2.drivers.ovn.mech_driver.ovsdb.ovsdb_monitor [-] Hash Ring: Node a287af1841475382b49c507274c378ca (host: np0000002669) handling event "update" for row 370f714f-407f-47d5-b2ee-47887177fb31 (table: Connection) {{(pid=89958) notify /opt/stack/neutron/neutron/plugins/ml2/drivers/ovn/mech_driver/ovsdb/ovsdb_monitor.py:1015}}
Jun 11 20:17:17.558400 np0000002669 devstack@neutron-api.service[89957]: DEBUG neutron.plugins.ml2.drivers.ovn.mech_driver.ovsdb.ovsdb_monitor [-] Hash Ring: Node 69ce3cf7fbac5de8ad7af47dfc359cf0 (host: np0000002669) handling event "update" for row 370f714f-407f-47d5-b2ee-47887177fb31 (table: Connection) {{(pid=89957) notify /opt/stack/neutron/neutron/plugins/ml2/drivers/ovn/mech_driver/ovsdb/ovsdb_monitor.py:1015}}
Jun 11 20:17:17.558655 np0000002669 devstack@neutron-api.service[89958]: DEBUG neutron.plugins.ml2.drivers.ovn.mech_driver.ovsdb.ovsdb_monitor [-] Hash Ring: Node a287af1841475382b49c507274c378ca (host: np0000002669) handling event "update" for row 370f714f-407f-47d5-b2ee-47887177fb31 (table: Connection) {{(pid=89958) notify /opt/stack/neutron/neutron/plugins/ml2/drivers/ovn/mech_driver/ovsdb/ovsdb_monitor.py:1015}}
Jun 11 20:17:17.998162 np0000002669 devstack@neutron-api.service[89958]: DEBUG neutron.api.wsgi [None req-7e17ed1e-4f06-48e9-93f5-49d7b7358626 admin admin] Missing Content-Type {{(pid=89958) get_content_type /opt/stack/neutron/neutron/api/wsgi.py:80}}
Jun 11 20:17:17.998542 np0000002669 devstack@neutron-api.service[89958]: DEBUG neutron.api.wsgi [None req-7e17ed1e-4f06-48e9-93f5-49d7b7358626 admin admin] https://10.4.3.95/networking/v2.0/extensions returned with HTTP 200 {{(pid=89958) __call__ /opt/stack/neutron/neutron/api/wsgi.py:540}}
Jun 11 20:17:17.998913 np0000002669 devstack@neutron-api.service[89958]: [pid: 89958|app: 0|req: 2/2] 10.4.3.95 () {64 vars in 1285 bytes} [Thu Jun 11 20:17:17 2026] GET /networking/v2.0/extensions => generated 15873 bytes in 595 msecs (HTTP/1.1 200) 4 headers in 159 bytes (1 switches on core 0)
Jun 11 20:17:18.378921 np0000002669 devstack@neutron-api.service[89957]: DEBUG neutron.api.v2.base [None req-c0f183ac-4dfb-47a6-b4cb-ecdab1bc8708 admin admin] Request body: {'subnetpool': {'is_default': True, 'prefixes': ['10.1.0.0/20'], 'name': 'shared-default-subnetpool-v4', 'shared': True, 'default_prefixlen': 26}} {{(pid=89957) prepare_request_body /opt/stack/neutron/neutron/api/v2/base.py:727}}
Jun 11 20:17:18.568185 np0000002669 devstack@neutron-api.service[89957]: DEBUG neutron.policy [None req-c0f183ac-4dfb-47a6-b4cb-ecdab1bc8708 admin admin] Loaded default policies from ['neutron'] under neutron.policies entry points {{(pid=89957) register_rules /opt/stack/neutron/neutron/policy.py:65}}
Jun 11 20:17:18.694533 np0000002669 devstack@neutron-api.service[89957]: DEBUG neutron_lib.callbacks.manager [None req-c0f183ac-4dfb-47a6-b4cb-ecdab1bc8708 admin admin] Publish callbacks ['neutron.objects.securitygroup.RbacNeutronDbObjectMixin.validate_rbac_policy_change-2835999965461', 'neutron.objects.address_group.RbacNeutronDbObjectMixin.validate_rbac_policy_change-2835999991456', 'neutron.objects.network.RbacNeutronDbObjectMixin.validate_rbac_policy_change-2836001370782', 'neutron.objects.qos.policy.RbacNeutronDbObjectMixin.validate_rbac_policy_change-2836001387221', 'neutron.objects.subnetpool.RbacNeutronDbObjectMixin.validate_rbac_policy_change-2836001402412', 'neutron.objects.address_scope.RbacNeutronDbObjectMixin.validate_rbac_policy_change-2836001403458', 'neutron.plugins.ml2.plugin.External_net_db_mixin._process_ext_policy_create-15484785', 'neutron.plugins.ml2.plugin.NeutronDbPluginV2.validate_network_rbac_policy_change-15545177'] for rbac-policy (None), before_create {{(pid=89957) _notify_loop /opt/stack/data/venv/lib/python3.12/site-packages/neutron_lib/callbacks/manager.py:184}}
Jun 11 20:17:18.730085 np0000002669 devstack@neutron-api.service[89957]: DEBUG neutron_lib.callbacks.manager [None req-c0f183ac-4dfb-47a6-b4cb-ecdab1bc8708 admin admin] Publish callbacks [] for subnetpool (None), before_response {{(pid=89957) _notify_loop /opt/stack/data/venv/lib/python3.12/site-packages/neutron_lib/callbacks/manager.py:184}}
Jun 11 20:17:18.730758 np0000002669 devstack@neutron-api.service[89957]: [pid: 89957|app: 0|req: 1/3] 10.4.3.95 () {68 vars in 1329 bytes} [Thu Jun 11 20:17:18 2026] POST /networking/v2.0/subnetpools => generated 533 bytes in 434 msecs (HTTP/1.1 201) 4 headers in 162 bytes (1 switches on core 0)
Jun 11 20:17:19.028010 np0000002669 devstack@neutron-api.service[89959]: DEBUG neutron.api.v2.base [None req-bbf89363-c432-4d44-8bfb-bba6170ff792 admin admin] Request body: {'subnetpool': {'is_default': True, 'prefixes': ['fdbd:49f9:0866::/56'], 'name': 'shared-default-subnetpool-v6', 'shared': True, 'default_prefixlen': 64}} {{(pid=89959) prepare_request_body /opt/stack/neutron/neutron/api/v2/base.py:727}}
Jun 11 20:17:19.195282 np0000002669 devstack@neutron-api.service[89959]: DEBUG neutron.policy [None req-bbf89363-c432-4d44-8bfb-bba6170ff792 admin admin] Loaded default policies from ['neutron'] under neutron.policies entry points {{(pid=89959) register_rules /opt/stack/neutron/neutron/policy.py:65}}
Jun 11 20:17:19.323317 np0000002669 devstack@neutron-api.service[89959]: DEBUG neutron_lib.callbacks.manager [None req-bbf89363-c432-4d44-8bfb-bba6170ff792 admin admin] Publish callbacks ['neutron.objects.securitygroup.RbacNeutronDbObjectMixin.validate_rbac_policy_change-2836001371897', 'neutron.objects.address_group.RbacNeutronDbObjectMixin.validate_rbac_policy_change-2836001378755', 'neutron.objects.network.RbacNeutronDbObjectMixin.validate_rbac_policy_change-2836001335301', 'neutron.objects.qos.policy.RbacNeutronDbObjectMixin.validate_rbac_policy_change-2836001331197', 'neutron.objects.subnetpool.RbacNeutronDbObjectMixin.validate_rbac_policy_change-2836001436567', 'neutron.objects.address_scope.RbacNeutronDbObjectMixin.validate_rbac_policy_change-2836001439460', 'neutron.plugins.ml2.plugin.External_net_db_mixin._process_ext_policy_create-140132', 'neutron.plugins.ml2.plugin.NeutronDbPluginV2.validate_network_rbac_policy_change-216056'] for rbac-policy (None), before_create {{(pid=89959) _notify_loop /opt/stack/data/venv/lib/python3.12/site-packages/neutron_lib/callbacks/manager.py:184}}
Jun 11 20:17:19.358267 np0000002669 devstack@neutron-api.service[89959]: DEBUG neutron_lib.callbacks.manager [None req-bbf89363-c432-4d44-8bfb-bba6170ff792 admin admin] Publish callbacks [] for subnetpool (None), before_response {{(pid=89959) _notify_loop /opt/stack/data/venv/lib/python3.12/site-packages/neutron_lib/callbacks/manager.py:184}}
Jun 11 20:17:19.358752 np0000002669 devstack@neutron-api.service[89959]: [pid: 89959|app: 0|req: 1/4] 10.4.3.95 () {68 vars in 1329 bytes} [Thu Jun 11 20:17:18 2026] POST /networking/v2.0/subnetpools => generated 542 bytes in 414 msecs (HTTP/1.1 201) 4 headers in 162 bytes (1 switches on core 0)
Jun 11 20:17:19.562708 np0000002669 devstack@neutron-api.service[89958]: DEBUG neutron.api.v2.base [None req-a4e4b958-d61a-4248-a0ce-990bb93900f4 admin admin] Request body: {'network': {'name': 'private', 'admin_state_up': True}} {{(pid=89958) prepare_request_body /opt/stack/neutron/neutron/api/v2/base.py:727}}
Jun 11 20:17:19.589891 np0000002669 devstack@neutron-api.service[89958]: DEBUG neutron.pecan_wsgi.hooks.quota_enforcement [None req-a4e4b958-d61a-4248-a0ce-990bb93900f4 admin admin] Made reservation on behalf of e4a9c2e879d14c2d9ab3be66d9481c26 for: {'network': 1} {{(pid=89958) before /opt/stack/neutron/neutron/pecan_wsgi/hooks/quota_enforcement.py:66}}
Jun 11 20:17:19.752527 np0000002669 devstack@neutron-api.service[89958]: DEBUG neutron.policy [None req-a4e4b958-d61a-4248-a0ce-990bb93900f4 admin admin] Loaded default policies from ['neutron'] under neutron.policies entry points {{(pid=89958) register_rules /opt/stack/neutron/neutron/policy.py:65}}
Jun 11 20:17:19.836352 np0000002669 devstack@neutron-api.service[89958]: DEBUG neutron_lib.callbacks.manager [None req-a4e4b958-d61a-4248-a0ce-990bb93900f4 admin admin] Publish callbacks ['neutron.plugins.ml2.plugin.SecurityGroupDbMixin._ensure_default_security_group_handler-15335654'] for network (None), before_create {{(pid=89958) _notify_loop /opt/stack/data/venv/lib/python3.12/site-packages/neutron_lib/callbacks/manager.py:184}}
Jun 11 20:17:19.854515 np0000002669 devstack@neutron-api.service[89958]: DEBUG neutron_lib.callbacks.manager [None req-a4e4b958-d61a-4248-a0ce-990bb93900f4 admin admin] Publish callbacks [] for security_group (None), before_create {{(pid=89958) _notify_loop /opt/stack/data/venv/lib/python3.12/site-packages/neutron_lib/callbacks/manager.py:184}}
Jun 11 20:17:19.939760 np0000002669 devstack@neutron-api.service[89958]: DEBUG neutron_lib.callbacks.manager [None req-a4e4b958-d61a-4248-a0ce-990bb93900f4 admin admin] Publish callbacks ['neutron.plugins.ml2.drivers.ovn.mech_driver.mech_driver.OVNMechanismDriver._create_security_group_precommit-198366'] for security_group (d2b63346-c719-4fe4-a525-3adf5bfbfc70), precommit_create {{(pid=89958) _notify_loop /opt/stack/data/venv/lib/python3.12/site-packages/neutron_lib/callbacks/manager.py:184}}
Jun 11 20:17:19.939760 np0000002669 devstack@neutron-api.service[89958]: DEBUG neutron.db.ovn_revision_numbers_db [None req-a4e4b958-d61a-4248-a0ce-990bb93900f4 admin admin] create_initial_revision uuid=d2b63346-c719-4fe4-a525-3adf5bfbfc70, type=security_groups, rev=-1 {{(pid=89958) create_initial_revision /opt/stack/neutron/neutron/db/ovn_revision_numbers_db.py:98}}
Jun 11 20:17:19.941005 np0000002669 devstack@neutron-api.service[89958]: DEBUG neutron.db.ovn_revision_numbers_db [None req-a4e4b958-d61a-4248-a0ce-990bb93900f4 admin admin] create_initial_revision uuid=1b308b89-05cb-4426-ab11-aaa19bd8219d, type=security_group_rules, rev=-1 {{(pid=89958) create_initial_revision /opt/stack/neutron/neutron/db/ovn_revision_numbers_db.py:98}}
Jun 11 20:17:19.941868 np0000002669 devstack@neutron-api.service[89958]: DEBUG neutron.db.ovn_revision_numbers_db [None req-a4e4b958-d61a-4248-a0ce-990bb93900f4 admin admin] create_initial_revision uuid=3b850c52-df18-4ff9-8c5f-3230aa3ddb99, type=security_group_rules, rev=-1 {{(pid=89958) create_initial_revision /opt/stack/neutron/neutron/db/ovn_revision_numbers_db.py:98}}
Jun 11 20:17:19.942673 np0000002669 devstack@neutron-api.service[89958]: DEBUG neutron.db.ovn_revision_numbers_db [None req-a4e4b958-d61a-4248-a0ce-990bb93900f4 admin admin] create_initial_revision uuid=d3af922a-dc14-4db9-864e-0353f9b4443b, type=security_group_rules, rev=-1 {{(pid=89958) create_initial_revision /opt/stack/neutron/neutron/db/ovn_revision_numbers_db.py:98}}
Jun 11 20:17:19.943478 np0000002669 devstack@neutron-api.service[89958]: DEBUG neutron.db.ovn_revision_numbers_db [None req-a4e4b958-d61a-4248-a0ce-990bb93900f4 admin admin] create_initial_revision uuid=fb31df62-4931-4627-9ae8-1d09692fa856, type=security_group_rules, rev=-1 {{(pid=89958) create_initial_revision /opt/stack/neutron/neutron/db/ovn_revision_numbers_db.py:98}}
Jun 11 20:17:19.946323 np0000002669 devstack@neutron-api.service[89958]: DEBUG neutron_lib.callbacks.manager [None req-a4e4b958-d61a-4248-a0ce-990bb93900f4 admin admin] Publish callbacks ['neutron.plugins.ml2.drivers.ovn.mech_driver.mech_driver.OVNMechanismDriver._create_security_group-198312', 'neutron.plugins.ml2.ovo_rpc._ObjectChangeHandler.handle_event-712798'] for security_group (d2b63346-c719-4fe4-a525-3adf5bfbfc70), after_create {{(pid=89958) _notify_loop /opt/stack/data/venv/lib/python3.12/site-packages/neutron_lib/callbacks/manager.py:184}}
Jun 11 20:17:19.946859 np0000002669 devstack@neutron-api.service[89958]: DEBUG ovsdbapp.backend.ovs_idl.transaction [-] Running txn n=1 command(idx=0): PgAddCommand(_result=None, name=pg_d2b63346_c719_4fe4_a525_3adf5bfbfc70, may_exist=False, columns={'acls': [], 'external_ids': {'neutron:security_group_id': 'd2b63346-c719-4fe4-a525-3adf5bfbfc70'}}) {{(pid=89958) do_commit /opt/stack/data/venv/lib/python3.12/site-packages/ovsdbapp/backend/ovs_idl/transaction.py:89}}
Jun 11 20:17:19.947588 np0000002669 devstack@neutron-api.service[89958]: DEBUG ovsdbapp.backend.ovs_idl.transaction [-] Running txn n=1 command(idx=1): PgAclAddCommand(_result=None, entity=pg_d2b63346_c719_4fe4_a525_3adf5bfbfc70, direction=from-lport, priority=1002, match=inport == @pg_d2b63346_c719_4fe4_a525_3adf5bfbfc70 && ip4, action=allow-related, log=False, may_exist=True, severity=[], name=[], meter=[], external_ids={'neutron:security_group_rule_id': '1b308b89-05cb-4426-ab11-aaa19bd8219d'}) {{(pid=89958) do_commit /opt/stack/data/venv/lib/python3.12/site-packages/ovsdbapp/backend/ovs_idl/transaction.py:89}}
Jun 11 20:17:19.947885 np0000002669 devstack@neutron-api.service[89958]: DEBUG ovsdbapp.backend.ovs_idl.transaction [-] Running txn n=1 command(idx=2): PgAclAddCommand(_result=None, entity=pg_d2b63346_c719_4fe4_a525_3adf5bfbfc70, direction=to-lport, priority=1002, match=outport == @pg_d2b63346_c719_4fe4_a525_3adf5bfbfc70 && ip4 && ip4.src == $pg_d2b63346_c719_4fe4_a525_3adf5bfbfc70_ip4, action=allow-related, log=False, may_exist=True, severity=[], name=[], meter=[], external_ids={'neutron:security_group_rule_id': '3b850c52-df18-4ff9-8c5f-3230aa3ddb99'}) {{(pid=89958) do_commit /opt/stack/data/venv/lib/python3.12/site-packages/ovsdbapp/backend/ovs_idl/transaction.py:89}}
Jun 11 20:17:19.948085 np0000002669 devstack@neutron-api.service[89958]: DEBUG ovsdbapp.backend.ovs_idl.transaction [-] Running txn n=1 command(idx=3): PgAclAddCommand(_result=None, entity=pg_d2b63346_c719_4fe4_a525_3adf5bfbfc70, direction=from-lport, priority=1002, match=inport == @pg_d2b63346_c719_4fe4_a525_3adf5bfbfc70 && ip6, action=allow-related, log=False, may_exist=True, severity=[], name=[], meter=[], external_ids={'neutron:security_group_rule_id': 'd3af922a-dc14-4db9-864e-0353f9b4443b'}) {{(pid=89958) do_commit /opt/stack/data/venv/lib/python3.12/site-packages/ovsdbapp/backend/ovs_idl/transaction.py:89}}
Jun 11 20:17:19.948283 np0000002669 devstack@neutron-api.service[89958]: DEBUG ovsdbapp.backend.ovs_idl.transaction [-] Running txn n=1 command(idx=4): PgAclAddCommand(_result=None, entity=pg_d2b63346_c719_4fe4_a525_3adf5bfbfc70, direction=to-lport, priority=1002, match=outport == @pg_d2b63346_c719_4fe4_a525_3adf5bfbfc70 && ip6 && ip6.src == $pg_d2b63346_c719_4fe4_a525_3adf5bfbfc70_ip6, action=allow-related, log=False, may_exist=True, severity=[], name=[], meter=[], external_ids={'neutron:security_group_rule_id': 'fb31df62-4931-4627-9ae8-1d09692fa856'}) {{(pid=89958) do_commit /opt/stack/data/venv/lib/python3.12/site-packages/ovsdbapp/backend/ovs_idl/transaction.py:89}}
Jun 11 20:17:19.951632 np0000002669 devstack@neutron-api.service[89958]: DEBUG neutron.plugins.ml2.drivers.ovn.mech_driver.ovsdb.ovsdb_monitor [-] Hash Ring: Node a287af1841475382b49c507274c378ca (host: np0000002669) handling event "create" for row 1c232f93-c6f7-4c45-8c06-61ad384c5307 (table: ACL) {{(pid=89958) notify /opt/stack/neutron/neutron/plugins/ml2/drivers/ovn/mech_driver/ovsdb/ovsdb_monitor.py:1015}}
Jun 11 20:17:19.951792 np0000002669 devstack@neutron-api.service[89958]: DEBUG neutron.plugins.ml2.drivers.ovn.mech_driver.ovsdb.ovsdb_monitor [-] Hash Ring: Node a287af1841475382b49c507274c378ca (host: np0000002669) handling event "create" for row 6895373e-8e92-4bdb-9cc7-69dfd66431f7 (table: ACL) {{(pid=89958) notify /opt/stack/neutron/neutron/plugins/ml2/drivers/ovn/mech_driver/ovsdb/ovsdb_monitor.py:1015}}
Jun 11 20:17:19.951944 np0000002669 devstack@neutron-api.service[89958]: DEBUG neutron.plugins.ml2.drivers.ovn.mech_driver.ovsdb.ovsdb_monitor [-] Hash Ring: Node a287af1841475382b49c507274c378ca (host: np0000002669) handling event "create" for row 9376cb30-fa49-4b3e-81c0-9a5c5965b3ef (table: ACL) {{(pid=89958) notify /opt/stack/neutron/neutron/plugins/ml2/drivers/ovn/mech_driver/ovsdb/ovsdb_monitor.py:1015}}
Jun 11 20:17:19.952039 np0000002669 devstack@neutron-api.service[89957]: DEBUG neutron.plugins.ml2.drivers.ovn.mech_driver.ovsdb.ovsdb_monitor [-] Hash Ring: Node 69ce3cf7fbac5de8ad7af47dfc359cf0 (host: np0000002669) handling event "create" for row 1c232f93-c6f7-4c45-8c06-61ad384c5307 (table: ACL) {{(pid=89957) notify /opt/stack/neutron/neutron/plugins/ml2/drivers/ovn/mech_driver/ovsdb/ovsdb_monitor.py:1015}}
Jun 11 20:17:19.952264 np0000002669 devstack@neutron-api.service[89958]: DEBUG neutron.plugins.ml2.drivers.ovn.mech_driver.ovsdb.ovsdb_monitor [-] Hash Ring: Node a287af1841475382b49c507274c378ca (host: np0000002669) handling event "create" for row 9c83326e-6964-46a8-8374-ef05771e7338 (table: ACL) {{(pid=89958) notify /opt/stack/neutron/neutron/plugins/ml2/drivers/ovn/mech_driver/ovsdb/ovsdb_monitor.py:1015}}
Jun 11 20:17:19.952264 np0000002669 devstack@neutron-api.service[89958]: DEBUG neutron.plugins.ml2.drivers.ovn.mech_driver.ovsdb.ovsdb_monitor [-] Hash Ring: Node a287af1841475382b49c507274c378ca (host: np0000002669) handling event "create" for row f558bb3b-fff5-424d-b700-dd285b9f8d03 (table: Port_Group) {{(pid=89958) notify /opt/stack/neutron/neutron/plugins/ml2/drivers/ovn/mech_driver/ovsdb/ovsdb_monitor.py:1015}}
Jun 11 20:17:19.952319 np0000002669 devstack@neutron-api.service[89957]: DEBUG neutron.plugins.ml2.drivers.ovn.mech_driver.ovsdb.ovsdb_monitor [-] Hash Ring: Node 69ce3cf7fbac5de8ad7af47dfc359cf0 (host: np0000002669) handling event "create" for row 6895373e-8e92-4bdb-9cc7-69dfd66431f7 (table: ACL) {{(pid=89957) notify /opt/stack/neutron/neutron/plugins/ml2/drivers/ovn/mech_driver/ovsdb/ovsdb_monitor.py:1015}}
Jun 11 20:17:19.952319 np0000002669 devstack@neutron-api.service[89957]: DEBUG neutron.plugins.ml2.drivers.ovn.mech_driver.ovsdb.ovsdb_monitor [-] Hash Ring: Node 69ce3cf7fbac5de8ad7af47dfc359cf0 (host: np0000002669) handling event "create" for row 9376cb30-fa49-4b3e-81c0-9a5c5965b3ef (table: ACL) {{(pid=89957) notify /opt/stack/neutron/neutron/plugins/ml2/drivers/ovn/mech_driver/ovsdb/ovsdb_monitor.py:1015}}
Jun 11 20:17:19.952450 np0000002669 devstack@neutron-api.service[89957]: DEBUG neutron.plugins.ml2.drivers.ovn.mech_driver.ovsdb.ovsdb_monitor [-] Hash Ring: Node 69ce3cf7fbac5de8ad7af47dfc359cf0 (host: np0000002669) handling event "create" for row f558bb3b-fff5-424d-b700-dd285b9f8d03 (table: Port_Group) {{(pid=89957) notify /opt/stack/neutron/neutron/plugins/ml2/drivers/ovn/mech_driver/ovsdb/ovsdb_monitor.py:1015}}
Jun 11 20:17:19.972700 np0000002669 devstack@neutron-api.service[89958]: INFO neutron.db.ovn_revision_numbers_db [None req-a4e4b958-d61a-4248-a0ce-990bb93900f4 admin admin] Successfully bumped revision number for resource d2b63346-c719-4fe4-a525-3adf5bfbfc70 (type: security_groups) to 1
Jun 11 20:17:19.982685 np0000002669 devstack@neutron-api.service[89958]: INFO neutron.db.ovn_revision_numbers_db [None req-a4e4b958-d61a-4248-a0ce-990bb93900f4 admin admin] Successfully bumped revision number for resource 1b308b89-05cb-4426-ab11-aaa19bd8219d (type: security_group_rules) to 0
Jun 11 20:17:19.989965 np0000002669 devstack@neutron-api.service[89958]: INFO neutron.db.ovn_revision_numbers_db [None req-a4e4b958-d61a-4248-a0ce-990bb93900f4 admin admin] Successfully bumped revision number for resource 3b850c52-df18-4ff9-8c5f-3230aa3ddb99 (type: security_group_rules) to 0
Jun 11 20:17:19.998602 np0000002669 devstack@neutron-api.service[89958]: INFO neutron.db.ovn_revision_numbers_db [None req-a4e4b958-d61a-4248-a0ce-990bb93900f4 admin admin] Successfully bumped revision number for resource d3af922a-dc14-4db9-864e-0353f9b4443b (type: security_group_rules) to 0
Jun 11 20:17:20.006751 np0000002669 devstack@neutron-api.service[89958]: INFO neutron.db.ovn_revision_numbers_db [None req-a4e4b958-d61a-4248-a0ce-990bb93900f4 admin admin] Successfully bumped revision number for resource fb31df62-4931-4627-9ae8-1d09692fa856 (type: security_group_rules) to 0
Jun 11 20:17:20.023940 np0000002669 devstack@neutron-api.service[89958]: DEBUG neutron.api.rpc.handlers.resources_rpc [None req-a4e4b958-d61a-4248-a0ce-990bb93900f4 admin admin] Pushing event updated for resources: {'SecurityGroup': ['ID=d2b63346-c719-4fe4-a525-3adf5bfbfc70,revision_number=1']} {{(pid=89958) push /opt/stack/neutron/neutron/api/rpc/handlers/resources_rpc.py:237}}
Jun 11 20:17:20.029646 np0000002669 devstack@neutron-api.service[89958]: DEBUG ovsdbapp.backend.ovs_idl.transaction [-] Running txn n=1 command(idx=0): CheckLivenessCommand(_result=None) {{(pid=89958) do_commit /opt/stack/data/venv/lib/python3.12/site-packages/ovsdbapp/backend/ovs_idl/transaction.py:89}}
Jun 11 20:17:20.031152 np0000002669 devstack@neutron-api.service[89958]: DEBUG neutron.plugins.ml2.drivers.ovn.mech_driver.ovsdb.ovsdb_monitor [-] Hash Ring: Node a287af1841475382b49c507274c378ca (host: np0000002669) handling event "update" for row b8d3cc27-10e7-4573-a4ec-4f070b06da9e (table: NB_Global) {{(pid=89958) notify /opt/stack/neutron/neutron/plugins/ml2/drivers/ovn/mech_driver/ovsdb/ovsdb_monitor.py:1015}}
Jun 11 20:17:20.031919 np0000002669 devstack@neutron-api.service[89957]: DEBUG neutron.plugins.ml2.drivers.ovn.mech_driver.ovsdb.ovsdb_monitor [-] Hash Ring: Node 69ce3cf7fbac5de8ad7af47dfc359cf0 (host: np0000002669) handling event "update" for row b8d3cc27-10e7-4573-a4ec-4f070b06da9e (table: NB_Global) {{(pid=89957) notify /opt/stack/neutron/neutron/plugins/ml2/drivers/ovn/mech_driver/ovsdb/ovsdb_monitor.py:1015}}
Jun 11 20:17:20.032637 np0000002669 devstack@neutron-api.service[89957]: DEBUG neutron.plugins.ml2.drivers.ovn.mech_driver.ovsdb.ovsdb_monitor [-] Hash Ring: Node 69ce3cf7fbac5de8ad7af47dfc359cf0 (host: np0000002669) handling event "update" for row b8d3cc27-10e7-4573-a4ec-4f070b06da9e (table: NB_Global) {{(pid=89957) notify /opt/stack/neutron/neutron/plugins/ml2/drivers/ovn/mech_driver/ovsdb/ovsdb_monitor.py:1015}}
Jun 11 20:17:20.033413 np0000002669 devstack@neutron-api.service[89958]: DEBUG neutron.api.rpc.callbacks.version_manager [None req-a4e4b958-d61a-4248-a0ce-990bb93900f4 admin admin] Tracked resource versions report:
Jun 11 20:17:20.033413 np0000002669 devstack@neutron-api.service[89958]: pushed versions:
Jun 11 20:17:20.033413 np0000002669 devstack@neutron-api.service[89958]: { 'AddressGroup': {'1.2'},
Jun 11 20:17:20.033413 np0000002669 devstack@neutron-api.service[89958]: 'Agent': {'1.1'},
Jun 11 20:17:20.033413 np0000002669 devstack@neutron-api.service[89958]: 'ConntrackHelper': {'1.0'},
Jun 11 20:17:20.033413 np0000002669 devstack@neutron-api.service[89958]: 'LocalIPAssociation': {'1.0'},
Jun 11 20:17:20.033413 np0000002669 devstack@neutron-api.service[89958]: 'Log': {'1.0'},
Jun 11 20:17:20.033413 np0000002669 devstack@neutron-api.service[89958]: 'NDPProxy': {'1.0'},
Jun 11 20:17:20.033413 np0000002669 devstack@neutron-api.service[89958]: 'Network': {'1.3'},
Jun 11 20:17:20.033413 np0000002669 devstack@neutron-api.service[89958]: 'Port': {'1.11'},
Jun 11 20:17:20.033413 np0000002669 devstack@neutron-api.service[89958]: 'PortForwarding': {'1.3'},
Jun 11 20:17:20.033413 np0000002669 devstack@neutron-api.service[89958]: 'QosPolicy': {'1.10'},
Jun 11 20:17:20.033413 np0000002669 devstack@neutron-api.service[89958]: 'SecurityGroup': {'1.6'},
Jun 11 20:17:20.033413 np0000002669 devstack@neutron-api.service[89958]: 'SecurityGroupRule': {'1.3'},
Jun 11 20:17:20.033413 np0000002669 devstack@neutron-api.service[89958]: 'SubPort': {'1.0'},
Jun 11 20:17:20.033413 np0000002669 devstack@neutron-api.service[89958]: 'Subnet': {'1.2'},
Jun 11 20:17:20.033413 np0000002669 devstack@neutron-api.service[89958]: 'Trunk': {'1.1'}}
Jun 11 20:17:20.033413 np0000002669 devstack@neutron-api.service[89958]: consumer versions:
Jun 11 20:17:20.033413 np0000002669 devstack@neutron-api.service[89958]: {}
Jun 11 20:17:20.033413 np0000002669 devstack@neutron-api.service[89958]: {{(pid=89958) report /opt/stack/neutron/neutron/api/rpc/callbacks/version_manager.py:183}}
Jun 11 20:17:20.033893 np0000002669 devstack@neutron-api.service[89957]: DEBUG neutron.plugins.ml2.drivers.ovn.mech_driver.ovsdb.ovsdb_monitor [-] Hash Ring: Node 69ce3cf7fbac5de8ad7af47dfc359cf0 (host: np0000002669) handling event "update" for row b8d3cc27-10e7-4573-a4ec-4f070b06da9e (table: NB_Global) {{(pid=89957) notify /opt/stack/neutron/neutron/plugins/ml2/drivers/ovn/mech_driver/ovsdb/ovsdb_monitor.py:1015}}
Jun 11 20:17:20.034676 np0000002669 devstack@neutron-api.service[89957]: DEBUG neutron.plugins.ml2.drivers.ovn.mech_driver.ovsdb.ovsdb_monitor [-] ChassisAgentWriteEvent : Matched Chassis_Private, update, None None {{(pid=89957) matches /opt/stack/neutron/neutron/plugins/ml2/drivers/ovn/mech_driver/ovsdb/ovsdb_monitor.py:64}}
Jun 11 20:17:20.035187 np0000002669 devstack@neutron-api.service[89959]: DEBUG neutron.plugins.ml2.drivers.ovn.mech_driver.ovsdb.ovsdb_monitor [-] ChassisAgentWriteEvent : Matched Chassis_Private, update, None None {{(pid=89959) matches /opt/stack/neutron/neutron/plugins/ml2/drivers/ovn/mech_driver/ovsdb/ovsdb_monitor.py:64}}
Jun 11 20:17:20.036467 np0000002669 devstack@neutron-api.service[89957]: DEBUG neutron.plugins.ml2.drivers.ovn.mech_driver.ovsdb.ovsdb_monitor [-] Hash Ring: Node 69ce3cf7fbac5de8ad7af47dfc359cf0 (host: np0000002669) handling event "update" for row b8d3cc27-10e7-4573-a4ec-4f070b06da9e (table: NB_Global) {{(pid=89957) notify /opt/stack/neutron/neutron/plugins/ml2/drivers/ovn/mech_driver/ovsdb/ovsdb_monitor.py:1015}}
Jun 11 20:17:20.038013 np0000002669 devstack@neutron-api.service[89959]: DEBUG neutron.plugins.ml2.drivers.ovn.mech_driver.ovsdb.ovsdb_monitor [-] ChassisOVNAgentWriteEvent : Matched Chassis_Private, update, None None {{(pid=89959) matches /opt/stack/neutron/neutron/plugins/ml2/drivers/ovn/mech_driver/ovsdb/ovsdb_monitor.py:64}}
Jun 11 20:17:20.038157 np0000002669 devstack@neutron-api.service[89957]: DEBUG neutron.plugins.ml2.drivers.ovn.mech_driver.ovsdb.ovsdb_monitor [-] ChassisOVNAgentWriteEvent : Matched Chassis_Private, update, None None {{(pid=89957) matches /opt/stack/neutron/neutron/plugins/ml2/drivers/ovn/mech_driver/ovsdb/ovsdb_monitor.py:64}}
Jun 11 20:17:20.038266 np0000002669 devstack@neutron-api.service[89958]: DEBUG neutron.plugins.ml2.drivers.ovn.mech_driver.ovsdb.ovsdb_monitor [-] ChassisAgentWriteEvent : Matched Chassis_Private, update, None None {{(pid=89958) matches /opt/stack/neutron/neutron/plugins/ml2/drivers/ovn/mech_driver/ovsdb/ovsdb_monitor.py:64}}
Jun 11 20:17:20.039690 np0000002669 devstack@neutron-api.service[89958]: DEBUG neutron.plugins.ml2.drivers.ovn.mech_driver.ovsdb.ovsdb_monitor [-] Hash Ring: Node a287af1841475382b49c507274c378ca (host: np0000002669) handling event "update" for row b8d3cc27-10e7-4573-a4ec-4f070b06da9e (table: NB_Global) {{(pid=89958) notify /opt/stack/neutron/neutron/plugins/ml2/drivers/ovn/mech_driver/ovsdb/ovsdb_monitor.py:1015}}
Jun 11 20:17:20.041885 np0000002669 devstack@neutron-api.service[89958]: DEBUG neutron.plugins.ml2.drivers.ovn.mech_driver.ovsdb.ovsdb_monitor [-] Hash Ring: Node a287af1841475382b49c507274c378ca (host: np0000002669) handling event "update" for row b8d3cc27-10e7-4573-a4ec-4f070b06da9e (table: NB_Global) {{(pid=89958) notify /opt/stack/neutron/neutron/plugins/ml2/drivers/ovn/mech_driver/ovsdb/ovsdb_monitor.py:1015}}
Jun 11 20:17:20.043848 np0000002669 devstack@neutron-api.service[89958]: DEBUG neutron.plugins.ml2.drivers.ovn.mech_driver.ovsdb.ovsdb_monitor [-] Hash Ring: Node a287af1841475382b49c507274c378ca (host: np0000002669) handling event "update" for row b8d3cc27-10e7-4573-a4ec-4f070b06da9e (table: NB_Global) {{(pid=89958) notify /opt/stack/neutron/neutron/plugins/ml2/drivers/ovn/mech_driver/ovsdb/ovsdb_monitor.py:1015}}
Jun 11 20:17:20.046756 np0000002669 devstack@neutron-api.service[89958]: DEBUG neutron.common.ovn.hash_ring_manager [-] Allow caching, nodes 3>=3 {{(pid=89958) _wait_startup_before_caching /opt/stack/neutron/neutron/common/ovn/hash_ring_manager.py:65}}
Jun 11 20:17:20.046920 np0000002669 devstack@neutron-api.service[89958]: DEBUG neutron.plugins.ml2.drivers.ovn.mech_driver.ovsdb.ovsdb_monitor [-] Hash Ring: Node a287af1841475382b49c507274c378ca (host: np0000002669) handling event "update" for row de86483c-2144-4b56-bc80-fa0855766101 (table: Chassis_Private) {{(pid=89958) notify /opt/stack/neutron/neutron/plugins/ml2/drivers/ovn/mech_driver/ovsdb/ovsdb_monitor.py:1015}}
Jun 11 20:17:20.047671 np0000002669 devstack@neutron-api.service[89958]: DEBUG neutron.plugins.ml2.drivers.ovn.mech_driver.ovsdb.ovsdb_monitor [-] ChassisOVNAgentWriteEvent : Matched Chassis_Private, update, None None {{(pid=89958) matches /opt/stack/neutron/neutron/plugins/ml2/drivers/ovn/mech_driver/ovsdb/ovsdb_monitor.py:64}}
Jun 11 20:17:20.047946 np0000002669 devstack@neutron-api.service[89958]: DEBUG neutron.plugins.ml2.drivers.ovn.mech_driver.ovsdb.ovsdb_monitor [-] Hash Ring: Node a287af1841475382b49c507274c378ca (host: np0000002669) handling event "update" for row de86483c-2144-4b56-bc80-fa0855766101 (table: Chassis_Private) {{(pid=89958) notify /opt/stack/neutron/neutron/plugins/ml2/drivers/ovn/mech_driver/ovsdb/ovsdb_monitor.py:1015}}
Jun 11 20:17:20.079865 np0000002669 devstack@neutron-api.service[89958]: DEBUG neutron.plugins.ml2.drivers.helpers [None req-a4e4b958-d61a-4248-a0ce-990bb93900f4 admin admin] geneve segment allocate from pool success with {'geneve_vni': 65368} {{(pid=89958) allocate_partially_specified_segment /opt/stack/neutron/neutron/plugins/ml2/drivers/helpers.py:142}}
Jun 11 20:17:20.089417 np0000002669 devstack@neutron-api.service[89958]: DEBUG neutron_lib.callbacks.manager [None req-a4e4b958-d61a-4248-a0ce-990bb93900f4 admin admin] Publish callbacks ['neutron.services.segments.db._add_segment_host_mapping_for_segment-8786957481234', 'neutron.plugins.ml2.plugin.Ml2Plugin._handle_segment_change-15078250'] for segment (d5f0f04a-0c28-4151-92f9-9919fbf96307), precommit_create {{(pid=89958) _notify_loop /opt/stack/data/venv/lib/python3.12/site-packages/neutron_lib/callbacks/manager.py:184}}
Jun 11 20:17:20.089579 np0000002669 devstack@neutron-api.service[89958]: INFO neutron.db.segments_db [None req-a4e4b958-d61a-4248-a0ce-990bb93900f4 admin admin] Added segment d5f0f04a-0c28-4151-92f9-9919fbf96307 of type geneve for network 3ee12776-922a-4de6-af13-b989424b0ab8
Jun 11 20:17:20.128137 np0000002669 devstack@neutron-api.service[89958]: DEBUG neutron_lib.callbacks.manager [None req-a4e4b958-d61a-4248-a0ce-990bb93900f4 admin admin] Publish callbacks ['neutron.services.auto_allocate.db._ensure_external_network_default_value_callback-8786956788676'] for network (3ee12776-922a-4de6-af13-b989424b0ab8), precommit_create {{(pid=89958) _notify_loop /opt/stack/data/venv/lib/python3.12/site-packages/neutron_lib/callbacks/manager.py:184}}
Jun 11 20:17:20.141949 np0000002669 devstack@neutron-api.service[89958]: DEBUG neutron.plugins.ml2.drivers.ovn.mech_driver.mech_driver [None req-a4e4b958-d61a-4248-a0ce-990bb93900f4 admin admin] Validating network segment with type geneve, segmentation ID 65368, physical network None {{(pid=89958) _validate_network_segments /opt/stack/neutron/neutron/plugins/ml2/drivers/ovn/mech_driver/mech_driver.py:643}}
Jun 11 20:17:20.142114 np0000002669 devstack@neutron-api.service[89958]: DEBUG neutron.db.ovn_revision_numbers_db [None req-a4e4b958-d61a-4248-a0ce-990bb93900f4 admin admin] create_initial_revision uuid=3ee12776-922a-4de6-af13-b989424b0ab8, type=networks, rev=-1 {{(pid=89958) create_initial_revision /opt/stack/neutron/neutron/db/ovn_revision_numbers_db.py:98}}
Jun 11 20:17:20.156822 np0000002669 devstack@neutron-api.service[89958]: DEBUG neutron_lib.callbacks.manager [None req-a4e4b958-d61a-4248-a0ce-990bb93900f4 admin admin] Publish callbacks ['neutron.plugins.ml2.ovo_rpc._ObjectChangeHandler.handle_event-712795'] for network (3ee12776-922a-4de6-af13-b989424b0ab8), after_create {{(pid=89958) _notify_loop /opt/stack/data/venv/lib/python3.12/site-packages/neutron_lib/callbacks/manager.py:184}}
Jun 11 20:17:20.203762 np0000002669 devstack@neutron-api.service[89958]: DEBUG neutron.api.rpc.handlers.resources_rpc [None req-a4e4b958-d61a-4248-a0ce-990bb93900f4 admin admin] Pushing event updated for resources: {'Network': ['ID=3ee12776-922a-4de6-af13-b989424b0ab8,revision_number=1']} {{(pid=89958) push /opt/stack/neutron/neutron/api/rpc/handlers/resources_rpc.py:237}}
Jun 11 20:17:20.210269 np0000002669 devstack@neutron-api.service[89958]: DEBUG ovsdbapp.backend.ovs_idl.transaction [-] Running txn n=1 command(idx=0): AddNetworkCommand(_result=None, network_uuid=3ee12776-922a-4de6-af13-b989424b0ab8, may_exist=True, columns={'external_ids': {'neutron:network_name': 'private', 'neutron:mtu': '1372', 'neutron:revision_number': '1', 'neutron:availability_zone_hints': '', 'neutron:provnet-network-type': 'geneve'}, 'other_config': {'mcast_snoop': 'false', 'mcast_flood_unregistered': 'false', 'vlan-passthru': 'false'}}) {{(pid=89958) do_commit /opt/stack/data/venv/lib/python3.12/site-packages/ovsdbapp/backend/ovs_idl/transaction.py:89}}
Jun 11 20:17:20.210440 np0000002669 devstack@neutron-api.service[89958]: DEBUG neutron.common.ovn.utils [-] OVS persist_uuid supported=True {{(pid=89958) ovs_persist_uuid_supported /opt/stack/neutron/neutron/common/ovn/utils.py:1544}}
Jun 11 20:17:20.212455 np0000002669 devstack@neutron-api.service[89958]: DEBUG neutron.plugins.ml2.drivers.ovn.mech_driver.ovsdb.ovsdb_monitor [-] Hash Ring: Node a287af1841475382b49c507274c378ca (host: np0000002669) handling event "create" for row 3ee12776-922a-4de6-af13-b989424b0ab8 (table: Logical_Switch) {{(pid=89958) notify /opt/stack/neutron/neutron/plugins/ml2/drivers/ovn/mech_driver/ovsdb/ovsdb_monitor.py:1015}}
Jun 11 20:17:20.216477 np0000002669 devstack@neutron-api.service[89959]: DEBUG neutron.plugins.ml2.drivers.ovn.mech_driver.ovsdb.ovsdb_monitor [-] Hash Ring: Node 6f3efda63fea5f8795ec73af3e5ac692 (host: np0000002669) handling event "create" for row 054c5663-2eda-4880-af3a-bd5e55b6780d (table: Datapath_Binding) {{(pid=89959) notify /opt/stack/neutron/neutron/plugins/ml2/drivers/ovn/mech_driver/ovsdb/ovsdb_monitor.py:1015}}
Jun 11 20:17:20.222815 np0000002669 devstack@neutron-api.service[89958]: DEBUG neutron.plugins.ml2.drivers.ovn.mech_driver.ovsdb.ovsdb_monitor [-] Hash Ring: Node a287af1841475382b49c507274c378ca (host: np0000002669) handling event "create" for row 054c5663-2eda-4880-af3a-bd5e55b6780d (table: Datapath_Binding) {{(pid=89958) notify /opt/stack/neutron/neutron/plugins/ml2/drivers/ovn/mech_driver/ovsdb/ovsdb_monitor.py:1015}}
Jun 11 20:17:20.236631 np0000002669 devstack@neutron-api.service[89958]: INFO neutron.db.ovn_revision_numbers_db [None req-a4e4b958-d61a-4248-a0ce-990bb93900f4 admin admin] Successfully bumped revision number for resource 3ee12776-922a-4de6-af13-b989424b0ab8 (type: networks) to 1
Jun 11 20:17:20.287995 np0000002669 devstack@neutron-api.service[89958]: DEBUG neutron_lib.callbacks.manager [None req-a4e4b958-d61a-4248-a0ce-990bb93900f4 admin admin] Publish callbacks ['neutron.plugins.ml2.plugin.SecurityGroupDbMixin._ensure_default_security_group_handler-15335654'] for port (None), before_create {{(pid=89958) _notify_loop /opt/stack/data/venv/lib/python3.12/site-packages/neutron_lib/callbacks/manager.py:184}}
Jun 11 20:17:20.374455 np0000002669 devstack@neutron-api.service[89958]: DEBUG neutron_lib.callbacks.manager [None req-a4e4b958-d61a-4248-a0ce-990bb93900f4 admin admin] Publish callbacks ['neutron.plugins.ml2.drivers.ovn.mech_driver.mech_driver.OVNMechanismDriver._validate_allowed_address_pairs-198230'] for allowed_address_pair (b791ec53-f557-4efa-9946-1cce1087c517), before_create {{(pid=89958) _notify_loop /opt/stack/data/venv/lib/python3.12/site-packages/neutron_lib/callbacks/manager.py:184}}
Jun 11 20:17:20.374954 np0000002669 devstack@neutron-api.service[89958]: DEBUG neutron_lib.callbacks.manager [None req-a4e4b958-d61a-4248-a0ce-990bb93900f4 admin admin] Publish callbacks [] for port (b791ec53-f557-4efa-9946-1cce1087c517), precommit_create {{(pid=89958) _notify_loop /opt/stack/data/venv/lib/python3.12/site-packages/neutron_lib/callbacks/manager.py:184}}
Jun 11 20:17:20.375114 np0000002669 devstack@neutron-api.service[89958]: DEBUG neutron.plugins.ml2.drivers.ovn.mech_driver.mech_driver [None req-a4e4b958-d61a-4248-a0ce-990bb93900f4 admin admin] No provisioning block for port b791ec53-f557-4efa-9946-1cce1087c517 since it does not have a host {{(pid=89958) _is_port_provisioning_required /opt/stack/neutron/neutron/plugins/ml2/drivers/ovn/mech_driver/mech_driver.py:896}}
Jun 11 20:17:20.375204 np0000002669 devstack@neutron-api.service[89958]: DEBUG neutron.db.ovn_revision_numbers_db [None req-a4e4b958-d61a-4248-a0ce-990bb93900f4 admin admin] create_initial_revision uuid=b791ec53-f557-4efa-9946-1cce1087c517, type=ports, rev=-1 {{(pid=89958) create_initial_revision /opt/stack/neutron/neutron/db/ovn_revision_numbers_db.py:98}}
Jun 11 20:17:20.430222 np0000002669 devstack@neutron-api.service[89958]: DEBUG neutron_lib.callbacks.manager [None req-a4e4b958-d61a-4248-a0ce-990bb93900f4 admin admin] Publish callbacks ['neutron.plugins.ml2.ovo_rpc._ObjectChangeHandler.handle_event-712778'] for port (b791ec53-f557-4efa-9946-1cce1087c517), after_create {{(pid=89958) _notify_loop /opt/stack/data/venv/lib/python3.12/site-packages/neutron_lib/callbacks/manager.py:184}}
Jun 11 20:17:20.488446 np0000002669 devstack@neutron-api.service[89958]: DEBUG neutron.api.rpc.handlers.resources_rpc [None req-a4e4b958-d61a-4248-a0ce-990bb93900f4 admin admin] Pushing event updated for resources: {'Port': ['ID=b791ec53-f557-4efa-9946-1cce1087c517,revision_number=1']} {{(pid=89958) push /opt/stack/neutron/neutron/api/rpc/handlers/resources_rpc.py:237}}
Jun 11 20:17:20.518081 np0000002669 devstack@neutron-api.service[89958]: DEBUG neutron.plugins.ml2.drivers.ovn.mech_driver.ovsdb.commands [None req-a4e4b958-d61a-4248-a0ce-990bb93900f4 admin admin] Converting tag [] to a tag_request {{(pid=89958) _tag_column_to_tag_request /opt/stack/neutron/neutron/plugins/ml2/drivers/ovn/mech_driver/ovsdb/commands.py:205}}
Jun 11 20:17:20.518803 np0000002669 devstack@neutron-api.service[89958]: DEBUG ovsdbapp.backend.ovs_idl.transaction [-] Running txn n=1 command(idx=0): AddLSwitchPortCommand(_result=None, lport=b791ec53-f557-4efa-9946-1cce1087c517, lswitch=neutron-3ee12776-922a-4de6-af13-b989424b0ab8, may_exist=True, network_uuid=3ee12776-922a-4de6-af13-b989424b0ab8, columns={'addresses': ['fa:16:3e:77:23:96'], 'external_ids': {'neutron:port_name': '', 'neutron:device_id': 'ovnmeta-3ee12776-922a-4de6-af13-b989424b0ab8', 'neutron:project_id': 'e4a9c2e879d14c2d9ab3be66d9481c26', 'neutron:cidrs': '', 'neutron:device_owner': 'network:distributed', 'neutron:subnet_pool_addr_scope4': '', 'neutron:subnet_pool_addr_scope6': '', 'neutron:network_name': 'neutron-3ee12776-922a-4de6-af13-b989424b0ab8', 'neutron:security_group_ids': '', 'neutron:revision_number': '1', 'neutron:vnic_type': 'normal', 'neutron:port_capabilities': '', 'neutron:mtu': '1372'}, 'parent_name': [], 'enabled': True, 'options': {}, 'type': 'localport', 'port_security': [], 'dhcpv4_options': [], 'dhcpv6_options': [], 'tag_request': []}) {{(pid=89958) do_commit /opt/stack/data/venv/lib/python3.12/site-packages/ovsdbapp/backend/ovs_idl/transaction.py:89}}
Jun 11 20:17:20.519324 np0000002669 devstack@neutron-api.service[89958]: DEBUG ovsdbapp.backend.ovs_idl.transaction [-] Running txn n=1 command(idx=1): QoSDelCommand(_result=None, switch=neutron-3ee12776-922a-4de6-af13-b989424b0ab8, conditions=[('direction', '=', 'to-lport'), ('priority', '=', 2002), ('match', '=', 'outport == "b791ec53-f557-4efa-9946-1cce1087c517"')], if_exists=True) {{(pid=89958) do_commit /opt/stack/data/venv/lib/python3.12/site-packages/ovsdbapp/backend/ovs_idl/transaction.py:89}}
Jun 11 20:17:20.519487 np0000002669 devstack@neutron-api.service[89958]: DEBUG ovsdbapp.backend.ovs_idl.transaction [-] Running txn n=1 command(idx=2): QoSDelCommand(_result=None, switch=neutron-3ee12776-922a-4de6-af13-b989424b0ab8, conditions=[('direction', '=', 'from-lport'), ('priority', '=', 2002), ('match', '=', 'inport == "b791ec53-f557-4efa-9946-1cce1087c517"')], if_exists=True) {{(pid=89958) do_commit /opt/stack/data/venv/lib/python3.12/site-packages/ovsdbapp/backend/ovs_idl/transaction.py:89}}
Jun 11 20:17:20.522092 np0000002669 devstack@neutron-api.service[89959]: DEBUG neutron.plugins.ml2.drivers.ovn.mech_driver.ovsdb.ovsdb_monitor [-] Hash Ring: Node 6f3efda63fea5f8795ec73af3e5ac692 (host: np0000002669) handling event "create" for row 2d041eb1-2590-424e-97b6-d31327e4429a (table: Logical_Switch_Port) {{(pid=89959) notify /opt/stack/neutron/neutron/plugins/ml2/drivers/ovn/mech_driver/ovsdb/ovsdb_monitor.py:1015}}
Jun 11 20:17:20.522186 np0000002669 devstack@neutron-api.service[89958]: DEBUG neutron.plugins.ml2.drivers.ovn.mech_driver.ovsdb.ovsdb_monitor [-] Hash Ring: Node a287af1841475382b49c507274c378ca (host: np0000002669) handling event "update" for row 3ee12776-922a-4de6-af13-b989424b0ab8 (table: Logical_Switch) {{(pid=89958) notify /opt/stack/neutron/neutron/plugins/ml2/drivers/ovn/mech_driver/ovsdb/ovsdb_monitor.py:1015}}
Jun 11 20:17:20.522186 np0000002669 devstack@neutron-api.service[89958]: DEBUG neutron.plugins.ml2.drivers.ovn.mech_driver.ovsdb.ovsdb_monitor [-] Hash Ring: Node a287af1841475382b49c507274c378ca (host: np0000002669) handling event "create" for row 2d041eb1-2590-424e-97b6-d31327e4429a (table: Logical_Switch_Port) {{(pid=89958) notify /opt/stack/neutron/neutron/plugins/ml2/drivers/ovn/mech_driver/ovsdb/ovsdb_monitor.py:1015}}
