Aug 24 21:45:38.239445 np0000008021 nova-scheduler[96727]: DEBUG cotyledon.oslo_config_glue [-] workarounds.enable_qemu_monitor_announce_self = False {{(pid=96727) log_opt_values /opt/stack/data/venv/lib/python3.12/site-packages/oslo_config/cfg.py:3560}}
Aug 24 21:45:38.239445 np0000008021 nova-scheduler[96727]: DEBUG cotyledon.oslo_config_glue [-] workarounds.ensure_libvirt_rbd_instance_dir_cleanup = False {{(pid=96727) log_opt_values /opt/stack/data/venv/lib/python3.12/site-packages/oslo_config/cfg.py:3560}}
Aug 24 21:45:38.239445 np0000008021 nova-scheduler[96727]: DEBUG cotyledon.oslo_config_glue [-] workarounds.handle_virt_lifecycle_events = True {{(pid=96727) log_opt_values /opt/stack/data/venv/lib/python3.12/site-packages/oslo_config/cfg.py:3560}}
Aug 24 21:45:38.239445 np0000008021 nova-scheduler[96727]: DEBUG cotyledon.oslo_config_glue [-] workarounds.libvirt_disable_apic = False {{(pid=96727) log_opt_values /opt/stack/data/venv/lib/python3.12/site-packages/oslo_config/cfg.py:3560}}
Aug 24 21:45:38.239445 np0000008021 nova-scheduler[96727]: DEBUG cotyledon.oslo_config_glue [-] workarounds.never_download_image_if_on_rbd = False {{(pid=96727) log_opt_values /opt/stack/data/venv/lib/python3.12/site-packages/oslo_config/cfg.py:3560}}
Aug 24 21:45:38.239445 np0000008021 nova-scheduler[96727]: DEBUG cotyledon.oslo_config_glue [-] workarounds.qemu_monitor_announce_self_count = 3 {{(pid=96727) log_opt_values /opt/stack/data/venv/lib/python3.12/site-packages/oslo_config/cfg.py:3560}}
Aug 24 21:45:38.239445 np0000008021 nova-scheduler[96727]: DEBUG cotyledon.oslo_config_glue [-] workarounds.qemu_monitor_announce_self_interval = 1 {{(pid=96727) log_opt_values /opt/stack/data/venv/lib/python3.12/site-packages/oslo_config/cfg.py:3560}}
Aug 24 21:45:38.239445 np0000008021 nova-scheduler[96727]: DEBUG cotyledon.oslo_config_glue [-] workarounds.reserve_disk_resource_for_image_cache = False {{(pid=96727) log_opt_values /opt/stack/data/venv/lib/python3.12/site-packages/oslo_config/cfg.py:3560}}
Aug 24 21:45:38.239445 np0000008021 nova-scheduler[96727]: DEBUG cotyledon.oslo_config_glue [-] workarounds.skip_cpu_compare_at_startup = False {{(pid=96727) log_opt_values /opt/stack/data/venv/lib/python3.12/site-packages/oslo_config/cfg.py:3560}}
Aug 24 21:45:38.239804 np0000008021 nova-scheduler[96727]: DEBUG cotyledon.oslo_config_glue [-] workarounds.skip_cpu_compare_on_dest = False {{(pid=96727) log_opt_values /opt/stack/data/venv/lib/python3.12/site-packages/oslo_config/cfg.py:3560}}
Aug 24 21:45:38.239804 np0000008021 nova-scheduler[96727]: DEBUG cotyledon.oslo_config_glue [-] workarounds.skip_hypervisor_version_check_on_lm = False {{(pid=96727) log_opt_values /opt/stack/data/venv/lib/python3.12/site-packages/oslo_config/cfg.py:3560}}
Aug 24 21:45:38.239804 np0000008021 nova-scheduler[96727]: DEBUG cotyledon.oslo_config_glue [-] workarounds.skip_reserve_in_use_ironic_nodes = False {{(pid=96727) log_opt_values /opt/stack/data/venv/lib/python3.12/site-packages/oslo_config/cfg.py:3560}}
Aug 24 21:45:38.239804 np0000008021 nova-scheduler[96727]: DEBUG cotyledon.oslo_config_glue [-] workarounds.unified_limits_count_pcpu_as_vcpu = False {{(pid=96727) log_opt_values /opt/stack/data/venv/lib/python3.12/site-packages/oslo_config/cfg.py:3560}}
Aug 24 21:45:38.239804 np0000008021 nova-scheduler[96727]: DEBUG cotyledon.oslo_config_glue [-] workarounds.wait_for_vif_plugged_event_during_hard_reboot = [] {{(pid=96727) log_opt_values /opt/stack/data/venv/lib/python3.12/site-packages/oslo_config/cfg.py:3560}}
Aug 24 21:45:38.239804 np0000008021 nova-scheduler[96727]: DEBUG cotyledon.oslo_config_glue [-] wsgi.api_paste_config = /etc/nova/api-paste.ini {{(pid=96727) log_opt_values /opt/stack/data/venv/lib/python3.12/site-packages/oslo_config/cfg.py:3560}}
Aug 24 21:45:38.239804 np0000008021 nova-scheduler[96727]: DEBUG cotyledon.oslo_config_glue [-] wsgi.secure_proxy_ssl_header = None {{(pid=96727) log_opt_values /opt/stack/data/venv/lib/python3.12/site-packages/oslo_config/cfg.py:3560}}
Aug 24 21:45:38.239804 np0000008021 nova-scheduler[96727]: DEBUG cotyledon.oslo_config_glue [-] zvm.ca_file = None {{(pid=96727) log_opt_values /opt/stack/data/venv/lib/python3.12/site-packages/oslo_config/cfg.py:3560}}
Aug 24 21:45:38.239804 np0000008021 nova-scheduler[96727]: DEBUG cotyledon.oslo_config_glue [-] zvm.cloud_connector_url = None {{(pid=96727) log_opt_values /opt/stack/data/venv/lib/python3.12/site-packages/oslo_config/cfg.py:3560}}
Aug 24 21:45:38.240108 np0000008021 nova-scheduler[96727]: DEBUG cotyledon.oslo_config_glue [-] zvm.image_tmp_path = /opt/stack/data/nova/images {{(pid=96727) log_opt_values /opt/stack/data/venv/lib/python3.12/site-packages/oslo_config/cfg.py:3560}}
Aug 24 21:45:38.240108 np0000008021 nova-scheduler[96727]: DEBUG cotyledon.oslo_config_glue [-] zvm.reachable_timeout = 300 {{(pid=96727) log_opt_values /opt/stack/data/venv/lib/python3.12/site-packages/oslo_config/cfg.py:3560}}
Aug 24 21:45:38.240108 np0000008021 nova-scheduler[96727]: DEBUG cotyledon.oslo_config_glue [-] oslo_versionedobjects.fatal_exception_format_errors = False {{(pid=96727) log_opt_values /opt/stack/data/venv/lib/python3.12/site-packages/oslo_config/cfg.py:3560}}
Aug 24 21:45:38.240108 np0000008021 nova-scheduler[96727]: DEBUG cotyledon.oslo_config_glue [-] oslo_middleware.http_basic_auth_user_file = /etc/htpasswd {{(pid=96727) log_opt_values /opt/stack/data/venv/lib/python3.12/site-packages/oslo_config/cfg.py:3560}}
Aug 24 21:45:38.240108 np0000008021 nova-scheduler[96727]: DEBUG cotyledon.oslo_config_glue [-] oslo_messaging_metrics.metrics_buffer_size = 1000 {{(pid=96727) log_opt_values /opt/stack/data/venv/lib/python3.12/site-packages/oslo_config/cfg.py:3560}}
Aug 24 21:45:38.240108 np0000008021 nova-scheduler[96727]: DEBUG cotyledon.oslo_config_glue [-] oslo_messaging_metrics.metrics_enabled = False {{(pid=96727) log_opt_values /opt/stack/data/venv/lib/python3.12/site-packages/oslo_config/cfg.py:3560}}
Aug 24 21:45:38.240108 np0000008021 nova-scheduler[96727]: DEBUG cotyledon.oslo_config_glue [-] oslo_messaging_metrics.metrics_process_name = {{(pid=96727) log_opt_values /opt/stack/data/venv/lib/python3.12/site-packages/oslo_config/cfg.py:3560}}
Aug 24 21:45:38.240108 np0000008021 nova-scheduler[96727]: DEBUG cotyledon.oslo_config_glue [-] oslo_messaging_metrics.metrics_socket_file = /var/tmp/metrics_collector.sock {{(pid=96727) log_opt_values /opt/stack/data/venv/lib/python3.12/site-packages/oslo_config/cfg.py:3560}}
Aug 24 21:45:38.240386 np0000008021 nova-scheduler[96727]: DEBUG cotyledon.oslo_config_glue [-] oslo_messaging_metrics.metrics_thread_stop_timeout = 10 {{(pid=96727) log_opt_values /opt/stack/data/venv/lib/python3.12/site-packages/oslo_config/cfg.py:3560}}
Aug 24 21:45:38.240386 np0000008021 nova-scheduler[96727]: DEBUG cotyledon.oslo_config_glue [-] profiler.connection_string = messaging:// {{(pid=96727) log_opt_values /opt/stack/data/venv/lib/python3.12/site-packages/oslo_config/cfg.py:3560}}
Aug 24 21:45:38.240386 np0000008021 nova-scheduler[96727]: DEBUG cotyledon.oslo_config_glue [-] profiler.enabled = False {{(pid=96727) log_opt_values /opt/stack/data/venv/lib/python3.12/site-packages/oslo_config/cfg.py:3560}}
Aug 24 21:45:38.240386 np0000008021 nova-scheduler[96727]: DEBUG cotyledon.oslo_config_glue [-] profiler.es_doc_type = notification {{(pid=96727) log_opt_values /opt/stack/data/venv/lib/python3.12/site-packages/oslo_config/cfg.py:3560}}
Aug 24 21:45:38.240386 np0000008021 nova-scheduler[96727]: DEBUG cotyledon.oslo_config_glue [-] profiler.es_scroll_size = 10000 {{(pid=96727) log_opt_values /opt/stack/data/venv/lib/python3.12/site-packages/oslo_config/cfg.py:3560}}
Aug 24 21:45:38.240386 np0000008021 nova-scheduler[96727]: DEBUG cotyledon.oslo_config_glue [-] profiler.es_scroll_time = 2m {{(pid=96727) log_opt_values /opt/stack/data/venv/lib/python3.12/site-packages/oslo_config/cfg.py:3560}}
Aug 24 21:45:38.240386 np0000008021 nova-scheduler[96727]: DEBUG cotyledon.oslo_config_glue [-] profiler.filter_error_trace = False {{(pid=96727) log_opt_values /opt/stack/data/venv/lib/python3.12/site-packages/oslo_config/cfg.py:3560}}
Aug 24 21:45:38.240386 np0000008021 nova-scheduler[96727]: DEBUG cotyledon.oslo_config_glue [-] profiler.hmac_keys = **** {{(pid=96727) log_opt_values /opt/stack/data/venv/lib/python3.12/site-packages/oslo_config/cfg.py:3560}}
Aug 24 21:45:38.240386 np0000008021 nova-scheduler[96727]: DEBUG cotyledon.oslo_config_glue [-] profiler.sentinel_service_name = mymaster {{(pid=96727) log_opt_values /opt/stack/data/venv/lib/python3.12/site-packages/oslo_config/cfg.py:3560}}
Aug 24 21:45:38.240692 np0000008021 nova-scheduler[96727]: DEBUG cotyledon.oslo_config_glue [-] profiler.socket_timeout = 0.1 {{(pid=96727) log_opt_values /opt/stack/data/venv/lib/python3.12/site-packages/oslo_config/cfg.py:3560}}
Aug 24 21:45:38.240692 np0000008021 nova-scheduler[96727]: DEBUG cotyledon.oslo_config_glue [-] profiler.trace_requests = False {{(pid=96727) log_opt_values /opt/stack/data/venv/lib/python3.12/site-packages/oslo_config/cfg.py:3560}}
Aug 24 21:45:38.240692 np0000008021 nova-scheduler[96727]: DEBUG cotyledon.oslo_config_glue [-] profiler.trace_sqlalchemy = False {{(pid=96727) log_opt_values /opt/stack/data/venv/lib/python3.12/site-packages/oslo_config/cfg.py:3560}}
Aug 24 21:45:38.240692 np0000008021 nova-scheduler[96727]: DEBUG cotyledon.oslo_config_glue [-] profiler_jaeger.process_tags = {} {{(pid=96727) log_opt_values /opt/stack/data/venv/lib/python3.12/site-packages/oslo_config/cfg.py:3560}}
Aug 24 21:45:38.240692 np0000008021 nova-scheduler[96727]: DEBUG cotyledon.oslo_config_glue [-] profiler_jaeger.service_name_prefix = None {{(pid=96727) log_opt_values /opt/stack/data/venv/lib/python3.12/site-packages/oslo_config/cfg.py:3560}}
Aug 24 21:45:38.240692 np0000008021 nova-scheduler[96727]: DEBUG cotyledon.oslo_config_glue [-] profiler_otlp.service_name_prefix = None {{(pid=96727) log_opt_values /opt/stack/data/venv/lib/python3.12/site-packages/oslo_config/cfg.py:3560}}
Aug 24 21:45:38.240692 np0000008021 nova-scheduler[96727]: DEBUG cotyledon.oslo_config_glue [-] oslo_messaging_rabbit.amqp_auto_delete = False {{(pid=96727) log_opt_values /opt/stack/data/venv/lib/python3.12/site-packages/oslo_config/cfg.py:3560}}
Aug 24 21:45:38.240692 np0000008021 nova-scheduler[96727]: DEBUG cotyledon.oslo_config_glue [-] oslo_messaging_rabbit.amqp_durable_queues = False {{(pid=96727) log_opt_values /opt/stack/data/venv/lib/python3.12/site-packages/oslo_config/cfg.py:3560}}
Aug 24 21:45:38.240692 np0000008021 nova-scheduler[96727]: DEBUG cotyledon.oslo_config_glue [-] oslo_messaging_rabbit.conn_pool_min_size = 2 {{(pid=96727) log_opt_values /opt/stack/data/venv/lib/python3.12/site-packages/oslo_config/cfg.py:3560}}
Aug 24 21:45:38.241015 np0000008021 nova-scheduler[96727]: DEBUG cotyledon.oslo_config_glue [-] oslo_messaging_rabbit.conn_pool_ttl = 1200 {{(pid=96727) log_opt_values /opt/stack/data/venv/lib/python3.12/site-packages/oslo_config/cfg.py:3560}}
Aug 24 21:45:38.241015 np0000008021 nova-scheduler[96727]: DEBUG cotyledon.oslo_config_glue [-] oslo_messaging_rabbit.direct_mandatory_flag = True {{(pid=96727) log_opt_values /opt/stack/data/venv/lib/python3.12/site-packages/oslo_config/cfg.py:3560}}
Aug 24 21:45:38.241015 np0000008021 nova-scheduler[96727]: DEBUG cotyledon.oslo_config_glue [-] oslo_messaging_rabbit.enable_cancel_on_failover = False {{(pid=96727) log_opt_values /opt/stack/data/venv/lib/python3.12/site-packages/oslo_config/cfg.py:3560}}
Aug 24 21:45:38.241015 np0000008021 nova-scheduler[96727]: DEBUG cotyledon.oslo_config_glue [-] oslo_messaging_rabbit.heartbeat_rate = 3 {{(pid=96727) log_opt_values /opt/stack/data/venv/lib/python3.12/site-packages/oslo_config/cfg.py:3560}}
Aug 24 21:45:38.241015 np0000008021 nova-scheduler[96727]: DEBUG cotyledon.oslo_config_glue [-] oslo_messaging_rabbit.heartbeat_timeout_threshold = 60 {{(pid=96727) log_opt_values /opt/stack/data/venv/lib/python3.12/site-packages/oslo_config/cfg.py:3560}}
Aug 24 21:45:38.241015 np0000008021 nova-scheduler[96727]: DEBUG cotyledon.oslo_config_glue [-] oslo_messaging_rabbit.hostname = np0000008021 {{(pid=96727) log_opt_values /opt/stack/data/venv/lib/python3.12/site-packages/oslo_config/cfg.py:3560}}
Aug 24 21:45:38.241015 np0000008021 nova-scheduler[96727]: DEBUG cotyledon.oslo_config_glue [-] oslo_messaging_rabbit.kombu_compression = None {{(pid=96727) log_opt_values /opt/stack/data/venv/lib/python3.12/site-packages/oslo_config/cfg.py:3560}}
Aug 24 21:45:38.241015 np0000008021 nova-scheduler[96727]: DEBUG cotyledon.oslo_config_glue [-] oslo_messaging_rabbit.kombu_failover_strategy = round-robin {{(pid=96727) log_opt_values /opt/stack/data/venv/lib/python3.12/site-packages/oslo_config/cfg.py:3560}}
Aug 24 21:45:38.241015 np0000008021 nova-scheduler[96727]: DEBUG cotyledon.oslo_config_glue [-] oslo_messaging_rabbit.kombu_missing_consumer_retry_timeout = 60 {{(pid=96727) log_opt_values /opt/stack/data/venv/lib/python3.12/site-packages/oslo_config/cfg.py:3560}}
Aug 24 21:45:38.241320 np0000008021 nova-scheduler[96727]: DEBUG cotyledon.oslo_config_glue [-] oslo_messaging_rabbit.kombu_reconnect_delay = 1.0 {{(pid=96727) log_opt_values /opt/stack/data/venv/lib/python3.12/site-packages/oslo_config/cfg.py:3560}}
Aug 24 21:45:38.241320 np0000008021 nova-scheduler[96727]: DEBUG cotyledon.oslo_config_glue [-] oslo_messaging_rabbit.kombu_reconnect_splay = 0.0 {{(pid=96727) log_opt_values /opt/stack/data/venv/lib/python3.12/site-packages/oslo_config/cfg.py:3560}}
Aug 24 21:45:38.241393 np0000008021 nova-scheduler[96723]: INFO dbcounter [None req-4cb9a24d-f0c0-49fd-bb31-86f7407d7221 None None] Registered counter for database nova_cell0
Aug 24 21:45:38.241438 np0000008021 nova-scheduler[96727]: DEBUG cotyledon.oslo_config_glue [-] oslo_messaging_rabbit.processname = nova-scheduler {{(pid=96727) log_opt_values /opt/stack/data/venv/lib/python3.12/site-packages/oslo_config/cfg.py:3560}}
Aug 24 21:45:38.241438 np0000008021 nova-scheduler[96727]: DEBUG cotyledon.oslo_config_glue [-] oslo_messaging_rabbit.rabbit_ha_queues = False {{(pid=96727) log_opt_values /opt/stack/data/venv/lib/python3.12/site-packages/oslo_config/cfg.py:3560}}
Aug 24 21:45:38.241438 np0000008021 nova-scheduler[96727]: DEBUG cotyledon.oslo_config_glue [-] oslo_messaging_rabbit.rabbit_interval_max = 30 {{(pid=96727) log_opt_values /opt/stack/data/venv/lib/python3.12/site-packages/oslo_config/cfg.py:3560}}
Aug 24 21:45:38.241438 np0000008021 nova-scheduler[96727]: DEBUG cotyledon.oslo_config_glue [-] oslo_messaging_rabbit.rabbit_login_method = AMQPLAIN {{(pid=96727) log_opt_values /opt/stack/data/venv/lib/python3.12/site-packages/oslo_config/cfg.py:3560}}
Aug 24 21:45:38.241438 np0000008021 nova-scheduler[96727]: DEBUG cotyledon.oslo_config_glue [-] oslo_messaging_rabbit.rabbit_qos_prefetch_count = 0 {{(pid=96727) log_opt_values /opt/stack/data/venv/lib/python3.12/site-packages/oslo_config/cfg.py:3560}}
Aug 24 21:45:38.241438 np0000008021 nova-scheduler[96727]: DEBUG cotyledon.oslo_config_glue [-] oslo_messaging_rabbit.rabbit_quorum_delivery_limit = 0 {{(pid=96727) log_opt_values /opt/stack/data/venv/lib/python3.12/site-packages/oslo_config/cfg.py:3560}}
Aug 24 21:45:38.241438 np0000008021 nova-scheduler[96727]: DEBUG cotyledon.oslo_config_glue [-] oslo_messaging_rabbit.rabbit_quorum_max_memory_bytes = 0 {{(pid=96727) log_opt_values /opt/stack/data/venv/lib/python3.12/site-packages/oslo_config/cfg.py:3560}}
Aug 24 21:45:38.241438 np0000008021 nova-scheduler[96727]: DEBUG cotyledon.oslo_config_glue [-] oslo_messaging_rabbit.rabbit_quorum_max_memory_length = 0 {{(pid=96727) log_opt_values /opt/stack/data/venv/lib/python3.12/site-packages/oslo_config/cfg.py:3560}}
Aug 24 21:45:38.241438 np0000008021 nova-scheduler[96727]: DEBUG cotyledon.oslo_config_glue [-] oslo_messaging_rabbit.rabbit_quorum_queue = False {{(pid=96727) log_opt_values /opt/stack/data/venv/lib/python3.12/site-packages/oslo_config/cfg.py:3560}}
Aug 24 21:45:38.241876 np0000008021 nova-scheduler[96727]: DEBUG cotyledon.oslo_config_glue [-] oslo_messaging_rabbit.rabbit_retry_backoff = 2 {{(pid=96727) log_opt_values /opt/stack/data/venv/lib/python3.12/site-packages/oslo_config/cfg.py:3560}}
Aug 24 21:45:38.241876 np0000008021 nova-scheduler[96727]: DEBUG cotyledon.oslo_config_glue [-] oslo_messaging_rabbit.rabbit_retry_interval = 1 {{(pid=96727) log_opt_values /opt/stack/data/venv/lib/python3.12/site-packages/oslo_config/cfg.py:3560}}
Aug 24 21:45:38.241876 np0000008021 nova-scheduler[96727]: DEBUG cotyledon.oslo_config_glue [-] oslo_messaging_rabbit.rabbit_stream_fanout = False {{(pid=96727) log_opt_values /opt/stack/data/venv/lib/python3.12/site-packages/oslo_config/cfg.py:3560}}
Aug 24 21:45:38.241876 np0000008021 nova-scheduler[96727]: DEBUG cotyledon.oslo_config_glue [-] oslo_messaging_rabbit.rabbit_transient_queues_ttl = 1800 {{(pid=96727) log_opt_values /opt/stack/data/venv/lib/python3.12/site-packages/oslo_config/cfg.py:3560}}
Aug 24 21:45:38.241876 np0000008021 nova-scheduler[96727]: DEBUG cotyledon.oslo_config_glue [-] oslo_messaging_rabbit.rabbit_transient_quorum_queue = False {{(pid=96727) log_opt_values /opt/stack/data/venv/lib/python3.12/site-packages/oslo_config/cfg.py:3560}}
Aug 24 21:45:38.241876 np0000008021 nova-scheduler[96727]: DEBUG cotyledon.oslo_config_glue [-] oslo_messaging_rabbit.rpc_conn_pool_size = 30 {{(pid=96727) log_opt_values /opt/stack/data/venv/lib/python3.12/site-packages/oslo_config/cfg.py:3560}}
Aug 24 21:45:38.241876 np0000008021 nova-scheduler[96727]: DEBUG cotyledon.oslo_config_glue [-] oslo_messaging_rabbit.ssl = False {{(pid=96727) log_opt_values /opt/stack/data/venv/lib/python3.12/site-packages/oslo_config/cfg.py:3560}}
Aug 24 21:45:38.241876 np0000008021 nova-scheduler[96727]: DEBUG cotyledon.oslo_config_glue [-] oslo_messaging_rabbit.ssl_ca_file = {{(pid=96727) log_opt_values /opt/stack/data/venv/lib/python3.12/site-packages/oslo_config/cfg.py:3560}}
Aug 24 21:45:38.241876 np0000008021 nova-scheduler[96727]: DEBUG cotyledon.oslo_config_glue [-] oslo_messaging_rabbit.ssl_cert_file = {{(pid=96727) log_opt_values /opt/stack/data/venv/lib/python3.12/site-packages/oslo_config/cfg.py:3560}}
Aug 24 21:45:38.242236 np0000008021 nova-scheduler[96727]: DEBUG cotyledon.oslo_config_glue [-] oslo_messaging_rabbit.ssl_enforce_fips_mode = False {{(pid=96727) log_opt_values /opt/stack/data/venv/lib/python3.12/site-packages/oslo_config/cfg.py:3560}}
Aug 24 21:45:38.242236 np0000008021 nova-scheduler[96727]: DEBUG cotyledon.oslo_config_glue [-] oslo_messaging_rabbit.ssl_enforce_hostname_verification = True {{(pid=96727) log_opt_values /opt/stack/data/venv/lib/python3.12/site-packages/oslo_config/cfg.py:3560}}
Aug 24 21:45:38.242236 np0000008021 nova-scheduler[96727]: DEBUG cotyledon.oslo_config_glue [-] oslo_messaging_rabbit.ssl_key_file = {{(pid=96727) log_opt_values /opt/stack/data/venv/lib/python3.12/site-packages/oslo_config/cfg.py:3560}}
Aug 24 21:45:38.242236 np0000008021 nova-scheduler[96727]: DEBUG cotyledon.oslo_config_glue [-] oslo_messaging_rabbit.ssl_version = {{(pid=96727) log_opt_values /opt/stack/data/venv/lib/python3.12/site-packages/oslo_config/cfg.py:3560}}
Aug 24 21:45:38.242236 np0000008021 nova-scheduler[96727]: DEBUG cotyledon.oslo_config_glue [-] oslo_messaging_rabbit.use_queue_manager = False {{(pid=96727) log_opt_values /opt/stack/data/venv/lib/python3.12/site-packages/oslo_config/cfg.py:3560}}
Aug 24 21:45:38.242236 np0000008021 nova-scheduler[96727]: DEBUG cotyledon.oslo_config_glue [-] oslo_messaging_notifications.driver = ['messagingv2'] {{(pid=96727) log_opt_values /opt/stack/data/venv/lib/python3.12/site-packages/oslo_config/cfg.py:3560}}
Aug 24 21:45:38.242236 np0000008021 nova-scheduler[96727]: DEBUG cotyledon.oslo_config_glue [-] oslo_messaging_notifications.retry = -1 {{(pid=96727) log_opt_values /opt/stack/data/venv/lib/python3.12/site-packages/oslo_config/cfg.py:3560}}
Aug 24 21:45:38.242236 np0000008021 nova-scheduler[96727]: DEBUG cotyledon.oslo_config_glue [-] oslo_messaging_notifications.topics = ['notifications'] {{(pid=96727) log_opt_values /opt/stack/data/venv/lib/python3.12/site-packages/oslo_config/cfg.py:3560}}
Aug 24 21:45:38.242236 np0000008021 nova-scheduler[96727]: DEBUG cotyledon.oslo_config_glue [-] oslo_messaging_notifications.transport_url = **** {{(pid=96727) log_opt_values /opt/stack/data/venv/lib/python3.12/site-packages/oslo_config/cfg.py:3560}}
Aug 24 21:45:38.242593 np0000008021 nova-scheduler[96727]: DEBUG cotyledon.oslo_config_glue [-] oslo_limit.auth_section = None {{(pid=96727) log_opt_values /opt/stack/data/venv/lib/python3.12/site-packages/oslo_config/cfg.py:3560}}
Aug 24 21:45:38.242593 np0000008021 nova-scheduler[96727]: DEBUG cotyledon.oslo_config_glue [-] oslo_limit.auth_type = None {{(pid=96727) log_opt_values /opt/stack/data/venv/lib/python3.12/site-packages/oslo_config/cfg.py:3560}}
Aug 24 21:45:38.242593 np0000008021 nova-scheduler[96727]: DEBUG cotyledon.oslo_config_glue [-] oslo_limit.cafile = None {{(pid=96727) log_opt_values /opt/stack/data/venv/lib/python3.12/site-packages/oslo_config/cfg.py:3560}}
Aug 24 21:45:38.242593 np0000008021 nova-scheduler[96727]: DEBUG cotyledon.oslo_config_glue [-] oslo_limit.certfile = None {{(pid=96727) log_opt_values /opt/stack/data/venv/lib/python3.12/site-packages/oslo_config/cfg.py:3560}}
Aug 24 21:45:38.242593 np0000008021 nova-scheduler[96727]: DEBUG cotyledon.oslo_config_glue [-] oslo_limit.collect_timing = False {{(pid=96727) log_opt_values /opt/stack/data/venv/lib/python3.12/site-packages/oslo_config/cfg.py:3560}}
Aug 24 21:45:38.242593 np0000008021 nova-scheduler[96727]: DEBUG cotyledon.oslo_config_glue [-] oslo_limit.connect_retries = None {{(pid=96727) log_opt_values /opt/stack/data/venv/lib/python3.12/site-packages/oslo_config/cfg.py:3560}}
Aug 24 21:45:38.242593 np0000008021 nova-scheduler[96727]: DEBUG cotyledon.oslo_config_glue [-] oslo_limit.connect_retry_delay = None {{(pid=96727) log_opt_values /opt/stack/data/venv/lib/python3.12/site-packages/oslo_config/cfg.py:3560}}
Aug 24 21:45:38.242593 np0000008021 nova-scheduler[96727]: DEBUG cotyledon.oslo_config_glue [-] oslo_limit.endpoint_id = None {{(pid=96727) log_opt_values /opt/stack/data/venv/lib/python3.12/site-packages/oslo_config/cfg.py:3560}}
Aug 24 21:45:38.242593 np0000008021 nova-scheduler[96727]: DEBUG cotyledon.oslo_config_glue [-] oslo_limit.endpoint_interface = public {{(pid=96727) log_opt_values /opt/stack/data/venv/lib/python3.12/site-packages/oslo_config/cfg.py:3560}}
Aug 24 21:45:38.243494 np0000008021 nova-scheduler[96727]: DEBUG cotyledon.oslo_config_glue [-] oslo_limit.endpoint_override = None {{(pid=96727) log_opt_values /opt/stack/data/venv/lib/python3.12/site-packages/oslo_config/cfg.py:3560}}
Aug 24 21:45:38.243494 np0000008021 nova-scheduler[96727]: DEBUG cotyledon.oslo_config_glue [-] oslo_limit.endpoint_region_name = None {{(pid=96727) log_opt_values /opt/stack/data/venv/lib/python3.12/site-packages/oslo_config/cfg.py:3560}}
Aug 24 21:45:38.243494 np0000008021 nova-scheduler[96727]: DEBUG cotyledon.oslo_config_glue [-] oslo_limit.endpoint_service_name = None {{(pid=96727) log_opt_values /opt/stack/data/venv/lib/python3.12/site-packages/oslo_config/cfg.py:3560}}
Aug 24 21:45:38.243494 np0000008021 nova-scheduler[96727]: DEBUG cotyledon.oslo_config_glue [-] oslo_limit.endpoint_service_type = None {{(pid=96727) log_opt_values /opt/stack/data/venv/lib/python3.12/site-packages/oslo_config/cfg.py:3560}}
Aug 24 21:45:38.243494 np0000008021 nova-scheduler[96727]: DEBUG cotyledon.oslo_config_glue [-] oslo_limit.insecure = False {{(pid=96727) log_opt_values /opt/stack/data/venv/lib/python3.12/site-packages/oslo_config/cfg.py:3560}}
Aug 24 21:45:38.243494 np0000008021 nova-scheduler[96727]: DEBUG cotyledon.oslo_config_glue [-] oslo_limit.keyfile = None {{(pid=96727) log_opt_values /opt/stack/data/venv/lib/python3.12/site-packages/oslo_config/cfg.py:3560}}
Aug 24 21:45:38.243494 np0000008021 nova-scheduler[96727]: DEBUG cotyledon.oslo_config_glue [-] oslo_limit.max_version = None {{(pid=96727) log_opt_values /opt/stack/data/venv/lib/python3.12/site-packages/oslo_config/cfg.py:3560}}
Aug 24 21:45:38.243494 np0000008021 nova-scheduler[96727]: DEBUG cotyledon.oslo_config_glue [-] oslo_limit.min_version = None {{(pid=96727) log_opt_values /opt/stack/data/venv/lib/python3.12/site-packages/oslo_config/cfg.py:3560}}
Aug 24 21:45:38.243494 np0000008021 nova-scheduler[96727]: DEBUG cotyledon.oslo_config_glue [-] oslo_limit.region_name = None {{(pid=96727) log_opt_values /opt/stack/data/venv/lib/python3.12/site-packages/oslo_config/cfg.py:3560}}
Aug 24 21:45:38.243852 np0000008021 nova-scheduler[96727]: DEBUG cotyledon.oslo_config_glue [-] oslo_limit.retriable_status_codes = None {{(pid=96727) log_opt_values /opt/stack/data/venv/lib/python3.12/site-packages/oslo_config/cfg.py:3560}}
Aug 24 21:45:38.243852 np0000008021 nova-scheduler[96727]: DEBUG cotyledon.oslo_config_glue [-] oslo_limit.service_name = None {{(pid=96727) log_opt_values /opt/stack/data/venv/lib/python3.12/site-packages/oslo_config/cfg.py:3560}}
Aug 24 21:45:38.243852 np0000008021 nova-scheduler[96727]: DEBUG cotyledon.oslo_config_glue [-] oslo_limit.service_type = None {{(pid=96727) log_opt_values /opt/stack/data/venv/lib/python3.12/site-packages/oslo_config/cfg.py:3560}}
Aug 24 21:45:38.243852 np0000008021 nova-scheduler[96727]: DEBUG cotyledon.oslo_config_glue [-] oslo_limit.split_loggers = False {{(pid=96727) log_opt_values /opt/stack/data/venv/lib/python3.12/site-packages/oslo_config/cfg.py:3560}}
Aug 24 21:45:38.243852 np0000008021 nova-scheduler[96727]: DEBUG cotyledon.oslo_config_glue [-] oslo_limit.status_code_retries = None {{(pid=96727) log_opt_values /opt/stack/data/venv/lib/python3.12/site-packages/oslo_config/cfg.py:3560}}
Aug 24 21:45:38.243852 np0000008021 nova-scheduler[96727]: DEBUG cotyledon.oslo_config_glue [-] oslo_limit.status_code_retry_delay = None {{(pid=96727) log_opt_values /opt/stack/data/venv/lib/python3.12/site-packages/oslo_config/cfg.py:3560}}
Aug 24 21:45:38.243852 np0000008021 nova-scheduler[96727]: DEBUG cotyledon.oslo_config_glue [-] oslo_limit.timeout = None {{(pid=96727) log_opt_values /opt/stack/data/venv/lib/python3.12/site-packages/oslo_config/cfg.py:3560}}
Aug 24 21:45:38.243852 np0000008021 nova-scheduler[96727]: DEBUG cotyledon.oslo_config_glue [-] oslo_limit.valid_interfaces = None {{(pid=96727) log_opt_values /opt/stack/data/venv/lib/python3.12/site-packages/oslo_config/cfg.py:3560}}
Aug 24 21:45:38.243852 np0000008021 nova-scheduler[96727]: DEBUG cotyledon.oslo_config_glue [-] oslo_limit.version = None {{(pid=96727) log_opt_values /opt/stack/data/venv/lib/python3.12/site-packages/oslo_config/cfg.py:3560}}
Aug 24 21:45:38.244169 np0000008021 nova-scheduler[96727]: DEBUG cotyledon.oslo_config_glue [-] oslo_reports.file_event_handler = None {{(pid=96727) log_opt_values /opt/stack/data/venv/lib/python3.12/site-packages/oslo_config/cfg.py:3560}}
Aug 24 21:45:38.244169 np0000008021 nova-scheduler[96727]: DEBUG cotyledon.oslo_config_glue [-] oslo_reports.file_event_handler_interval = 1 {{(pid=96727) log_opt_values /opt/stack/data/venv/lib/python3.12/site-packages/oslo_config/cfg.py:3560}}
Aug 24 21:45:38.244169 np0000008021 nova-scheduler[96727]: DEBUG cotyledon.oslo_config_glue [-] oslo_reports.log_dir = None {{(pid=96727) log_opt_values /opt/stack/data/venv/lib/python3.12/site-packages/oslo_config/cfg.py:3560}}
Aug 24 21:45:38.244169 np0000008021 nova-scheduler[96727]: DEBUG cotyledon.oslo_config_glue [-] ******************************************************************************** {{(pid=96727) log_opt_values /opt/stack/data/venv/lib/python3.12/site-packages/oslo_config/cfg.py:3567}}
Aug 24 21:45:38.244169 np0000008021 nova-scheduler[96727]: DEBUG cotyledon._service_worker [-] Run service ServiceWrapper(3) [96727] {{(pid=96727) wait_forever /opt/stack/data/venv/lib/python3.12/site-packages/cotyledon/_service_worker.py:218}}
Aug 24 21:45:38.244169 np0000008021 nova-scheduler[96727]: INFO nova.service [-] Starting scheduler node (version 33.1.0)
Aug 24 21:45:38.244361 np0000008021 nova-scheduler[96721]: DEBUG oslo_db.sqlalchemy.engines [None req-5dd19da1-edc8-4d3d-abf7-b0053d1cc4df None None] MySQL server mode set to STRICT_TRANS_TABLES,STRICT_ALL_TABLES,NO_ZERO_IN_DATE,NO_ZERO_DATE,ERROR_FOR_DIVISION_BY_ZERO,TRADITIONAL,NO_ENGINE_SUBSTITUTION {{(pid=96721) _check_effective_sql_mode /opt/stack/data/venv/lib/python3.12/site-packages/oslo_db/sqlalchemy/engines.py:325}}
Aug 24 21:45:38.244420 np0000008021 nova-scheduler[96727]: INFO dbcounter [None req-9d332170-9cef-4262-95fe-182d4a1cb6f2 None None] Registered counter for database nova_cell0
Aug 24 21:45:38.244466 np0000008021 nova-scheduler[96721]: DEBUG dbcounter [-] [96721] Writer thread running {{(pid=96721) stat_writer /opt/stack/data/venv/lib/python3.12/site-packages/dbcounter.py:102}}
Aug 24 21:45:38.251014 np0000008021 nova-scheduler[96721]: DEBUG nova.service [None req-5dd19da1-edc8-4d3d-abf7-b0053d1cc4df None None] Creating RPC server for service: nova-scheduler on topic: scheduler {{(pid=96721) start /opt/stack/nova/nova/service.py:262}}
Aug 24 21:45:38.251211 np0000008021 nova-scheduler[96725]: DEBUG oslo_db.sqlalchemy.engines [None req-c104f36d-91b5-40d9-87f5-724c745d90e4 None None] MySQL server mode set to STRICT_TRANS_TABLES,STRICT_ALL_TABLES,NO_ZERO_IN_DATE,NO_ZERO_DATE,ERROR_FOR_DIVISION_BY_ZERO,TRADITIONAL,NO_ENGINE_SUBSTITUTION {{(pid=96725) _check_effective_sql_mode /opt/stack/data/venv/lib/python3.12/site-packages/oslo_db/sqlalchemy/engines.py:325}}
Aug 24 21:45:38.262275 np0000008021 nova-scheduler[96725]: DEBUG dbcounter [-] [96725] Writer thread running {{(pid=96725) stat_writer /opt/stack/data/venv/lib/python3.12/site-packages/dbcounter.py:102}}
Aug 24 21:45:38.270829 np0000008021 nova-scheduler[96725]: DEBUG nova.service [None req-c104f36d-91b5-40d9-87f5-724c745d90e4 None None] Creating RPC server for service: nova-scheduler on topic: scheduler {{(pid=96725) start /opt/stack/nova/nova/service.py:262}}
Aug 24 21:45:38.277630 np0000008021 nova-scheduler[96723]: DEBUG oslo_db.sqlalchemy.engines [None req-4cb9a24d-f0c0-49fd-bb31-86f7407d7221 None None] MySQL server mode set to STRICT_TRANS_TABLES,STRICT_ALL_TABLES,NO_ZERO_IN_DATE,NO_ZERO_DATE,ERROR_FOR_DIVISION_BY_ZERO,TRADITIONAL,NO_ENGINE_SUBSTITUTION {{(pid=96723) _check_effective_sql_mode /opt/stack/data/venv/lib/python3.12/site-packages/oslo_db/sqlalchemy/engines.py:325}}
Aug 24 21:45:38.286959 np0000008021 nova-scheduler[96727]: DEBUG oslo_db.sqlalchemy.engines [None req-9d332170-9cef-4262-95fe-182d4a1cb6f2 None None] MySQL server mode set to STRICT_TRANS_TABLES,STRICT_ALL_TABLES,NO_ZERO_IN_DATE,NO_ZERO_DATE,ERROR_FOR_DIVISION_BY_ZERO,TRADITIONAL,NO_ENGINE_SUBSTITUTION {{(pid=96727) _check_effective_sql_mode /opt/stack/data/venv/lib/python3.12/site-packages/oslo_db/sqlalchemy/engines.py:325}}
Aug 24 21:45:38.288560 np0000008021 nova-scheduler[96721]: DEBUG nova.service [None req-5dd19da1-edc8-4d3d-abf7-b0053d1cc4df None None] Join ServiceGroup membership for this service scheduler {{(pid=96721) start /opt/stack/nova/nova/service.py:288}}
Aug 24 21:45:38.289101 np0000008021 nova-scheduler[96721]: DEBUG nova.servicegroup.drivers.db [None req-5dd19da1-edc8-4d3d-abf7-b0053d1cc4df None None] DB_Driver: join new ServiceGroup member np0000008021 to the scheduler group, service = {{(pid=96721) join /opt/stack/nova/nova/servicegroup/drivers/db.py:44}}
Aug 24 21:45:38.289891 np0000008021 nova-scheduler[96723]: DEBUG dbcounter [-] [96723] Writer thread running {{(pid=96723) stat_writer /opt/stack/data/venv/lib/python3.12/site-packages/dbcounter.py:102}}
Aug 24 21:45:38.293635 np0000008021 nova-scheduler[96723]: DEBUG nova.service [None req-4cb9a24d-f0c0-49fd-bb31-86f7407d7221 None None] Creating RPC server for service: nova-scheduler on topic: scheduler {{(pid=96723) start /opt/stack/nova/nova/service.py:262}}
Aug 24 21:45:38.297742 np0000008021 nova-scheduler[96727]: DEBUG dbcounter [-] [96727] Writer thread running {{(pid=96727) stat_writer /opt/stack/data/venv/lib/python3.12/site-packages/dbcounter.py:102}}
Aug 24 21:45:38.300860 np0000008021 nova-scheduler[96727]: DEBUG nova.service [None req-9d332170-9cef-4262-95fe-182d4a1cb6f2 None None] Creating RPC server for service: nova-scheduler on topic: scheduler {{(pid=96727) start /opt/stack/nova/nova/service.py:262}}
Aug 24 21:45:38.306381 np0000008021 nova-scheduler[96725]: DEBUG nova.service [None req-c104f36d-91b5-40d9-87f5-724c745d90e4 None None] Join ServiceGroup membership for this service scheduler {{(pid=96725) start /opt/stack/nova/nova/service.py:288}}
Aug 24 21:45:38.306561 np0000008021 nova-scheduler[96725]: DEBUG nova.servicegroup.drivers.db [None req-c104f36d-91b5-40d9-87f5-724c745d90e4 None None] DB_Driver: join new ServiceGroup member np0000008021 to the scheduler group, service = {{(pid=96725) join /opt/stack/nova/nova/servicegroup/drivers/db.py:44}}
Aug 24 21:45:38.314828 np0000008021 nova-scheduler[96723]: DEBUG nova.service [None req-4cb9a24d-f0c0-49fd-bb31-86f7407d7221 None None] Join ServiceGroup membership for this service scheduler {{(pid=96723) start /opt/stack/nova/nova/service.py:288}}
Aug 24 21:45:38.315089 np0000008021 nova-scheduler[96723]: DEBUG nova.servicegroup.drivers.db [None req-4cb9a24d-f0c0-49fd-bb31-86f7407d7221 None None] DB_Driver: join new ServiceGroup member np0000008021 to the scheduler group, service = {{(pid=96723) join /opt/stack/nova/nova/servicegroup/drivers/db.py:44}}
Aug 24 21:45:38.317526 np0000008021 nova-scheduler[96727]: DEBUG nova.service [None req-9d332170-9cef-4262-95fe-182d4a1cb6f2 None None] Join ServiceGroup membership for this service scheduler {{(pid=96727) start /opt/stack/nova/nova/service.py:288}}
Aug 24 21:45:38.317759 np0000008021 nova-scheduler[96727]: DEBUG nova.servicegroup.drivers.db [None req-9d332170-9cef-4262-95fe-182d4a1cb6f2 None None] DB_Driver: join new ServiceGroup member np0000008021 to the scheduler group, service = {{(pid=96727) join /opt/stack/nova/nova/servicegroup/drivers/db.py:44}}
Aug 24 21:45:43.310113 np0000008021 nova-scheduler[96721]: DEBUG oslo.service.backend._threading.loopingcall [-] Fixed interval looping call 'nova.servicegroup.drivers.db.DbDriver._report_state' sleeping for 119.98 seconds {{(pid=96721) _run_loop /opt/stack/data/venv/lib/python3.12/site-packages/oslo_service/backend/_threading/loopingcall.py:125}}
Aug 24 21:45:43.319523 np0000008021 nova-scheduler[96725]: DEBUG oslo.service.backend._threading.loopingcall [-] Fixed interval looping call 'nova.servicegroup.drivers.db.DbDriver._report_state' sleeping for 119.99 seconds {{(pid=96725) _run_loop /opt/stack/data/venv/lib/python3.12/site-packages/oslo_service/backend/_threading/loopingcall.py:125}}
Aug 24 21:45:43.328075 np0000008021 nova-scheduler[96723]: DEBUG oslo.service.backend._threading.loopingcall [-] Fixed interval looping call 'nova.servicegroup.drivers.db.DbDriver._report_state' sleeping for 119.99 seconds {{(pid=96723) _run_loop /opt/stack/data/venv/lib/python3.12/site-packages/oslo_service/backend/_threading/loopingcall.py:125}}
Aug 24 21:45:43.329384 np0000008021 nova-scheduler[96727]: DEBUG oslo.service.backend._threading.loopingcall [-] Fixed interval looping call 'nova.servicegroup.drivers.db.DbDriver._report_state' sleeping for 119.99 seconds {{(pid=96727) _run_loop /opt/stack/data/venv/lib/python3.12/site-packages/oslo_service/backend/_threading/loopingcall.py:125}}
Aug 24 21:45:46.838487 np0000008021 nova-scheduler[95522]: DEBUG dbcounter [-] [95522] Writing DB stats nova_api:SELECT=3 {{(pid=95522) stat_writer /opt/stack/data/venv/lib/python3.12/site-packages/dbcounter.py:115}}
Aug 24 21:45:46.971506 np0000008021 nova-scheduler[95522]: DEBUG dbcounter [-] [95522] Writing DB stats nova_cell1:SELECT=1 {{(pid=95522) stat_writer /opt/stack/data/venv/lib/python3.12/site-packages/dbcounter.py:115}}
Aug 24 21:45:46.975479 np0000008021 nova-scheduler[95522]: DEBUG dbcounter [-] [95522] Writing DB stats nova_cell0:SELECT=1 {{(pid=95522) stat_writer /opt/stack/data/venv/lib/python3.12/site-packages/dbcounter.py:115}}
Aug 24 21:45:51.293217 np0000008021 nova-scheduler[96721]: DEBUG oslo.service.backend._threading.loopingcall [None req-f5ee09d2-011c-4137-b067-790b48f5c5cf None None] Dynamic interval looping call 'nova.service.Service.periodic_tasks' sleeping for 60.00 seconds {{(pid=96721) _run_loop /opt/stack/data/venv/lib/python3.12/site-packages/oslo_service/backend/_threading/loopingcall.py:125}}
Aug 24 21:45:52.309113 np0000008021 nova-scheduler[96725]: DEBUG oslo.service.backend._threading.loopingcall [None req-759f57c3-a602-4463-a0e7-b8c9ba06fad8 None None] Dynamic interval looping call 'nova.service.Service.periodic_tasks' sleeping for 60.00 seconds {{(pid=96725) _run_loop /opt/stack/data/venv/lib/python3.12/site-packages/oslo_service/backend/_threading/loopingcall.py:125}}
Aug 24 21:45:53.301080 np0000008021 nova-scheduler[96721]: DEBUG dbcounter [-] [96721] Writing DB stats nova_cell0:SELECT=4,nova_cell0:INSERT=1,nova_cell0:UPDATE=1 {{(pid=96721) stat_writer /opt/stack/data/venv/lib/python3.12/site-packages/dbcounter.py:115}}
Aug 24 21:45:53.315810 np0000008021 nova-scheduler[96725]: DEBUG dbcounter [-] [96725] Writing DB stats nova_cell0:SELECT=3 {{(pid=96725) stat_writer /opt/stack/data/venv/lib/python3.12/site-packages/dbcounter.py:115}}
Aug 24 21:45:53.327811 np0000008021 nova-scheduler[96723]: DEBUG dbcounter [-] [96723] Writing DB stats nova_cell0:SELECT=3 {{(pid=96723) stat_writer /opt/stack/data/venv/lib/python3.12/site-packages/dbcounter.py:115}}
Aug 24 21:45:53.328110 np0000008021 nova-scheduler[96727]: DEBUG dbcounter [-] [96727] Writing DB stats nova_cell0:SELECT=3 {{(pid=96727) stat_writer /opt/stack/data/venv/lib/python3.12/site-packages/dbcounter.py:115}}
Aug 24 21:46:22.317324 np0000008021 nova-scheduler[96723]: DEBUG oslo.service.backend._threading.loopingcall [None req-8126c925-54eb-4dc9-a98d-2611cde9817b None None] Dynamic interval looping call 'nova.service.Service.periodic_tasks' sleeping for 60.00 seconds {{(pid=96723) _run_loop /opt/stack/data/venv/lib/python3.12/site-packages/oslo_service/backend/_threading/loopingcall.py:125}}
Aug 24 21:46:32.319949 np0000008021 nova-scheduler[96727]: DEBUG oslo.service.backend._threading.loopingcall [None req-e1438242-e3fa-4325-8002-2086113c403e None None] Dynamic interval looping call 'nova.service.Service.periodic_tasks' sleeping for 60.00 seconds {{(pid=96727) _run_loop /opt/stack/data/venv/lib/python3.12/site-packages/oslo_service/backend/_threading/loopingcall.py:125}}
Aug 24 21:46:51.293680 np0000008021 nova-scheduler[96721]: DEBUG oslo.service.backend._threading.loopingcall [None req-f5ee09d2-011c-4137-b067-790b48f5c5cf None None] Dynamic interval looping call 'nova.service.Service.periodic_tasks' sleeping for 60.00 seconds {{(pid=96721) _run_loop /opt/stack/data/venv/lib/python3.12/site-packages/oslo_service/backend/_threading/loopingcall.py:125}}
Aug 24 21:46:52.309551 np0000008021 nova-scheduler[96725]: DEBUG oslo.service.backend._threading.loopingcall [None req-759f57c3-a602-4463-a0e7-b8c9ba06fad8 None None] Dynamic interval looping call 'nova.service.Service.periodic_tasks' sleeping for 60.00 seconds {{(pid=96725) _run_loop /opt/stack/data/venv/lib/python3.12/site-packages/oslo_service/backend/_threading/loopingcall.py:125}}
Aug 24 21:47:22.317843 np0000008021 nova-scheduler[96723]: DEBUG oslo.service.backend._threading.loopingcall [None req-8126c925-54eb-4dc9-a98d-2611cde9817b None None] Dynamic interval looping call 'nova.service.Service.periodic_tasks' sleeping for 60.00 seconds {{(pid=96723) _run_loop /opt/stack/data/venv/lib/python3.12/site-packages/oslo_service/backend/_threading/loopingcall.py:125}}
Aug 24 21:47:32.320400 np0000008021 nova-scheduler[96727]: DEBUG oslo.service.backend._threading.loopingcall [None req-e1438242-e3fa-4325-8002-2086113c403e None None] Dynamic interval looping call 'nova.service.Service.periodic_tasks' sleeping for 60.00 seconds {{(pid=96727) _run_loop /opt/stack/data/venv/lib/python3.12/site-packages/oslo_service/backend/_threading/loopingcall.py:125}}
Aug 24 21:47:43.299091 np0000008021 nova-scheduler[96721]: DEBUG oslo.service.backend._threading.loopingcall [-] Fixed interval looping call 'nova.servicegroup.drivers.db.DbDriver._report_state' sleeping for 119.99 seconds {{(pid=96721) _run_loop /opt/stack/data/venv/lib/python3.12/site-packages/oslo_service/backend/_threading/loopingcall.py:125}}
Aug 24 21:47:43.314063 np0000008021 nova-scheduler[96725]: DEBUG oslo.service.backend._threading.loopingcall [-] Fixed interval looping call 'nova.servicegroup.drivers.db.DbDriver._report_state' sleeping for 120.00 seconds {{(pid=96725) _run_loop /opt/stack/data/venv/lib/python3.12/site-packages/oslo_service/backend/_threading/loopingcall.py:125}}
Aug 24 21:47:43.321862 np0000008021 nova-scheduler[96723]: DEBUG oslo.service.backend._threading.loopingcall [-] Fixed interval looping call 'nova.servicegroup.drivers.db.DbDriver._report_state' sleeping for 120.00 seconds {{(pid=96723) _run_loop /opt/stack/data/venv/lib/python3.12/site-packages/oslo_service/backend/_threading/loopingcall.py:125}}
Aug 24 21:47:43.322373 np0000008021 nova-scheduler[96727]: DEBUG oslo.service.backend._threading.loopingcall [-] Fixed interval looping call 'nova.servicegroup.drivers.db.DbDriver._report_state' sleeping for 120.00 seconds {{(pid=96727) _run_loop /opt/stack/data/venv/lib/python3.12/site-packages/oslo_service/backend/_threading/loopingcall.py:125}}
Aug 24 21:47:51.294325 np0000008021 nova-scheduler[96721]: DEBUG oslo.service.backend._threading.loopingcall [None req-f5ee09d2-011c-4137-b067-790b48f5c5cf None None] Dynamic interval looping call 'nova.service.Service.periodic_tasks' sleeping for 60.00 seconds {{(pid=96721) _run_loop /opt/stack/data/venv/lib/python3.12/site-packages/oslo_service/backend/_threading/loopingcall.py:125}}
Aug 24 21:47:52.309988 np0000008021 nova-scheduler[96725]: DEBUG oslo.service.backend._threading.loopingcall [None req-759f57c3-a602-4463-a0e7-b8c9ba06fad8 None None] Dynamic interval looping call 'nova.service.Service.periodic_tasks' sleeping for 60.00 seconds {{(pid=96725) _run_loop /opt/stack/data/venv/lib/python3.12/site-packages/oslo_service/backend/_threading/loopingcall.py:125}}
Aug 24 21:47:53.293883 np0000008021 nova-scheduler[96721]: DEBUG dbcounter [-] [96721] Writing DB stats nova_cell0:SELECT=1,nova_cell0:UPDATE=1 {{(pid=96721) stat_writer /opt/stack/data/venv/lib/python3.12/site-packages/dbcounter.py:115}}
Aug 24 21:47:53.311943 np0000008021 nova-scheduler[96725]: DEBUG dbcounter [-] [96725] Writing DB stats nova_cell0:SELECT=1 {{(pid=96725) stat_writer /opt/stack/data/venv/lib/python3.12/site-packages/dbcounter.py:115}}
Aug 24 21:47:53.320170 np0000008021 nova-scheduler[96723]: DEBUG dbcounter [-] [96723] Writing DB stats nova_cell0:SELECT=1 {{(pid=96723) stat_writer /opt/stack/data/venv/lib/python3.12/site-packages/dbcounter.py:115}}
Aug 24 21:47:53.320884 np0000008021 nova-scheduler[96727]: DEBUG dbcounter [-] [96727] Writing DB stats nova_cell0:SELECT=1 {{(pid=96727) stat_writer /opt/stack/data/venv/lib/python3.12/site-packages/dbcounter.py:115}}
Aug 24 21:48:08.932695 np0000008021 nova-scheduler[96721]: DEBUG nova.scheduler.manager [None req-8567df08-6750-47e2-9765-f3525b31a3b7 tempest-ServerActionsTestOtherA-2116533977 tempest-ServerActionsTestOtherA-2116533977-project-member] Starting to schedule for instances: ['3cc2430e-a647-437f-95d5-0ca0adbf76ab'] {{(pid=96721) select_destinations /opt/stack/nova/nova/scheduler/manager.py:197}}
Aug 24 21:48:08.933557 np0000008021 nova-scheduler[96721]: DEBUG nova.scheduler.request_filter [None req-8567df08-6750-47e2-9765-f3525b31a3b7 tempest-ServerActionsTestOtherA-2116533977 tempest-ServerActionsTestOtherA-2116533977-project-member] compute_status_filter request filter added forbidden trait COMPUTE_STATUS_DISABLED {{(pid=96721) compute_status_filter /opt/stack/nova/nova/scheduler/request_filter.py:258}}
Aug 24 21:48:08.933698 np0000008021 nova-scheduler[96721]: DEBUG nova.scheduler.request_filter [None req-8567df08-6750-47e2-9765-f3525b31a3b7 tempest-ServerActionsTestOtherA-2116533977 tempest-ServerActionsTestOtherA-2116533977-project-member] Request filter 'compute_status_filter' took 0.0 seconds {{(pid=96721) wrapper /opt/stack/nova/nova/scheduler/request_filter.py:51}}
Aug 24 21:48:08.933990 np0000008021 nova-scheduler[96721]: DEBUG nova.scheduler.request_filter [None req-8567df08-6750-47e2-9765-f3525b31a3b7 tempest-ServerActionsTestOtherA-2116533977 tempest-ServerActionsTestOtherA-2116533977-project-member] Request filter 'accelerators_filter' took 0.0 seconds {{(pid=96721) wrapper /opt/stack/nova/nova/scheduler/request_filter.py:51}}
Aug 24 21:48:08.934246 np0000008021 nova-scheduler[96721]: DEBUG nova.scheduler.request_filter [None req-8567df08-6750-47e2-9765-f3525b31a3b7 tempest-ServerActionsTestOtherA-2116533977 tempest-ServerActionsTestOtherA-2116533977-project-member] Request filter 'packed_virtqueue_filter' took 0.0 seconds {{(pid=96721) wrapper /opt/stack/nova/nova/scheduler/request_filter.py:51}}
Aug 24 21:48:08.934553 np0000008021 nova-scheduler[96721]: DEBUG nova.scheduler.request_filter [None req-8567df08-6750-47e2-9765-f3525b31a3b7 tempest-ServerActionsTestOtherA-2116533977 tempest-ServerActionsTestOtherA-2116533977-project-member] Request filter 'remote_managed_ports_filter' took 0.0 seconds {{(pid=96721) wrapper /opt/stack/nova/nova/scheduler/request_filter.py:51}}
Aug 24 21:48:08.934723 np0000008021 nova-scheduler[96721]: DEBUG nova.scheduler.request_filter [None req-8567df08-6750-47e2-9765-f3525b31a3b7 tempest-ServerActionsTestOtherA-2116533977 tempest-ServerActionsTestOtherA-2116533977-project-member] ephemeral_encryption_filter skipped {{(pid=96721) ephemeral_encryption_filter /opt/stack/nova/nova/scheduler/request_filter.py:431}}
Aug 24 21:48:08.934926 np0000008021 nova-scheduler[96721]: DEBUG nova.scheduler.request_filter [None req-8567df08-6750-47e2-9765-f3525b31a3b7 tempest-ServerActionsTestOtherA-2116533977 tempest-ServerActionsTestOtherA-2116533977-project-member] virtio_sound_filter skipped {{(pid=96721) virtio_sound_filter /opt/stack/nova/nova/scheduler/request_filter.py:465}}
Aug 24 21:48:08.935144 np0000008021 nova-scheduler[96721]: DEBUG nova.scheduler.request_filter [None req-8567df08-6750-47e2-9765-f3525b31a3b7 tempest-ServerActionsTestOtherA-2116533977 tempest-ServerActionsTestOtherA-2116533977-project-member] tpm_secret_security_filter skipped {{(pid=96721) tpm_secret_security_filter /opt/stack/nova/nova/scheduler/request_filter.py:482}}
Aug 24 21:48:08.935686 np0000008021 nova-scheduler[96721]: DEBUG oslo_concurrency.lockutils [None req-8567df08-6750-47e2-9765-f3525b31a3b7 tempest-ServerActionsTestOtherA-2116533977 tempest-ServerActionsTestOtherA-2116533977-project-member] Acquiring lock "00000000-0000-0000-0000-000000000000" by "nova.context.set_target_cell..get_or_set_cached_cell_and_set_connections" {{(pid=96721) inner /opt/stack/data/venv/lib/python3.12/site-packages/oslo_concurrency/lockutils.py:512}}
Aug 24 21:48:08.936376 np0000008021 nova-scheduler[96721]: DEBUG oslo_concurrency.lockutils [None req-8567df08-6750-47e2-9765-f3525b31a3b7 tempest-ServerActionsTestOtherA-2116533977 tempest-ServerActionsTestOtherA-2116533977-project-member] Lock "00000000-0000-0000-0000-000000000000" acquired by "nova.context.set_target_cell..get_or_set_cached_cell_and_set_connections" :: waited 0.001s {{(pid=96721) inner /opt/stack/data/venv/lib/python3.12/site-packages/oslo_concurrency/lockutils.py:525}}
Aug 24 21:48:08.937157 np0000008021 nova-scheduler[96721]: DEBUG oslo_concurrency.lockutils [None req-8567df08-6750-47e2-9765-f3525b31a3b7 tempest-ServerActionsTestOtherA-2116533977 tempest-ServerActionsTestOtherA-2116533977-project-member] Lock "00000000-0000-0000-0000-000000000000" "released" by "nova.context.set_target_cell..get_or_set_cached_cell_and_set_connections" :: held 0.001s {{(pid=96721) inner /opt/stack/data/venv/lib/python3.12/site-packages/oslo_concurrency/lockutils.py:544}}
Aug 24 21:48:08.937476 np0000008021 nova-scheduler[96721]: INFO nova.thread_pool_factory [None req-8567df08-6750-47e2-9765-f3525b31a3b7 tempest-ServerActionsTestOtherA-2116533977 tempest-ServerActionsTestOtherA-2116533977-project-member] The cell_worker thread pool ForkProcess-1.cell_worker is initialized
Aug 24 21:48:08.938252 np0000008021 nova-scheduler[96721]: DEBUG oslo_concurrency.lockutils [None req-8567df08-6750-47e2-9765-f3525b31a3b7 tempest-ServerActionsTestOtherA-2116533977 tempest-ServerActionsTestOtherA-2116533977-project-member] Acquiring lock "366259e1-0f21-4f96-9432-3c23afa989b3" by "nova.context.set_target_cell..get_or_set_cached_cell_and_set_connections" {{(pid=96721) inner /opt/stack/data/venv/lib/python3.12/site-packages/oslo_concurrency/lockutils.py:512}}
Aug 24 21:48:08.938456 np0000008021 nova-scheduler[96721]: DEBUG oslo_concurrency.lockutils [None req-8567df08-6750-47e2-9765-f3525b31a3b7 tempest-ServerActionsTestOtherA-2116533977 tempest-ServerActionsTestOtherA-2116533977-project-member] Lock "366259e1-0f21-4f96-9432-3c23afa989b3" acquired by "nova.context.set_target_cell..get_or_set_cached_cell_and_set_connections" :: waited 0.000s {{(pid=96721) inner /opt/stack/data/venv/lib/python3.12/site-packages/oslo_concurrency/lockutils.py:525}}
Aug 24 21:48:08.941180 np0000008021 nova-scheduler[96721]: INFO dbcounter [None req-8567df08-6750-47e2-9765-f3525b31a3b7 tempest-ServerActionsTestOtherA-2116533977 tempest-ServerActionsTestOtherA-2116533977-project-member] Registered counter for database nova_cell0
