Aug 26 15:05:31.644818 np0000008162 devstack@g-api.service[99719]: DEBUG glance.api.middleware.version_negotiation [None req-6c527835-1ab3-437f-9b63-642df097a641 tempest-ServersNegativeTestJSON-1778489066 tempest-ServersNegativeTestJSON-1778489066-project-member] Determining version of request: GET / Accept: application/json {{(pid=99719) process_request /opt/stack/glance/glance/api/middleware/version_negotiation.py:44}}
Aug 26 15:05:31.645244 np0000008162 devstack@g-api.service[99719]: DEBUG glance.api.middleware.version_negotiation [None req-6c527835-1ab3-437f-9b63-642df097a641 tempest-ServersNegativeTestJSON-1778489066 tempest-ServersNegativeTestJSON-1778489066-project-member] Using url versioning {{(pid=99719) process_request /opt/stack/glance/glance/api/middleware/version_negotiation.py:57}}
Aug 26 15:05:31.645244 np0000008162 devstack@g-api.service[99719]: DEBUG glance.api.middleware.version_negotiation [None req-6c527835-1ab3-437f-9b63-642df097a641 tempest-ServersNegativeTestJSON-1778489066 tempest-ServersNegativeTestJSON-1778489066-project-member] Unknown version. Returning version choices. {{(pid=99719) process_request /opt/stack/glance/glance/api/middleware/version_negotiation.py:64}}
Aug 26 15:05:31.646301 np0000008162 devstack@g-api.service[99719]: [pid: 99719|app: 0|req: 128/401] 127.0.0.1 () {38 vars in 542 bytes} [Wed Aug 26 15:05:31 2026] GET / => generated 1515 bytes in 1 msecs (HTTP/1.1 300) 3 headers in 106 bytes (1 switches on core 0)
Aug 26 15:05:33.353207 np0000008162 devstack@g-api.service[99718]: DEBUG glance.api.middleware.version_negotiation [None req-a8c77f02-83ed-46f4-a4e7-22dc28a6ebe4 tempest-ServerStableDeviceRescueTest-940617882 tempest-ServerStableDeviceRescueTest-940617882-project-member] Determining version of request: GET /v2/schemas/image Accept: */* {{(pid=99718) process_request /opt/stack/glance/glance/api/middleware/version_negotiation.py:44}}
Aug 26 15:05:33.353792 np0000008162 devstack@g-api.service[99718]: DEBUG glance.api.middleware.version_negotiation [None req-a8c77f02-83ed-46f4-a4e7-22dc28a6ebe4 tempest-ServerStableDeviceRescueTest-940617882 tempest-ServerStableDeviceRescueTest-940617882-project-member] Using url versioning {{(pid=99718) process_request /opt/stack/glance/glance/api/middleware/version_negotiation.py:57}}
Aug 26 15:05:33.353792 np0000008162 devstack@g-api.service[99718]: DEBUG glance.api.middleware.version_negotiation [None req-a8c77f02-83ed-46f4-a4e7-22dc28a6ebe4 tempest-ServerStableDeviceRescueTest-940617882 tempest-ServerStableDeviceRescueTest-940617882-project-member] Matched version: v2 {{(pid=99718) process_request /opt/stack/glance/glance/api/middleware/version_negotiation.py:69}}
Aug 26 15:05:33.353904 np0000008162 devstack@g-api.service[99718]: DEBUG glance.api.middleware.version_negotiation [None req-a8c77f02-83ed-46f4-a4e7-22dc28a6ebe4 tempest-ServerStableDeviceRescueTest-940617882 tempest-ServerStableDeviceRescueTest-940617882-project-member] new path /v2/schemas/image {{(pid=99718) process_request /opt/stack/glance/glance/api/middleware/version_negotiation.py:70}}
Aug 26 15:05:33.357892 np0000008162 devstack@g-api.service[99718]: [pid: 99718|app: 0|req: 132/402] 127.0.0.1 () {44 vars in 1055 bytes} [Wed Aug 26 15:05:33 2026] GET /v2/schemas/image => generated 6083 bytes in 5 msecs (HTTP/1.1 200) 4 headers in 158 bytes (1 switches on core 0)
Aug 26 15:05:33.368887 np0000008162 devstack@g-api.service[99717]: DEBUG glance.api.middleware.version_negotiation [None req-a8c77f02-83ed-46f4-a4e7-22dc28a6ebe4 tempest-ServerStableDeviceRescueTest-940617882 tempest-ServerStableDeviceRescueTest-940617882-project-member] Determining version of request: POST /v2/images Accept: */* {{(pid=99717) process_request /opt/stack/glance/glance/api/middleware/version_negotiation.py:44}}
Aug 26 15:05:33.368887 np0000008162 devstack@g-api.service[99717]: DEBUG glance.api.middleware.version_negotiation [None req-a8c77f02-83ed-46f4-a4e7-22dc28a6ebe4 tempest-ServerStableDeviceRescueTest-940617882 tempest-ServerStableDeviceRescueTest-940617882-project-member] Using url versioning {{(pid=99717) process_request /opt/stack/glance/glance/api/middleware/version_negotiation.py:57}}
Aug 26 15:05:33.369517 np0000008162 devstack@g-api.service[99717]: DEBUG glance.api.middleware.version_negotiation [None req-a8c77f02-83ed-46f4-a4e7-22dc28a6ebe4 tempest-ServerStableDeviceRescueTest-940617882 tempest-ServerStableDeviceRescueTest-940617882-project-member] Matched version: v2 {{(pid=99717) process_request /opt/stack/glance/glance/api/middleware/version_negotiation.py:69}}
Aug 26 15:05:33.369517 np0000008162 devstack@g-api.service[99717]: DEBUG glance.api.middleware.version_negotiation [None req-a8c77f02-83ed-46f4-a4e7-22dc28a6ebe4 tempest-ServerStableDeviceRescueTest-940617882 tempest-ServerStableDeviceRescueTest-940617882-project-member] new path /v2/images {{(pid=99717) process_request /opt/stack/glance/glance/api/middleware/version_negotiation.py:70}}
Aug 26 15:05:34.041749 np0000008162 devstack@g-api.service[99717]: [pid: 99717|app: 0|req: 143/403] 127.0.0.1 () {46 vars in 1055 bytes} [Wed Aug 26 15:05:33 2026] POST /v2/images => generated 649 bytes in 673 msecs (HTTP/1.1 201) 6 headers in 315 bytes (1 switches on core 0)
Aug 26 15:05:34.051597 np0000008162 devstack@g-api.service[99719]: DEBUG glance.api.middleware.version_negotiation [None req-6c527835-1ab3-437f-9b63-642df097a641 tempest-ServersNegativeTestJSON-1778489066 tempest-ServersNegativeTestJSON-1778489066-project-member] Determining version of request: GET /v2/schemas/image Accept: */* {{(pid=99719) process_request /opt/stack/glance/glance/api/middleware/version_negotiation.py:44}}
Aug 26 15:05:34.052013 np0000008162 devstack@g-api.service[99719]: DEBUG glance.api.middleware.version_negotiation [None req-6c527835-1ab3-437f-9b63-642df097a641 tempest-ServersNegativeTestJSON-1778489066 tempest-ServersNegativeTestJSON-1778489066-project-member] Using url versioning {{(pid=99719) process_request /opt/stack/glance/glance/api/middleware/version_negotiation.py:57}}
Aug 26 15:05:34.052013 np0000008162 devstack@g-api.service[99719]: DEBUG glance.api.middleware.version_negotiation [None req-6c527835-1ab3-437f-9b63-642df097a641 tempest-ServersNegativeTestJSON-1778489066 tempest-ServersNegativeTestJSON-1778489066-project-member] Matched version: v2 {{(pid=99719) process_request /opt/stack/glance/glance/api/middleware/version_negotiation.py:69}}
Aug 26 15:05:34.052551 np0000008162 devstack@g-api.service[99719]: DEBUG glance.api.middleware.version_negotiation [None req-6c527835-1ab3-437f-9b63-642df097a641 tempest-ServersNegativeTestJSON-1778489066 tempest-ServersNegativeTestJSON-1778489066-project-member] new path /v2/schemas/image {{(pid=99719) process_request /opt/stack/glance/glance/api/middleware/version_negotiation.py:70}}
Aug 26 15:05:34.058670 np0000008162 devstack@g-api.service[99719]: [pid: 99719|app: 0|req: 129/404] 127.0.0.1 () {44 vars in 1055 bytes} [Wed Aug 26 15:05:34 2026] GET /v2/schemas/image => generated 6083 bytes in 7 msecs (HTTP/1.1 200) 4 headers in 158 bytes (1 switches on core 0)
Aug 26 15:05:34.075086 np0000008162 devstack@g-api.service[99718]: DEBUG glance.api.middleware.version_negotiation [None req-bf2dc404-8aaa-48c3-ad2c-c59a8bf63a1f tempest-TestImageHashVerification-6585689 tempest-TestImageHashVerification-6585689-project-member] Determining version of request: GET /v2/images/db160252-13a5-43f4-bb2b-b19cb8da1d1e Accept: application/json {{(pid=99718) process_request /opt/stack/glance/glance/api/middleware/version_negotiation.py:44}}
Aug 26 15:05:34.075303 np0000008162 devstack@g-api.service[99718]: DEBUG glance.api.middleware.version_negotiation [None req-bf2dc404-8aaa-48c3-ad2c-c59a8bf63a1f tempest-TestImageHashVerification-6585689 tempest-TestImageHashVerification-6585689-project-member] Using url versioning {{(pid=99718) process_request /opt/stack/glance/glance/api/middleware/version_negotiation.py:57}}
Aug 26 15:05:34.075556 np0000008162 devstack@g-api.service[99718]: DEBUG glance.api.middleware.version_negotiation [None req-bf2dc404-8aaa-48c3-ad2c-c59a8bf63a1f tempest-TestImageHashVerification-6585689 tempest-TestImageHashVerification-6585689-project-member] Matched version: v2 {{(pid=99718) process_request /opt/stack/glance/glance/api/middleware/version_negotiation.py:69}}
Aug 26 15:05:34.075727 np0000008162 devstack@g-api.service[99718]: DEBUG glance.api.middleware.version_negotiation [None req-bf2dc404-8aaa-48c3-ad2c-c59a8bf63a1f tempest-TestImageHashVerification-6585689 tempest-TestImageHashVerification-6585689-project-member] new path /v2/images/db160252-13a5-43f4-bb2b-b19cb8da1d1e {{(pid=99718) process_request /opt/stack/glance/glance/api/middleware/version_negotiation.py:70}}
Aug 26 15:05:34.093527 np0000008162 devstack@g-api.service[99718]: [pid: 99718|app: 0|req: 133/405] 127.0.0.1 () {40 vars in 838 bytes} [Wed Aug 26 15:05:34 2026] GET /v2/images/db160252-13a5-43f4-bb2b-b19cb8da1d1e => generated 649 bytes in 18 msecs (HTTP/1.1 200) 4 headers in 157 bytes (1 switches on core 0)
Aug 26 15:05:34.418055 np0000008162 devstack@g-api.service[99717]: DEBUG glance.api.middleware.version_negotiation [None req-bf2dc404-8aaa-48c3-ad2c-c59a8bf63a1f tempest-TestImageHashVerification-6585689 tempest-TestImageHashVerification-6585689-project-member] Determining version of request: PUT /v2/images/db160252-13a5-43f4-bb2b-b19cb8da1d1e/file Accept: */* {{(pid=99717) process_request /opt/stack/glance/glance/api/middleware/version_negotiation.py:44}}
Aug 26 15:05:34.418487 np0000008162 devstack@g-api.service[99717]: DEBUG glance.api.middleware.version_negotiation [None req-bf2dc404-8aaa-48c3-ad2c-c59a8bf63a1f tempest-TestImageHashVerification-6585689 tempest-TestImageHashVerification-6585689-project-member] Using url versioning {{(pid=99717) process_request /opt/stack/glance/glance/api/middleware/version_negotiation.py:57}}
Aug 26 15:05:34.418868 np0000008162 devstack@g-api.service[99717]: DEBUG glance.api.middleware.version_negotiation [None req-bf2dc404-8aaa-48c3-ad2c-c59a8bf63a1f tempest-TestImageHashVerification-6585689 tempest-TestImageHashVerification-6585689-project-member] Matched version: v2 {{(pid=99717) process_request /opt/stack/glance/glance/api/middleware/version_negotiation.py:69}}
Aug 26 15:05:34.419076 np0000008162 devstack@g-api.service[99717]: DEBUG glance.api.middleware.version_negotiation [None req-bf2dc404-8aaa-48c3-ad2c-c59a8bf63a1f tempest-TestImageHashVerification-6585689 tempest-TestImageHashVerification-6585689-project-member] new path /v2/images/db160252-13a5-43f4-bb2b-b19cb8da1d1e/file {{(pid=99717) process_request /opt/stack/glance/glance/api/middleware/version_negotiation.py:70}}
Aug 26 15:05:35.104497 np0000008162 devstack@g-api.service[99719]: DEBUG glance.api.middleware.version_negotiation [None req-bf2dc404-8aaa-48c3-ad2c-c59a8bf63a1f tempest-TestImageHashVerification-6585689 tempest-TestImageHashVerification-6585689-project-member] Determining version of request: GET /v2/images/db160252-13a5-43f4-bb2b-b19cb8da1d1e Accept: application/json {{(pid=99719) process_request /opt/stack/glance/glance/api/middleware/version_negotiation.py:44}}
Aug 26 15:05:35.105149 np0000008162 devstack@g-api.service[99719]: DEBUG glance.api.middleware.version_negotiation [None req-bf2dc404-8aaa-48c3-ad2c-c59a8bf63a1f tempest-TestImageHashVerification-6585689 tempest-TestImageHashVerification-6585689-project-member] Using url versioning {{(pid=99719) process_request /opt/stack/glance/glance/api/middleware/version_negotiation.py:57}}
Aug 26 15:05:35.105149 np0000008162 devstack@g-api.service[99719]: DEBUG glance.api.middleware.version_negotiation [None req-bf2dc404-8aaa-48c3-ad2c-c59a8bf63a1f tempest-TestImageHashVerification-6585689 tempest-TestImageHashVerification-6585689-project-member] Matched version: v2 {{(pid=99719) process_request /opt/stack/glance/glance/api/middleware/version_negotiation.py:69}}
Aug 26 15:05:35.105149 np0000008162 devstack@g-api.service[99719]: DEBUG glance.api.middleware.version_negotiation [None req-bf2dc404-8aaa-48c3-ad2c-c59a8bf63a1f tempest-TestImageHashVerification-6585689 tempest-TestImageHashVerification-6585689-project-member] new path /v2/images/db160252-13a5-43f4-bb2b-b19cb8da1d1e {{(pid=99719) process_request /opt/stack/glance/glance/api/middleware/version_negotiation.py:70}}
Aug 26 15:05:35.130525 np0000008162 devstack@g-api.service[99719]: [pid: 99719|app: 0|req: 130/406] 127.0.0.1 () {40 vars in 838 bytes} [Wed Aug 26 15:05:35 2026] GET /v2/images/db160252-13a5-43f4-bb2b-b19cb8da1d1e => generated 649 bytes in 26 msecs (HTTP/1.1 200) 4 headers in 157 bytes (1 switches on core 0)
Aug 26 15:05:35.289631 np0000008162 devstack@g-api.service[99717]: INFO glance.api.v2.image_data [None req-bf2dc404-8aaa-48c3-ad2c-c59a8bf63a1f tempest-TestImageHashVerification-6585689 tempest-TestImageHashVerification-6585689-project-member] Unable to create trust: no such option collect_timing in group [keystone_authtoken] Use the existing user token.
Aug 26 15:05:36.013407 np0000008162 devstack@g-api.service[99717]: DEBUG glance.location [None req-bf2dc404-8aaa-48c3-ad2c-c59a8bf63a1f tempest-TestImageHashVerification-6585689 tempest-TestImageHashVerification-6585689-project-member] Enabling in-flight format inspection for raw {{(pid=99717) set_data /opt/stack/glance/glance/location.py:596}}
Aug 26 15:05:36.014013 np0000008162 devstack@g-api.service[99717]: DEBUG glance_store.backend [None req-bf2dc404-8aaa-48c3-ad2c-c59a8bf63a1f tempest-TestImageHashVerification-6585689 tempest-TestImageHashVerification-6585689-project-member] Attempting to import store swift {{(pid=99717) _load_store /opt/stack/data/venv/lib/python3.12/site-packages/glance_store/backend.py:215}}
Aug 26 15:05:36.017329 np0000008162 devstack@g-api.service[99717]: DEBUG glance_store.capabilities [None req-bf2dc404-8aaa-48c3-ad2c-c59a8bf63a1f tempest-TestImageHashVerification-6585689 tempest-TestImageHashVerification-6585689-project-member] Store glance_store._drivers.swift.store.SingleTenantStore doesn't support updating dynamic storage capabilities. Please overwrite 'update_capabilities' method of the store to implement updating logics if needed. {{(pid=99717) update_capabilities /opt/stack/data/venv/lib/python3.12/site-packages/glance_store/capabilities.py:91}}
Aug 26 15:05:36.017533 np0000008162 devstack@g-api.service[99717]: DEBUG glance_store.driver [None req-bf2dc404-8aaa-48c3-ad2c-c59a8bf63a1f tempest-TestImageHashVerification-6585689 tempest-TestImageHashVerification-6585689-project-member] Late loading location class glance_store._drivers.swift.store.StoreLocation {{(pid=99717) get_store_location_class /opt/stack/data/venv/lib/python3.12/site-packages/glance_store/driver.py:134}}
Aug 26 15:05:36.017802 np0000008162 devstack@g-api.service[99717]: DEBUG glance_store.location [None req-bf2dc404-8aaa-48c3-ad2c-c59a8bf63a1f tempest-TestImageHashVerification-6585689 tempest-TestImageHashVerification-6585689-project-member] Registering scheme swift+https with {'store': , 'location_class': , 'store_entry': 'swift'} {{(pid=99717) register_scheme_map /opt/stack/data/venv/lib/python3.12/site-packages/glance_store/location.py:146}}
Aug 26 15:05:36.017939 np0000008162 devstack@g-api.service[99717]: DEBUG glance_store.location [None req-bf2dc404-8aaa-48c3-ad2c-c59a8bf63a1f tempest-TestImageHashVerification-6585689 tempest-TestImageHashVerification-6585689-project-member] Registering scheme swift+https with {'store': , 'location_class': , 'store_entry': 'swift'} {{(pid=99717) register_scheme_map /opt/stack/data/venv/lib/python3.12/site-packages/glance_store/location.py:146}}
Aug 26 15:05:36.018050 np0000008162 devstack@g-api.service[99717]: DEBUG glance_store.location [None req-bf2dc404-8aaa-48c3-ad2c-c59a8bf63a1f tempest-TestImageHashVerification-6585689 tempest-TestImageHashVerification-6585689-project-member] Registering scheme swift with {'store': , 'location_class': , 'store_entry': 'swift'} {{(pid=99717) register_scheme_map /opt/stack/data/venv/lib/python3.12/site-packages/glance_store/location.py:146}}
Aug 26 15:05:36.018165 np0000008162 devstack@g-api.service[99717]: DEBUG glance_store.location [None req-bf2dc404-8aaa-48c3-ad2c-c59a8bf63a1f tempest-TestImageHashVerification-6585689 tempest-TestImageHashVerification-6585689-project-member] Registering scheme swift+https with {'store': , 'location_class': , 'store_entry': 'swift'} {{(pid=99717) register_scheme_map /opt/stack/data/venv/lib/python3.12/site-packages/glance_store/location.py:146}}
Aug 26 15:05:36.019016 np0000008162 devstack@g-api.service[99717]: DEBUG glance_store.location [None req-bf2dc404-8aaa-48c3-ad2c-c59a8bf63a1f tempest-TestImageHashVerification-6585689 tempest-TestImageHashVerification-6585689-project-member] Registering scheme swift with {'store': , 'location_class': , 'store_entry': 'swift'} {{(pid=99717) register_scheme_map /opt/stack/data/venv/lib/python3.12/site-packages/glance_store/location.py:146}}
Aug 26 15:05:36.019016 np0000008162 devstack@g-api.service[99717]: DEBUG glance_store.location [None req-bf2dc404-8aaa-48c3-ad2c-c59a8bf63a1f tempest-TestImageHashVerification-6585689 tempest-TestImageHashVerification-6585689-project-member] Registering scheme swift+http with {'store': , 'location_class': , 'store_entry': 'swift'} {{(pid=99717) register_scheme_map /opt/stack/data/venv/lib/python3.12/site-packages/glance_store/location.py:146}}
Aug 26 15:05:36.019016 np0000008162 devstack@g-api.service[99717]: DEBUG glance_store.location [None req-bf2dc404-8aaa-48c3-ad2c-c59a8bf63a1f tempest-TestImageHashVerification-6585689 tempest-TestImageHashVerification-6585689-project-member] Registering scheme swift+https with {'store': , 'location_class': , 'store_entry': 'swift'} {{(pid=99717) register_scheme_map /opt/stack/data/venv/lib/python3.12/site-packages/glance_store/location.py:146}}
Aug 26 15:05:36.019016 np0000008162 devstack@g-api.service[99717]: DEBUG glance_store.location [None req-bf2dc404-8aaa-48c3-ad2c-c59a8bf63a1f tempest-TestImageHashVerification-6585689 tempest-TestImageHashVerification-6585689-project-member] Registering scheme swift with {'store': , 'location_class': , 'store_entry': 'swift'} {{(pid=99717) register_scheme_map /opt/stack/data/venv/lib/python3.12/site-packages/glance_store/location.py:146}}
Aug 26 15:05:36.019016 np0000008162 devstack@g-api.service[99717]: DEBUG glance_store.location [None req-bf2dc404-8aaa-48c3-ad2c-c59a8bf63a1f tempest-TestImageHashVerification-6585689 tempest-TestImageHashVerification-6585689-project-member] Registering scheme swift+http with {'store': , 'location_class': , 'store_entry': 'swift'} {{(pid=99717) register_scheme_map /opt/stack/data/venv/lib/python3.12/site-packages/glance_store/location.py:146}}
Aug 26 15:05:36.019016 np0000008162 devstack@g-api.service[99717]: DEBUG glance_store.location [None req-bf2dc404-8aaa-48c3-ad2c-c59a8bf63a1f tempest-TestImageHashVerification-6585689 tempest-TestImageHashVerification-6585689-project-member] Registering scheme swift+config with {'store': , 'location_class': , 'store_entry': 'swift'} {{(pid=99717) register_scheme_map /opt/stack/data/venv/lib/python3.12/site-packages/glance_store/location.py:146}}
Aug 26 15:05:36.136413 np0000008162 devstack@g-api.service[99718]: DEBUG glance.api.middleware.version_negotiation [None req-9e008103-1da0-40d2-9d6f-dbc45b2bc3ae tempest-TestImageHashVerification-6585689 tempest-TestImageHashVerification-6585689-project-member] Determining version of request: GET /v2/images/db160252-13a5-43f4-bb2b-b19cb8da1d1e Accept: application/json {{(pid=99718) process_request /opt/stack/glance/glance/api/middleware/version_negotiation.py:44}}
Aug 26 15:05:36.136846 np0000008162 devstack@g-api.service[99718]: DEBUG glance.api.middleware.version_negotiation [None req-9e008103-1da0-40d2-9d6f-dbc45b2bc3ae tempest-TestImageHashVerification-6585689 tempest-TestImageHashVerification-6585689-project-member] Using url versioning {{(pid=99718) process_request /opt/stack/glance/glance/api/middleware/version_negotiation.py:57}}
Aug 26 15:05:36.136846 np0000008162 devstack@g-api.service[99718]: DEBUG glance.api.middleware.version_negotiation [None req-9e008103-1da0-40d2-9d6f-dbc45b2bc3ae tempest-TestImageHashVerification-6585689 tempest-TestImageHashVerification-6585689-project-member] Matched version: v2 {{(pid=99718) process_request /opt/stack/glance/glance/api/middleware/version_negotiation.py:69}}
Aug 26 15:05:36.136943 np0000008162 devstack@g-api.service[99718]: DEBUG glance.api.middleware.version_negotiation [None req-9e008103-1da0-40d2-9d6f-dbc45b2bc3ae tempest-TestImageHashVerification-6585689 tempest-TestImageHashVerification-6585689-project-member] new path /v2/images/db160252-13a5-43f4-bb2b-b19cb8da1d1e {{(pid=99718) process_request /opt/stack/glance/glance/api/middleware/version_negotiation.py:70}}
Aug 26 15:05:36.157759 np0000008162 devstack@g-api.service[99718]: [pid: 99718|app: 0|req: 134/407] 127.0.0.1 () {40 vars in 838 bytes} [Wed Aug 26 15:05:36 2026] GET /v2/images/db160252-13a5-43f4-bb2b-b19cb8da1d1e => generated 649 bytes in 21 msecs (HTTP/1.1 200) 4 headers in 157 bytes (1 switches on core 0)
Aug 26 15:05:36.285970 np0000008162 devstack@g-api.service[99717]: DEBUG swiftclient [None req-bf2dc404-8aaa-48c3-ad2c-c59a8bf63a1f tempest-TestImageHashVerification-6585689 tempest-TestImageHashVerification-6585689-project-member] REQ: curl -i https://10.4.3.214:8080/v1/AUTH_7c9c2ff8deb14cff88a4e56f6a3ddeaa/glance -I -H "X-Auth-Token: gAAAAABqjwDAvBYw..." {{(pid=99717) http_log /opt/stack/data/venv/lib/python3.12/site-packages/swiftclient/client.py:160}}
Aug 26 15:05:36.286059 np0000008162 devstack@g-api.service[99717]: DEBUG swiftclient [None req-bf2dc404-8aaa-48c3-ad2c-c59a8bf63a1f tempest-TestImageHashVerification-6585689 tempest-TestImageHashVerification-6585689-project-member] RESP STATUS: 204 No Content {{(pid=99717) http_log /opt/stack/data/venv/lib/python3.12/site-packages/swiftclient/client.py:161}}
Aug 26 15:05:36.286220 np0000008162 devstack@g-api.service[99717]: DEBUG swiftclient [None req-bf2dc404-8aaa-48c3-ad2c-c59a8bf63a1f tempest-TestImageHashVerification-6585689 tempest-TestImageHashVerification-6585689-project-member] RESP HEADERS: {'Date': 'Wed, 26 Aug 2026 15:05:36 GMT', 'Server': 'Apache/2.4.58 (Ubuntu)', 'Content-Type': 'text/plain; charset=utf-8', 'X-Container-Object-Count': '7', 'X-Container-Bytes-Used': '139984896', 'X-Timestamp': '1787756263.06681', 'Last-Modified': 'Wed, 26 Aug 2026 14:57:44 GMT', 'Accept-Ranges': 'bytes', 'X-Storage-Policy': 'Policy-0', 'X-Container-Sharding': 'False', 'Vary': 'Accept', 'X-Trans-Id': 'txd46a148dc2c34b70b173c-006a8f00c0', 'X-Openstack-Request-Id': 'txd46a148dc2c34b70b173c-006a8f00c0', 'Connection': 'close'} {{(pid=99717) http_log /opt/stack/data/venv/lib/python3.12/site-packages/swiftclient/client.py:162}}
Aug 26 15:05:36.286389 np0000008162 devstack@g-api.service[99717]: DEBUG glance_store._drivers.swift.store [None req-bf2dc404-8aaa-48c3-ad2c-c59a8bf63a1f tempest-TestImageHashVerification-6585689 tempest-TestImageHashVerification-6585689-project-member] Adding image object 'db160252-13a5-43f4-bb2b-b19cb8da1d1e' to Swift {{(pid=99717) add /opt/stack/data/venv/lib/python3.12/site-packages/glance_store/_drivers/swift/store.py:970}}
Aug 26 15:05:36.286555 np0000008162 devstack@g-api.service[99717]: DEBUG glance_store._drivers.swift.store [None req-bf2dc404-8aaa-48c3-ad2c-c59a8bf63a1f tempest-TestImageHashVerification-6585689 tempest-TestImageHashVerification-6585689-project-member] Cannot determine image size because it is either not provided in the request or chunked-transfer encoding is used. Adding image as a segmented object to Swift. {{(pid=99717) add /opt/stack/data/venv/lib/python3.12/site-packages/glance_store/_drivers/swift/store.py:994}}
Aug 26 15:05:36.294093 np0000008162 devstack@g-api.service[99717]: DEBUG oslo_utils.imageutils.format_inspector [None req-bf2dc404-8aaa-48c3-ad2c-c59a8bf63a1f tempest-TestImageHashVerification-6585689 tempest-TestImageHashVerification-6585689-project-member] Format inspector for vmdk does not match, excluding from consideration (Signature KDMV not found: b'\x00\x00\x00\x00') {{(pid=99717) _process_chunk /opt/stack/data/venv/lib/python3.12/site-packages/oslo_utils/imageutils/format_inspector.py:1758}}
Aug 26 15:05:36.297553 np0000008162 devstack@g-api.service[99717]: DEBUG oslo_utils.imageutils.format_inspector [None req-bf2dc404-8aaa-48c3-ad2c-c59a8bf63a1f tempest-TestImageHashVerification-6585689 tempest-TestImageHashVerification-6585689-project-member] Format inspector for vhdx does not match, excluding from consideration (Region signature not found at 30000) {{(pid=99717) _process_chunk /opt/stack/data/venv/lib/python3.12/site-packages/oslo_utils/imageutils/format_inspector.py:1758}}
Aug 26 15:05:37.169226 np0000008162 devstack@g-api.service[99719]: DEBUG glance.api.middleware.version_negotiation [None req-ff3b49b9-bcea-42ea-b158-563102f46c26 tempest-TestImageHashVerification-6585689 tempest-TestImageHashVerification-6585689-project-member] Determining version of request: GET /v2/images/db160252-13a5-43f4-bb2b-b19cb8da1d1e Accept: application/json {{(pid=99719) process_request /opt/stack/glance/glance/api/middleware/version_negotiation.py:44}}
Aug 26 15:05:37.169226 np0000008162 devstack@g-api.service[99719]: DEBUG glance.api.middleware.version_negotiation [None req-ff3b49b9-bcea-42ea-b158-563102f46c26 tempest-TestImageHashVerification-6585689 tempest-TestImageHashVerification-6585689-project-member] Using url versioning {{(pid=99719) process_request /opt/stack/glance/glance/api/middleware/version_negotiation.py:57}}
Aug 26 15:05:37.169226 np0000008162 devstack@g-api.service[99719]: DEBUG glance.api.middleware.version_negotiation [None req-ff3b49b9-bcea-42ea-b158-563102f46c26 tempest-TestImageHashVerification-6585689 tempest-TestImageHashVerification-6585689-project-member] Matched version: v2 {{(pid=99719) process_request /opt/stack/glance/glance/api/middleware/version_negotiation.py:69}}
Aug 26 15:05:37.169226 np0000008162 devstack@g-api.service[99719]: DEBUG glance.api.middleware.version_negotiation [None req-ff3b49b9-bcea-42ea-b158-563102f46c26 tempest-TestImageHashVerification-6585689 tempest-TestImageHashVerification-6585689-project-member] new path /v2/images/db160252-13a5-43f4-bb2b-b19cb8da1d1e {{(pid=99719) process_request /opt/stack/glance/glance/api/middleware/version_negotiation.py:70}}
Aug 26 15:05:37.182839 np0000008162 devstack@g-api.service[99719]: [pid: 99719|app: 0|req: 131/408] 127.0.0.1 () {40 vars in 838 bytes} [Wed Aug 26 15:05:37 2026] GET /v2/images/db160252-13a5-43f4-bb2b-b19cb8da1d1e => generated 649 bytes in 15 msecs (HTTP/1.1 200) 4 headers in 157 bytes (1 switches on core 0)
Aug 26 15:05:38.195202 np0000008162 devstack@g-api.service[99718]: DEBUG glance.api.middleware.version_negotiation [None req-01e38dca-7592-4c28-ae45-b15a2712dd09 tempest-TestImageHashVerification-6585689 tempest-TestImageHashVerification-6585689-project-member] Determining version of request: GET /v2/images/db160252-13a5-43f4-bb2b-b19cb8da1d1e Accept: application/json {{(pid=99718) process_request /opt/stack/glance/glance/api/middleware/version_negotiation.py:44}}
Aug 26 15:05:38.195717 np0000008162 devstack@g-api.service[99718]: DEBUG glance.api.middleware.version_negotiation [None req-01e38dca-7592-4c28-ae45-b15a2712dd09 tempest-TestImageHashVerification-6585689 tempest-TestImageHashVerification-6585689-project-member] Using url versioning {{(pid=99718) process_request /opt/stack/glance/glance/api/middleware/version_negotiation.py:57}}
Aug 26 15:05:38.195717 np0000008162 devstack@g-api.service[99718]: DEBUG glance.api.middleware.version_negotiation [None req-01e38dca-7592-4c28-ae45-b15a2712dd09 tempest-TestImageHashVerification-6585689 tempest-TestImageHashVerification-6585689-project-member] Matched version: v2 {{(pid=99718) process_request /opt/stack/glance/glance/api/middleware/version_negotiation.py:69}}
Aug 26 15:05:38.195839 np0000008162 devstack@g-api.service[99718]: DEBUG glance.api.middleware.version_negotiation [None req-01e38dca-7592-4c28-ae45-b15a2712dd09 tempest-TestImageHashVerification-6585689 tempest-TestImageHashVerification-6585689-project-member] new path /v2/images/db160252-13a5-43f4-bb2b-b19cb8da1d1e {{(pid=99718) process_request /opt/stack/glance/glance/api/middleware/version_negotiation.py:70}}
Aug 26 15:05:38.220177 np0000008162 devstack@g-api.service[99718]: [pid: 99718|app: 0|req: 135/409] 127.0.0.1 () {40 vars in 838 bytes} [Wed Aug 26 15:05:38 2026] GET /v2/images/db160252-13a5-43f4-bb2b-b19cb8da1d1e => generated 649 bytes in 25 msecs (HTTP/1.1 200) 4 headers in 157 bytes (1 switches on core 0)
Aug 26 15:05:38.969840 np0000008162 devstack@g-api.service[99717]: DEBUG swiftclient [None req-bf2dc404-8aaa-48c3-ad2c-c59a8bf63a1f tempest-TestImageHashVerification-6585689 tempest-TestImageHashVerification-6585689-project-member] REQ: curl -i https://10.4.3.214:8080/v1/AUTH_7c9c2ff8deb14cff88a4e56f6a3ddeaa/glance/db160252-13a5-43f4-bb2b-b19cb8da1d1e-00001 -X PUT -H "X-Auth-Token: gAAAAABqjwDAvBYw..." {{(pid=99717) http_log /opt/stack/data/venv/lib/python3.12/site-packages/swiftclient/client.py:160}}
Aug 26 15:05:38.970261 np0000008162 devstack@g-api.service[99717]: DEBUG swiftclient [None req-bf2dc404-8aaa-48c3-ad2c-c59a8bf63a1f tempest-TestImageHashVerification-6585689 tempest-TestImageHashVerification-6585689-project-member] RESP STATUS: 201 Created {{(pid=99717) http_log /opt/stack/data/venv/lib/python3.12/site-packages/swiftclient/client.py:161}}
Aug 26 15:05:38.970261 np0000008162 devstack@g-api.service[99717]: DEBUG swiftclient [None req-bf2dc404-8aaa-48c3-ad2c-c59a8bf63a1f tempest-TestImageHashVerification-6585689 tempest-TestImageHashVerification-6585689-project-member] RESP HEADERS: {'Date': 'Wed, 26 Aug 2026 15:05:38 GMT', 'Server': 'Apache/2.4.58 (Ubuntu)', 'Content-Type': 'text/html; charset=UTF-8', 'Content-Length': '0', 'Etag': 'eda9a9889837ac4bc81d6387d92c1bec', 'Last-Modified': 'Wed, 26 Aug 2026 15:05:37 GMT', 'X-Trans-Id': 'tx72397730a0c14384992c8-006a8f00c0', 'X-Openstack-Request-Id': 'tx72397730a0c14384992c8-006a8f00c0', 'Connection': 'close'} {{(pid=99717) http_log /opt/stack/data/venv/lib/python3.12/site-packages/swiftclient/client.py:162}}
Aug 26 15:05:38.970370 np0000008162 devstack@g-api.service[99717]: DEBUG glance_store._drivers.swift.store [None req-bf2dc404-8aaa-48c3-ad2c-c59a8bf63a1f tempest-TestImageHashVerification-6585689 tempest-TestImageHashVerification-6585689-project-member] Wrote chunk db160252-13a5-43f4-bb2b-b19cb8da1d1e-00001 (1/?) of length 204800000 to Swift returning MD5 of content: eda9a9889837ac4bc81d6387d92c1bec {{(pid=99717) add /opt/stack/data/venv/lib/python3.12/site-packages/glance_store/_drivers/swift/store.py:1059}}
Aug 26 15:05:39.232136 np0000008162 devstack@g-api.service[99719]: DEBUG glance.api.middleware.version_negotiation [None req-2d3e8e9b-8c3d-4cc1-9516-36888e4cddf5 tempest-TestImageHashVerification-6585689 tempest-TestImageHashVerification-6585689-project-member] Determining version of request: GET /v2/images/db160252-13a5-43f4-bb2b-b19cb8da1d1e Accept: application/json {{(pid=99719) process_request /opt/stack/glance/glance/api/middleware/version_negotiation.py:44}}
Aug 26 15:05:39.232136 np0000008162 devstack@g-api.service[99719]: DEBUG glance.api.middleware.version_negotiation [None req-2d3e8e9b-8c3d-4cc1-9516-36888e4cddf5 tempest-TestImageHashVerification-6585689 tempest-TestImageHashVerification-6585689-project-member] Using url versioning {{(pid=99719) process_request /opt/stack/glance/glance/api/middleware/version_negotiation.py:57}}
Aug 26 15:05:39.232136 np0000008162 devstack@g-api.service[99719]: DEBUG glance.api.middleware.version_negotiation [None req-2d3e8e9b-8c3d-4cc1-9516-36888e4cddf5 tempest-TestImageHashVerification-6585689 tempest-TestImageHashVerification-6585689-project-member] Matched version: v2 {{(pid=99719) process_request /opt/stack/glance/glance/api/middleware/version_negotiation.py:69}}
Aug 26 15:05:39.232872 np0000008162 devstack@g-api.service[99719]: DEBUG glance.api.middleware.version_negotiation [None req-2d3e8e9b-8c3d-4cc1-9516-36888e4cddf5 tempest-TestImageHashVerification-6585689 tempest-TestImageHashVerification-6585689-project-member] new path /v2/images/db160252-13a5-43f4-bb2b-b19cb8da1d1e {{(pid=99719) process_request /opt/stack/glance/glance/api/middleware/version_negotiation.py:70}}
Aug 26 15:05:39.245650 np0000008162 devstack@g-api.service[99719]: [pid: 99719|app: 0|req: 132/410] 127.0.0.1 () {40 vars in 838 bytes} [Wed Aug 26 15:05:39 2026] GET /v2/images/db160252-13a5-43f4-bb2b-b19cb8da1d1e => generated 649 bytes in 14 msecs (HTTP/1.1 200) 4 headers in 157 bytes (1 switches on core 0)
Aug 26 15:05:40.265646 np0000008162 devstack@g-api.service[99718]: DEBUG glance.api.middleware.version_negotiation [None req-fa925036-c116-4ddb-aa45-c820f690581b tempest-TestImageHashVerification-6585689 tempest-TestImageHashVerification-6585689-project-member] Determining version of request: GET /v2/images/db160252-13a5-43f4-bb2b-b19cb8da1d1e Accept: application/json {{(pid=99718) process_request /opt/stack/glance/glance/api/middleware/version_negotiation.py:44}}
Aug 26 15:05:40.265646 np0000008162 devstack@g-api.service[99718]: DEBUG glance.api.middleware.version_negotiation [None req-fa925036-c116-4ddb-aa45-c820f690581b tempest-TestImageHashVerification-6585689 tempest-TestImageHashVerification-6585689-project-member] Using url versioning {{(pid=99718) process_request /opt/stack/glance/glance/api/middleware/version_negotiation.py:57}}
Aug 26 15:05:40.265646 np0000008162 devstack@g-api.service[99718]: DEBUG glance.api.middleware.version_negotiation [None req-fa925036-c116-4ddb-aa45-c820f690581b tempest-TestImageHashVerification-6585689 tempest-TestImageHashVerification-6585689-project-member] Matched version: v2 {{(pid=99718) process_request /opt/stack/glance/glance/api/middleware/version_negotiation.py:69}}
Aug 26 15:05:40.265646 np0000008162 devstack@g-api.service[99718]: DEBUG glance.api.middleware.version_negotiation [None req-fa925036-c116-4ddb-aa45-c820f690581b tempest-TestImageHashVerification-6585689 tempest-TestImageHashVerification-6585689-project-member] new path /v2/images/db160252-13a5-43f4-bb2b-b19cb8da1d1e {{(pid=99718) process_request /opt/stack/glance/glance/api/middleware/version_negotiation.py:70}}
Aug 26 15:05:40.290642 np0000008162 devstack@g-api.service[99718]: [pid: 99718|app: 0|req: 136/411] 127.0.0.1 () {40 vars in 838 bytes} [Wed Aug 26 15:05:40 2026] GET /v2/images/db160252-13a5-43f4-bb2b-b19cb8da1d1e => generated 649 bytes in 26 msecs (HTTP/1.1 200) 4 headers in 157 bytes (1 switches on core 0)
Aug 26 15:05:41.304818 np0000008162 devstack@g-api.service[99719]: DEBUG glance.api.middleware.version_negotiation [None req-1f8717a7-7747-4467-a2b2-f04f69f88793 tempest-TestImageHashVerification-6585689 tempest-TestImageHashVerification-6585689-project-member] Determining version of request: GET /v2/images/db160252-13a5-43f4-bb2b-b19cb8da1d1e Accept: application/json {{(pid=99719) process_request /opt/stack/glance/glance/api/middleware/version_negotiation.py:44}}
Aug 26 15:05:41.304818 np0000008162 devstack@g-api.service[99719]: DEBUG glance.api.middleware.version_negotiation [None req-1f8717a7-7747-4467-a2b2-f04f69f88793 tempest-TestImageHashVerification-6585689 tempest-TestImageHashVerification-6585689-project-member] Using url versioning {{(pid=99719) process_request /opt/stack/glance/glance/api/middleware/version_negotiation.py:57}}
Aug 26 15:05:41.304818 np0000008162 devstack@g-api.service[99719]: DEBUG glance.api.middleware.version_negotiation [None req-1f8717a7-7747-4467-a2b2-f04f69f88793 tempest-TestImageHashVerification-6585689 tempest-TestImageHashVerification-6585689-project-member] Matched version: v2 {{(pid=99719) process_request /opt/stack/glance/glance/api/middleware/version_negotiation.py:69}}
Aug 26 15:05:41.304818 np0000008162 devstack@g-api.service[99719]: DEBUG glance.api.middleware.version_negotiation [None req-1f8717a7-7747-4467-a2b2-f04f69f88793 tempest-TestImageHashVerification-6585689 tempest-TestImageHashVerification-6585689-project-member] new path /v2/images/db160252-13a5-43f4-bb2b-b19cb8da1d1e {{(pid=99719) process_request /opt/stack/glance/glance/api/middleware/version_negotiation.py:70}}
Aug 26 15:05:41.318360 np0000008162 devstack@g-api.service[99719]: [pid: 99719|app: 0|req: 133/412] 127.0.0.1 () {40 vars in 838 bytes} [Wed Aug 26 15:05:41 2026] GET /v2/images/db160252-13a5-43f4-bb2b-b19cb8da1d1e => generated 649 bytes in 14 msecs (HTTP/1.1 200) 4 headers in 157 bytes (1 switches on core 0)
Aug 26 15:05:41.384711 np0000008162 devstack@g-api.service[99717]: DEBUG swiftclient [None req-bf2dc404-8aaa-48c3-ad2c-c59a8bf63a1f tempest-TestImageHashVerification-6585689 tempest-TestImageHashVerification-6585689-project-member] REQ: curl -i https://10.4.3.214:8080/v1/AUTH_7c9c2ff8deb14cff88a4e56f6a3ddeaa/glance/db160252-13a5-43f4-bb2b-b19cb8da1d1e-00002 -X PUT -H "X-Auth-Token: gAAAAABqjwDAvBYw..." {{(pid=99717) http_log /opt/stack/data/venv/lib/python3.12/site-packages/swiftclient/client.py:160}}
Aug 26 15:05:41.385074 np0000008162 devstack@g-api.service[99717]: DEBUG swiftclient [None req-bf2dc404-8aaa-48c3-ad2c-c59a8bf63a1f tempest-TestImageHashVerification-6585689 tempest-TestImageHashVerification-6585689-project-member] RESP STATUS: 201 Created {{(pid=99717) http_log /opt/stack/data/venv/lib/python3.12/site-packages/swiftclient/client.py:161}}
Aug 26 15:05:41.385267 np0000008162 devstack@g-api.service[99717]: DEBUG swiftclient [None req-bf2dc404-8aaa-48c3-ad2c-c59a8bf63a1f tempest-TestImageHashVerification-6585689 tempest-TestImageHashVerification-6585689-project-member] RESP HEADERS: {'Date': 'Wed, 26 Aug 2026 15:05:41 GMT', 'Server': 'Apache/2.4.58 (Ubuntu)', 'Content-Type': 'text/html; charset=UTF-8', 'Content-Length': '0', 'Etag': 'eda9a9889837ac4bc81d6387d92c1bec', 'Last-Modified': 'Wed, 26 Aug 2026 15:05:39 GMT', 'X-Trans-Id': 'tx6a5cd2f5d9534185a59aa-006a8f00c2', 'X-Openstack-Request-Id': 'tx6a5cd2f5d9534185a59aa-006a8f00c2', 'Connection': 'close'} {{(pid=99717) http_log /opt/stack/data/venv/lib/python3.12/site-packages/swiftclient/client.py:162}}
Aug 26 15:05:41.385468 np0000008162 devstack@g-api.service[99717]: DEBUG glance_store._drivers.swift.store [None req-bf2dc404-8aaa-48c3-ad2c-c59a8bf63a1f tempest-TestImageHashVerification-6585689 tempest-TestImageHashVerification-6585689-project-member] Wrote chunk db160252-13a5-43f4-bb2b-b19cb8da1d1e-00002 (2/?) of length 204800000 to Swift returning MD5 of content: eda9a9889837ac4bc81d6387d92c1bec {{(pid=99717) add /opt/stack/data/venv/lib/python3.12/site-packages/glance_store/_drivers/swift/store.py:1059}}
Aug 26 15:05:42.337576 np0000008162 devstack@g-api.service[99718]: DEBUG glance.api.middleware.version_negotiation [None req-5d9cae39-3aa9-42b2-a7de-0c9d1a1649b2 tempest-TestImageHashVerification-6585689 tempest-TestImageHashVerification-6585689-project-member] Determining version of request: GET /v2/images/db160252-13a5-43f4-bb2b-b19cb8da1d1e Accept: application/json {{(pid=99718) process_request /opt/stack/glance/glance/api/middleware/version_negotiation.py:44}}
Aug 26 15:05:42.338116 np0000008162 devstack@g-api.service[99718]: DEBUG glance.api.middleware.version_negotiation [None req-5d9cae39-3aa9-42b2-a7de-0c9d1a1649b2 tempest-TestImageHashVerification-6585689 tempest-TestImageHashVerification-6585689-project-member] Using url versioning {{(pid=99718) process_request /opt/stack/glance/glance/api/middleware/version_negotiation.py:57}}
Aug 26 15:05:42.338116 np0000008162 devstack@g-api.service[99718]: DEBUG glance.api.middleware.version_negotiation [None req-5d9cae39-3aa9-42b2-a7de-0c9d1a1649b2 tempest-TestImageHashVerification-6585689 tempest-TestImageHashVerification-6585689-project-member] Matched version: v2 {{(pid=99718) process_request /opt/stack/glance/glance/api/middleware/version_negotiation.py:69}}
Aug 26 15:05:42.338208 np0000008162 devstack@g-api.service[99718]: DEBUG glance.api.middleware.version_negotiation [None req-5d9cae39-3aa9-42b2-a7de-0c9d1a1649b2 tempest-TestImageHashVerification-6585689 tempest-TestImageHashVerification-6585689-project-member] new path /v2/images/db160252-13a5-43f4-bb2b-b19cb8da1d1e {{(pid=99718) process_request /opt/stack/glance/glance/api/middleware/version_negotiation.py:70}}
Aug 26 15:05:42.364553 np0000008162 devstack@g-api.service[99718]: [pid: 99718|app: 0|req: 137/413] 127.0.0.1 () {40 vars in 838 bytes} [Wed Aug 26 15:05:42 2026] GET /v2/images/db160252-13a5-43f4-bb2b-b19cb8da1d1e => generated 649 bytes in 27 msecs (HTTP/1.1 200) 4 headers in 157 bytes (1 switches on core 0)
Aug 26 15:05:43.379901 np0000008162 devstack@g-api.service[99719]: DEBUG glance.api.middleware.version_negotiation [None req-987a2211-785c-42b7-ab73-765e4ae624fb tempest-TestImageHashVerification-6585689 tempest-TestImageHashVerification-6585689-project-member] Determining version of request: GET /v2/images/db160252-13a5-43f4-bb2b-b19cb8da1d1e Accept: application/json {{(pid=99719) process_request /opt/stack/glance/glance/api/middleware/version_negotiation.py:44}}
Aug 26 15:05:43.381030 np0000008162 devstack@g-api.service[99719]: DEBUG glance.api.middleware.version_negotiation [None req-987a2211-785c-42b7-ab73-765e4ae624fb tempest-TestImageHashVerification-6585689 tempest-TestImageHashVerification-6585689-project-member] Using url versioning {{(pid=99719) process_request /opt/stack/glance/glance/api/middleware/version_negotiation.py:57}}
Aug 26 15:05:43.381030 np0000008162 devstack@g-api.service[99719]: DEBUG glance.api.middleware.version_negotiation [None req-987a2211-785c-42b7-ab73-765e4ae624fb tempest-TestImageHashVerification-6585689 tempest-TestImageHashVerification-6585689-project-member] Matched version: v2 {{(pid=99719) process_request /opt/stack/glance/glance/api/middleware/version_negotiation.py:69}}
Aug 26 15:05:43.381030 np0000008162 devstack@g-api.service[99719]: DEBUG glance.api.middleware.version_negotiation [None req-987a2211-785c-42b7-ab73-765e4ae624fb tempest-TestImageHashVerification-6585689 tempest-TestImageHashVerification-6585689-project-member] new path /v2/images/db160252-13a5-43f4-bb2b-b19cb8da1d1e {{(pid=99719) process_request /opt/stack/glance/glance/api/middleware/version_negotiation.py:70}}
Aug 26 15:05:43.399092 np0000008162 devstack@g-api.service[99719]: [pid: 99719|app: 0|req: 134/414] 127.0.0.1 () {40 vars in 838 bytes} [Wed Aug 26 15:05:43 2026] GET /v2/images/db160252-13a5-43f4-bb2b-b19cb8da1d1e => generated 649 bytes in 19 msecs (HTTP/1.1 200) 4 headers in 157 bytes (1 switches on core 0)
Aug 26 15:05:44.059931 np0000008162 devstack@g-api.service[99717]: DEBUG swiftclient [None req-bf2dc404-8aaa-48c3-ad2c-c59a8bf63a1f tempest-TestImageHashVerification-6585689 tempest-TestImageHashVerification-6585689-project-member] REQ: curl -i https://10.4.3.214:8080/v1/AUTH_7c9c2ff8deb14cff88a4e56f6a3ddeaa/glance/db160252-13a5-43f4-bb2b-b19cb8da1d1e-00003 -X PUT -H "X-Auth-Token: gAAAAABqjwDAvBYw..." {{(pid=99717) http_log /opt/stack/data/venv/lib/python3.12/site-packages/swiftclient/client.py:160}}
Aug 26 15:05:44.060339 np0000008162 devstack@g-api.service[99717]: DEBUG swiftclient [None req-bf2dc404-8aaa-48c3-ad2c-c59a8bf63a1f tempest-TestImageHashVerification-6585689 tempest-TestImageHashVerification-6585689-project-member] RESP STATUS: 201 Created {{(pid=99717) http_log /opt/stack/data/venv/lib/python3.12/site-packages/swiftclient/client.py:161}}
Aug 26 15:05:44.060389 np0000008162 devstack@g-api.service[99717]: DEBUG swiftclient [None req-bf2dc404-8aaa-48c3-ad2c-c59a8bf63a1f tempest-TestImageHashVerification-6585689 tempest-TestImageHashVerification-6585689-project-member] RESP HEADERS: {'Date': 'Wed, 26 Aug 2026 15:05:44 GMT', 'Server': 'Apache/2.4.58 (Ubuntu)', 'Content-Type': 'text/html; charset=UTF-8', 'Content-Length': '0', 'Etag': 'eda9a9889837ac4bc81d6387d92c1bec', 'Last-Modified': 'Wed, 26 Aug 2026 15:05:42 GMT', 'X-Trans-Id': 'txd0554133607846ed95f83-006a8f00c5', 'X-Openstack-Request-Id': 'txd0554133607846ed95f83-006a8f00c5', 'Connection': 'close'} {{(pid=99717) http_log /opt/stack/data/venv/lib/python3.12/site-packages/swiftclient/client.py:162}}
Aug 26 15:05:44.060492 np0000008162 devstack@g-api.service[99717]: DEBUG glance_store._drivers.swift.store [None req-bf2dc404-8aaa-48c3-ad2c-c59a8bf63a1f tempest-TestImageHashVerification-6585689 tempest-TestImageHashVerification-6585689-project-member] Wrote chunk db160252-13a5-43f4-bb2b-b19cb8da1d1e-00003 (3/?) of length 204800000 to Swift returning MD5 of content: eda9a9889837ac4bc81d6387d92c1bec {{(pid=99717) add /opt/stack/data/venv/lib/python3.12/site-packages/glance_store/_drivers/swift/store.py:1059}}
Aug 26 15:05:44.420567 np0000008162 devstack@g-api.service[99718]: DEBUG glance.api.middleware.version_negotiation [None req-c1e3b7e8-5f29-4df2-829b-0f11d90c1743 tempest-TestImageHashVerification-6585689 tempest-TestImageHashVerification-6585689-project-member] Determining version of request: GET /v2/images/db160252-13a5-43f4-bb2b-b19cb8da1d1e Accept: application/json {{(pid=99718) process_request /opt/stack/glance/glance/api/middleware/version_negotiation.py:44}}
Aug 26 15:05:44.421114 np0000008162 devstack@g-api.service[99718]: DEBUG glance.api.middleware.version_negotiation [None req-c1e3b7e8-5f29-4df2-829b-0f11d90c1743 tempest-TestImageHashVerification-6585689 tempest-TestImageHashVerification-6585689-project-member] Using url versioning {{(pid=99718) process_request /opt/stack/glance/glance/api/middleware/version_negotiation.py:57}}
Aug 26 15:05:44.421114 np0000008162 devstack@g-api.service[99718]: DEBUG glance.api.middleware.version_negotiation [None req-c1e3b7e8-5f29-4df2-829b-0f11d90c1743 tempest-TestImageHashVerification-6585689 tempest-TestImageHashVerification-6585689-project-member] Matched version: v2 {{(pid=99718) process_request /opt/stack/glance/glance/api/middleware/version_negotiation.py:69}}
Aug 26 15:05:44.421207 np0000008162 devstack@g-api.service[99718]: DEBUG glance.api.middleware.version_negotiation [None req-c1e3b7e8-5f29-4df2-829b-0f11d90c1743 tempest-TestImageHashVerification-6585689 tempest-TestImageHashVerification-6585689-project-member] new path /v2/images/db160252-13a5-43f4-bb2b-b19cb8da1d1e {{(pid=99718) process_request /opt/stack/glance/glance/api/middleware/version_negotiation.py:70}}
Aug 26 15:05:44.443299 np0000008162 devstack@g-api.service[99718]: [pid: 99718|app: 0|req: 138/415] 127.0.0.1 () {40 vars in 838 bytes} [Wed Aug 26 15:05:44 2026] GET /v2/images/db160252-13a5-43f4-bb2b-b19cb8da1d1e => generated 649 bytes in 23 msecs (HTTP/1.1 200) 4 headers in 157 bytes (1 switches on core 0)
Aug 26 15:05:45.456658 np0000008162 devstack@g-api.service[99719]: DEBUG glance.api.middleware.version_negotiation [None req-6eca6cea-60e1-4784-bf96-4a0602d15544 tempest-TestImageHashVerification-6585689 tempest-TestImageHashVerification-6585689-project-member] Determining version of request: GET /v2/images/db160252-13a5-43f4-bb2b-b19cb8da1d1e Accept: application/json {{(pid=99719) process_request /opt/stack/glance/glance/api/middleware/version_negotiation.py:44}}
Aug 26 15:05:45.457158 np0000008162 devstack@g-api.service[99719]: DEBUG glance.api.middleware.version_negotiation [None req-6eca6cea-60e1-4784-bf96-4a0602d15544 tempest-TestImageHashVerification-6585689 tempest-TestImageHashVerification-6585689-project-member] Using url versioning {{(pid=99719) process_request /opt/stack/glance/glance/api/middleware/version_negotiation.py:57}}
Aug 26 15:05:45.457158 np0000008162 devstack@g-api.service[99719]: DEBUG glance.api.middleware.version_negotiation [None req-6eca6cea-60e1-4784-bf96-4a0602d15544 tempest-TestImageHashVerification-6585689 tempest-TestImageHashVerification-6585689-project-member] Matched version: v2 {{(pid=99719) process_request /opt/stack/glance/glance/api/middleware/version_negotiation.py:69}}
Aug 26 15:05:45.457499 np0000008162 devstack@g-api.service[99719]: DEBUG glance.api.middleware.version_negotiation [None req-6eca6cea-60e1-4784-bf96-4a0602d15544 tempest-TestImageHashVerification-6585689 tempest-TestImageHashVerification-6585689-project-member] new path /v2/images/db160252-13a5-43f4-bb2b-b19cb8da1d1e {{(pid=99719) process_request /opt/stack/glance/glance/api/middleware/version_negotiation.py:70}}
Aug 26 15:05:45.479659 np0000008162 devstack@g-api.service[99719]: [pid: 99719|app: 0|req: 135/416] 127.0.0.1 () {40 vars in 838 bytes} [Wed Aug 26 15:05:45 2026] GET /v2/images/db160252-13a5-43f4-bb2b-b19cb8da1d1e => generated 649 bytes in 23 msecs (HTTP/1.1 200) 4 headers in 157 bytes (1 switches on core 0)
Aug 26 15:05:46.009327 np0000008162 devstack@g-api.service[99717]: DEBUG dbcounter [-] [99717] Writing DB stats glance:SELECT=14,glance:INSERT=1,glance:UPDATE=1 {{(pid=99717) stat_writer /opt/stack/data/venv/lib/python3.12/site-packages/dbcounter.py:115}}
Aug 26 15:05:46.493672 np0000008162 devstack@g-api.service[99718]: DEBUG glance.api.middleware.version_negotiation [None req-5c61286f-35c5-4c16-84e6-6cf9dd2952c8 tempest-TestImageHashVerification-6585689 tempest-TestImageHashVerification-6585689-project-member] Determining version of request: GET /v2/images/db160252-13a5-43f4-bb2b-b19cb8da1d1e Accept: application/json {{(pid=99718) process_request /opt/stack/glance/glance/api/middleware/version_negotiation.py:44}}
Aug 26 15:05:46.494383 np0000008162 devstack@g-api.service[99718]: DEBUG glance.api.middleware.version_negotiation [None req-5c61286f-35c5-4c16-84e6-6cf9dd2952c8 tempest-TestImageHashVerification-6585689 tempest-TestImageHashVerification-6585689-project-member] Using url versioning {{(pid=99718) process_request /opt/stack/glance/glance/api/middleware/version_negotiation.py:57}}
