Aug 20 04:29:31.536406 np0000007850 devstack@c-api.service[100175]: DEBUG oslo_db.sqlalchemy.engines [None req-18878837-354a-4be5-8af7-89774fba9d5e tempest-GroupsTest-1722249244 tempest-GroupsTest-1722249244-project-member] MySQL server mode set to STRICT_TRANS_TABLES,STRICT_ALL_TABLES,NO_ZERO_IN_DATE,NO_ZERO_DATE,ERROR_FOR_DIVISION_BY_ZERO,TRADITIONAL,NO_ENGINE_SUBSTITUTION {{(pid=100175) _check_effective_sql_mode /opt/stack/data/venv/lib/python3.12/site-packages/oslo_db/sqlalchemy/engines.py:325}}
Aug 20 04:29:31.540896 np0000007850 devstack@c-api.service[100175]: /opt/stack/data/venv/lib/python3.12/site-packages/oslo_context/context.py:102: DeprecationWarning: Policy enforcement is depending on the value of is_admin. This key is deprecated. Please update your policy file to use the standard policy values.
Aug 20 04:29:31.540896 np0000007850 devstack@c-api.service[100175]: warnings.warn(
Aug 20 04:29:31.546198 np0000007850 devstack@c-api.service[100175]: INFO cinder.api.openstack.wsgi [None req-18878837-354a-4be5-8af7-89774fba9d5e tempest-GroupsTest-1722249244 tempest-GroupsTest-1722249244-project-member] https://10.4.3.239/volume/v3/volumes returned with HTTP 202
Aug 20 04:29:31.546749 np0000007850 devstack@c-api.service[100175]: [pid: 100175|app: 0|req: 8/31] 10.4.3.239 () {70 vars in 1300 bytes} [Thu Aug 20 04:29:31 2026] POST /volume/v3/volumes => generated 814 bytes in 389 msecs (HTTP/1.1 202) 7 headers in 292 bytes (1 switches on core 0)
Aug 20 04:29:31.559210 np0000007850 devstack@c-api.service[100177]: DEBUG cinder.api.middleware.request_id [None req-41b3d667-6142-4cb7-99be-b145f33ff149 None None] RequestId filter calling following filter/app {{(pid=100177) _context_setter /opt/stack/cinder/cinder/api/middleware/request_id.py:62}}
Aug 20 04:29:31.561675 np0000007850 devstack@c-api.service[100177]: INFO cinder.api.openstack.wsgi [None req-41b3d667-6142-4cb7-99be-b145f33ff149 tempest-GroupsTest-1722249244 tempest-GroupsTest-1722249244-project-member] GET https://10.4.3.239/volume/v3/volumes/01eed63b-217e-4718-9cf9-25fe85c63582
Aug 20 04:29:31.561946 np0000007850 devstack@c-api.service[100177]: DEBUG cinder.api.openstack.wsgi [None req-41b3d667-6142-4cb7-99be-b145f33ff149 tempest-GroupsTest-1722249244 tempest-GroupsTest-1722249244-project-member] Empty body provided in request {{(pid=100177) get_body /opt/stack/cinder/cinder/api/openstack/wsgi.py:725}}
Aug 20 04:29:31.562206 np0000007850 devstack@c-api.service[100177]: DEBUG cinder.api.openstack.wsgi [None req-41b3d667-6142-4cb7-99be-b145f33ff149 tempest-GroupsTest-1722249244 tempest-GroupsTest-1722249244-project-member] Calling method 'show' {{(pid=100177) _process_stack /opt/stack/cinder/cinder/api/openstack/wsgi.py:878}}
Aug 20 04:29:31.612309 np0000007850 devstack@c-api.service[100177]: /opt/stack/data/venv/lib/python3.12/site-packages/oslo_context/context.py:102: DeprecationWarning: Policy enforcement is depending on the value of is_admin. This key is deprecated. Please update your policy file to use the standard policy values.
Aug 20 04:29:31.612309 np0000007850 devstack@c-api.service[100177]: warnings.warn(
Aug 20 04:29:31.627646 np0000007850 devstack@c-api.service[100177]: INFO cinder.volume.api [None req-41b3d667-6142-4cb7-99be-b145f33ff149 tempest-GroupsTest-1722249244 tempest-GroupsTest-1722249244-project-member] Volume info retrieved successfully.
Aug 20 04:29:31.627646 np0000007850 devstack@c-api.service[100177]: WARNING stevedore.named [None req-41b3d667-6142-4cb7-99be-b145f33ff149 tempest-GroupsTest-1722249244 tempest-GroupsTest-1722249244-project-member] Could not load cinder.keymgr.conf_key_mgr.ConfKeyManager
Aug 20 04:29:31.627646 np0000007850 devstack@c-api.service[100177]: WARNING castellan.key_manager [None req-41b3d667-6142-4cb7-99be-b145f33ff149 tempest-GroupsTest-1722249244 tempest-GroupsTest-1722249244-project-member] Deprecation Warning : cinder.keymgr.conf_key_mgr.ConfKeyManager is not a stevedore based driver, trying to load it as a class: stevedore.exception.NoMatches: No 'castellan.drivers' driver found, looking for 'cinder.keymgr.conf_key_mgr.ConfKeyManager'
Aug 20 04:29:31.700981 np0000007850 devstack@c-api.service[100177]: DEBUG oslo_db.sqlalchemy.engines [None req-41b3d667-6142-4cb7-99be-b145f33ff149 tempest-GroupsTest-1722249244 tempest-GroupsTest-1722249244-project-member] MySQL server mode set to STRICT_TRANS_TABLES,STRICT_ALL_TABLES,NO_ZERO_IN_DATE,NO_ZERO_DATE,ERROR_FOR_DIVISION_BY_ZERO,TRADITIONAL,NO_ENGINE_SUBSTITUTION {{(pid=100177) _check_effective_sql_mode /opt/stack/data/venv/lib/python3.12/site-packages/oslo_db/sqlalchemy/engines.py:325}}
Aug 20 04:29:31.709970 np0000007850 devstack@c-api.service[100177]: /opt/stack/data/venv/lib/python3.12/site-packages/oslo_context/context.py:102: DeprecationWarning: Policy enforcement is depending on the value of is_admin. This key is deprecated. Please update your policy file to use the standard policy values.
Aug 20 04:29:31.709970 np0000007850 devstack@c-api.service[100177]: warnings.warn(
Aug 20 04:29:31.726225 np0000007850 devstack@c-api.service[100177]: INFO cinder.api.openstack.wsgi [None req-41b3d667-6142-4cb7-99be-b145f33ff149 tempest-GroupsTest-1722249244 tempest-GroupsTest-1722249244-project-member] https://10.4.3.239/volume/v3/volumes/01eed63b-217e-4718-9cf9-25fe85c63582 returned with HTTP 200
Aug 20 04:29:31.726225 np0000007850 devstack@c-api.service[100177]: [pid: 100177|app: 0|req: 9/32] 10.4.3.239 () {68 vars in 1389 bytes} [Thu Aug 20 04:29:31 2026] GET /volume/v3/volumes/01eed63b-217e-4718-9cf9-25fe85c63582 => generated 882 bytes in 167 msecs (HTTP/1.1 200) 7 headers in 286 bytes (1 switches on core 0)
Aug 20 04:29:32.712741 np0000007850 devstack@c-api.service[100176]: DEBUG cinder.api.middleware.request_id [None req-dedeff97-e254-4d2e-bc4f-344b6664241c None None] RequestId filter calling following filter/app {{(pid=100176) _context_setter /opt/stack/cinder/cinder/api/middleware/request_id.py:62}}
Aug 20 04:29:32.715222 np0000007850 devstack@c-api.service[100176]: INFO cinder.api.openstack.wsgi [None req-dedeff97-e254-4d2e-bc4f-344b6664241c tempest-TaggedAttachmentsTest-1195695226 tempest-TaggedAttachmentsTest-1195695226-project-member] POST https://10.4.3.239/volume/v3/volumes
Aug 20 04:29:32.715646 np0000007850 devstack@c-api.service[100176]: DEBUG cinder.api.openstack.wsgi [None req-dedeff97-e254-4d2e-bc4f-344b6664241c tempest-TaggedAttachmentsTest-1195695226 tempest-TaggedAttachmentsTest-1195695226-project-member] Action: 'create', calling method: create, body: {"volume": {"size": 1, "display_name": "tempest-TaggedAttachmentsTest-volume-529883790"}} {{(pid=100176) _process_stack /opt/stack/cinder/cinder/api/openstack/wsgi.py:876}}
Aug 20 04:29:32.717203 np0000007850 devstack@c-api.service[100176]: DEBUG cinder.api.v3.volumes [None req-dedeff97-e254-4d2e-bc4f-344b6664241c tempest-TaggedAttachmentsTest-1195695226 tempest-TaggedAttachmentsTest-1195695226-project-member] Create volume request body: {'volume': {'size': 1, 'display_name': 'tempest-TaggedAttachmentsTest-volume-529883790'}} {{(pid=100176) create /opt/stack/cinder/cinder/api/v3/volumes.py:368}}
Aug 20 04:29:32.717612 np0000007850 devstack@c-api.service[100176]: INFO cinder.api.v3.volumes [None req-dedeff97-e254-4d2e-bc4f-344b6664241c tempest-TaggedAttachmentsTest-1195695226 tempest-TaggedAttachmentsTest-1195695226-project-member] Create volume of 1 GB
Aug 20 04:29:32.717974 np0000007850 devstack@c-api.service[100176]: /opt/stack/data/venv/lib/python3.12/site-packages/oslo_context/context.py:102: DeprecationWarning: Policy enforcement is depending on the value of is_admin. This key is deprecated. Please update your policy file to use the standard policy values.
Aug 20 04:29:32.717974 np0000007850 devstack@c-api.service[100176]: warnings.warn(
Aug 20 04:29:32.729986 np0000007850 devstack@c-api.service[100176]: DEBUG cinder.volume.api [None req-dedeff97-e254-4d2e-bc4f-344b6664241c tempest-TaggedAttachmentsTest-1195695226 tempest-TaggedAttachmentsTest-1195695226-project-member] Availability zone cache updated, next update will occur around 2026-08-20 05:29:32.729723. {{(pid=100176) list_availability_zones /opt/stack/cinder/cinder/volume/api.py:155}}
Aug 20 04:29:32.730075 np0000007850 devstack@c-api.service[100176]: INFO cinder.volume.api [None req-dedeff97-e254-4d2e-bc4f-344b6664241c tempest-TaggedAttachmentsTest-1195695226 tempest-TaggedAttachmentsTest-1195695226-project-member] Availability Zones retrieved successfully.
Aug 20 04:29:32.743816 np0000007850 devstack@c-api.service[100174]: DEBUG cinder.api.middleware.request_id [None req-56eded49-24af-449a-9bb1-a0fa73d6953d None None] RequestId filter calling following filter/app {{(pid=100174) _context_setter /opt/stack/cinder/cinder/api/middleware/request_id.py:62}}
Aug 20 04:29:32.747204 np0000007850 devstack@c-api.service[100174]: INFO cinder.api.openstack.wsgi [None req-56eded49-24af-449a-9bb1-a0fa73d6953d tempest-GroupsTest-1722249244 tempest-GroupsTest-1722249244-project-member] GET https://10.4.3.239/volume/v3/volumes/01eed63b-217e-4718-9cf9-25fe85c63582
Aug 20 04:29:32.747204 np0000007850 devstack@c-api.service[100174]: DEBUG cinder.api.openstack.wsgi [None req-56eded49-24af-449a-9bb1-a0fa73d6953d tempest-GroupsTest-1722249244 tempest-GroupsTest-1722249244-project-member] Empty body provided in request {{(pid=100174) get_body /opt/stack/cinder/cinder/api/openstack/wsgi.py:725}}
Aug 20 04:29:32.747204 np0000007850 devstack@c-api.service[100174]: DEBUG cinder.api.openstack.wsgi [None req-56eded49-24af-449a-9bb1-a0fa73d6953d tempest-GroupsTest-1722249244 tempest-GroupsTest-1722249244-project-member] Calling method 'show' {{(pid=100174) _process_stack /opt/stack/cinder/cinder/api/openstack/wsgi.py:878}}
Aug 20 04:29:32.753306 np0000007850 devstack@c-api.service[100176]: DEBUG cinder.volume.api [None req-dedeff97-e254-4d2e-bc4f-344b6664241c tempest-TaggedAttachmentsTest-1195695226 tempest-TaggedAttachmentsTest-1195695226-project-member] Flow 'volume_create_api' (edfc089a-0e7c-4d42-be3c-cd110a5d8daf) transitioned into state 'RUNNING' from state 'PENDING' {{(pid=100176) _flow_receiver /opt/stack/data/venv/lib/python3.12/site-packages/taskflow/listeners/logging.py:160}}
Aug 20 04:29:32.754400 np0000007850 devstack@c-api.service[100176]: DEBUG cinder.volume.api [None req-dedeff97-e254-4d2e-bc4f-344b6664241c tempest-TaggedAttachmentsTest-1195695226 tempest-TaggedAttachmentsTest-1195695226-project-member] Task 'cinder.volume.flows.api.create_volume.ExtractVolumeRequestTask;volume:create' (6dc858af-d1a5-4d95-a830-d6ffd57161b7) transitioned into state 'RUNNING' from state 'PENDING' {{(pid=100176) _task_receiver /opt/stack/data/venv/lib/python3.12/site-packages/taskflow/listeners/logging.py:242}}
Aug 20 04:29:32.756479 np0000007850 devstack@c-api.service[100174]: /opt/stack/data/venv/lib/python3.12/site-packages/oslo_context/context.py:102: DeprecationWarning: Policy enforcement is depending on the value of is_admin. This key is deprecated. Please update your policy file to use the standard policy values.
Aug 20 04:29:32.756479 np0000007850 devstack@c-api.service[100174]: warnings.warn(
Aug 20 04:29:32.756579 np0000007850 devstack@c-api.service[100176]: DEBUG cinder.volume.flows.api.create_volume [None req-dedeff97-e254-4d2e-bc4f-344b6664241c tempest-TaggedAttachmentsTest-1195695226 tempest-TaggedAttachmentsTest-1195695226-project-member] Validating volume size '1' using validate_int {{(pid=100176) _extract_size /opt/stack/cinder/cinder/volume/flows/api/create_volume.py:226}}
Aug 20 04:29:32.763299 np0000007850 devstack@c-api.service[100174]: INFO cinder.volume.api [None req-56eded49-24af-449a-9bb1-a0fa73d6953d tempest-GroupsTest-1722249244 tempest-GroupsTest-1722249244-project-member] Volume info retrieved successfully.
Aug 20 04:29:32.763728 np0000007850 devstack@c-api.service[100174]: WARNING stevedore.named [None req-56eded49-24af-449a-9bb1-a0fa73d6953d tempest-GroupsTest-1722249244 tempest-GroupsTest-1722249244-project-member] Could not load cinder.keymgr.conf_key_mgr.ConfKeyManager
Aug 20 04:29:32.764056 np0000007850 devstack@c-api.service[100174]: WARNING castellan.key_manager [None req-56eded49-24af-449a-9bb1-a0fa73d6953d tempest-GroupsTest-1722249244 tempest-GroupsTest-1722249244-project-member] Deprecation Warning : cinder.keymgr.conf_key_mgr.ConfKeyManager is not a stevedore based driver, trying to load it as a class: stevedore.exception.NoMatches: No 'castellan.drivers' driver found, looking for 'cinder.keymgr.conf_key_mgr.ConfKeyManager'
Aug 20 04:29:32.802022 np0000007850 devstack@c-api.service[100176]: DEBUG cinder.volume.api [None req-dedeff97-e254-4d2e-bc4f-344b6664241c tempest-TaggedAttachmentsTest-1195695226 tempest-TaggedAttachmentsTest-1195695226-project-member] Task 'cinder.volume.flows.api.create_volume.ExtractVolumeRequestTask;volume:create' (6dc858af-d1a5-4d95-a830-d6ffd57161b7) transitioned into state 'SUCCESS' from state 'RUNNING' with result '{'size': 1, 'snapshot_id': None, 'source_volid': None, 'volume_type': VolumeType(created_at=2026-08-20T04:27:43Z,deleted=False,deleted_at=None,description=None,extra_specs={volume_backend_name='storpool'},id=efe400ed-a393-4bb3-a55c-33b03df9b54e,is_public=True,name='storpool',projects=[],qos_specs=,qos_specs_id=None,updated_at=None), 'volume_type_id': 'efe400ed-a393-4bb3-a55c-33b03df9b54e', 'encryption_key_id': None, 'qos_specs': None, 'consistencygroup_id': None, 'cgsnapshot_id': None, 'group_id': None, 'replication_status': 'disabled', 'refresh_az': False, 'backup_id': None, 'multiattach': False, 'availability_zones': ['nova']}' {{(pid=100176) _task_receiver /opt/stack/data/venv/lib/python3.12/site-packages/taskflow/listeners/logging.py:218}}
Aug 20 04:29:32.803233 np0000007850 devstack@c-api.service[100176]: DEBUG cinder.volume.api [None req-dedeff97-e254-4d2e-bc4f-344b6664241c tempest-TaggedAttachmentsTest-1195695226 tempest-TaggedAttachmentsTest-1195695226-project-member] Task 'cinder.volume.flows.api.create_volume.QuotaReserveTask;volume:create' (0953207a-06c0-4740-b3b0-4fbbe4dccba6) transitioned into state 'RUNNING' from state 'PENDING' {{(pid=100176) _task_receiver /opt/stack/data/venv/lib/python3.12/site-packages/taskflow/listeners/logging.py:242}}
Aug 20 04:29:32.814562 np0000007850 devstack@c-api.service[100174]: DEBUG oslo_db.sqlalchemy.engines [None req-56eded49-24af-449a-9bb1-a0fa73d6953d tempest-GroupsTest-1722249244 tempest-GroupsTest-1722249244-project-member] MySQL server mode set to STRICT_TRANS_TABLES,STRICT_ALL_TABLES,NO_ZERO_IN_DATE,NO_ZERO_DATE,ERROR_FOR_DIVISION_BY_ZERO,TRADITIONAL,NO_ENGINE_SUBSTITUTION {{(pid=100174) _check_effective_sql_mode /opt/stack/data/venv/lib/python3.12/site-packages/oslo_db/sqlalchemy/engines.py:325}}
Aug 20 04:29:32.823095 np0000007850 devstack@c-api.service[100174]: /opt/stack/data/venv/lib/python3.12/site-packages/oslo_context/context.py:102: DeprecationWarning: Policy enforcement is depending on the value of is_admin. This key is deprecated. Please update your policy file to use the standard policy values.
Aug 20 04:29:32.823095 np0000007850 devstack@c-api.service[100174]: warnings.warn(
Aug 20 04:29:32.835989 np0000007850 devstack@c-api.service[100174]: INFO cinder.api.openstack.wsgi [None req-56eded49-24af-449a-9bb1-a0fa73d6953d tempest-GroupsTest-1722249244 tempest-GroupsTest-1722249244-project-member] https://10.4.3.239/volume/v3/volumes/01eed63b-217e-4718-9cf9-25fe85c63582 returned with HTTP 200
Aug 20 04:29:32.836945 np0000007850 devstack@c-api.service[100174]: [pid: 100174|app: 0|req: 9/33] 10.4.3.239 () {68 vars in 1389 bytes} [Thu Aug 20 04:29:32 2026] GET /volume/v3/volumes/01eed63b-217e-4718-9cf9-25fe85c63582 => generated 907 bytes in 94 msecs (HTTP/1.1 200) 7 headers in 286 bytes (1 switches on core 0)
Aug 20 04:29:32.851591 np0000007850 devstack@c-api.service[100176]: WARNING cinder.quota [None req-dedeff97-e254-4d2e-bc4f-344b6664241c tempest-TaggedAttachmentsTest-1195695226 tempest-TaggedAttachmentsTest-1195695226-project-member] Deprecated: Default quota for resource: volumes_storpool is set by the default quota flag: quota_volumes_storpool, it is now deprecated. Please use the default quota class for default quota.
Aug 20 04:29:32.853129 np0000007850 devstack@c-api.service[100176]: WARNING cinder.quota [None req-dedeff97-e254-4d2e-bc4f-344b6664241c tempest-TaggedAttachmentsTest-1195695226 tempest-TaggedAttachmentsTest-1195695226-project-member] Deprecated: Default quota for resource: gigabytes_storpool is set by the default quota flag: quota_gigabytes_storpool, it is now deprecated. Please use the default quota class for default quota.
Aug 20 04:29:32.857136 np0000007850 devstack@c-api.service[100175]: DEBUG cinder.api.middleware.request_id [None req-45c8e9f4-3861-4c73-ba5f-0f9ca2d67918 None None] RequestId filter calling following filter/app {{(pid=100175) _context_setter /opt/stack/cinder/cinder/api/middleware/request_id.py:62}}
Aug 20 04:29:32.860756 np0000007850 devstack@c-api.service[100175]: INFO cinder.api.openstack.wsgi [None req-45c8e9f4-3861-4c73-ba5f-0f9ca2d67918 tempest-GroupsTest-1722249244 tempest-GroupsTest-1722249244-project-member] GET https://10.4.3.239/volume/v3/groups/26db2526-2617-4ca6-bfce-8c4a526ba30f
Aug 20 04:29:32.860756 np0000007850 devstack@c-api.service[100175]: DEBUG cinder.api.openstack.wsgi [None req-45c8e9f4-3861-4c73-ba5f-0f9ca2d67918 tempest-GroupsTest-1722249244 tempest-GroupsTest-1722249244-project-member] Empty body provided in request {{(pid=100175) get_body /opt/stack/cinder/cinder/api/openstack/wsgi.py:725}}
Aug 20 04:29:32.860756 np0000007850 devstack@c-api.service[100175]: DEBUG cinder.api.openstack.wsgi [None req-45c8e9f4-3861-4c73-ba5f-0f9ca2d67918 tempest-GroupsTest-1722249244 tempest-GroupsTest-1722249244-project-member] Calling method 'version_select' {{(pid=100175) _process_stack /opt/stack/cinder/cinder/api/openstack/wsgi.py:878}}
Aug 20 04:29:32.860756 np0000007850 devstack@c-api.service[100175]: DEBUG cinder.api.v3.groups [None req-45c8e9f4-3861-4c73-ba5f-0f9ca2d67918 tempest-GroupsTest-1722249244 tempest-GroupsTest-1722249244-project-member] show called for member 26db2526-2617-4ca6-bfce-8c4a526ba30f {{(pid=100175) show /opt/stack/cinder/cinder/api/v3/groups.py:58}}
Aug 20 04:29:32.868068 np0000007850 devstack@c-api.service[100175]: /opt/stack/data/venv/lib/python3.12/site-packages/oslo_context/context.py:102: DeprecationWarning: Policy enforcement is depending on the value of is_admin. This key is deprecated. Please update your policy file to use the standard policy values.
Aug 20 04:29:32.868068 np0000007850 devstack@c-api.service[100175]: warnings.warn(
Aug 20 04:29:32.881444 np0000007850 devstack@c-api.service[100175]: INFO cinder.api.openstack.wsgi [None req-45c8e9f4-3861-4c73-ba5f-0f9ca2d67918 tempest-GroupsTest-1722249244 tempest-GroupsTest-1722249244-project-member] https://10.4.3.239/volume/v3/groups/26db2526-2617-4ca6-bfce-8c4a526ba30f returned with HTTP 200
Aug 20 04:29:32.881444 np0000007850 devstack@c-api.service[100175]: [pid: 100175|app: 0|req: 9/34] 10.4.3.239 () {68 vars in 1386 bytes} [Thu Aug 20 04:29:32 2026] GET /volume/v3/groups/26db2526-2617-4ca6-bfce-8c4a526ba30f => generated 322 bytes in 26 msecs (HTTP/1.1 200) 7 headers in 286 bytes (1 switches on core 0)
Aug 20 04:29:32.895934 np0000007850 devstack@c-api.service[100177]: DEBUG cinder.api.middleware.request_id [None req-8752cc94-728f-44de-8b26-a2b625d17f68 None None] RequestId filter calling following filter/app {{(pid=100177) _context_setter /opt/stack/cinder/cinder/api/middleware/request_id.py:62}}
Aug 20 04:29:32.898484 np0000007850 devstack@c-api.service[100177]: INFO cinder.api.openstack.wsgi [None req-8752cc94-728f-44de-8b26-a2b625d17f68 tempest-GroupsTest-1722249244 tempest-GroupsTest-1722249244-project-member] GET https://10.4.3.239/volume/v3/groups/e6eb208a-47dd-4cfd-8f44-0a8872e68bf6
Aug 20 04:29:32.898629 np0000007850 devstack@c-api.service[100177]: DEBUG cinder.api.openstack.wsgi [None req-8752cc94-728f-44de-8b26-a2b625d17f68 tempest-GroupsTest-1722249244 tempest-GroupsTest-1722249244-project-member] Empty body provided in request {{(pid=100177) get_body /opt/stack/cinder/cinder/api/openstack/wsgi.py:725}}
Aug 20 04:29:32.898816 np0000007850 devstack@c-api.service[100177]: DEBUG cinder.api.openstack.wsgi [None req-8752cc94-728f-44de-8b26-a2b625d17f68 tempest-GroupsTest-1722249244 tempest-GroupsTest-1722249244-project-member] Calling method 'version_select' {{(pid=100177) _process_stack /opt/stack/cinder/cinder/api/openstack/wsgi.py:878}}
Aug 20 04:29:32.899011 np0000007850 devstack@c-api.service[100177]: DEBUG cinder.api.v3.groups [None req-8752cc94-728f-44de-8b26-a2b625d17f68 tempest-GroupsTest-1722249244 tempest-GroupsTest-1722249244-project-member] show called for member e6eb208a-47dd-4cfd-8f44-0a8872e68bf6 {{(pid=100177) show /opt/stack/cinder/cinder/api/v3/groups.py:58}}
Aug 20 04:29:32.905712 np0000007850 devstack@c-api.service[100177]: /opt/stack/data/venv/lib/python3.12/site-packages/oslo_context/context.py:102: DeprecationWarning: Policy enforcement is depending on the value of is_admin. This key is deprecated. Please update your policy file to use the standard policy values.
Aug 20 04:29:32.905712 np0000007850 devstack@c-api.service[100177]: warnings.warn(
Aug 20 04:29:32.914299 np0000007850 devstack@c-api.service[100176]: DEBUG cinder.quota [None req-dedeff97-e254-4d2e-bc4f-344b6664241c tempest-TaggedAttachmentsTest-1195695226 tempest-TaggedAttachmentsTest-1195695226-project-member] Created reservations ['c6a69839-6363-490a-83be-b4c5f472dfbc', 'fdba2e75-dddb-422a-b8b9-4aa702eda1b9', '9beacd09-5458-4052-a1bc-1ee1d392150e', '70b3d919-251e-477b-8881-19062b525ad9'] {{(pid=100176) reserve /opt/stack/cinder/cinder/quota.py:752}}
Aug 20 04:29:32.916406 np0000007850 devstack@c-api.service[100176]: DEBUG cinder.volume.api [None req-dedeff97-e254-4d2e-bc4f-344b6664241c tempest-TaggedAttachmentsTest-1195695226 tempest-TaggedAttachmentsTest-1195695226-project-member] Task 'cinder.volume.flows.api.create_volume.QuotaReserveTask;volume:create' (0953207a-06c0-4740-b3b0-4fbbe4dccba6) transitioned into state 'SUCCESS' from state 'RUNNING' with result '{'reservations': ['c6a69839-6363-490a-83be-b4c5f472dfbc', 'fdba2e75-dddb-422a-b8b9-4aa702eda1b9', '9beacd09-5458-4052-a1bc-1ee1d392150e', '70b3d919-251e-477b-8881-19062b525ad9']}' {{(pid=100176) _task_receiver /opt/stack/data/venv/lib/python3.12/site-packages/taskflow/listeners/logging.py:218}}
Aug 20 04:29:32.916406 np0000007850 devstack@c-api.service[100176]: DEBUG cinder.volume.api [None req-dedeff97-e254-4d2e-bc4f-344b6664241c tempest-TaggedAttachmentsTest-1195695226 tempest-TaggedAttachmentsTest-1195695226-project-member] Task 'cinder.volume.flows.api.create_volume.EntryCreateTask;volume:create' (bf5cdee1-f27c-4f5f-a720-b5a9debc18ba) transitioned into state 'RUNNING' from state 'PENDING' {{(pid=100176) _task_receiver /opt/stack/data/venv/lib/python3.12/site-packages/taskflow/listeners/logging.py:242}}
Aug 20 04:29:32.938890 np0000007850 devstack@c-api.service[100177]: INFO cinder.api.openstack.wsgi [None req-8752cc94-728f-44de-8b26-a2b625d17f68 tempest-GroupsTest-1722249244 tempest-GroupsTest-1722249244-project-member] https://10.4.3.239/volume/v3/groups/e6eb208a-47dd-4cfd-8f44-0a8872e68bf6 returned with HTTP 200
Aug 20 04:29:32.939551 np0000007850 devstack@c-api.service[100177]: [pid: 100177|app: 0|req: 10/35] 10.4.3.239 () {68 vars in 1386 bytes} [Thu Aug 20 04:29:32 2026] GET /volume/v3/groups/e6eb208a-47dd-4cfd-8f44-0a8872e68bf6 => generated 322 bytes in 44 msecs (HTTP/1.1 200) 7 headers in 286 bytes (1 switches on core 0)
Aug 20 04:29:32.957465 np0000007850 devstack@c-api.service[100174]: DEBUG cinder.api.middleware.request_id [None req-7b44724b-8fa1-4a8f-ac45-ac88d67b735e None None] RequestId filter calling following filter/app {{(pid=100174) _context_setter /opt/stack/cinder/cinder/api/middleware/request_id.py:62}}
Aug 20 04:29:32.959309 np0000007850 devstack@c-api.service[100174]: INFO cinder.api.openstack.wsgi [None req-7b44724b-8fa1-4a8f-ac45-ac88d67b735e tempest-GroupsTest-1722249244 tempest-GroupsTest-1722249244-project-member] GET https://10.4.3.239/volume/v3/groups/detail
Aug 20 04:29:32.959774 np0000007850 devstack@c-api.service[100174]: DEBUG cinder.api.openstack.wsgi [None req-7b44724b-8fa1-4a8f-ac45-ac88d67b735e tempest-GroupsTest-1722249244 tempest-GroupsTest-1722249244-project-member] Empty body provided in request {{(pid=100174) get_body /opt/stack/cinder/cinder/api/openstack/wsgi.py:725}}
Aug 20 04:29:32.959919 np0000007850 devstack@c-api.service[100174]: DEBUG cinder.api.openstack.wsgi [None req-7b44724b-8fa1-4a8f-ac45-ac88d67b735e tempest-GroupsTest-1722249244 tempest-GroupsTest-1722249244-project-member] Calling method 'version_select' {{(pid=100174) _process_stack /opt/stack/cinder/cinder/api/openstack/wsgi.py:878}}
Aug 20 04:29:32.973569 np0000007850 devstack@c-api.service[100176]: DEBUG cinder.volume.api [None req-dedeff97-e254-4d2e-bc4f-344b6664241c tempest-TaggedAttachmentsTest-1195695226 tempest-TaggedAttachmentsTest-1195695226-project-member] Task 'cinder.volume.flows.api.create_volume.EntryCreateTask;volume:create' (bf5cdee1-f27c-4f5f-a720-b5a9debc18ba) transitioned into state 'SUCCESS' from state 'RUNNING' with result '{'volume_id': 'bf31d0c8-696a-4555-91b5-5956d70f0941', 'volume_properties': VolumeProperties(attach_status='detached',availability_zone='nova',cgsnapshot_id=None,consistencygroup_id=None,display_description=None,display_name='tempest-TaggedAttachmentsTest-volume-529883790',encryption_key_id=None,group_id=None,group_type_id=,metadata={},multiattach=False,project_id='6af2c7977f2944f190b3ef1b15d36baf',qos_specs=None,replication_status=,reservations=['c6a69839-6363-490a-83be-b4c5f472dfbc','fdba2e75-dddb-422a-b8b9-4aa702eda1b9','9beacd09-5458-4052-a1bc-1ee1d392150e','70b3d919-251e-477b-8881-19062b525ad9'],size=1,snapshot_id=None,source_replicaid=,source_volid=None,status='creating',user_id='6f772ee1725e4a43a85fa64248f32c1d',volume_type_id=efe400ed-a393-4bb3-a55c-33b03df9b54e), 'volume': Volume(_name_id=None,admin_metadata=,attach_status='detached',availability_zone='nova',bootable=False,cluster=,cluster_name=None,consistencygroup=,consistencygroup_id=None,created_at=2026-08-20T04:29:32Z,deleted=False,deleted_at=None,display_description=None,display_name='tempest-TaggedAttachmentsTest-volume-529883790',ec2_id=None,encryption_key_id=None,glance_metadata=,group=,group_id=None,host=None,id=bf31d0c8-696a-4555-91b5-5956d70f0941,launched_at=None,metadata={},migration_status=None,multiattach=False,previous_status=None,project_id='6af2c7977f2944f190b3ef1b15d36baf',provider_auth=None,provider_geometry=None,provider_id=None,provider_location=None,replication_driver_data=None,replication_extended_status=None,replication_status=None,scheduled_at=None,service_uuid=None,shared_targets=True,size=1,snapshot_id=None,snapshots=,source_volid=None,status='creating',terminated_at=None,updated_at=None,use_quota=True,user_id='6f772ee1725e4a43a85fa64248f32c1d',volume_attachment=VolumeAttachmentList,volume_type=VolumeType(efe400ed-a393-4bb3-a55c-33b03df9b54e),volume_type_id=efe400ed-a393-4bb3-a55c-33b03df9b54e)}' {{(pid=100176) _task_receiver /opt/stack/data/venv/lib/python3.12/site-packages/taskflow/listeners/logging.py:218}}
Aug 20 04:29:32.974533 np0000007850 devstack@c-api.service[100176]: DEBUG cinder.volume.api [None req-dedeff97-e254-4d2e-bc4f-344b6664241c tempest-TaggedAttachmentsTest-1195695226 tempest-TaggedAttachmentsTest-1195695226-project-member] Task 'cinder.volume.flows.api.create_volume.QuotaCommitTask;volume:create' (81e5b1b1-844c-4d53-a9c7-7ac7c5c08f44) transitioned into state 'RUNNING' from state 'PENDING' {{(pid=100176) _task_receiver /opt/stack/data/venv/lib/python3.12/site-packages/taskflow/listeners/logging.py:242}}
Aug 20 04:29:33.001201 np0000007850 devstack@c-api.service[100174]: INFO cinder.api.openstack.wsgi [None req-7b44724b-8fa1-4a8f-ac45-ac88d67b735e tempest-GroupsTest-1722249244 tempest-GroupsTest-1722249244-project-member] https://10.4.3.239/volume/v3/groups/detail returned with HTTP 200
Aug 20 04:29:33.001627 np0000007850 devstack@c-api.service[100174]: [pid: 100174|app: 0|req: 10/36] 10.4.3.239 () {68 vars in 1296 bytes} [Thu Aug 20 04:29:32 2026] GET /volume/v3/groups/detail => generated 638 bytes in 45 msecs (HTTP/1.1 200) 7 headers in 286 bytes (1 switches on core 0)
Aug 20 04:29:33.012307 np0000007850 devstack@c-api.service[100176]: DEBUG cinder.volume.api [None req-dedeff97-e254-4d2e-bc4f-344b6664241c tempest-TaggedAttachmentsTest-1195695226 tempest-TaggedAttachmentsTest-1195695226-project-member] Task 'cinder.volume.flows.api.create_volume.QuotaCommitTask;volume:create' (81e5b1b1-844c-4d53-a9c7-7ac7c5c08f44) transitioned into state 'SUCCESS' from state 'RUNNING' with result '{'volume_properties': VolumeProperties(attach_status='detached',availability_zone='nova',cgsnapshot_id=None,consistencygroup_id=None,display_description=None,display_name='tempest-TaggedAttachmentsTest-volume-529883790',encryption_key_id=None,group_id=None,group_type_id=,metadata={},multiattach=False,project_id='6af2c7977f2944f190b3ef1b15d36baf',qos_specs=None,replication_status=,reservations=['c6a69839-6363-490a-83be-b4c5f472dfbc','fdba2e75-dddb-422a-b8b9-4aa702eda1b9','9beacd09-5458-4052-a1bc-1ee1d392150e','70b3d919-251e-477b-8881-19062b525ad9'],size=1,snapshot_id=None,source_replicaid=,source_volid=None,status='creating',user_id='6f772ee1725e4a43a85fa64248f32c1d',volume_type_id=efe400ed-a393-4bb3-a55c-33b03df9b54e)}' {{(pid=100176) _task_receiver /opt/stack/data/venv/lib/python3.12/site-packages/taskflow/listeners/logging.py:218}}
Aug 20 04:29:33.012995 np0000007850 devstack@c-api.service[100176]: DEBUG cinder.volume.api [None req-dedeff97-e254-4d2e-bc4f-344b6664241c tempest-TaggedAttachmentsTest-1195695226 tempest-TaggedAttachmentsTest-1195695226-project-member] Task 'cinder.volume.flows.api.create_volume.VolumeCastTask;volume:create' (50c78d2a-4980-4206-a4fb-dd5808adb7a0) transitioned into state 'RUNNING' from state 'PENDING' {{(pid=100176) _task_receiver /opt/stack/data/venv/lib/python3.12/site-packages/taskflow/listeners/logging.py:242}}
Aug 20 04:29:33.016893 np0000007850 devstack@c-api.service[100175]: DEBUG cinder.api.middleware.request_id [None req-470d22c9-f5e2-4772-b96b-47be673eda5c None None] RequestId filter calling following filter/app {{(pid=100175) _context_setter /opt/stack/cinder/cinder/api/middleware/request_id.py:62}}
Aug 20 04:29:33.019129 np0000007850 devstack@c-api.service[100175]: INFO cinder.api.openstack.wsgi [None req-470d22c9-f5e2-4772-b96b-47be673eda5c tempest-GroupsTest-1722249244 tempest-GroupsTest-1722249244-project-member] GET https://10.4.3.239/volume/v3/volumes/detail
Aug 20 04:29:33.019572 np0000007850 devstack@c-api.service[100175]: DEBUG cinder.api.openstack.wsgi [None req-470d22c9-f5e2-4772-b96b-47be673eda5c tempest-GroupsTest-1722249244 tempest-GroupsTest-1722249244-project-member] Empty body provided in request {{(pid=100175) get_body /opt/stack/cinder/cinder/api/openstack/wsgi.py:725}}
Aug 20 04:29:33.020358 np0000007850 devstack@c-api.service[100175]: DEBUG cinder.api.openstack.wsgi [None req-470d22c9-f5e2-4772-b96b-47be673eda5c tempest-GroupsTest-1722249244 tempest-GroupsTest-1722249244-project-member] Calling method 'detail' {{(pid=100175) _process_stack /opt/stack/cinder/cinder/api/openstack/wsgi.py:878}}
Aug 20 04:29:33.020748 np0000007850 devstack@c-api.service[100175]: DEBUG cinder.api.api_utils [None req-470d22c9-f5e2-4772-b96b-47be673eda5c tempest-GroupsTest-1722249244 tempest-GroupsTest-1722249244-project-member] Removing options '' from query. {{(pid=100175) remove_invalid_filter_options /opt/stack/cinder/cinder/api/api_utils.py:82}}
Aug 20 04:29:33.021077 np0000007850 devstack@c-api.service[100175]: /opt/stack/data/venv/lib/python3.12/site-packages/oslo_context/context.py:102: DeprecationWarning: Policy enforcement is depending on the value of is_admin. This key is deprecated. Please update your policy file to use the standard policy values.
Aug 20 04:29:33.021077 np0000007850 devstack@c-api.service[100175]: warnings.warn(
Aug 20 04:29:33.021566 np0000007850 devstack@c-api.service[100175]: DEBUG cinder.volume.api [None req-470d22c9-f5e2-4772-b96b-47be673eda5c tempest-GroupsTest-1722249244 tempest-GroupsTest-1722249244-project-member] Searching by: MultiDict([('no_migration_targets', True)]). {{(pid=100175) get_all /opt/stack/cinder/cinder/volume/api.py:664}}
Aug 20 04:29:33.031040 np0000007850 devstack@c-api.service[100176]: DEBUG cinder.volume.api [None req-dedeff97-e254-4d2e-bc4f-344b6664241c tempest-TaggedAttachmentsTest-1195695226 tempest-TaggedAttachmentsTest-1195695226-project-member] Task 'cinder.volume.flows.api.create_volume.VolumeCastTask;volume:create' (50c78d2a-4980-4206-a4fb-dd5808adb7a0) transitioned into state 'SUCCESS' from state 'RUNNING' with result 'None' {{(pid=100176) _task_receiver /opt/stack/data/venv/lib/python3.12/site-packages/taskflow/listeners/logging.py:218}}
Aug 20 04:29:33.031672 np0000007850 devstack@c-api.service[100176]: DEBUG cinder.volume.api [None req-dedeff97-e254-4d2e-bc4f-344b6664241c tempest-TaggedAttachmentsTest-1195695226 tempest-TaggedAttachmentsTest-1195695226-project-member] Flow 'volume_create_api' (edfc089a-0e7c-4d42-be3c-cd110a5d8daf) transitioned into state 'SUCCESS' from state 'RUNNING' {{(pid=100176) _flow_receiver /opt/stack/data/venv/lib/python3.12/site-packages/taskflow/listeners/logging.py:160}}
Aug 20 04:29:33.032805 np0000007850 devstack@c-api.service[100176]: INFO cinder.volume.api [None req-dedeff97-e254-4d2e-bc4f-344b6664241c tempest-TaggedAttachmentsTest-1195695226 tempest-TaggedAttachmentsTest-1195695226-project-member] Create volume request issued successfully.
Aug 20 04:29:33.034498 np0000007850 devstack@c-api.service[100176]: INFO cinder.api.openstack.wsgi [None req-dedeff97-e254-4d2e-bc4f-344b6664241c tempest-TaggedAttachmentsTest-1195695226 tempest-TaggedAttachmentsTest-1195695226-project-member] https://10.4.3.239/volume/v3/volumes returned with HTTP 202
Aug 20 04:29:33.035114 np0000007850 devstack@c-api.service[100176]: [pid: 100176|app: 0|req: 8/37] 10.4.3.239 () {68 vars in 1258 bytes} [Thu Aug 20 04:29:32 2026] POST /volume/v3/volumes => generated 751 bytes in 323 msecs (HTTP/1.1 202) 7 headers in 291 bytes (1 switches on core 0)
Aug 20 04:29:33.053123 np0000007850 devstack@c-api.service[100177]: DEBUG cinder.api.middleware.request_id [None req-ca54e6cd-9472-43ea-826e-3a6891002266 None None] RequestId filter calling following filter/app {{(pid=100177) _context_setter /opt/stack/cinder/cinder/api/middleware/request_id.py:62}}
Aug 20 04:29:33.056719 np0000007850 devstack@c-api.service[100177]: INFO cinder.api.openstack.wsgi [None req-ca54e6cd-9472-43ea-826e-3a6891002266 tempest-TaggedAttachmentsTest-1195695226 tempest-TaggedAttachmentsTest-1195695226-project-member] GET https://10.4.3.239/volume/v3/volumes/bf31d0c8-696a-4555-91b5-5956d70f0941
Aug 20 04:29:33.057434 np0000007850 devstack@c-api.service[100177]: DEBUG cinder.api.openstack.wsgi [None req-ca54e6cd-9472-43ea-826e-3a6891002266 tempest-TaggedAttachmentsTest-1195695226 tempest-TaggedAttachmentsTest-1195695226-project-member] Empty body provided in request {{(pid=100177) get_body /opt/stack/cinder/cinder/api/openstack/wsgi.py:725}}
Aug 20 04:29:33.058000 np0000007850 devstack@c-api.service[100177]: DEBUG cinder.api.openstack.wsgi [None req-ca54e6cd-9472-43ea-826e-3a6891002266 tempest-TaggedAttachmentsTest-1195695226 tempest-TaggedAttachmentsTest-1195695226-project-member] Calling method 'show' {{(pid=100177) _process_stack /opt/stack/cinder/cinder/api/openstack/wsgi.py:878}}
Aug 20 04:29:33.069890 np0000007850 devstack@c-api.service[100177]: /opt/stack/data/venv/lib/python3.12/site-packages/oslo_context/context.py:102: DeprecationWarning: Policy enforcement is depending on the value of is_admin. This key is deprecated. Please update your policy file to use the standard policy values.
Aug 20 04:29:33.069890 np0000007850 devstack@c-api.service[100177]: warnings.warn(
Aug 20 04:29:33.070114 np0000007850 devstack@c-api.service[100175]: INFO cinder.volume.api [None req-470d22c9-f5e2-4772-b96b-47be673eda5c tempest-GroupsTest-1722249244 tempest-GroupsTest-1722249244-project-member] Get all volumes completed successfully.
Aug 20 04:29:33.070851 np0000007850 devstack@c-api.service[100175]: WARNING stevedore.named [None req-470d22c9-f5e2-4772-b96b-47be673eda5c tempest-GroupsTest-1722249244 tempest-GroupsTest-1722249244-project-member] Could not load cinder.keymgr.conf_key_mgr.ConfKeyManager
Aug 20 04:29:33.071005 np0000007850 devstack@c-api.service[100175]: WARNING castellan.key_manager [None req-470d22c9-f5e2-4772-b96b-47be673eda5c tempest-GroupsTest-1722249244 tempest-GroupsTest-1722249244-project-member] Deprecation Warning : cinder.keymgr.conf_key_mgr.ConfKeyManager is not a stevedore based driver, trying to load it as a class: stevedore.exception.NoMatches: No 'castellan.drivers' driver found, looking for 'cinder.keymgr.conf_key_mgr.ConfKeyManager'
Aug 20 04:29:33.074289 np0000007850 devstack@c-api.service[100177]: INFO cinder.volume.api [None req-ca54e6cd-9472-43ea-826e-3a6891002266 tempest-TaggedAttachmentsTest-1195695226 tempest-TaggedAttachmentsTest-1195695226-project-member] Volume info retrieved successfully.
Aug 20 04:29:33.079955 np0000007850 devstack@c-api.service[100177]: INFO cinder.api.openstack.wsgi [None req-ca54e6cd-9472-43ea-826e-3a6891002266 tempest-TaggedAttachmentsTest-1195695226 tempest-TaggedAttachmentsTest-1195695226-project-member] https://10.4.3.239/volume/v3/volumes/bf31d0c8-696a-4555-91b5-5956d70f0941 returned with HTTP 200
Aug 20 04:29:33.080378 np0000007850 devstack@c-api.service[100177]: [pid: 100177|app: 0|req: 11/38] 10.4.3.239 () {66 vars in 1348 bytes} [Thu Aug 20 04:29:33 2026] GET /volume/v3/volumes/bf31d0c8-696a-4555-91b5-5956d70f0941 => generated 819 bytes in 28 msecs (HTTP/1.1 200) 7 headers in 285 bytes (1 switches on core 0)
Aug 20 04:29:33.124588 np0000007850 devstack@c-api.service[100175]: DEBUG oslo_db.sqlalchemy.engines [None req-470d22c9-f5e2-4772-b96b-47be673eda5c tempest-GroupsTest-1722249244 tempest-GroupsTest-1722249244-project-member] MySQL server mode set to STRICT_TRANS_TABLES,STRICT_ALL_TABLES,NO_ZERO_IN_DATE,NO_ZERO_DATE,ERROR_FOR_DIVISION_BY_ZERO,TRADITIONAL,NO_ENGINE_SUBSTITUTION {{(pid=100175) _check_effective_sql_mode /opt/stack/data/venv/lib/python3.12/site-packages/oslo_db/sqlalchemy/engines.py:325}}
Aug 20 04:29:33.130091 np0000007850 devstack@c-api.service[100175]: /opt/stack/data/venv/lib/python3.12/site-packages/oslo_context/context.py:102: DeprecationWarning: Policy enforcement is depending on the value of is_admin. This key is deprecated. Please update your policy file to use the standard policy values.
Aug 20 04:29:33.130091 np0000007850 devstack@c-api.service[100175]: warnings.warn(
Aug 20 04:29:33.144000 np0000007850 devstack@c-api.service[100175]: INFO cinder.api.openstack.wsgi [None req-470d22c9-f5e2-4772-b96b-47be673eda5c tempest-GroupsTest-1722249244 tempest-GroupsTest-1722249244-project-member] https://10.4.3.239/volume/v3/volumes/detail returned with HTTP 200
Aug 20 04:29:33.144505 np0000007850 devstack@c-api.service[100175]: [pid: 100175|app: 0|req: 10/39] 10.4.3.239 () {68 vars in 1299 bytes} [Thu Aug 20 04:29:33 2026] GET /volume/v3/volumes/detail => generated 910 bytes in 128 msecs (HTTP/1.1 200) 7 headers in 286 bytes (1 switches on core 0)
Aug 20 04:29:33.162113 np0000007850 devstack@c-api.service[100174]: DEBUG cinder.api.middleware.request_id [None req-e9f6e40d-ec46-43b2-b674-96987f9b7c3b None None] RequestId filter calling following filter/app {{(pid=100174) _context_setter /opt/stack/cinder/cinder/api/middleware/request_id.py:62}}
Aug 20 04:29:33.164090 np0000007850 devstack@c-api.service[100174]: INFO cinder.api.openstack.wsgi [None req-e9f6e40d-ec46-43b2-b674-96987f9b7c3b tempest-GroupsTest-1722249244 tempest-GroupsTest-1722249244-project-member] GET https://10.4.3.239/volume/v3/volumes/detail
Aug 20 04:29:33.164335 np0000007850 devstack@c-api.service[100174]: DEBUG cinder.api.openstack.wsgi [None req-e9f6e40d-ec46-43b2-b674-96987f9b7c3b tempest-GroupsTest-1722249244 tempest-GroupsTest-1722249244-project-member] Empty body provided in request {{(pid=100174) get_body /opt/stack/cinder/cinder/api/openstack/wsgi.py:725}}
Aug 20 04:29:33.164591 np0000007850 devstack@c-api.service[100174]: DEBUG cinder.api.openstack.wsgi [None req-e9f6e40d-ec46-43b2-b674-96987f9b7c3b tempest-GroupsTest-1722249244 tempest-GroupsTest-1722249244-project-member] Calling method 'detail' {{(pid=100174) _process_stack /opt/stack/cinder/cinder/api/openstack/wsgi.py:878}}
Aug 20 04:29:33.165001 np0000007850 devstack@c-api.service[100174]: DEBUG cinder.api.api_utils [None req-e9f6e40d-ec46-43b2-b674-96987f9b7c3b tempest-GroupsTest-1722249244 tempest-GroupsTest-1722249244-project-member] Removing options '' from query. {{(pid=100174) remove_invalid_filter_options /opt/stack/cinder/cinder/api/api_utils.py:82}}
Aug 20 04:29:33.165397 np0000007850 devstack@c-api.service[100174]: /opt/stack/data/venv/lib/python3.12/site-packages/oslo_context/context.py:102: DeprecationWarning: Policy enforcement is depending on the value of is_admin. This key is deprecated. Please update your policy file to use the standard policy values.
Aug 20 04:29:33.165397 np0000007850 devstack@c-api.service[100174]: warnings.warn(
Aug 20 04:29:33.165954 np0000007850 devstack@c-api.service[100174]: DEBUG cinder.volume.api [None req-e9f6e40d-ec46-43b2-b674-96987f9b7c3b tempest-GroupsTest-1722249244 tempest-GroupsTest-1722249244-project-member] Searching by: MultiDict([('no_migration_targets', True)]). {{(pid=100174) get_all /opt/stack/cinder/cinder/volume/api.py:664}}
Aug 20 04:29:33.206829 np0000007850 devstack@c-api.service[100174]: INFO cinder.volume.api [None req-e9f6e40d-ec46-43b2-b674-96987f9b7c3b tempest-GroupsTest-1722249244 tempest-GroupsTest-1722249244-project-member] Get all volumes completed successfully.
Aug 20 04:29:33.207890 np0000007850 devstack@c-api.service[100174]: WARNING stevedore.named [None req-e9f6e40d-ec46-43b2-b674-96987f9b7c3b tempest-GroupsTest-1722249244 tempest-GroupsTest-1722249244-project-member] Could not load cinder.keymgr.conf_key_mgr.ConfKeyManager
Aug 20 04:29:33.208043 np0000007850 devstack@c-api.service[100174]: WARNING castellan.key_manager [None req-e9f6e40d-ec46-43b2-b674-96987f9b7c3b tempest-GroupsTest-1722249244 tempest-GroupsTest-1722249244-project-member] Deprecation Warning : cinder.keymgr.conf_key_mgr.ConfKeyManager is not a stevedore based driver, trying to load it as a class: stevedore.exception.NoMatches: No 'castellan.drivers' driver found, looking for 'cinder.keymgr.conf_key_mgr.ConfKeyManager'
Aug 20 04:29:33.258667 np0000007850 devstack@c-api.service[100174]: DEBUG oslo_db.sqlalchemy.engines [None req-e9f6e40d-ec46-43b2-b674-96987f9b7c3b tempest-GroupsTest-1722249244 tempest-GroupsTest-1722249244-project-member] MySQL server mode set to STRICT_TRANS_TABLES,STRICT_ALL_TABLES,NO_ZERO_IN_DATE,NO_ZERO_DATE,ERROR_FOR_DIVISION_BY_ZERO,TRADITIONAL,NO_ENGINE_SUBSTITUTION {{(pid=100174) _check_effective_sql_mode /opt/stack/data/venv/lib/python3.12/site-packages/oslo_db/sqlalchemy/engines.py:325}}
Aug 20 04:29:33.264208 np0000007850 devstack@c-api.service[100174]: /opt/stack/data/venv/lib/python3.12/site-packages/oslo_context/context.py:102: DeprecationWarning: Policy enforcement is depending on the value of is_admin. This key is deprecated. Please update your policy file to use the standard policy values.
Aug 20 04:29:33.264208 np0000007850 devstack@c-api.service[100174]: warnings.warn(
Aug 20 04:29:33.283438 np0000007850 devstack@c-api.service[100174]: INFO cinder.api.openstack.wsgi [None req-e9f6e40d-ec46-43b2-b674-96987f9b7c3b tempest-GroupsTest-1722249244 tempest-GroupsTest-1722249244-project-member] https://10.4.3.239/volume/v3/volumes/detail returned with HTTP 200
Aug 20 04:29:33.284085 np0000007850 devstack@c-api.service[100174]: [pid: 100174|app: 0|req: 11/40] 10.4.3.239 () {68 vars in 1299 bytes} [Thu Aug 20 04:29:33 2026] GET /volume/v3/volumes/detail => generated 910 bytes in 123 msecs (HTTP/1.1 200) 7 headers in 286 bytes (1 switches on core 0)
Aug 20 04:29:33.300534 np0000007850 devstack@c-api.service[100176]: DEBUG cinder.api.middleware.request_id [None req-aa6c7e23-16a3-4ba7-8643-3d055f170db3 None None] RequestId filter calling following filter/app {{(pid=100176) _context_setter /opt/stack/cinder/cinder/api/middleware/request_id.py:62}}
Aug 20 04:29:33.302362 np0000007850 devstack@c-api.service[100176]: INFO cinder.api.openstack.wsgi [None req-aa6c7e23-16a3-4ba7-8643-3d055f170db3 tempest-GroupsTest-1722249244 tempest-GroupsTest-1722249244-project-member] POST https://10.4.3.239/volume/v3/groups/26db2526-2617-4ca6-bfce-8c4a526ba30f/action
Aug 20 04:29:33.303079 np0000007850 devstack@c-api.service[100176]: DEBUG cinder.api.openstack.wsgi [None req-aa6c7e23-16a3-4ba7-8643-3d055f170db3 tempest-GroupsTest-1722249244 tempest-GroupsTest-1722249244-project-member] Action body: b'{"delete": {"delete-volumes": true}}' {{(pid=100176) get_method /opt/stack/cinder/cinder/api/openstack/wsgi.py:993}}
Aug 20 04:29:33.303272 np0000007850 devstack@c-api.service[100176]: DEBUG cinder.api.openstack.wsgi [None req-aa6c7e23-16a3-4ba7-8643-3d055f170db3 tempest-GroupsTest-1722249244 tempest-GroupsTest-1722249244-project-member] Action: 'action', calling method: version_select, body: {"delete": {"delete-volumes": true}} {{(pid=100176) _process_stack /opt/stack/cinder/cinder/api/openstack/wsgi.py:876}}
Aug 20 04:29:33.304838 np0000007850 devstack@c-api.service[100176]: DEBUG cinder.api.v3.groups [None req-aa6c7e23-16a3-4ba7-8643-3d055f170db3 tempest-GroupsTest-1722249244 tempest-GroupsTest-1722249244-project-member] delete called for group 26db2526-2617-4ca6-bfce-8c4a526ba30f {{(pid=100176) _delete /opt/stack/cinder/cinder/api/v3/groups.py:117}}
Aug 20 04:29:33.304992 np0000007850 devstack@c-api.service[100176]: INFO cinder.api.v3.groups [None req-aa6c7e23-16a3-4ba7-8643-3d055f170db3 tempest-GroupsTest-1722249244 tempest-GroupsTest-1722249244-project-member] Delete group with id: 26db2526-2617-4ca6-bfce-8c4a526ba30f
Aug 20 04:29:33.311862 np0000007850 devstack@c-api.service[100176]: /opt/stack/data/venv/lib/python3.12/site-packages/oslo_context/context.py:102: DeprecationWarning: Policy enforcement is depending on the value of is_admin. This key is deprecated. Please update your policy file to use the standard policy values.
Aug 20 04:29:33.311862 np0000007850 devstack@c-api.service[100176]: warnings.warn(
Aug 20 04:29:33.405362 np0000007850 devstack@c-api.service[100176]: INFO cinder.api.openstack.wsgi [None req-aa6c7e23-16a3-4ba7-8643-3d055f170db3 tempest-GroupsTest-1722249244 tempest-GroupsTest-1722249244-project-member] https://10.4.3.239/volume/v3/groups/26db2526-2617-4ca6-bfce-8c4a526ba30f/action returned with HTTP 202
Aug 20 04:29:33.406009 np0000007850 devstack@c-api.service[100176]: [pid: 100176|app: 0|req: 9/41] 10.4.3.239 () {70 vars in 1428 bytes} [Thu Aug 20 04:29:33 2026] POST /volume/v3/groups/26db2526-2617-4ca6-bfce-8c4a526ba30f/action => generated 0 bytes in 106 msecs (HTTP/1.1 202) 6 headers in 234 bytes (1 switches on core 0)
Aug 20 04:29:33.416832 np0000007850 devstack@c-api.service[100177]: DEBUG cinder.api.middleware.request_id [None req-93f28bd3-c530-4058-8449-37244a23bf83 None None] RequestId filter calling following filter/app {{(pid=100177) _context_setter /opt/stack/cinder/cinder/api/middleware/request_id.py:62}}
Aug 20 04:29:33.420929 np0000007850 devstack@c-api.service[100177]: INFO cinder.api.openstack.wsgi [None req-93f28bd3-c530-4058-8449-37244a23bf83 tempest-GroupsTest-1722249244 tempest-GroupsTest-1722249244-project-member] GET https://10.4.3.239/volume/v3/volumes/01eed63b-217e-4718-9cf9-25fe85c63582
Aug 20 04:29:33.421819 np0000007850 devstack@c-api.service[100177]: DEBUG cinder.api.openstack.wsgi [None req-93f28bd3-c530-4058-8449-37244a23bf83 tempest-GroupsTest-1722249244 tempest-GroupsTest-1722249244-project-member] Empty body provided in request {{(pid=100177) get_body /opt/stack/cinder/cinder/api/openstack/wsgi.py:725}}
Aug 20 04:29:33.421819 np0000007850 devstack@c-api.service[100177]: DEBUG cinder.api.openstack.wsgi [None req-93f28bd3-c530-4058-8449-37244a23bf83 tempest-GroupsTest-1722249244 tempest-GroupsTest-1722249244-project-member] Calling method 'show' {{(pid=100177) _process_stack /opt/stack/cinder/cinder/api/openstack/wsgi.py:878}}
Aug 20 04:29:33.432131 np0000007850 devstack@c-api.service[100177]: /opt/stack/data/venv/lib/python3.12/site-packages/oslo_context/context.py:102: DeprecationWarning: Policy enforcement is depending on the value of is_admin. This key is deprecated. Please update your policy file to use the standard policy values.
Aug 20 04:29:33.432131 np0000007850 devstack@c-api.service[100177]: warnings.warn(
Aug 20 04:29:33.436590 np0000007850 devstack@c-api.service[100177]: INFO cinder.volume.api [None req-93f28bd3-c530-4058-8449-37244a23bf83 tempest-GroupsTest-1722249244 tempest-GroupsTest-1722249244-project-member] Volume info retrieved successfully.
Aug 20 04:29:33.437452 np0000007850 devstack@c-api.service[100177]: WARNING stevedore.named [None req-93f28bd3-c530-4058-8449-37244a23bf83 tempest-GroupsTest-1722249244 tempest-GroupsTest-1722249244-project-member] Could not load cinder.keymgr.conf_key_mgr.ConfKeyManager
