Aug 20 04:27:24.467771 np0000007850 nova-scheduler[96509]: DEBUG cotyledon.oslo_config_glue [-] workarounds.qemu_monitor_announce_self_interval = 1 {{(pid=96509) log_opt_values /opt/stack/data/venv/lib/python3.12/site-packages/oslo_config/cfg.py:3560}}
Aug 20 04:27:24.467771 np0000007850 nova-scheduler[96509]: DEBUG cotyledon.oslo_config_glue [-] workarounds.reserve_disk_resource_for_image_cache = False {{(pid=96509) log_opt_values /opt/stack/data/venv/lib/python3.12/site-packages/oslo_config/cfg.py:3560}}
Aug 20 04:27:24.467771 np0000007850 nova-scheduler[96509]: DEBUG cotyledon.oslo_config_glue [-] workarounds.skip_cpu_compare_at_startup = False {{(pid=96509) log_opt_values /opt/stack/data/venv/lib/python3.12/site-packages/oslo_config/cfg.py:3560}}
Aug 20 04:27:24.467771 np0000007850 nova-scheduler[96509]: DEBUG cotyledon.oslo_config_glue [-] workarounds.skip_cpu_compare_on_dest = False {{(pid=96509) log_opt_values /opt/stack/data/venv/lib/python3.12/site-packages/oslo_config/cfg.py:3560}}
Aug 20 04:27:24.467771 np0000007850 nova-scheduler[96509]: DEBUG cotyledon.oslo_config_glue [-] workarounds.skip_hypervisor_version_check_on_lm = False {{(pid=96509) log_opt_values /opt/stack/data/venv/lib/python3.12/site-packages/oslo_config/cfg.py:3560}}
Aug 20 04:27:24.467771 np0000007850 nova-scheduler[96509]: DEBUG cotyledon.oslo_config_glue [-] workarounds.skip_reserve_in_use_ironic_nodes = False {{(pid=96509) log_opt_values /opt/stack/data/venv/lib/python3.12/site-packages/oslo_config/cfg.py:3560}}
Aug 20 04:27:24.467771 np0000007850 nova-scheduler[96509]: DEBUG cotyledon.oslo_config_glue [-] workarounds.unified_limits_count_pcpu_as_vcpu = False {{(pid=96509) log_opt_values /opt/stack/data/venv/lib/python3.12/site-packages/oslo_config/cfg.py:3560}}
Aug 20 04:27:24.467986 np0000007850 nova-scheduler[96509]: DEBUG cotyledon.oslo_config_glue [-] workarounds.wait_for_vif_plugged_event_during_hard_reboot = [] {{(pid=96509) log_opt_values /opt/stack/data/venv/lib/python3.12/site-packages/oslo_config/cfg.py:3560}}
Aug 20 04:27:24.467986 np0000007850 nova-scheduler[96509]: DEBUG cotyledon.oslo_config_glue [-] wsgi.api_paste_config = /etc/nova/api-paste.ini {{(pid=96509) log_opt_values /opt/stack/data/venv/lib/python3.12/site-packages/oslo_config/cfg.py:3560}}
Aug 20 04:27:24.467986 np0000007850 nova-scheduler[96509]: DEBUG cotyledon.oslo_config_glue [-] wsgi.secure_proxy_ssl_header = None {{(pid=96509) log_opt_values /opt/stack/data/venv/lib/python3.12/site-packages/oslo_config/cfg.py:3560}}
Aug 20 04:27:24.467986 np0000007850 nova-scheduler[96509]: DEBUG cotyledon.oslo_config_glue [-] zvm.ca_file = None {{(pid=96509) log_opt_values /opt/stack/data/venv/lib/python3.12/site-packages/oslo_config/cfg.py:3560}}
Aug 20 04:27:24.467986 np0000007850 nova-scheduler[96509]: DEBUG cotyledon.oslo_config_glue [-] zvm.cloud_connector_url = None {{(pid=96509) log_opt_values /opt/stack/data/venv/lib/python3.12/site-packages/oslo_config/cfg.py:3560}}
Aug 20 04:27:24.467986 np0000007850 nova-scheduler[96509]: DEBUG cotyledon.oslo_config_glue [-] zvm.image_tmp_path = /opt/stack/data/nova/images {{(pid=96509) log_opt_values /opt/stack/data/venv/lib/python3.12/site-packages/oslo_config/cfg.py:3560}}
Aug 20 04:27:24.467986 np0000007850 nova-scheduler[96509]: DEBUG cotyledon.oslo_config_glue [-] zvm.reachable_timeout = 300 {{(pid=96509) log_opt_values /opt/stack/data/venv/lib/python3.12/site-packages/oslo_config/cfg.py:3560}}
Aug 20 04:27:24.467986 np0000007850 nova-scheduler[96509]: DEBUG cotyledon.oslo_config_glue [-] oslo_versionedobjects.fatal_exception_format_errors = False {{(pid=96509) log_opt_values /opt/stack/data/venv/lib/python3.12/site-packages/oslo_config/cfg.py:3560}}
Aug 20 04:27:24.467986 np0000007850 nova-scheduler[96509]: DEBUG cotyledon.oslo_config_glue [-] oslo_middleware.http_basic_auth_user_file = /etc/htpasswd {{(pid=96509) log_opt_values /opt/stack/data/venv/lib/python3.12/site-packages/oslo_config/cfg.py:3560}}
Aug 20 04:27:24.468168 np0000007850 nova-scheduler[96509]: DEBUG cotyledon.oslo_config_glue [-] oslo_messaging_metrics.metrics_buffer_size = 1000 {{(pid=96509) log_opt_values /opt/stack/data/venv/lib/python3.12/site-packages/oslo_config/cfg.py:3560}}
Aug 20 04:27:24.468168 np0000007850 nova-scheduler[96509]: DEBUG cotyledon.oslo_config_glue [-] oslo_messaging_metrics.metrics_enabled = False {{(pid=96509) log_opt_values /opt/stack/data/venv/lib/python3.12/site-packages/oslo_config/cfg.py:3560}}
Aug 20 04:27:24.468168 np0000007850 nova-scheduler[96509]: DEBUG cotyledon.oslo_config_glue [-] oslo_messaging_metrics.metrics_process_name = {{(pid=96509) log_opt_values /opt/stack/data/venv/lib/python3.12/site-packages/oslo_config/cfg.py:3560}}
Aug 20 04:27:24.468168 np0000007850 nova-scheduler[96509]: DEBUG cotyledon.oslo_config_glue [-] oslo_messaging_metrics.metrics_socket_file = /var/tmp/metrics_collector.sock {{(pid=96509) log_opt_values /opt/stack/data/venv/lib/python3.12/site-packages/oslo_config/cfg.py:3560}}
Aug 20 04:27:24.468168 np0000007850 nova-scheduler[96509]: DEBUG cotyledon.oslo_config_glue [-] oslo_messaging_metrics.metrics_thread_stop_timeout = 10 {{(pid=96509) log_opt_values /opt/stack/data/venv/lib/python3.12/site-packages/oslo_config/cfg.py:3560}}
Aug 20 04:27:24.468168 np0000007850 nova-scheduler[96509]: DEBUG cotyledon.oslo_config_glue [-] profiler.connection_string = messaging:// {{(pid=96509) log_opt_values /opt/stack/data/venv/lib/python3.12/site-packages/oslo_config/cfg.py:3560}}
Aug 20 04:27:24.468168 np0000007850 nova-scheduler[96509]: DEBUG cotyledon.oslo_config_glue [-] profiler.enabled = False {{(pid=96509) log_opt_values /opt/stack/data/venv/lib/python3.12/site-packages/oslo_config/cfg.py:3560}}
Aug 20 04:27:24.468168 np0000007850 nova-scheduler[96509]: DEBUG cotyledon.oslo_config_glue [-] profiler.es_doc_type = notification {{(pid=96509) log_opt_values /opt/stack/data/venv/lib/python3.12/site-packages/oslo_config/cfg.py:3560}}
Aug 20 04:27:24.468168 np0000007850 nova-scheduler[96509]: DEBUG cotyledon.oslo_config_glue [-] profiler.es_scroll_size = 10000 {{(pid=96509) log_opt_values /opt/stack/data/venv/lib/python3.12/site-packages/oslo_config/cfg.py:3560}}
Aug 20 04:27:24.468370 np0000007850 nova-scheduler[96509]: DEBUG cotyledon.oslo_config_glue [-] profiler.es_scroll_time = 2m {{(pid=96509) log_opt_values /opt/stack/data/venv/lib/python3.12/site-packages/oslo_config/cfg.py:3560}}
Aug 20 04:27:24.468370 np0000007850 nova-scheduler[96509]: DEBUG cotyledon.oslo_config_glue [-] profiler.filter_error_trace = False {{(pid=96509) log_opt_values /opt/stack/data/venv/lib/python3.12/site-packages/oslo_config/cfg.py:3560}}
Aug 20 04:27:24.468370 np0000007850 nova-scheduler[96509]: DEBUG cotyledon.oslo_config_glue [-] profiler.hmac_keys = **** {{(pid=96509) log_opt_values /opt/stack/data/venv/lib/python3.12/site-packages/oslo_config/cfg.py:3560}}
Aug 20 04:27:24.468370 np0000007850 nova-scheduler[96509]: DEBUG cotyledon.oslo_config_glue [-] profiler.sentinel_service_name = mymaster {{(pid=96509) log_opt_values /opt/stack/data/venv/lib/python3.12/site-packages/oslo_config/cfg.py:3560}}
Aug 20 04:27:24.468370 np0000007850 nova-scheduler[96509]: DEBUG cotyledon.oslo_config_glue [-] profiler.socket_timeout = 0.1 {{(pid=96509) log_opt_values /opt/stack/data/venv/lib/python3.12/site-packages/oslo_config/cfg.py:3560}}
Aug 20 04:27:24.468370 np0000007850 nova-scheduler[96509]: DEBUG cotyledon.oslo_config_glue [-] profiler.trace_requests = False {{(pid=96509) log_opt_values /opt/stack/data/venv/lib/python3.12/site-packages/oslo_config/cfg.py:3560}}
Aug 20 04:27:24.468370 np0000007850 nova-scheduler[96509]: DEBUG cotyledon.oslo_config_glue [-] profiler.trace_sqlalchemy = False {{(pid=96509) log_opt_values /opt/stack/data/venv/lib/python3.12/site-packages/oslo_config/cfg.py:3560}}
Aug 20 04:27:24.468370 np0000007850 nova-scheduler[96509]: DEBUG cotyledon.oslo_config_glue [-] profiler_jaeger.process_tags = {} {{(pid=96509) log_opt_values /opt/stack/data/venv/lib/python3.12/site-packages/oslo_config/cfg.py:3560}}
Aug 20 04:27:24.468370 np0000007850 nova-scheduler[96509]: DEBUG cotyledon.oslo_config_glue [-] profiler_jaeger.service_name_prefix = None {{(pid=96509) log_opt_values /opt/stack/data/venv/lib/python3.12/site-packages/oslo_config/cfg.py:3560}}
Aug 20 04:27:24.468556 np0000007850 nova-scheduler[96509]: DEBUG cotyledon.oslo_config_glue [-] profiler_otlp.service_name_prefix = None {{(pid=96509) log_opt_values /opt/stack/data/venv/lib/python3.12/site-packages/oslo_config/cfg.py:3560}}
Aug 20 04:27:24.468556 np0000007850 nova-scheduler[96509]: DEBUG cotyledon.oslo_config_glue [-] oslo_messaging_rabbit.amqp_auto_delete = False {{(pid=96509) log_opt_values /opt/stack/data/venv/lib/python3.12/site-packages/oslo_config/cfg.py:3560}}
Aug 20 04:27:24.468556 np0000007850 nova-scheduler[96509]: DEBUG cotyledon.oslo_config_glue [-] oslo_messaging_rabbit.amqp_durable_queues = False {{(pid=96509) log_opt_values /opt/stack/data/venv/lib/python3.12/site-packages/oslo_config/cfg.py:3560}}
Aug 20 04:27:24.468556 np0000007850 nova-scheduler[96509]: DEBUG cotyledon.oslo_config_glue [-] oslo_messaging_rabbit.conn_pool_min_size = 2 {{(pid=96509) log_opt_values /opt/stack/data/venv/lib/python3.12/site-packages/oslo_config/cfg.py:3560}}
Aug 20 04:27:24.468556 np0000007850 nova-scheduler[96509]: DEBUG cotyledon.oslo_config_glue [-] oslo_messaging_rabbit.conn_pool_ttl = 1200 {{(pid=96509) log_opt_values /opt/stack/data/venv/lib/python3.12/site-packages/oslo_config/cfg.py:3560}}
Aug 20 04:27:24.468556 np0000007850 nova-scheduler[96509]: DEBUG cotyledon.oslo_config_glue [-] oslo_messaging_rabbit.direct_mandatory_flag = True {{(pid=96509) log_opt_values /opt/stack/data/venv/lib/python3.12/site-packages/oslo_config/cfg.py:3560}}
Aug 20 04:27:24.468556 np0000007850 nova-scheduler[96509]: DEBUG cotyledon.oslo_config_glue [-] oslo_messaging_rabbit.enable_cancel_on_failover = False {{(pid=96509) log_opt_values /opt/stack/data/venv/lib/python3.12/site-packages/oslo_config/cfg.py:3560}}
Aug 20 04:27:24.468556 np0000007850 nova-scheduler[96509]: DEBUG cotyledon.oslo_config_glue [-] oslo_messaging_rabbit.heartbeat_rate = 3 {{(pid=96509) log_opt_values /opt/stack/data/venv/lib/python3.12/site-packages/oslo_config/cfg.py:3560}}
Aug 20 04:27:24.468556 np0000007850 nova-scheduler[96509]: DEBUG cotyledon.oslo_config_glue [-] oslo_messaging_rabbit.heartbeat_timeout_threshold = 60 {{(pid=96509) log_opt_values /opt/stack/data/venv/lib/python3.12/site-packages/oslo_config/cfg.py:3560}}
Aug 20 04:27:24.468804 np0000007850 nova-scheduler[96509]: DEBUG cotyledon.oslo_config_glue [-] oslo_messaging_rabbit.hostname = np0000007850 {{(pid=96509) log_opt_values /opt/stack/data/venv/lib/python3.12/site-packages/oslo_config/cfg.py:3560}}
Aug 20 04:27:24.468804 np0000007850 nova-scheduler[96509]: DEBUG cotyledon.oslo_config_glue [-] oslo_messaging_rabbit.kombu_compression = None {{(pid=96509) log_opt_values /opt/stack/data/venv/lib/python3.12/site-packages/oslo_config/cfg.py:3560}}
Aug 20 04:27:24.468804 np0000007850 nova-scheduler[96509]: DEBUG cotyledon.oslo_config_glue [-] oslo_messaging_rabbit.kombu_failover_strategy = round-robin {{(pid=96509) log_opt_values /opt/stack/data/venv/lib/python3.12/site-packages/oslo_config/cfg.py:3560}}
Aug 20 04:27:24.468804 np0000007850 nova-scheduler[96509]: DEBUG cotyledon.oslo_config_glue [-] oslo_messaging_rabbit.kombu_missing_consumer_retry_timeout = 60 {{(pid=96509) log_opt_values /opt/stack/data/venv/lib/python3.12/site-packages/oslo_config/cfg.py:3560}}
Aug 20 04:27:24.468804 np0000007850 nova-scheduler[96509]: DEBUG cotyledon.oslo_config_glue [-] oslo_messaging_rabbit.kombu_reconnect_delay = 1.0 {{(pid=96509) log_opt_values /opt/stack/data/venv/lib/python3.12/site-packages/oslo_config/cfg.py:3560}}
Aug 20 04:27:24.468804 np0000007850 nova-scheduler[96509]: DEBUG cotyledon.oslo_config_glue [-] oslo_messaging_rabbit.kombu_reconnect_splay = 0.0 {{(pid=96509) log_opt_values /opt/stack/data/venv/lib/python3.12/site-packages/oslo_config/cfg.py:3560}}
Aug 20 04:27:24.468804 np0000007850 nova-scheduler[96509]: DEBUG cotyledon.oslo_config_glue [-] oslo_messaging_rabbit.processname = nova-scheduler {{(pid=96509) log_opt_values /opt/stack/data/venv/lib/python3.12/site-packages/oslo_config/cfg.py:3560}}
Aug 20 04:27:24.468804 np0000007850 nova-scheduler[96509]: DEBUG cotyledon.oslo_config_glue [-] oslo_messaging_rabbit.rabbit_ha_queues = False {{(pid=96509) log_opt_values /opt/stack/data/venv/lib/python3.12/site-packages/oslo_config/cfg.py:3560}}
Aug 20 04:27:24.468804 np0000007850 nova-scheduler[96509]: DEBUG cotyledon.oslo_config_glue [-] oslo_messaging_rabbit.rabbit_interval_max = 30 {{(pid=96509) log_opt_values /opt/stack/data/venv/lib/python3.12/site-packages/oslo_config/cfg.py:3560}}
Aug 20 04:27:24.469045 np0000007850 nova-scheduler[96509]: DEBUG cotyledon.oslo_config_glue [-] oslo_messaging_rabbit.rabbit_login_method = AMQPLAIN {{(pid=96509) log_opt_values /opt/stack/data/venv/lib/python3.12/site-packages/oslo_config/cfg.py:3560}}
Aug 20 04:27:24.469045 np0000007850 nova-scheduler[96509]: DEBUG cotyledon.oslo_config_glue [-] oslo_messaging_rabbit.rabbit_qos_prefetch_count = 0 {{(pid=96509) log_opt_values /opt/stack/data/venv/lib/python3.12/site-packages/oslo_config/cfg.py:3560}}
Aug 20 04:27:24.469045 np0000007850 nova-scheduler[96509]: DEBUG cotyledon.oslo_config_glue [-] oslo_messaging_rabbit.rabbit_quorum_delivery_limit = 0 {{(pid=96509) log_opt_values /opt/stack/data/venv/lib/python3.12/site-packages/oslo_config/cfg.py:3560}}
Aug 20 04:27:24.469045 np0000007850 nova-scheduler[96509]: DEBUG cotyledon.oslo_config_glue [-] oslo_messaging_rabbit.rabbit_quorum_max_memory_bytes = 0 {{(pid=96509) log_opt_values /opt/stack/data/venv/lib/python3.12/site-packages/oslo_config/cfg.py:3560}}
Aug 20 04:27:24.469045 np0000007850 nova-scheduler[96509]: DEBUG cotyledon.oslo_config_glue [-] oslo_messaging_rabbit.rabbit_quorum_max_memory_length = 0 {{(pid=96509) log_opt_values /opt/stack/data/venv/lib/python3.12/site-packages/oslo_config/cfg.py:3560}}
Aug 20 04:27:24.469045 np0000007850 nova-scheduler[96509]: DEBUG cotyledon.oslo_config_glue [-] oslo_messaging_rabbit.rabbit_quorum_queue = False {{(pid=96509) log_opt_values /opt/stack/data/venv/lib/python3.12/site-packages/oslo_config/cfg.py:3560}}
Aug 20 04:27:24.469045 np0000007850 nova-scheduler[96509]: DEBUG cotyledon.oslo_config_glue [-] oslo_messaging_rabbit.rabbit_retry_backoff = 2 {{(pid=96509) log_opt_values /opt/stack/data/venv/lib/python3.12/site-packages/oslo_config/cfg.py:3560}}
Aug 20 04:27:24.469045 np0000007850 nova-scheduler[96509]: DEBUG cotyledon.oslo_config_glue [-] oslo_messaging_rabbit.rabbit_retry_interval = 1 {{(pid=96509) log_opt_values /opt/stack/data/venv/lib/python3.12/site-packages/oslo_config/cfg.py:3560}}
Aug 20 04:27:24.469045 np0000007850 nova-scheduler[96509]: DEBUG cotyledon.oslo_config_glue [-] oslo_messaging_rabbit.rabbit_stream_fanout = False {{(pid=96509) log_opt_values /opt/stack/data/venv/lib/python3.12/site-packages/oslo_config/cfg.py:3560}}
Aug 20 04:27:24.469248 np0000007850 nova-scheduler[96509]: DEBUG cotyledon.oslo_config_glue [-] oslo_messaging_rabbit.rabbit_transient_queues_ttl = 1800 {{(pid=96509) log_opt_values /opt/stack/data/venv/lib/python3.12/site-packages/oslo_config/cfg.py:3560}}
Aug 20 04:27:24.469248 np0000007850 nova-scheduler[96509]: DEBUG cotyledon.oslo_config_glue [-] oslo_messaging_rabbit.rabbit_transient_quorum_queue = False {{(pid=96509) log_opt_values /opt/stack/data/venv/lib/python3.12/site-packages/oslo_config/cfg.py:3560}}
Aug 20 04:27:24.469248 np0000007850 nova-scheduler[96509]: DEBUG cotyledon.oslo_config_glue [-] oslo_messaging_rabbit.rpc_conn_pool_size = 30 {{(pid=96509) log_opt_values /opt/stack/data/venv/lib/python3.12/site-packages/oslo_config/cfg.py:3560}}
Aug 20 04:27:24.469248 np0000007850 nova-scheduler[96509]: DEBUG cotyledon.oslo_config_glue [-] oslo_messaging_rabbit.ssl = False {{(pid=96509) log_opt_values /opt/stack/data/venv/lib/python3.12/site-packages/oslo_config/cfg.py:3560}}
Aug 20 04:27:24.469248 np0000007850 nova-scheduler[96509]: DEBUG cotyledon.oslo_config_glue [-] oslo_messaging_rabbit.ssl_ca_file = {{(pid=96509) log_opt_values /opt/stack/data/venv/lib/python3.12/site-packages/oslo_config/cfg.py:3560}}
Aug 20 04:27:24.469248 np0000007850 nova-scheduler[96509]: DEBUG cotyledon.oslo_config_glue [-] oslo_messaging_rabbit.ssl_cert_file = {{(pid=96509) log_opt_values /opt/stack/data/venv/lib/python3.12/site-packages/oslo_config/cfg.py:3560}}
Aug 20 04:27:24.469248 np0000007850 nova-scheduler[96509]: DEBUG cotyledon.oslo_config_glue [-] oslo_messaging_rabbit.ssl_enforce_fips_mode = False {{(pid=96509) log_opt_values /opt/stack/data/venv/lib/python3.12/site-packages/oslo_config/cfg.py:3560}}
Aug 20 04:27:24.469248 np0000007850 nova-scheduler[96509]: DEBUG cotyledon.oslo_config_glue [-] oslo_messaging_rabbit.ssl_enforce_hostname_verification = True {{(pid=96509) log_opt_values /opt/stack/data/venv/lib/python3.12/site-packages/oslo_config/cfg.py:3560}}
Aug 20 04:27:24.469248 np0000007850 nova-scheduler[96509]: DEBUG cotyledon.oslo_config_glue [-] oslo_messaging_rabbit.ssl_key_file = {{(pid=96509) log_opt_values /opt/stack/data/venv/lib/python3.12/site-packages/oslo_config/cfg.py:3560}}
Aug 20 04:27:24.469492 np0000007850 nova-scheduler[96509]: DEBUG cotyledon.oslo_config_glue [-] oslo_messaging_rabbit.ssl_version = {{(pid=96509) log_opt_values /opt/stack/data/venv/lib/python3.12/site-packages/oslo_config/cfg.py:3560}}
Aug 20 04:27:24.469492 np0000007850 nova-scheduler[96509]: DEBUG cotyledon.oslo_config_glue [-] oslo_messaging_rabbit.use_queue_manager = False {{(pid=96509) log_opt_values /opt/stack/data/venv/lib/python3.12/site-packages/oslo_config/cfg.py:3560}}
Aug 20 04:27:24.469492 np0000007850 nova-scheduler[96509]: DEBUG cotyledon.oslo_config_glue [-] oslo_messaging_notifications.driver = ['messagingv2'] {{(pid=96509) log_opt_values /opt/stack/data/venv/lib/python3.12/site-packages/oslo_config/cfg.py:3560}}
Aug 20 04:27:24.469492 np0000007850 nova-scheduler[96509]: DEBUG cotyledon.oslo_config_glue [-] oslo_messaging_notifications.retry = -1 {{(pid=96509) log_opt_values /opt/stack/data/venv/lib/python3.12/site-packages/oslo_config/cfg.py:3560}}
Aug 20 04:27:24.469492 np0000007850 nova-scheduler[96509]: DEBUG cotyledon.oslo_config_glue [-] oslo_messaging_notifications.topics = ['notifications'] {{(pid=96509) log_opt_values /opt/stack/data/venv/lib/python3.12/site-packages/oslo_config/cfg.py:3560}}
Aug 20 04:27:24.469492 np0000007850 nova-scheduler[96509]: DEBUG cotyledon.oslo_config_glue [-] oslo_messaging_notifications.transport_url = **** {{(pid=96509) log_opt_values /opt/stack/data/venv/lib/python3.12/site-packages/oslo_config/cfg.py:3560}}
Aug 20 04:27:24.469492 np0000007850 nova-scheduler[96509]: DEBUG cotyledon.oslo_config_glue [-] oslo_limit.auth_section = None {{(pid=96509) log_opt_values /opt/stack/data/venv/lib/python3.12/site-packages/oslo_config/cfg.py:3560}}
Aug 20 04:27:24.469492 np0000007850 nova-scheduler[96509]: DEBUG cotyledon.oslo_config_glue [-] oslo_limit.auth_type = None {{(pid=96509) log_opt_values /opt/stack/data/venv/lib/python3.12/site-packages/oslo_config/cfg.py:3560}}
Aug 20 04:27:24.469492 np0000007850 nova-scheduler[96509]: DEBUG cotyledon.oslo_config_glue [-] oslo_limit.cafile = None {{(pid=96509) log_opt_values /opt/stack/data/venv/lib/python3.12/site-packages/oslo_config/cfg.py:3560}}
Aug 20 04:27:24.469726 np0000007850 nova-scheduler[96509]: DEBUG cotyledon.oslo_config_glue [-] oslo_limit.certfile = None {{(pid=96509) log_opt_values /opt/stack/data/venv/lib/python3.12/site-packages/oslo_config/cfg.py:3560}}
Aug 20 04:27:24.469726 np0000007850 nova-scheduler[96509]: DEBUG cotyledon.oslo_config_glue [-] oslo_limit.collect_timing = False {{(pid=96509) log_opt_values /opt/stack/data/venv/lib/python3.12/site-packages/oslo_config/cfg.py:3560}}
Aug 20 04:27:24.469726 np0000007850 nova-scheduler[96509]: DEBUG cotyledon.oslo_config_glue [-] oslo_limit.connect_retries = None {{(pid=96509) log_opt_values /opt/stack/data/venv/lib/python3.12/site-packages/oslo_config/cfg.py:3560}}
Aug 20 04:27:24.469726 np0000007850 nova-scheduler[96509]: DEBUG cotyledon.oslo_config_glue [-] oslo_limit.connect_retry_delay = None {{(pid=96509) log_opt_values /opt/stack/data/venv/lib/python3.12/site-packages/oslo_config/cfg.py:3560}}
Aug 20 04:27:24.469726 np0000007850 nova-scheduler[96509]: DEBUG cotyledon.oslo_config_glue [-] oslo_limit.endpoint_id = None {{(pid=96509) log_opt_values /opt/stack/data/venv/lib/python3.12/site-packages/oslo_config/cfg.py:3560}}
Aug 20 04:27:24.469726 np0000007850 nova-scheduler[96509]: DEBUG cotyledon.oslo_config_glue [-] oslo_limit.endpoint_interface = public {{(pid=96509) log_opt_values /opt/stack/data/venv/lib/python3.12/site-packages/oslo_config/cfg.py:3560}}
Aug 20 04:27:24.469726 np0000007850 nova-scheduler[96509]: DEBUG cotyledon.oslo_config_glue [-] oslo_limit.endpoint_override = None {{(pid=96509) log_opt_values /opt/stack/data/venv/lib/python3.12/site-packages/oslo_config/cfg.py:3560}}
Aug 20 04:27:24.469726 np0000007850 nova-scheduler[96509]: DEBUG cotyledon.oslo_config_glue [-] oslo_limit.endpoint_region_name = None {{(pid=96509) log_opt_values /opt/stack/data/venv/lib/python3.12/site-packages/oslo_config/cfg.py:3560}}
Aug 20 04:27:24.469726 np0000007850 nova-scheduler[96509]: DEBUG cotyledon.oslo_config_glue [-] oslo_limit.endpoint_service_name = None {{(pid=96509) log_opt_values /opt/stack/data/venv/lib/python3.12/site-packages/oslo_config/cfg.py:3560}}
Aug 20 04:27:24.470044 np0000007850 nova-scheduler[96509]: DEBUG cotyledon.oslo_config_glue [-] oslo_limit.endpoint_service_type = None {{(pid=96509) log_opt_values /opt/stack/data/venv/lib/python3.12/site-packages/oslo_config/cfg.py:3560}}
Aug 20 04:27:24.470044 np0000007850 nova-scheduler[96509]: DEBUG cotyledon.oslo_config_glue [-] oslo_limit.insecure = False {{(pid=96509) log_opt_values /opt/stack/data/venv/lib/python3.12/site-packages/oslo_config/cfg.py:3560}}
Aug 20 04:27:24.470044 np0000007850 nova-scheduler[96509]: DEBUG cotyledon.oslo_config_glue [-] oslo_limit.keyfile = None {{(pid=96509) log_opt_values /opt/stack/data/venv/lib/python3.12/site-packages/oslo_config/cfg.py:3560}}
Aug 20 04:27:24.470044 np0000007850 nova-scheduler[96509]: DEBUG cotyledon.oslo_config_glue [-] oslo_limit.max_version = None {{(pid=96509) log_opt_values /opt/stack/data/venv/lib/python3.12/site-packages/oslo_config/cfg.py:3560}}
Aug 20 04:27:24.470044 np0000007850 nova-scheduler[96509]: DEBUG cotyledon.oslo_config_glue [-] oslo_limit.min_version = None {{(pid=96509) log_opt_values /opt/stack/data/venv/lib/python3.12/site-packages/oslo_config/cfg.py:3560}}
Aug 20 04:27:24.470044 np0000007850 nova-scheduler[96509]: DEBUG cotyledon.oslo_config_glue [-] oslo_limit.region_name = None {{(pid=96509) log_opt_values /opt/stack/data/venv/lib/python3.12/site-packages/oslo_config/cfg.py:3560}}
Aug 20 04:27:24.470044 np0000007850 nova-scheduler[96509]: DEBUG cotyledon.oslo_config_glue [-] oslo_limit.retriable_status_codes = None {{(pid=96509) log_opt_values /opt/stack/data/venv/lib/python3.12/site-packages/oslo_config/cfg.py:3560}}
Aug 20 04:27:24.470044 np0000007850 nova-scheduler[96509]: DEBUG cotyledon.oslo_config_glue [-] oslo_limit.service_name = None {{(pid=96509) log_opt_values /opt/stack/data/venv/lib/python3.12/site-packages/oslo_config/cfg.py:3560}}
Aug 20 04:27:24.470044 np0000007850 nova-scheduler[96509]: DEBUG cotyledon.oslo_config_glue [-] oslo_limit.service_type = None {{(pid=96509) log_opt_values /opt/stack/data/venv/lib/python3.12/site-packages/oslo_config/cfg.py:3560}}
Aug 20 04:27:24.470327 np0000007850 nova-scheduler[96509]: DEBUG cotyledon.oslo_config_glue [-] oslo_limit.split_loggers = False {{(pid=96509) log_opt_values /opt/stack/data/venv/lib/python3.12/site-packages/oslo_config/cfg.py:3560}}
Aug 20 04:27:24.470327 np0000007850 nova-scheduler[96509]: DEBUG cotyledon.oslo_config_glue [-] oslo_limit.status_code_retries = None {{(pid=96509) log_opt_values /opt/stack/data/venv/lib/python3.12/site-packages/oslo_config/cfg.py:3560}}
Aug 20 04:27:24.470327 np0000007850 nova-scheduler[96509]: DEBUG cotyledon.oslo_config_glue [-] oslo_limit.status_code_retry_delay = None {{(pid=96509) log_opt_values /opt/stack/data/venv/lib/python3.12/site-packages/oslo_config/cfg.py:3560}}
Aug 20 04:27:24.470327 np0000007850 nova-scheduler[96509]: DEBUG cotyledon.oslo_config_glue [-] oslo_limit.timeout = None {{(pid=96509) log_opt_values /opt/stack/data/venv/lib/python3.12/site-packages/oslo_config/cfg.py:3560}}
Aug 20 04:27:24.470327 np0000007850 nova-scheduler[96509]: DEBUG cotyledon.oslo_config_glue [-] oslo_limit.valid_interfaces = None {{(pid=96509) log_opt_values /opt/stack/data/venv/lib/python3.12/site-packages/oslo_config/cfg.py:3560}}
Aug 20 04:27:24.470327 np0000007850 nova-scheduler[96509]: DEBUG cotyledon.oslo_config_glue [-] oslo_limit.version = None {{(pid=96509) log_opt_values /opt/stack/data/venv/lib/python3.12/site-packages/oslo_config/cfg.py:3560}}
Aug 20 04:27:24.470478 np0000007850 nova-scheduler[96505]: INFO dbcounter [None req-ec40f7bc-e02d-4221-8d08-60e518e5bcee None None] Registered counter for database nova_cell0
Aug 20 04:27:24.470509 np0000007850 nova-scheduler[96509]: DEBUG cotyledon.oslo_config_glue [-] oslo_reports.file_event_handler = None {{(pid=96509) log_opt_values /opt/stack/data/venv/lib/python3.12/site-packages/oslo_config/cfg.py:3560}}
Aug 20 04:27:24.470509 np0000007850 nova-scheduler[96509]: DEBUG cotyledon.oslo_config_glue [-] oslo_reports.file_event_handler_interval = 1 {{(pid=96509) log_opt_values /opt/stack/data/venv/lib/python3.12/site-packages/oslo_config/cfg.py:3560}}
Aug 20 04:27:24.470509 np0000007850 nova-scheduler[96509]: DEBUG cotyledon.oslo_config_glue [-] oslo_reports.log_dir = None {{(pid=96509) log_opt_values /opt/stack/data/venv/lib/python3.12/site-packages/oslo_config/cfg.py:3560}}
Aug 20 04:27:24.470509 np0000007850 nova-scheduler[96509]: DEBUG cotyledon.oslo_config_glue [-] ******************************************************************************** {{(pid=96509) log_opt_values /opt/stack/data/venv/lib/python3.12/site-packages/oslo_config/cfg.py:3567}}
Aug 20 04:27:24.470509 np0000007850 nova-scheduler[96509]: DEBUG cotyledon._service_worker [-] Run service ServiceWrapper(3) [96509] {{(pid=96509) wait_forever /opt/stack/data/venv/lib/python3.12/site-packages/cotyledon/_service_worker.py:218}}
Aug 20 04:27:24.470509 np0000007850 nova-scheduler[96509]: INFO nova.service [-] Starting scheduler node (version 33.1.0)
Aug 20 04:27:24.470509 np0000007850 nova-scheduler[96509]: INFO dbcounter [None req-7ac37d76-9113-4218-95bc-c3a0a8f1e8fd None None] Registered counter for database nova_cell0
Aug 20 04:27:24.470653 np0000007850 nova-scheduler[96503]: DEBUG oslo_db.sqlalchemy.engines [None req-498682b4-252e-4d29-a35e-9aa3437b060f None None] MySQL server mode set to STRICT_TRANS_TABLES,STRICT_ALL_TABLES,NO_ZERO_IN_DATE,NO_ZERO_DATE,ERROR_FOR_DIVISION_BY_ZERO,TRADITIONAL,NO_ENGINE_SUBSTITUTION {{(pid=96503) _check_effective_sql_mode /opt/stack/data/venv/lib/python3.12/site-packages/oslo_db/sqlalchemy/engines.py:325}}
Aug 20 04:27:24.473755 np0000007850 nova-scheduler[96503]: DEBUG dbcounter [-] [96503] Writer thread running {{(pid=96503) stat_writer /opt/stack/data/venv/lib/python3.12/site-packages/dbcounter.py:102}}
Aug 20 04:27:24.475594 np0000007850 nova-scheduler[96505]: DEBUG oslo_db.sqlalchemy.engines [None req-ec40f7bc-e02d-4221-8d08-60e518e5bcee None None] MySQL server mode set to STRICT_TRANS_TABLES,STRICT_ALL_TABLES,NO_ZERO_IN_DATE,NO_ZERO_DATE,ERROR_FOR_DIVISION_BY_ZERO,TRADITIONAL,NO_ENGINE_SUBSTITUTION {{(pid=96505) _check_effective_sql_mode /opt/stack/data/venv/lib/python3.12/site-packages/oslo_db/sqlalchemy/engines.py:325}}
Aug 20 04:27:24.484485 np0000007850 nova-scheduler[96507]: DEBUG oslo_db.sqlalchemy.engines [None req-56b784f0-2030-4f1d-bb99-3c88e36388b2 None None] MySQL server mode set to STRICT_TRANS_TABLES,STRICT_ALL_TABLES,NO_ZERO_IN_DATE,NO_ZERO_DATE,ERROR_FOR_DIVISION_BY_ZERO,TRADITIONAL,NO_ENGINE_SUBSTITUTION {{(pid=96507) _check_effective_sql_mode /opt/stack/data/venv/lib/python3.12/site-packages/oslo_db/sqlalchemy/engines.py:325}}
Aug 20 04:27:24.485135 np0000007850 nova-scheduler[96505]: DEBUG dbcounter [-] [96505] Writer thread running {{(pid=96505) stat_writer /opt/stack/data/venv/lib/python3.12/site-packages/dbcounter.py:102}}
Aug 20 04:27:24.487305 np0000007850 nova-scheduler[96509]: DEBUG oslo_db.sqlalchemy.engines [None req-7ac37d76-9113-4218-95bc-c3a0a8f1e8fd None None] MySQL server mode set to STRICT_TRANS_TABLES,STRICT_ALL_TABLES,NO_ZERO_IN_DATE,NO_ZERO_DATE,ERROR_FOR_DIVISION_BY_ZERO,TRADITIONAL,NO_ENGINE_SUBSTITUTION {{(pid=96509) _check_effective_sql_mode /opt/stack/data/venv/lib/python3.12/site-packages/oslo_db/sqlalchemy/engines.py:325}}
Aug 20 04:27:24.490858 np0000007850 nova-scheduler[96503]: DEBUG nova.service [None req-498682b4-252e-4d29-a35e-9aa3437b060f None None] Creating RPC server for service: nova-scheduler on topic: scheduler {{(pid=96503) start /opt/stack/nova/nova/service.py:262}}
Aug 20 04:27:24.498720 np0000007850 nova-scheduler[96507]: DEBUG dbcounter [-] [96507] Writer thread running {{(pid=96507) stat_writer /opt/stack/data/venv/lib/python3.12/site-packages/dbcounter.py:102}}
Aug 20 04:27:24.504505 np0000007850 nova-scheduler[96505]: DEBUG nova.service [None req-ec40f7bc-e02d-4221-8d08-60e518e5bcee None None] Creating RPC server for service: nova-scheduler on topic: scheduler {{(pid=96505) start /opt/stack/nova/nova/service.py:262}}
Aug 20 04:27:24.505204 np0000007850 nova-scheduler[96507]: DEBUG nova.service [None req-56b784f0-2030-4f1d-bb99-3c88e36388b2 None None] Creating RPC server for service: nova-scheduler on topic: scheduler {{(pid=96507) start /opt/stack/nova/nova/service.py:262}}
Aug 20 04:27:24.506964 np0000007850 nova-scheduler[96509]: DEBUG dbcounter [-] [96509] Writer thread running {{(pid=96509) stat_writer /opt/stack/data/venv/lib/python3.12/site-packages/dbcounter.py:102}}
Aug 20 04:27:24.510483 np0000007850 nova-scheduler[96509]: DEBUG nova.service [None req-7ac37d76-9113-4218-95bc-c3a0a8f1e8fd None None] Creating RPC server for service: nova-scheduler on topic: scheduler {{(pid=96509) start /opt/stack/nova/nova/service.py:262}}
Aug 20 04:27:24.520460 np0000007850 nova-scheduler[96503]: DEBUG nova.service [None req-498682b4-252e-4d29-a35e-9aa3437b060f None None] Join ServiceGroup membership for this service scheduler {{(pid=96503) start /opt/stack/nova/nova/service.py:288}}
Aug 20 04:27:24.520955 np0000007850 nova-scheduler[96503]: DEBUG nova.servicegroup.drivers.db [None req-498682b4-252e-4d29-a35e-9aa3437b060f None None] DB_Driver: join new ServiceGroup member np0000007850 to the scheduler group, service = {{(pid=96503) join /opt/stack/nova/nova/servicegroup/drivers/db.py:44}}
Aug 20 04:27:24.524727 np0000007850 nova-scheduler[96505]: DEBUG nova.service [None req-ec40f7bc-e02d-4221-8d08-60e518e5bcee None None] Join ServiceGroup membership for this service scheduler {{(pid=96505) start /opt/stack/nova/nova/service.py:288}}
Aug 20 04:27:24.525002 np0000007850 nova-scheduler[96505]: DEBUG nova.servicegroup.drivers.db [None req-ec40f7bc-e02d-4221-8d08-60e518e5bcee None None] DB_Driver: join new ServiceGroup member np0000007850 to the scheduler group, service = {{(pid=96505) join /opt/stack/nova/nova/servicegroup/drivers/db.py:44}}
Aug 20 04:27:24.529728 np0000007850 nova-scheduler[96507]: DEBUG nova.service [None req-56b784f0-2030-4f1d-bb99-3c88e36388b2 None None] Join ServiceGroup membership for this service scheduler {{(pid=96507) start /opt/stack/nova/nova/service.py:288}}
Aug 20 04:27:24.530029 np0000007850 nova-scheduler[96507]: DEBUG nova.servicegroup.drivers.db [None req-56b784f0-2030-4f1d-bb99-3c88e36388b2 None None] DB_Driver: join new ServiceGroup member np0000007850 to the scheduler group, service = {{(pid=96507) join /opt/stack/nova/nova/servicegroup/drivers/db.py:44}}
Aug 20 04:27:24.531311 np0000007850 nova-scheduler[96509]: DEBUG nova.service [None req-7ac37d76-9113-4218-95bc-c3a0a8f1e8fd None None] Join ServiceGroup membership for this service scheduler {{(pid=96509) start /opt/stack/nova/nova/service.py:288}}
Aug 20 04:27:24.532198 np0000007850 nova-scheduler[96509]: DEBUG nova.servicegroup.drivers.db [None req-7ac37d76-9113-4218-95bc-c3a0a8f1e8fd None None] DB_Driver: join new ServiceGroup member np0000007850 to the scheduler group, service = {{(pid=96509) join /opt/stack/nova/nova/servicegroup/drivers/db.py:44}}
Aug 20 04:27:29.533499 np0000007850 nova-scheduler[96503]: DEBUG oslo.service.backend._threading.loopingcall [-] Fixed interval looping call 'nova.servicegroup.drivers.db.DbDriver._report_state' sleeping for 119.99 seconds {{(pid=96503) _run_loop /opt/stack/data/venv/lib/python3.12/site-packages/oslo_service/backend/_threading/loopingcall.py:125}}
Aug 20 04:27:29.535443 np0000007850 nova-scheduler[96505]: DEBUG oslo.service.backend._threading.loopingcall [-] Fixed interval looping call 'nova.servicegroup.drivers.db.DbDriver._report_state' sleeping for 119.99 seconds {{(pid=96505) _run_loop /opt/stack/data/venv/lib/python3.12/site-packages/oslo_service/backend/_threading/loopingcall.py:125}}
Aug 20 04:27:29.543722 np0000007850 nova-scheduler[96507]: DEBUG oslo.service.backend._threading.loopingcall [-] Fixed interval looping call 'nova.servicegroup.drivers.db.DbDriver._report_state' sleeping for 119.99 seconds {{(pid=96507) _run_loop /opt/stack/data/venv/lib/python3.12/site-packages/oslo_service/backend/_threading/loopingcall.py:125}}
Aug 20 04:27:29.544222 np0000007850 nova-scheduler[96509]: DEBUG oslo.service.backend._threading.loopingcall [-] Fixed interval looping call 'nova.servicegroup.drivers.db.DbDriver._report_state' sleeping for 119.99 seconds {{(pid=96509) _run_loop /opt/stack/data/venv/lib/python3.12/site-packages/oslo_service/backend/_threading/loopingcall.py:125}}
Aug 20 04:27:31.526941 np0000007850 nova-scheduler[96505]: DEBUG oslo.service.backend._threading.loopingcall [None req-03f0a3b6-dcbc-4505-ab62-6fd0924c773b None None] Dynamic interval looping call 'nova.service.Service.periodic_tasks' sleeping for 60.00 seconds {{(pid=96505) _run_loop /opt/stack/data/venv/lib/python3.12/site-packages/oslo_service/backend/_threading/loopingcall.py:125}}
Aug 20 04:27:33.055888 np0000007850 nova-scheduler[95311]: DEBUG dbcounter [-] [95311] Writing DB stats nova_api:SELECT=3 {{(pid=95311) stat_writer /opt/stack/data/venv/lib/python3.12/site-packages/dbcounter.py:115}}
Aug 20 04:27:33.189931 np0000007850 nova-scheduler[95311]: DEBUG dbcounter [-] [95311] Writing DB stats nova_cell0:SELECT=1 {{(pid=95311) stat_writer /opt/stack/data/venv/lib/python3.12/site-packages/dbcounter.py:115}}
Aug 20 04:27:33.194453 np0000007850 nova-scheduler[95311]: DEBUG dbcounter [-] [95311] Writing DB stats nova_cell1:SELECT=1 {{(pid=95311) stat_writer /opt/stack/data/venv/lib/python3.12/site-packages/dbcounter.py:115}}
Aug 20 04:27:39.530363 np0000007850 nova-scheduler[96503]: DEBUG dbcounter [-] [96503] Writing DB stats nova_cell0:SELECT=4,nova_cell0:INSERT=1,nova_cell0:UPDATE=1 {{(pid=96503) stat_writer /opt/stack/data/venv/lib/python3.12/site-packages/dbcounter.py:115}}
Aug 20 04:27:39.532829 np0000007850 nova-scheduler[96505]: DEBUG dbcounter [-] [96505] Writing DB stats nova_cell0:SELECT=4,nova_cell0:INSERT=1,nova_cell0:UPDATE=1 {{(pid=96505) stat_writer /opt/stack/data/venv/lib/python3.12/site-packages/dbcounter.py:115}}
Aug 20 04:27:39.541399 np0000007850 nova-scheduler[96509]: DEBUG dbcounter [-] [96509] Writing DB stats nova_cell0:SELECT=3 {{(pid=96509) stat_writer /opt/stack/data/venv/lib/python3.12/site-packages/dbcounter.py:115}}
Aug 20 04:27:39.542407 np0000007850 nova-scheduler[96507]: DEBUG dbcounter [-] [96507] Writing DB stats nova_cell0:SELECT=3 {{(pid=96507) stat_writer /opt/stack/data/venv/lib/python3.12/site-packages/dbcounter.py:115}}
Aug 20 04:27:56.532965 np0000007850 nova-scheduler[96507]: DEBUG oslo.service.backend._threading.loopingcall [None req-7dba0543-4d2a-4f5b-8ae9-8bfc1f6b8d92 None None] Dynamic interval looping call 'nova.service.Service.periodic_tasks' sleeping for 60.00 seconds {{(pid=96507) _run_loop /opt/stack/data/venv/lib/python3.12/site-packages/oslo_service/backend/_threading/loopingcall.py:125}}
Aug 20 04:28:13.534390 np0000007850 nova-scheduler[96509]: DEBUG oslo.service.backend._threading.loopingcall [None req-f0601982-2656-4455-9589-4b319b7d2955 None None] Dynamic interval looping call 'nova.service.Service.periodic_tasks' sleeping for 60.00 seconds {{(pid=96509) _run_loop /opt/stack/data/venv/lib/python3.12/site-packages/oslo_service/backend/_threading/loopingcall.py:125}}
Aug 20 04:28:15.523638 np0000007850 nova-scheduler[96503]: DEBUG oslo.service.backend._threading.loopingcall [None req-80d4ef13-6264-4bbf-85e4-80464b0e590a None None] Dynamic interval looping call 'nova.service.Service.periodic_tasks' sleeping for 60.00 seconds {{(pid=96503) _run_loop /opt/stack/data/venv/lib/python3.12/site-packages/oslo_service/backend/_threading/loopingcall.py:125}}
Aug 20 04:28:31.527506 np0000007850 nova-scheduler[96505]: DEBUG oslo.service.backend._threading.loopingcall [None req-03f0a3b6-dcbc-4505-ab62-6fd0924c773b None None] Dynamic interval looping call 'nova.service.Service.periodic_tasks' sleeping for 60.00 seconds {{(pid=96505) _run_loop /opt/stack/data/venv/lib/python3.12/site-packages/oslo_service/backend/_threading/loopingcall.py:125}}
Aug 20 04:28:56.533586 np0000007850 nova-scheduler[96507]: DEBUG oslo.service.backend._threading.loopingcall [None req-7dba0543-4d2a-4f5b-8ae9-8bfc1f6b8d92 None None] Dynamic interval looping call 'nova.service.Service.periodic_tasks' sleeping for 60.00 seconds {{(pid=96507) _run_loop /opt/stack/data/venv/lib/python3.12/site-packages/oslo_service/backend/_threading/loopingcall.py:125}}
Aug 20 04:29:13.534871 np0000007850 nova-scheduler[96509]: DEBUG oslo.service.backend._threading.loopingcall [None req-f0601982-2656-4455-9589-4b319b7d2955 None None] Dynamic interval looping call 'nova.service.Service.periodic_tasks' sleeping for 60.00 seconds {{(pid=96509) _run_loop /opt/stack/data/venv/lib/python3.12/site-packages/oslo_service/backend/_threading/loopingcall.py:125}}
Aug 20 04:29:15.524089 np0000007850 nova-scheduler[96503]: DEBUG oslo.service.backend._threading.loopingcall [None req-80d4ef13-6264-4bbf-85e4-80464b0e590a None None] Dynamic interval looping call 'nova.service.Service.periodic_tasks' sleeping for 60.00 seconds {{(pid=96503) _run_loop /opt/stack/data/venv/lib/python3.12/site-packages/oslo_service/backend/_threading/loopingcall.py:125}}
Aug 20 04:29:29.534781 np0000007850 nova-scheduler[96503]: DEBUG oslo.service.backend._threading.loopingcall [-] Fixed interval looping call 'nova.servicegroup.drivers.db.DbDriver._report_state' sleeping for 119.99 seconds {{(pid=96503) _run_loop /opt/stack/data/venv/lib/python3.12/site-packages/oslo_service/backend/_threading/loopingcall.py:125}}
Aug 20 04:29:29.536389 np0000007850 nova-scheduler[96505]: DEBUG oslo.service.backend._threading.loopingcall [-] Fixed interval looping call 'nova.servicegroup.drivers.db.DbDriver._report_state' sleeping for 119.99 seconds {{(pid=96505) _run_loop /opt/stack/data/venv/lib/python3.12/site-packages/oslo_service/backend/_threading/loopingcall.py:125}}
Aug 20 04:29:29.542146 np0000007850 nova-scheduler[96507]: DEBUG oslo.service.backend._threading.loopingcall [-] Fixed interval looping call 'nova.servicegroup.drivers.db.DbDriver._report_state' sleeping for 119.99 seconds {{(pid=96507) _run_loop /opt/stack/data/venv/lib/python3.12/site-packages/oslo_service/backend/_threading/loopingcall.py:125}}
Aug 20 04:29:29.543535 np0000007850 nova-scheduler[96509]: DEBUG oslo.service.backend._threading.loopingcall [-] Fixed interval looping call 'nova.servicegroup.drivers.db.DbDriver._report_state' sleeping for 119.99 seconds {{(pid=96509) _run_loop /opt/stack/data/venv/lib/python3.12/site-packages/oslo_service/backend/_threading/loopingcall.py:125}}
Aug 20 04:29:30.997402 np0000007850 nova-scheduler[96503]: DEBUG nova.scheduler.manager [None req-e91aa578-4f3c-4819-ac50-7df46d08640e tempest-DeleteServersTestJSON-1785006093 tempest-DeleteServersTestJSON-1785006093-project-member] Starting to schedule for instances: ['b1747e41-ac99-4235-9d9e-76b0c756cd56'] {{(pid=96503) select_destinations /opt/stack/nova/nova/scheduler/manager.py:197}}
Aug 20 04:29:30.999399 np0000007850 nova-scheduler[96503]: DEBUG nova.scheduler.request_filter [None req-e91aa578-4f3c-4819-ac50-7df46d08640e tempest-DeleteServersTestJSON-1785006093 tempest-DeleteServersTestJSON-1785006093-project-member] compute_status_filter request filter added forbidden trait COMPUTE_STATUS_DISABLED {{(pid=96503) compute_status_filter /opt/stack/nova/nova/scheduler/request_filter.py:253}}
Aug 20 04:29:30.999399 np0000007850 nova-scheduler[96503]: DEBUG nova.scheduler.request_filter [None req-e91aa578-4f3c-4819-ac50-7df46d08640e tempest-DeleteServersTestJSON-1785006093 tempest-DeleteServersTestJSON-1785006093-project-member] Request filter 'compute_status_filter' took 0.0 seconds {{(pid=96503) wrapper /opt/stack/nova/nova/scheduler/request_filter.py:46}}
Aug 20 04:29:30.999399 np0000007850 nova-scheduler[96503]: DEBUG nova.scheduler.request_filter [None req-e91aa578-4f3c-4819-ac50-7df46d08640e tempest-DeleteServersTestJSON-1785006093 tempest-DeleteServersTestJSON-1785006093-project-member] Request filter 'accelerators_filter' took 0.0 seconds {{(pid=96503) wrapper /opt/stack/nova/nova/scheduler/request_filter.py:46}}
Aug 20 04:29:30.999399 np0000007850 nova-scheduler[96503]: DEBUG nova.scheduler.request_filter [None req-e91aa578-4f3c-4819-ac50-7df46d08640e tempest-DeleteServersTestJSON-1785006093 tempest-DeleteServersTestJSON-1785006093-project-member] Request filter 'packed_virtqueue_filter' took 0.0 seconds {{(pid=96503) wrapper /opt/stack/nova/nova/scheduler/request_filter.py:46}}
Aug 20 04:29:30.999399 np0000007850 nova-scheduler[96503]: DEBUG nova.scheduler.request_filter [None req-e91aa578-4f3c-4819-ac50-7df46d08640e tempest-DeleteServersTestJSON-1785006093 tempest-DeleteServersTestJSON-1785006093-project-member] Request filter 'remote_managed_ports_filter' took 0.0 seconds {{(pid=96503) wrapper /opt/stack/nova/nova/scheduler/request_filter.py:46}}
Aug 20 04:29:30.999555 np0000007850 nova-scheduler[96503]: DEBUG nova.scheduler.request_filter [None req-e91aa578-4f3c-4819-ac50-7df46d08640e tempest-DeleteServersTestJSON-1785006093 tempest-DeleteServersTestJSON-1785006093-project-member] ephemeral_encryption_filter skipped {{(pid=96503) ephemeral_encryption_filter /opt/stack/nova/nova/scheduler/request_filter.py:426}}
Aug 20 04:29:31.000250 np0000007850 nova-scheduler[96503]: DEBUG nova.scheduler.request_filter [None req-e91aa578-4f3c-4819-ac50-7df46d08640e tempest-DeleteServersTestJSON-1785006093 tempest-DeleteServersTestJSON-1785006093-project-member] virtio_sound_filter skipped {{(pid=96503) virtio_sound_filter /opt/stack/nova/nova/scheduler/request_filter.py:460}}
Aug 20 04:29:31.000250 np0000007850 nova-scheduler[96503]: DEBUG nova.scheduler.request_filter [None req-e91aa578-4f3c-4819-ac50-7df46d08640e tempest-DeleteServersTestJSON-1785006093 tempest-DeleteServersTestJSON-1785006093-project-member] tpm_secret_security_filter skipped {{(pid=96503) tpm_secret_security_filter /opt/stack/nova/nova/scheduler/request_filter.py:477}}
Aug 20 04:29:31.528359 np0000007850 nova-scheduler[96505]: DEBUG oslo.service.backend._threading.loopingcall [None req-03f0a3b6-dcbc-4505-ab62-6fd0924c773b None None] Dynamic interval looping call 'nova.service.Service.periodic_tasks' sleeping for 60.00 seconds {{(pid=96505) _run_loop /opt/stack/data/venv/lib/python3.12/site-packages/oslo_service/backend/_threading/loopingcall.py:125}}
Aug 20 04:29:31.591040 np0000007850 nova-scheduler[96503]: INFO nova.utils [None req-e91aa578-4f3c-4819-ac50-7df46d08640e tempest-DeleteServersTestJSON-1785006093 tempest-DeleteServersTestJSON-1785006093-project-member] The cell worker thread pool ForkProcess-1.cell_worker is initialized
Aug 20 04:29:31.591410 np0000007850 nova-scheduler[96503]: DEBUG oslo_concurrency.lockutils [None req-e91aa578-4f3c-4819-ac50-7df46d08640e tempest-DeleteServersTestJSON-1785006093 tempest-DeleteServersTestJSON-1785006093-project-member] Acquiring lock "4c04b2a2-2dd5-4e82-b7a2-0f25081ebb95" by "nova.context.set_target_cell..get_or_set_cached_cell_and_set_connections" {{(pid=96503) inner /opt/stack/data/venv/lib/python3.12/site-packages/oslo_concurrency/lockutils.py:512}}
Aug 20 04:29:31.591655 np0000007850 nova-scheduler[96503]: DEBUG oslo_concurrency.lockutils [None req-e91aa578-4f3c-4819-ac50-7df46d08640e tempest-DeleteServersTestJSON-1785006093 tempest-DeleteServersTestJSON-1785006093-project-member] Lock "4c04b2a2-2dd5-4e82-b7a2-0f25081ebb95" acquired by "nova.context.set_target_cell..get_or_set_cached_cell_and_set_connections" :: waited 0.000s {{(pid=96503) inner /opt/stack/data/venv/lib/python3.12/site-packages/oslo_concurrency/lockutils.py:525}}
Aug 20 04:29:31.593141 np0000007850 nova-scheduler[96503]: DEBUG oslo_concurrency.lockutils [None req-e91aa578-4f3c-4819-ac50-7df46d08640e tempest-DeleteServersTestJSON-1785006093 tempest-DeleteServersTestJSON-1785006093-project-member] Lock "4c04b2a2-2dd5-4e82-b7a2-0f25081ebb95" "released" by "nova.context.set_target_cell..get_or_set_cached_cell_and_set_connections" :: held 0.001s {{(pid=96503) inner /opt/stack/data/venv/lib/python3.12/site-packages/oslo_concurrency/lockutils.py:544}}
Aug 20 04:29:31.599939 np0000007850 nova-scheduler[96503]: INFO dbcounter [None req-e91aa578-4f3c-4819-ac50-7df46d08640e tempest-DeleteServersTestJSON-1785006093 tempest-DeleteServersTestJSON-1785006093-project-member] Registered counter for database nova_cell1
Aug 20 04:29:31.662039 np0000007850 nova-scheduler[96503]: DEBUG oslo_db.sqlalchemy.engines [None req-e91aa578-4f3c-4819-ac50-7df46d08640e tempest-DeleteServersTestJSON-1785006093 tempest-DeleteServersTestJSON-1785006093-project-member] MySQL server mode set to STRICT_TRANS_TABLES,STRICT_ALL_TABLES,NO_ZERO_IN_DATE,NO_ZERO_DATE,ERROR_FOR_DIVISION_BY_ZERO,TRADITIONAL,NO_ENGINE_SUBSTITUTION {{(pid=96503) _check_effective_sql_mode /opt/stack/data/venv/lib/python3.12/site-packages/oslo_db/sqlalchemy/engines.py:325}}
Aug 20 04:29:31.665877 np0000007850 nova-scheduler[96503]: DEBUG dbcounter [-] [96503] Writer thread running {{(pid=96503) stat_writer /opt/stack/data/venv/lib/python3.12/site-packages/dbcounter.py:102}}
Aug 20 04:29:31.683325 np0000007850 nova-scheduler[96503]: DEBUG oslo_db.sqlalchemy.engines [None req-e91aa578-4f3c-4819-ac50-7df46d08640e tempest-DeleteServersTestJSON-1785006093 tempest-DeleteServersTestJSON-1785006093-project-member] Parent process 95311 forked (96503) with an open database connection, which is being discarded and recreated. {{(pid=96503) checkout /opt/stack/data/venv/lib/python3.12/site-packages/oslo_db/sqlalchemy/engines.py:402}}
Aug 20 04:29:31.750364 np0000007850 nova-scheduler[96503]: DEBUG dbcounter [-] [96503] Writer thread running {{(pid=96503) stat_writer /opt/stack/data/venv/lib/python3.12/site-packages/dbcounter.py:102}}
Aug 20 04:29:31.763648 np0000007850 nova-scheduler[96503]: DEBUG oslo_concurrency.lockutils [None req-e91aa578-4f3c-4819-ac50-7df46d08640e tempest-DeleteServersTestJSON-1785006093 tempest-DeleteServersTestJSON-1785006093-project-member] Acquiring lock "4c04b2a2-2dd5-4e82-b7a2-0f25081ebb95" by "nova.context.set_target_cell..get_or_set_cached_cell_and_set_connections" {{(pid=96503) inner /opt/stack/data/venv/lib/python3.12/site-packages/oslo_concurrency/lockutils.py:512}}
Aug 20 04:29:31.763994 np0000007850 nova-scheduler[96503]: DEBUG oslo_concurrency.lockutils [None req-e91aa578-4f3c-4819-ac50-7df46d08640e tempest-DeleteServersTestJSON-1785006093 tempest-DeleteServersTestJSON-1785006093-project-member] Lock "4c04b2a2-2dd5-4e82-b7a2-0f25081ebb95" acquired by "nova.context.set_target_cell..get_or_set_cached_cell_and_set_connections" :: waited 0.000s {{(pid=96503) inner /opt/stack/data/venv/lib/python3.12/site-packages/oslo_concurrency/lockutils.py:525}}
Aug 20 04:29:31.763994 np0000007850 nova-scheduler[96503]: DEBUG oslo_concurrency.lockutils [None req-e91aa578-4f3c-4819-ac50-7df46d08640e tempest-DeleteServersTestJSON-1785006093 tempest-DeleteServersTestJSON-1785006093-project-member] Lock "4c04b2a2-2dd5-4e82-b7a2-0f25081ebb95" "released" by "nova.context.set_target_cell..get_or_set_cached_cell_and_set_connections" :: held 0.000s {{(pid=96503) inner /opt/stack/data/venv/lib/python3.12/site-packages/oslo_concurrency/lockutils.py:544}}
Aug 20 04:29:31.770916 np0000007850 nova-scheduler[96503]: DEBUG oslo_concurrency.lockutils [None req-e91aa578-4f3c-4819-ac50-7df46d08640e tempest-DeleteServersTestJSON-1785006093 tempest-DeleteServersTestJSON-1785006093-project-member] Acquiring lock "np0000007850-np0000007850" by "nova.scheduler.host_manager.HostState.update.._locked_update" {{(pid=96503) inner /opt/stack/data/venv/lib/python3.12/site-packages/oslo_concurrency/lockutils.py:512}}
Aug 20 04:29:31.771083 np0000007850 nova-scheduler[96503]: DEBUG oslo_concurrency.lockutils [None req-e91aa578-4f3c-4819-ac50-7df46d08640e tempest-DeleteServersTestJSON-1785006093 tempest-DeleteServersTestJSON-1785006093-project-member] Lock "np0000007850-np0000007850" acquired by "nova.scheduler.host_manager.HostState.update.._locked_update" :: waited 0.000s {{(pid=96503) inner /opt/stack/data/venv/lib/python3.12/site-packages/oslo_concurrency/lockutils.py:525}}
