Jun 11 14:21:52.091876 np0000002633 devstack@neutron-api.service[90009]: DEBUG ovsdbapp.backend.ovs_idl.transaction [None req-71735a55-1cfc-4675-a369-c25ee39490a3 None None] Running txn n=1 command(idx=1): UpdateLRouterPortCommand(_result=None, name=lrp-24e6f3ae-a221-4df0-b86b-44ad980b74de, columns={'external_ids': {'neutron:revision_number': '4', 'neutron:subnet_ids': 'a0656600-0ebf-47ed-8d03-4cce6b768a26', 'neutron:network_name': 'neutron-ddc25967-3788-4e95-b84f-b531a886c401', 'neutron:is_ext_gw': 'False', 'neutron:router_name': 'neutron-99d4109a-9f8c-4d41-bf98-42c6c883822e'}, 'options': {}, 'networks': ['fd05:a1a:9d59::1/64'], 'ipv6_ra_configs': {'address_mode': 'slaac', 'send_periodic': 'true', 'mtu': '1372'}}, if_exists=False) {{(pid=90009) do_commit /opt/stack/data/venv/lib/python3.12/site-packages/ovsdbapp/backend/ovs_idl/transaction.py:89}}
Jun 11 14:21:52.092242 np0000002633 devstack@neutron-api.service[90009]: DEBUG ovsdbapp.backend.ovs_idl.transaction [None req-71735a55-1cfc-4675-a369-c25ee39490a3 None None] Running txn n=1 command(idx=2): SetLRouterPortInLSwitchPortCommand(_result=None, lswitch_port=24e6f3ae-a221-4df0-b86b-44ad980b74de, lrouter_port=lrp-24e6f3ae-a221-4df0-b86b-44ad980b74de, is_gw_port=False, if_exists=True, lsp_address=router) {{(pid=90009) do_commit /opt/stack/data/venv/lib/python3.12/site-packages/ovsdbapp/backend/ovs_idl/transaction.py:89}}
Jun 11 14:21:52.092667 np0000002633 devstack@neutron-api.service[90009]: DEBUG ovsdbapp.backend.ovs_idl.transaction [None req-71735a55-1cfc-4675-a369-c25ee39490a3 None None] Transaction caused no change {{(pid=90009) do_commit /opt/stack/data/venv/lib/python3.12/site-packages/ovsdbapp/backend/ovs_idl/transaction.py:129}}
Jun 11 14:21:52.128954 np0000002633 devstack@neutron-api.service[90009]: INFO neutron.common.ovn.utils [None req-f9915925-2135-4503-94c3-7b90d8dc5670 None None] HA Chassis Group neutron-ddc25967-3788-4e95-b84f-b531a886c401 synchronized; highest priority chassis 9f02c490-e24e-43e8-a854-24491d9b9e0b
Jun 11 14:21:52.129677 np0000002633 devstack@neutron-api.service[90009]: DEBUG ovsdbapp.backend.ovs_idl.transaction [None req-71735a55-1cfc-4675-a369-c25ee39490a3 None None] Running txn n=1 command(idx=0): DbSetCommand(_result=None, table=HA_Chassis_Group, record=neutron-ddc25967-3788-4e95-b84f-b531a886c401, col_values=(('external_ids', {'neutron:availability_zone_hints': '', 'neutron:network_id': 'ddc25967-3788-4e95-b84f-b531a886c401', 'neutron:router_id': '99d4109a-9f8c-4d41-bf98-42c6c883822e'}),), if_exists=True) {{(pid=90009) do_commit /opt/stack/data/venv/lib/python3.12/site-packages/ovsdbapp/backend/ovs_idl/transaction.py:89}}
Jun 11 14:21:52.130035 np0000002633 devstack@neutron-api.service[90009]: DEBUG ovsdbapp.backend.ovs_idl.transaction [None req-71735a55-1cfc-4675-a369-c25ee39490a3 None None] Running txn n=1 command(idx=1): HAChassisGroupAddChassisCommand(_result=None, hcg=neutron-ddc25967-3788-4e95-b84f-b531a886c401, chassis=9f02c490-e24e-43e8-a854-24491d9b9e0b, priority=1, columns={}) {{(pid=90009) do_commit /opt/stack/data/venv/lib/python3.12/site-packages/ovsdbapp/backend/ovs_idl/transaction.py:89}}
Jun 11 14:21:52.130291 np0000002633 devstack@neutron-api.service[90009]: DEBUG ovsdbapp.backend.ovs_idl.transaction [None req-71735a55-1cfc-4675-a369-c25ee39490a3 None None] Transaction caused no change {{(pid=90009) do_commit /opt/stack/data/venv/lib/python3.12/site-packages/ovsdbapp/backend/ovs_idl/transaction.py:129}}
Jun 11 14:21:52.160722 np0000002633 devstack@neutron-api.service[90009]: INFO neutron.common.ovn.utils [None req-f9915925-2135-4503-94c3-7b90d8dc5670 None None] HA Chassis Group neutron-ddc25967-3788-4e95-b84f-b531a886c401 synchronized; highest priority chassis 9f02c490-e24e-43e8-a854-24491d9b9e0b
Jun 11 14:21:52.161778 np0000002633 devstack@neutron-api.service[90009]: DEBUG ovsdbapp.backend.ovs_idl.transaction [None req-71735a55-1cfc-4675-a369-c25ee39490a3 None None] Running txn n=1 command(idx=0): DbSetCommand(_result=None, table=HA_Chassis_Group, record=neutron-ddc25967-3788-4e95-b84f-b531a886c401, col_values=(('external_ids', {'neutron:availability_zone_hints': '', 'neutron:network_id': 'ddc25967-3788-4e95-b84f-b531a886c401', 'neutron:router_id': '99d4109a-9f8c-4d41-bf98-42c6c883822e'}),), if_exists=True) {{(pid=90009) do_commit /opt/stack/data/venv/lib/python3.12/site-packages/ovsdbapp/backend/ovs_idl/transaction.py:89}}
Jun 11 14:21:52.162091 np0000002633 devstack@neutron-api.service[90009]: DEBUG ovsdbapp.backend.ovs_idl.transaction [None req-71735a55-1cfc-4675-a369-c25ee39490a3 None None] Running txn n=1 command(idx=1): HAChassisGroupAddChassisCommand(_result=None, hcg=neutron-ddc25967-3788-4e95-b84f-b531a886c401, chassis=9f02c490-e24e-43e8-a854-24491d9b9e0b, priority=1, columns={}) {{(pid=90009) do_commit /opt/stack/data/venv/lib/python3.12/site-packages/ovsdbapp/backend/ovs_idl/transaction.py:89}}
Jun 11 14:21:52.162679 np0000002633 devstack@neutron-api.service[90009]: DEBUG ovsdbapp.backend.ovs_idl.transaction [None req-71735a55-1cfc-4675-a369-c25ee39490a3 None None] Transaction caused no change {{(pid=90009) do_commit /opt/stack/data/venv/lib/python3.12/site-packages/ovsdbapp/backend/ovs_idl/transaction.py:129}}
Jun 11 14:21:55.905364 np0000002633 devstack@neutron-api.service[90009]: DEBUG futurist.periodics [-] Submitting periodic callback 'neutron.plugins.ml2.drivers.ovn.mech_driver.ovsdb.maintenance.HashRingHealthCheckPeriodics.touch_hash_ring_node' {{(pid=90009) _process_scheduled /opt/stack/data/venv/lib/python3.12/site-packages/futurist/periodics.py:784}}
Jun 11 14:21:55.905959 np0000002633 devstack@neutron-api.service[90009]: DEBUG neutron.plugins.ml2.drivers.ovn.mech_driver.ovsdb.maintenance [-] Touching Hash Ring node "77be74fce37653b48a2c00ca33bd02c3" from periodic health check thread {{(pid=90009) touch_hash_ring_node /opt/stack/neutron/neutron/plugins/ml2/drivers/ovn/mech_driver/ovsdb/maintenance.py:1418}}
Jun 11 14:21:56.817125 np0000002633 devstack@neutron-api.service[90010]: DEBUG futurist.periodics [-] Submitting periodic callback 'neutron.plugins.ml2.drivers.ovn.mech_driver.ovsdb.maintenance.HashRingHealthCheckPeriodics.touch_hash_ring_node' {{(pid=90010) _process_scheduled /opt/stack/data/venv/lib/python3.12/site-packages/futurist/periodics.py:784}}
Jun 11 14:21:56.818833 np0000002633 devstack@neutron-api.service[90010]: DEBUG neutron.plugins.ml2.drivers.ovn.mech_driver.ovsdb.maintenance [-] Touching Hash Ring node "97a856633f585f359a79c57d7a6ee326" from periodic health check thread {{(pid=90010) touch_hash_ring_node /opt/stack/neutron/neutron/plugins/ml2/drivers/ovn/mech_driver/ovsdb/maintenance.py:1418}}
Jun 11 14:21:56.882371 np0000002633 devstack@neutron-api.service[90008]: DEBUG futurist.periodics [-] Submitting periodic callback 'neutron.plugins.ml2.drivers.ovn.mech_driver.ovsdb.maintenance.HashRingHealthCheckPeriodics.touch_hash_ring_node' {{(pid=90008) _process_scheduled /opt/stack/data/venv/lib/python3.12/site-packages/futurist/periodics.py:784}}
Jun 11 14:21:56.882772 np0000002633 devstack@neutron-api.service[90008]: DEBUG neutron.plugins.ml2.drivers.ovn.mech_driver.ovsdb.maintenance [-] Touching Hash Ring node "aedf2804979e52f7a5662b9c27a2b9da" from periodic health check thread {{(pid=90008) touch_hash_ring_node /opt/stack/neutron/neutron/plugins/ml2/drivers/ovn/mech_driver/ovsdb/maintenance.py:1418}}
Jun 11 14:22:05.912334 np0000002633 devstack@neutron-api.service[90009]: DEBUG dbcounter [-] [90009] Writing DB stats neutron:SELECT=3323,neutron:INSERT=730,neutron:DELETE=12,neutron:UPDATE=136 {{(pid=90009) stat_writer /opt/stack/data/venv/lib/python3.12/site-packages/dbcounter.py:115}}
Jun 11 14:22:06.824438 np0000002633 devstack@neutron-api.service[90010]: DEBUG dbcounter [-] [90010] Writing DB stats neutron:SELECT=185,neutron:INSERT=17,neutron:DELETE=5,neutron:UPDATE=12 {{(pid=90010) stat_writer /opt/stack/data/venv/lib/python3.12/site-packages/dbcounter.py:115}}
Jun 11 14:22:06.888658 np0000002633 devstack@neutron-api.service[90008]: DEBUG dbcounter [-] [90008] Writing DB stats neutron:SELECT=2734,neutron:INSERT=56,neutron:DELETE=10,neutron:UPDATE=71 {{(pid=90008) stat_writer /opt/stack/data/venv/lib/python3.12/site-packages/dbcounter.py:115}}
Jun 11 14:22:10.906406 np0000002633 devstack@neutron-api.service[90009]: DEBUG futurist.periodics [-] Submitting periodic callback 'neutron.plugins.ml2.drivers.ovn.mech_driver.ovsdb.maintenance.HashRingHealthCheckPeriodics.touch_hash_ring_node' {{(pid=90009) _process_scheduled /opt/stack/data/venv/lib/python3.12/site-packages/futurist/periodics.py:784}}
Jun 11 14:22:10.906643 np0000002633 devstack@neutron-api.service[90009]: DEBUG neutron.plugins.ml2.drivers.ovn.mech_driver.ovsdb.maintenance [-] Touching Hash Ring node "77be74fce37653b48a2c00ca33bd02c3" from periodic health check thread {{(pid=90009) touch_hash_ring_node /opt/stack/neutron/neutron/plugins/ml2/drivers/ovn/mech_driver/ovsdb/maintenance.py:1418}}
Jun 11 14:22:11.818124 np0000002633 devstack@neutron-api.service[90010]: DEBUG futurist.periodics [-] Submitting periodic callback 'neutron.plugins.ml2.drivers.ovn.mech_driver.ovsdb.maintenance.HashRingHealthCheckPeriodics.touch_hash_ring_node' {{(pid=90010) _process_scheduled /opt/stack/data/venv/lib/python3.12/site-packages/futurist/periodics.py:784}}
Jun 11 14:22:11.818561 np0000002633 devstack@neutron-api.service[90010]: DEBUG neutron.plugins.ml2.drivers.ovn.mech_driver.ovsdb.maintenance [-] Touching Hash Ring node "97a856633f585f359a79c57d7a6ee326" from periodic health check thread {{(pid=90010) touch_hash_ring_node /opt/stack/neutron/neutron/plugins/ml2/drivers/ovn/mech_driver/ovsdb/maintenance.py:1418}}
Jun 11 14:22:11.883197 np0000002633 devstack@neutron-api.service[90008]: DEBUG futurist.periodics [-] Submitting periodic callback 'neutron.plugins.ml2.drivers.ovn.mech_driver.ovsdb.maintenance.HashRingHealthCheckPeriodics.touch_hash_ring_node' {{(pid=90008) _process_scheduled /opt/stack/data/venv/lib/python3.12/site-packages/futurist/periodics.py:784}}
Jun 11 14:22:11.884094 np0000002633 devstack@neutron-api.service[90008]: DEBUG neutron.plugins.ml2.drivers.ovn.mech_driver.ovsdb.maintenance [-] Touching Hash Ring node "aedf2804979e52f7a5662b9c27a2b9da" from periodic health check thread {{(pid=90008) touch_hash_ring_node /opt/stack/neutron/neutron/plugins/ml2/drivers/ovn/mech_driver/ovsdb/maintenance.py:1418}}
Jun 11 14:22:20.918409 np0000002633 devstack@neutron-api.service[90009]: DEBUG dbcounter [-] [90009] Writing DB stats neutron:UPDATE=1,neutron:SELECT=1 {{(pid=90009) stat_writer /opt/stack/data/venv/lib/python3.12/site-packages/dbcounter.py:115}}
Jun 11 14:22:21.830616 np0000002633 devstack@neutron-api.service[90010]: DEBUG dbcounter [-] [90010] Writing DB stats neutron:UPDATE=1,neutron:SELECT=1 {{(pid=90010) stat_writer /opt/stack/data/venv/lib/python3.12/site-packages/dbcounter.py:115}}
Jun 11 14:22:21.892192 np0000002633 devstack@neutron-api.service[90008]: DEBUG dbcounter [-] [90008] Writing DB stats neutron:UPDATE=1,neutron:SELECT=1 {{(pid=90008) stat_writer /opt/stack/data/venv/lib/python3.12/site-packages/dbcounter.py:115}}
Jun 11 14:22:25.906611 np0000002633 devstack@neutron-api.service[90009]: DEBUG futurist.periodics [-] Submitting periodic callback 'neutron.plugins.ml2.drivers.ovn.mech_driver.ovsdb.maintenance.HashRingHealthCheckPeriodics.touch_hash_ring_node' {{(pid=90009) _process_scheduled /opt/stack/data/venv/lib/python3.12/site-packages/futurist/periodics.py:784}}
Jun 11 14:22:25.907088 np0000002633 devstack@neutron-api.service[90009]: DEBUG neutron.plugins.ml2.drivers.ovn.mech_driver.ovsdb.maintenance [-] Touching Hash Ring node "77be74fce37653b48a2c00ca33bd02c3" from periodic health check thread {{(pid=90009) touch_hash_ring_node /opt/stack/neutron/neutron/plugins/ml2/drivers/ovn/mech_driver/ovsdb/maintenance.py:1418}}
Jun 11 14:22:26.818927 np0000002633 devstack@neutron-api.service[90010]: DEBUG futurist.periodics [-] Submitting periodic callback 'neutron.plugins.ml2.drivers.ovn.mech_driver.ovsdb.maintenance.HashRingHealthCheckPeriodics.touch_hash_ring_node' {{(pid=90010) _process_scheduled /opt/stack/data/venv/lib/python3.12/site-packages/futurist/periodics.py:784}}
Jun 11 14:22:26.820785 np0000002633 devstack@neutron-api.service[90010]: DEBUG neutron.plugins.ml2.drivers.ovn.mech_driver.ovsdb.maintenance [-] Touching Hash Ring node "97a856633f585f359a79c57d7a6ee326" from periodic health check thread {{(pid=90010) touch_hash_ring_node /opt/stack/neutron/neutron/plugins/ml2/drivers/ovn/mech_driver/ovsdb/maintenance.py:1418}}
Jun 11 14:22:26.884187 np0000002633 devstack@neutron-api.service[90008]: DEBUG futurist.periodics [-] Submitting periodic callback 'neutron.plugins.ml2.drivers.ovn.mech_driver.ovsdb.maintenance.HashRingHealthCheckPeriodics.touch_hash_ring_node' {{(pid=90008) _process_scheduled /opt/stack/data/venv/lib/python3.12/site-packages/futurist/periodics.py:784}}
Jun 11 14:22:26.884508 np0000002633 devstack@neutron-api.service[90008]: DEBUG neutron.plugins.ml2.drivers.ovn.mech_driver.ovsdb.maintenance [-] Touching Hash Ring node "aedf2804979e52f7a5662b9c27a2b9da" from periodic health check thread {{(pid=90008) touch_hash_ring_node /opt/stack/neutron/neutron/plugins/ml2/drivers/ovn/mech_driver/ovsdb/maintenance.py:1418}}
Jun 11 14:22:35.913841 np0000002633 devstack@neutron-api.service[90009]: DEBUG dbcounter [-] [90009] Writing DB stats neutron:UPDATE=1,neutron:SELECT=1 {{(pid=90009) stat_writer /opt/stack/data/venv/lib/python3.12/site-packages/dbcounter.py:115}}
Jun 11 14:22:36.826516 np0000002633 devstack@neutron-api.service[90010]: DEBUG dbcounter [-] [90010] Writing DB stats neutron:UPDATE=1,neutron:SELECT=1 {{(pid=90010) stat_writer /opt/stack/data/venv/lib/python3.12/site-packages/dbcounter.py:115}}
Jun 11 14:22:36.889947 np0000002633 devstack@neutron-api.service[90008]: DEBUG dbcounter [-] [90008] Writing DB stats neutron:UPDATE=1,neutron:SELECT=1 {{(pid=90008) stat_writer /opt/stack/data/venv/lib/python3.12/site-packages/dbcounter.py:115}}
Jun 11 14:22:40.907243 np0000002633 devstack@neutron-api.service[90009]: DEBUG futurist.periodics [-] Submitting periodic callback 'neutron.plugins.ml2.drivers.ovn.mech_driver.ovsdb.maintenance.HashRingHealthCheckPeriodics.touch_hash_ring_node' {{(pid=90009) _process_scheduled /opt/stack/data/venv/lib/python3.12/site-packages/futurist/periodics.py:784}}
Jun 11 14:22:40.907646 np0000002633 devstack@neutron-api.service[90009]: DEBUG neutron.plugins.ml2.drivers.ovn.mech_driver.ovsdb.maintenance [-] Touching Hash Ring node "77be74fce37653b48a2c00ca33bd02c3" from periodic health check thread {{(pid=90009) touch_hash_ring_node /opt/stack/neutron/neutron/plugins/ml2/drivers/ovn/mech_driver/ovsdb/maintenance.py:1418}}
Jun 11 14:22:41.819950 np0000002633 devstack@neutron-api.service[90010]: DEBUG futurist.periodics [-] Submitting periodic callback 'neutron.plugins.ml2.drivers.ovn.mech_driver.ovsdb.maintenance.HashRingHealthCheckPeriodics.touch_hash_ring_node' {{(pid=90010) _process_scheduled /opt/stack/data/venv/lib/python3.12/site-packages/futurist/periodics.py:784}}
Jun 11 14:22:41.820362 np0000002633 devstack@neutron-api.service[90010]: DEBUG neutron.plugins.ml2.drivers.ovn.mech_driver.ovsdb.maintenance [-] Touching Hash Ring node "97a856633f585f359a79c57d7a6ee326" from periodic health check thread {{(pid=90010) touch_hash_ring_node /opt/stack/neutron/neutron/plugins/ml2/drivers/ovn/mech_driver/ovsdb/maintenance.py:1418}}
Jun 11 14:22:41.884700 np0000002633 devstack@neutron-api.service[90008]: DEBUG futurist.periodics [-] Submitting periodic callback 'neutron.plugins.ml2.drivers.ovn.mech_driver.ovsdb.maintenance.HashRingHealthCheckPeriodics.touch_hash_ring_node' {{(pid=90008) _process_scheduled /opt/stack/data/venv/lib/python3.12/site-packages/futurist/periodics.py:784}}
Jun 11 14:22:41.885129 np0000002633 devstack@neutron-api.service[90008]: DEBUG neutron.plugins.ml2.drivers.ovn.mech_driver.ovsdb.maintenance [-] Touching Hash Ring node "aedf2804979e52f7a5662b9c27a2b9da" from periodic health check thread {{(pid=90008) touch_hash_ring_node /opt/stack/neutron/neutron/plugins/ml2/drivers/ovn/mech_driver/ovsdb/maintenance.py:1418}}
Jun 11 14:22:50.914798 np0000002633 devstack@neutron-api.service[90009]: DEBUG dbcounter [-] [90009] Writing DB stats neutron:UPDATE=1,neutron:SELECT=1 {{(pid=90009) stat_writer /opt/stack/data/venv/lib/python3.12/site-packages/dbcounter.py:115}}
Jun 11 14:22:51.826373 np0000002633 devstack@neutron-api.service[90010]: DEBUG dbcounter [-] [90010] Writing DB stats neutron:UPDATE=1,neutron:SELECT=1 {{(pid=90010) stat_writer /opt/stack/data/venv/lib/python3.12/site-packages/dbcounter.py:115}}
Jun 11 14:22:51.891313 np0000002633 devstack@neutron-api.service[90008]: DEBUG dbcounter [-] [90008] Writing DB stats neutron:UPDATE=1,neutron:SELECT=1 {{(pid=90008) stat_writer /opt/stack/data/venv/lib/python3.12/site-packages/dbcounter.py:115}}
Jun 11 14:22:53.545238 np0000002633 devstack@neutron-api.service[90008]: DEBUG neutron.api.wsgi [None req-de023942-5113-488a-b715-f2eb0febdff5 admin admin] Missing Content-Type {{(pid=90008) get_content_type /opt/stack/neutron/neutron/api/wsgi.py:80}}
Jun 11 14:22:53.545646 np0000002633 devstack@neutron-api.service[90008]: DEBUG neutron.api.wsgi [None req-de023942-5113-488a-b715-f2eb0febdff5 admin admin] https://10.4.3.19/networking/v2.0/extensions returned with HTTP 200 {{(pid=90008) __call__ /opt/stack/neutron/neutron/api/wsgi.py:540}}
Jun 11 14:22:53.545946 np0000002633 devstack@neutron-api.service[90008]: [pid: 90008|app: 0|req: 11/34] 10.4.3.19 () {64 vars in 1285 bytes} [Thu Jun 11 14:22:53 2026] GET /networking/v2.0/extensions => generated 15873 bytes in 3 msecs (HTTP/1.1 200) 4 headers in 159 bytes (1 switches on core 0)
Jun 11 14:22:53.835443 np0000002633 devstack@neutron-api.service[90009]: INFO neutron.pecan_wsgi.hooks.translation [None req-43a6dcd7-225c-48a5-bec5-9cfb20dcda24 admin admin] GET failed (client error): The resource could not be found.
Jun 11 14:22:53.836157 np0000002633 devstack@neutron-api.service[90009]: [pid: 90009|app: 0|req: 13/35] 10.4.3.19 () {64 vars in 1287 bytes} [Thu Jun 11 14:22:53 2026] GET /networking/v2.0/networks/public => generated 108 bytes in 8 msecs (HTTP/1.1 404) 4 headers in 164 bytes (1 switches on core 0)
Jun 11 14:22:53.884429 np0000002633 devstack@neutron-api.service[90010]: DEBUG neutron.pecan_wsgi.hooks.policy_enforcement [None req-8b59e83c-206b-4745-a21b-bde29d85c493 admin admin] Attributes excluded by policy engine: ['standard_attr_id'] {{(pid=90010) _exclude_attributes_by_policy /opt/stack/neutron/neutron/pecan_wsgi/hooks/policy_enforcement.py:256}}
Jun 11 14:22:53.885137 np0000002633 devstack@neutron-api.service[90010]: [pid: 90010|app: 0|req: 12/36] 10.4.3.19 () {64 vars in 1302 bytes} [Thu Jun 11 14:22:53 2026] GET /networking/v2.0/networks?name=public => generated 759 bytes in 41 msecs (HTTP/1.1 200) 4 headers in 157 bytes (1 switches on core 0)
Jun 11 14:22:54.097862 np0000002633 devstack@neutron-api.service[90008]: DEBUG neutron.api.v2.base [None req-6cdcc12a-2a50-4219-9477-522427b67613 admin admin] Request body: {'network': {'admin_state_up': True, 'name': 'shared', 'shared': True}} {{(pid=90008) prepare_request_body /opt/stack/neutron/neutron/api/v2/base.py:727}}
Jun 11 14:22:54.110583 np0000002633 devstack@neutron-api.service[90008]: DEBUG neutron.pecan_wsgi.hooks.quota_enforcement [None req-6cdcc12a-2a50-4219-9477-522427b67613 admin admin] Made reservation on behalf of 040c5eaa1a76450caebe41cdf18a669b for: {'network': 1} {{(pid=90008) before /opt/stack/neutron/neutron/pecan_wsgi/hooks/quota_enforcement.py:66}}
Jun 11 14:22:54.113411 np0000002633 devstack@neutron-api.service[90008]: DEBUG neutron_lib.callbacks.manager [None req-6cdcc12a-2a50-4219-9477-522427b67613 admin admin] Publish callbacks ['neutron.plugins.ml2.plugin.SecurityGroupDbMixin._ensure_default_security_group_handler-3658320'] for network (None), before_create {{(pid=90008) _notify_loop /opt/stack/data/venv/lib/python3.12/site-packages/neutron_lib/callbacks/manager.py:184}}
Jun 11 14:22:54.138524 np0000002633 devstack@neutron-api.service[90008]: WARNING neutron.services.revisions.revision_plugin [None req-6cdcc12a-2a50-4219-9477-522427b67613 admin admin] Could not find related network for resource to bump revision.
Jun 11 14:22:54.165597 np0000002633 devstack@neutron-api.service[90008]: DEBUG neutron.plugins.ml2.drivers.helpers [None req-6cdcc12a-2a50-4219-9477-522427b67613 admin admin] geneve segment allocate from pool success with {'geneve_vni': 37855} {{(pid=90008) allocate_partially_specified_segment /opt/stack/neutron/neutron/plugins/ml2/drivers/helpers.py:142}}
Jun 11 14:22:54.171958 np0000002633 devstack@neutron-api.service[90008]: DEBUG neutron_lib.callbacks.manager [None req-6cdcc12a-2a50-4219-9477-522427b67613 admin admin] Publish callbacks ['neutron.plugins.ml2.plugin.Ml2Plugin._handle_segment_change-2878552'] for segment (54a4e588-f536-4367-b9f2-a16022addb4c), precommit_create {{(pid=90008) _notify_loop /opt/stack/data/venv/lib/python3.12/site-packages/neutron_lib/callbacks/manager.py:184}}
Jun 11 14:22:54.172095 np0000002633 devstack@neutron-api.service[90008]: INFO neutron.db.segments_db [None req-6cdcc12a-2a50-4219-9477-522427b67613 admin admin] Added segment 54a4e588-f536-4367-b9f2-a16022addb4c of type geneve for network ce077105-3fa4-4a97-ade5-eec8e70a7d19
Jun 11 14:22:54.184128 np0000002633 devstack@neutron-api.service[90008]: DEBUG neutron_lib.callbacks.manager [None req-6cdcc12a-2a50-4219-9477-522427b67613 admin admin] Publish callbacks ['neutron.services.auto_allocate.db._ensure_external_network_default_value_callback-8074865145276'] for network (ce077105-3fa4-4a97-ade5-eec8e70a7d19), precommit_create {{(pid=90008) _notify_loop /opt/stack/data/venv/lib/python3.12/site-packages/neutron_lib/callbacks/manager.py:184}}
Jun 11 14:22:54.193622 np0000002633 devstack@neutron-api.service[90008]: DEBUG neutron.plugins.ml2.drivers.ovn.mech_driver.mech_driver [None req-6cdcc12a-2a50-4219-9477-522427b67613 admin admin] Validating network segment with type geneve, segmentation ID 37855, physical network None {{(pid=90008) _validate_network_segments /opt/stack/neutron/neutron/plugins/ml2/drivers/ovn/mech_driver/mech_driver.py:643}}
Jun 11 14:22:54.193705 np0000002633 devstack@neutron-api.service[90008]: DEBUG neutron.db.ovn_revision_numbers_db [None req-6cdcc12a-2a50-4219-9477-522427b67613 admin admin] create_initial_revision uuid=ce077105-3fa4-4a97-ade5-eec8e70a7d19, type=networks, rev=-1 {{(pid=90008) create_initial_revision /opt/stack/neutron/neutron/db/ovn_revision_numbers_db.py:98}}
Jun 11 14:22:54.204821 np0000002633 devstack@neutron-api.service[90008]: DEBUG neutron_lib.callbacks.manager [None req-6cdcc12a-2a50-4219-9477-522427b67613 admin admin] Publish callbacks ['neutron.plugins.ml2.ovo_rpc._ObjectChangeHandler.handle_event-15448805'] for network (ce077105-3fa4-4a97-ade5-eec8e70a7d19), after_create {{(pid=90008) _notify_loop /opt/stack/data/venv/lib/python3.12/site-packages/neutron_lib/callbacks/manager.py:184}}
Jun 11 14:22:54.219046 np0000002633 devstack@neutron-api.service[90008]: DEBUG neutron.api.rpc.handlers.resources_rpc [None req-6cdcc12a-2a50-4219-9477-522427b67613 admin admin] Pushing event updated for resources: {'Network': ['ID=ce077105-3fa4-4a97-ade5-eec8e70a7d19,revision_number=1']} {{(pid=90008) push /opt/stack/neutron/neutron/api/rpc/handlers/resources_rpc.py:237}}
Jun 11 14:22:54.223565 np0000002633 devstack@neutron-api.service[90008]: DEBUG ovsdbapp.backend.ovs_idl.transaction [None req-06203a18-722c-41a2-8152-f9d01f463356 None None] Running txn n=1 command(idx=0): CheckLivenessCommand(_result=None) {{(pid=90008) do_commit /opt/stack/data/venv/lib/python3.12/site-packages/ovsdbapp/backend/ovs_idl/transaction.py:89}}
Jun 11 14:22:54.229395 np0000002633 devstack@neutron-api.service[90009]: DEBUG neutron.plugins.ml2.drivers.ovn.mech_driver.ovsdb.ovsdb_monitor [None req-42c52ab4-1757-4c3b-a4a1-dd4a85a06ac2 None None] ChassisAgentWriteEvent : Matched Chassis_Private, update, None None {{(pid=90009) matches /opt/stack/neutron/neutron/plugins/ml2/drivers/ovn/mech_driver/ovsdb/ovsdb_monitor.py:64}}
Jun 11 14:22:54.229665 np0000002633 devstack@neutron-api.service[90008]: DEBUG neutron.plugins.ml2.drivers.ovn.mech_driver.ovsdb.ovsdb_monitor [None req-40ef53ec-1666-4298-bf8d-7ba8e51b1dda None None] ChassisAgentWriteEvent : Matched Chassis_Private, update, None None {{(pid=90008) matches /opt/stack/neutron/neutron/plugins/ml2/drivers/ovn/mech_driver/ovsdb/ovsdb_monitor.py:64}}
Jun 11 14:22:54.230233 np0000002633 devstack@neutron-api.service[90010]: DEBUG neutron.plugins.ml2.drivers.ovn.mech_driver.ovsdb.ovsdb_monitor [None req-8854b5b2-d30b-4dec-92ab-658fff0dbd44 None None] ChassisAgentWriteEvent : Matched Chassis_Private, update, None None {{(pid=90010) matches /opt/stack/neutron/neutron/plugins/ml2/drivers/ovn/mech_driver/ovsdb/ovsdb_monitor.py:64}}
Jun 11 14:22:54.236348 np0000002633 devstack@neutron-api.service[90009]: DEBUG neutron.common.ovn.hash_ring_manager [None req-71735a55-1cfc-4675-a369-c25ee39490a3 None None] Hash Ring loaded. 3 active nodes. 0 offline nodes {{(pid=90009) _load_hash_ring /opt/stack/neutron/neutron/common/ovn/hash_ring_manager.py:102}}
Jun 11 14:22:54.237758 np0000002633 devstack@neutron-api.service[90010]: DEBUG neutron.common.ovn.hash_ring_manager [None req-a0e8aba0-d918-49b4-a528-84e40272c3f5 None None] Hash Ring loaded. 3 active nodes. 0 offline nodes {{(pid=90010) _load_hash_ring /opt/stack/neutron/neutron/common/ovn/hash_ring_manager.py:102}}
Jun 11 14:22:54.237976 np0000002633 devstack@neutron-api.service[90008]: DEBUG neutron.common.ovn.hash_ring_manager [None req-06203a18-722c-41a2-8152-f9d01f463356 None None] Hash Ring loaded. 3 active nodes. 0 offline nodes {{(pid=90008) _load_hash_ring /opt/stack/neutron/neutron/common/ovn/hash_ring_manager.py:102}}
Jun 11 14:22:54.238051 np0000002633 devstack@neutron-api.service[90009]: DEBUG neutron.common.ovn.hash_ring_manager [None req-42c52ab4-1757-4c3b-a4a1-dd4a85a06ac2 None None] Hash Ring loaded. 3 active nodes. 0 offline nodes {{(pid=90009) _load_hash_ring /opt/stack/neutron/neutron/common/ovn/hash_ring_manager.py:102}}
Jun 11 14:22:54.238259 np0000002633 devstack@neutron-api.service[90008]: DEBUG neutron.plugins.ml2.drivers.ovn.mech_driver.ovsdb.ovsdb_monitor [None req-06203a18-722c-41a2-8152-f9d01f463356 None None] Hash Ring: Node aedf2804979e52f7a5662b9c27a2b9da (host: np0000002633) handling event "update" for row af2e48ca-5d43-40d6-afd2-2388822f93f3 (table: NB_Global) {{(pid=90008) notify /opt/stack/neutron/neutron/plugins/ml2/drivers/ovn/mech_driver/ovsdb/ovsdb_monitor.py:1015}}
Jun 11 14:22:54.238890 np0000002633 devstack@neutron-api.service[90008]: DEBUG neutron.common.ovn.hash_ring_manager [None req-40ef53ec-1666-4298-bf8d-7ba8e51b1dda None None] Hash Ring loaded. 3 active nodes. 0 offline nodes {{(pid=90008) _load_hash_ring /opt/stack/neutron/neutron/common/ovn/hash_ring_manager.py:102}}
Jun 11 14:22:54.239135 np0000002633 devstack@neutron-api.service[90010]: DEBUG neutron.common.ovn.hash_ring_manager [None req-8854b5b2-d30b-4dec-92ab-658fff0dbd44 None None] Hash Ring loaded. 3 active nodes. 0 offline nodes {{(pid=90010) _load_hash_ring /opt/stack/neutron/neutron/common/ovn/hash_ring_manager.py:102}}
Jun 11 14:22:54.239354 np0000002633 devstack@neutron-api.service[90010]: DEBUG neutron.plugins.ml2.drivers.ovn.mech_driver.ovsdb.ovsdb_monitor [None req-8854b5b2-d30b-4dec-92ab-658fff0dbd44 None None] Hash Ring: Node 97a856633f585f359a79c57d7a6ee326 (host: np0000002633) handling event "update" for row 3ab5cc02-a0bd-414c-8f87-d9b08159444d (table: Chassis_Private) {{(pid=90010) notify /opt/stack/neutron/neutron/plugins/ml2/drivers/ovn/mech_driver/ovsdb/ovsdb_monitor.py:1015}}
Jun 11 14:22:54.239463 np0000002633 devstack@neutron-api.service[90008]: DEBUG neutron.plugins.ml2.drivers.ovn.mech_driver.ovsdb.ovsdb_monitor [None req-06203a18-722c-41a2-8152-f9d01f463356 None None] Hash Ring: Node aedf2804979e52f7a5662b9c27a2b9da (host: np0000002633) handling event "update" for row af2e48ca-5d43-40d6-afd2-2388822f93f3 (table: NB_Global) {{(pid=90008) notify /opt/stack/neutron/neutron/plugins/ml2/drivers/ovn/mech_driver/ovsdb/ovsdb_monitor.py:1015}}
Jun 11 14:22:54.240166 np0000002633 devstack@neutron-api.service[90008]: DEBUG neutron.plugins.ml2.drivers.ovn.mech_driver.ovsdb.ovsdb_monitor [None req-06203a18-722c-41a2-8152-f9d01f463356 None None] Hash Ring: Node aedf2804979e52f7a5662b9c27a2b9da (host: np0000002633) handling event "update" for row af2e48ca-5d43-40d6-afd2-2388822f93f3 (table: NB_Global) {{(pid=90008) notify /opt/stack/neutron/neutron/plugins/ml2/drivers/ovn/mech_driver/ovsdb/ovsdb_monitor.py:1015}}
Jun 11 14:22:54.240663 np0000002633 devstack@neutron-api.service[90008]: DEBUG neutron.plugins.ml2.drivers.ovn.mech_driver.ovsdb.ovsdb_monitor [None req-06203a18-722c-41a2-8152-f9d01f463356 None None] Hash Ring: Node aedf2804979e52f7a5662b9c27a2b9da (host: np0000002633) handling event "update" for row af2e48ca-5d43-40d6-afd2-2388822f93f3 (table: NB_Global) {{(pid=90008) notify /opt/stack/neutron/neutron/plugins/ml2/drivers/ovn/mech_driver/ovsdb/ovsdb_monitor.py:1015}}
Jun 11 14:22:54.242239 np0000002633 devstack@neutron-api.service[90008]: DEBUG neutron.api.rpc.callbacks.version_manager [None req-6cdcc12a-2a50-4219-9477-522427b67613 admin admin] Tracked resource versions report:
Jun 11 14:22:54.242239 np0000002633 devstack@neutron-api.service[90008]: pushed versions:
Jun 11 14:22:54.242239 np0000002633 devstack@neutron-api.service[90008]: { 'AddressGroup': {'1.2'},
Jun 11 14:22:54.242239 np0000002633 devstack@neutron-api.service[90008]: 'Agent': {'1.1'},
Jun 11 14:22:54.242239 np0000002633 devstack@neutron-api.service[90008]: 'ConntrackHelper': {'1.0'},
Jun 11 14:22:54.242239 np0000002633 devstack@neutron-api.service[90008]: 'LocalIPAssociation': {'1.0'},
Jun 11 14:22:54.242239 np0000002633 devstack@neutron-api.service[90008]: 'Log': {'1.0'},
Jun 11 14:22:54.242239 np0000002633 devstack@neutron-api.service[90008]: 'NDPProxy': {'1.0'},
Jun 11 14:22:54.242239 np0000002633 devstack@neutron-api.service[90008]: 'Network': {'1.3'},
Jun 11 14:22:54.242239 np0000002633 devstack@neutron-api.service[90008]: 'Port': {'1.11'},
Jun 11 14:22:54.242239 np0000002633 devstack@neutron-api.service[90008]: 'PortForwarding': {'1.3'},
Jun 11 14:22:54.242239 np0000002633 devstack@neutron-api.service[90008]: 'QosPolicy': {'1.10'},
Jun 11 14:22:54.242239 np0000002633 devstack@neutron-api.service[90008]: 'SecurityGroup': {'1.6'},
Jun 11 14:22:54.242239 np0000002633 devstack@neutron-api.service[90008]: 'SecurityGroupRule': {'1.3'},
Jun 11 14:22:54.242239 np0000002633 devstack@neutron-api.service[90008]: 'SubPort': {'1.0'},
Jun 11 14:22:54.242239 np0000002633 devstack@neutron-api.service[90008]: 'Subnet': {'1.2'},
Jun 11 14:22:54.242239 np0000002633 devstack@neutron-api.service[90008]: 'Trunk': {'1.1'}}
Jun 11 14:22:54.242239 np0000002633 devstack@neutron-api.service[90008]: consumer versions:
Jun 11 14:22:54.242239 np0000002633 devstack@neutron-api.service[90008]: { OVN Neutron agent@np0000002633: {},
Jun 11 14:22:54.242239 np0000002633 devstack@neutron-api.service[90008]: OVN Controller Gateway agent@np0000002633: {}}
Jun 11 14:22:54.242239 np0000002633 devstack@neutron-api.service[90008]: {{(pid=90008) report /opt/stack/neutron/neutron/api/rpc/callbacks/version_manager.py:183}}
Jun 11 14:22:54.249057 np0000002633 devstack@neutron-api.service[90008]: DEBUG ovsdbapp.backend.ovs_idl.transaction [None req-06203a18-722c-41a2-8152-f9d01f463356 None None] Running txn n=1 command(idx=0): AddNetworkCommand(_result=None, network_uuid=ce077105-3fa4-4a97-ade5-eec8e70a7d19, may_exist=True, columns={'external_ids': {'neutron:network_name': 'shared', 'neutron:mtu': '1372', 'neutron:revision_number': '1', 'neutron:availability_zone_hints': '', 'neutron:provnet-network-type': 'geneve'}, 'other_config': {'mcast_snoop': 'false', 'mcast_flood_unregistered': 'false', 'vlan-passthru': 'false'}}) {{(pid=90008) do_commit /opt/stack/data/venv/lib/python3.12/site-packages/ovsdbapp/backend/ovs_idl/transaction.py:89}}
Jun 11 14:22:54.251324 np0000002633 devstack@neutron-api.service[90010]: DEBUG neutron.plugins.ml2.drivers.ovn.mech_driver.ovsdb.ovsdb_monitor [None req-a0e8aba0-d918-49b4-a528-84e40272c3f5 None None] Hash Ring: Node 97a856633f585f359a79c57d7a6ee326 (host: np0000002633) handling event "create" for row ce077105-3fa4-4a97-ade5-eec8e70a7d19 (table: Logical_Switch) {{(pid=90010) notify /opt/stack/neutron/neutron/plugins/ml2/drivers/ovn/mech_driver/ovsdb/ovsdb_monitor.py:1015}}
Jun 11 14:22:54.252837 np0000002633 devstack@neutron-api.service[90009]: DEBUG neutron.plugins.ml2.drivers.ovn.mech_driver.ovsdb.ovsdb_monitor [None req-42c52ab4-1757-4c3b-a4a1-dd4a85a06ac2 None None] Hash Ring: Node 77be74fce37653b48a2c00ca33bd02c3 (host: np0000002633) handling event "create" for row 369729a1-e3c3-48a6-b442-fd591b1ccb1d (table: Datapath_Binding) {{(pid=90009) notify /opt/stack/neutron/neutron/plugins/ml2/drivers/ovn/mech_driver/ovsdb/ovsdb_monitor.py:1015}}
Jun 11 14:22:54.268827 np0000002633 devstack@neutron-api.service[90008]: INFO neutron.db.ovn_revision_numbers_db [None req-6cdcc12a-2a50-4219-9477-522427b67613 admin admin] Successfully bumped revision number for resource ce077105-3fa4-4a97-ade5-eec8e70a7d19 (type: networks) to 1
Jun 11 14:22:54.280122 np0000002633 devstack@neutron-api.service[90008]: DEBUG neutron_lib.callbacks.manager [None req-6cdcc12a-2a50-4219-9477-522427b67613 admin admin] Publish callbacks ['neutron.plugins.ml2.plugin.SecurityGroupDbMixin._ensure_default_security_group_handler-3658320'] for port (None), before_create {{(pid=90008) _notify_loop /opt/stack/data/venv/lib/python3.12/site-packages/neutron_lib/callbacks/manager.py:184}}
Jun 11 14:22:54.337609 np0000002633 devstack@neutron-api.service[90008]: DEBUG neutron_lib.callbacks.manager [None req-6cdcc12a-2a50-4219-9477-522427b67613 admin admin] Publish callbacks ['neutron.plugins.ml2.drivers.ovn.mech_driver.mech_driver.OVNMechanismDriver._validate_allowed_address_pairs-207618'] for allowed_address_pair (d2bc73dd-c28e-4d99-955b-786ed8f96696), before_create {{(pid=90008) _notify_loop /opt/stack/data/venv/lib/python3.12/site-packages/neutron_lib/callbacks/manager.py:184}}
Jun 11 14:22:54.338149 np0000002633 devstack@neutron-api.service[90008]: DEBUG neutron_lib.callbacks.manager [None req-6cdcc12a-2a50-4219-9477-522427b67613 admin admin] Publish callbacks [] for port (d2bc73dd-c28e-4d99-955b-786ed8f96696), precommit_create {{(pid=90008) _notify_loop /opt/stack/data/venv/lib/python3.12/site-packages/neutron_lib/callbacks/manager.py:184}}
Jun 11 14:22:54.338290 np0000002633 devstack@neutron-api.service[90008]: DEBUG neutron.plugins.ml2.drivers.ovn.mech_driver.mech_driver [None req-6cdcc12a-2a50-4219-9477-522427b67613 admin admin] No provisioning block for port d2bc73dd-c28e-4d99-955b-786ed8f96696 since it does not have a host {{(pid=90008) _is_port_provisioning_required /opt/stack/neutron/neutron/plugins/ml2/drivers/ovn/mech_driver/mech_driver.py:896}}
Jun 11 14:22:54.338400 np0000002633 devstack@neutron-api.service[90008]: DEBUG neutron.db.ovn_revision_numbers_db [None req-6cdcc12a-2a50-4219-9477-522427b67613 admin admin] create_initial_revision uuid=d2bc73dd-c28e-4d99-955b-786ed8f96696, type=ports, rev=-1 {{(pid=90008) create_initial_revision /opt/stack/neutron/neutron/db/ovn_revision_numbers_db.py:98}}
Jun 11 14:22:54.363496 np0000002633 devstack@neutron-api.service[90008]: DEBUG neutron_lib.callbacks.manager [None req-6cdcc12a-2a50-4219-9477-522427b67613 admin admin] Publish callbacks ['neutron.plugins.ml2.ovo_rpc._ObjectChangeHandler.handle_event-15448788'] for port (d2bc73dd-c28e-4d99-955b-786ed8f96696), after_create {{(pid=90008) _notify_loop /opt/stack/data/venv/lib/python3.12/site-packages/neutron_lib/callbacks/manager.py:184}}
Jun 11 14:22:54.389297 np0000002633 devstack@neutron-api.service[90008]: DEBUG neutron.api.rpc.handlers.resources_rpc [None req-6cdcc12a-2a50-4219-9477-522427b67613 admin admin] Pushing event updated for resources: {'Port': ['ID=d2bc73dd-c28e-4d99-955b-786ed8f96696,revision_number=1']} {{(pid=90008) push /opt/stack/neutron/neutron/api/rpc/handlers/resources_rpc.py:237}}
Jun 11 14:22:54.394534 np0000002633 devstack@neutron-api.service[90008]: DEBUG neutron.plugins.ml2.drivers.ovn.mech_driver.ovsdb.commands [None req-6cdcc12a-2a50-4219-9477-522427b67613 admin admin] Converting tag [] to a tag_request {{(pid=90008) _tag_column_to_tag_request /opt/stack/neutron/neutron/plugins/ml2/drivers/ovn/mech_driver/ovsdb/commands.py:205}}
Jun 11 14:22:54.395004 np0000002633 devstack@neutron-api.service[90008]: DEBUG ovsdbapp.backend.ovs_idl.transaction [None req-06203a18-722c-41a2-8152-f9d01f463356 None None] Running txn n=1 command(idx=0): AddLSwitchPortCommand(_result=None, lport=d2bc73dd-c28e-4d99-955b-786ed8f96696, lswitch=neutron-ce077105-3fa4-4a97-ade5-eec8e70a7d19, may_exist=True, network_uuid=ce077105-3fa4-4a97-ade5-eec8e70a7d19, columns={'addresses': ['fa:16:3e:ef:c9:7f'], 'external_ids': {'neutron:port_name': '', 'neutron:device_id': 'ovnmeta-ce077105-3fa4-4a97-ade5-eec8e70a7d19', 'neutron:project_id': '040c5eaa1a76450caebe41cdf18a669b', 'neutron:cidrs': '', 'neutron:device_owner': 'network:distributed', 'neutron:subnet_pool_addr_scope4': '', 'neutron:subnet_pool_addr_scope6': '', 'neutron:network_name': 'neutron-ce077105-3fa4-4a97-ade5-eec8e70a7d19', 'neutron:security_group_ids': '', 'neutron:revision_number': '1', 'neutron:vnic_type': 'normal', 'neutron:port_capabilities': '', 'neutron:mtu': '1372'}, 'parent_name': [], 'enabled': True, 'options': {}, 'type': 'localport', 'port_security': [], 'dhcpv4_options': [], 'dhcpv6_options': [], 'tag_request': []}) {{(pid=90008) do_commit /opt/stack/data/venv/lib/python3.12/site-packages/ovsdbapp/backend/ovs_idl/transaction.py:89}}
Jun 11 14:22:54.395387 np0000002633 devstack@neutron-api.service[90008]: DEBUG ovsdbapp.backend.ovs_idl.transaction [None req-06203a18-722c-41a2-8152-f9d01f463356 None None] Running txn n=1 command(idx=1): QoSDelCommand(_result=None, switch=neutron-ce077105-3fa4-4a97-ade5-eec8e70a7d19, conditions=[('direction', '=', 'to-lport'), ('priority', '=', 2002), ('match', '=', 'outport == "d2bc73dd-c28e-4d99-955b-786ed8f96696"')], if_exists=True) {{(pid=90008) do_commit /opt/stack/data/venv/lib/python3.12/site-packages/ovsdbapp/backend/ovs_idl/transaction.py:89}}
Jun 11 14:22:54.395588 np0000002633 devstack@neutron-api.service[90008]: DEBUG ovsdbapp.backend.ovs_idl.transaction [None req-06203a18-722c-41a2-8152-f9d01f463356 None None] Running txn n=1 command(idx=2): QoSDelCommand(_result=None, switch=neutron-ce077105-3fa4-4a97-ade5-eec8e70a7d19, conditions=[('direction', '=', 'from-lport'), ('priority', '=', 2002), ('match', '=', 'inport == "d2bc73dd-c28e-4d99-955b-786ed8f96696"')], if_exists=True) {{(pid=90008) do_commit /opt/stack/data/venv/lib/python3.12/site-packages/ovsdbapp/backend/ovs_idl/transaction.py:89}}
Jun 11 14:22:54.398607 np0000002633 devstack@neutron-api.service[90009]: DEBUG neutron.plugins.ml2.drivers.ovn.mech_driver.ovsdb.ovsdb_monitor [None req-71735a55-1cfc-4675-a369-c25ee39490a3 None None] Hash Ring: Node 77be74fce37653b48a2c00ca33bd02c3 (host: np0000002633) handling event "create" for row b0db8f41-169e-4d36-8a40-8dd3ddc6e130 (table: Logical_Switch_Port) {{(pid=90009) notify /opt/stack/neutron/neutron/plugins/ml2/drivers/ovn/mech_driver/ovsdb/ovsdb_monitor.py:1015}}
Jun 11 14:22:54.398757 np0000002633 devstack@neutron-api.service[90010]: DEBUG neutron.plugins.ml2.drivers.ovn.mech_driver.ovsdb.ovsdb_monitor [None req-a0e8aba0-d918-49b4-a528-84e40272c3f5 None None] Hash Ring: Node 97a856633f585f359a79c57d7a6ee326 (host: np0000002633) handling event "update" for row ce077105-3fa4-4a97-ade5-eec8e70a7d19 (table: Logical_Switch) {{(pid=90010) notify /opt/stack/neutron/neutron/plugins/ml2/drivers/ovn/mech_driver/ovsdb/ovsdb_monitor.py:1015}}
Jun 11 14:22:54.399526 np0000002633 devstack@neutron-api.service[90009]: DEBUG ovsdbapp.backend.ovs_idl.event [None req-71735a55-1cfc-4675-a369-c25ee39490a3 None None] Matched CREATE: LogicalSwitchPortCreateEvent(events=('create',), table='Logical_Switch_Port', conditions=[], old_conditions=None), priority=20 to row=Logical_Switch_Port(uuid=b0db8f41-169e-4d36-8a40-8dd3ddc6e130, addresses=['fa:16:3e:ef:c9:7f'], dhcpv4_options=[], dhcpv6_options=[], dynamic_addresses=[], enabled=True, external_ids={'neutron:cidrs': '', 'neutron:device_id': 'ovnmeta-ce077105-3fa4-4a97-ade5-eec8e70a7d19', 'neutron:device_owner': 'network:distributed', 'neutron:mtu': '1372', 'neutron:network_name': 'neutron-ce077105-3fa4-4a97-ade5-eec8e70a7d19', 'neutron:port_capabilities': '', 'neutron:port_name': '', 'neutron:project_id': '040c5eaa1a76450caebe41cdf18a669b', 'neutron:revision_number': '1', 'neutron:security_group_ids': '', 'neutron:subnet_pool_addr_scope4': '', 'neutron:subnet_pool_addr_scope6': '', 'neutron:vnic_type': 'normal'}, ha_chassis_group=[], mirror_rules=[], name='d2bc73dd-c28e-4d99-955b-786ed8f96696', options={}, parent_name=[], port_security=[], tag=[], tag_request=[], type='localport', up=[]) old= {{(pid=90009) matches /opt/stack/data/venv/lib/python3.12/site-packages/ovsdbapp/backend/ovs_idl/event.py:55}}
Jun 11 14:22:54.400924 np0000002633 devstack@neutron-api.service[90010]: DEBUG neutron.plugins.ml2.drivers.ovn.mech_driver.ovsdb.ovsdb_monitor [None req-8854b5b2-d30b-4dec-92ab-658fff0dbd44 None None] Hash Ring: Node 97a856633f585f359a79c57d7a6ee326 (host: np0000002633) handling event "create" for row 57c8f817-37ea-4d67-a74f-c740e9858567 (table: Port_Binding) {{(pid=90010) notify /opt/stack/neutron/neutron/plugins/ml2/drivers/ovn/mech_driver/ovsdb/ovsdb_monitor.py:1015}}
Jun 11 14:22:54.401587 np0000002633 devstack@neutron-api.service[90009]: INFO neutron.plugins.ml2.drivers.ovn.mech_driver.mech_driver [None req-f9915925-2135-4503-94c3-7b90d8dc5670 None None] OVN reports status down for port: d2bc73dd-c28e-4d99-955b-786ed8f96696
Jun 11 14:22:54.403493 np0000002633 devstack@neutron-api.service[90009]: DEBUG neutron.plugins.ml2.drivers.ovn.mech_driver.ovsdb.ovsdb_monitor [None req-71735a55-1cfc-4675-a369-c25ee39490a3 None None] Hash Ring: Node 77be74fce37653b48a2c00ca33bd02c3 (host: np0000002633) handling event "update" for row b0db8f41-169e-4d36-8a40-8dd3ddc6e130 (table: Logical_Switch_Port) {{(pid=90009) notify /opt/stack/neutron/neutron/plugins/ml2/drivers/ovn/mech_driver/ovsdb/ovsdb_monitor.py:1015}}
Jun 11 14:22:54.426716 np0000002633 devstack@neutron-api.service[90009]: DEBUG neutron.db.provisioning_blocks [None req-f9915925-2135-4503-94c3-7b90d8dc5670 None None] Transition to ACTIVE for port object d2bc73dd-c28e-4d99-955b-786ed8f96696 will not be triggered until provisioned by entity L2. {{(pid=90009) add_provisioning_component /opt/stack/neutron/neutron/db/provisioning_blocks.py:74}}
Jun 11 14:22:54.431092 np0000002633 devstack@neutron-api.service[90008]: INFO neutron.db.ovn_revision_numbers_db [None req-6cdcc12a-2a50-4219-9477-522427b67613 admin admin] Successfully bumped revision number for resource d2bc73dd-c28e-4d99-955b-786ed8f96696 (type: ports) to 1
Jun 11 14:22:54.443128 np0000002633 devstack@neutron-api.service[90008]: DEBUG neutron.pecan_wsgi.hooks.policy_enforcement [None req-6cdcc12a-2a50-4219-9477-522427b67613 admin admin] Attributes excluded by policy engine: ['standard_attr_id'] {{(pid=90008) _exclude_attributes_by_policy /opt/stack/neutron/neutron/pecan_wsgi/hooks/policy_enforcement.py:256}}
Jun 11 14:22:54.443415 np0000002633 devstack@neutron-api.service[90008]: DEBUG neutron_lib.callbacks.manager [None req-6cdcc12a-2a50-4219-9477-522427b67613 admin admin] Publish callbacks [] for network (None), before_response {{(pid=90008) _notify_loop /opt/stack/data/venv/lib/python3.12/site-packages/neutron_lib/callbacks/manager.py:184}}
Jun 11 14:22:54.446311 np0000002633 devstack@neutron-api.service[90009]: DEBUG neutron.plugins.ml2.plugin [None req-f9915925-2135-4503-94c3-7b90d8dc5670 None None] Current status of the port d2bc73dd-c28e-4d99-955b-786ed8f96696 is: DOWN; New status is: DOWN {{(pid=90009) _update_individual_port_db_status /opt/stack/neutron/neutron/plugins/ml2/plugin.py:2470}}
Jun 11 14:22:54.447482 np0000002633 devstack@neutron-api.service[90009]: DEBUG ovsdbapp.backend.ovs_idl.transaction [None req-71735a55-1cfc-4675-a369-c25ee39490a3 None None] Running txn n=1 command(idx=0): DbRemoveCommand(_result=None, table=Logical_Switch_Port, record=d2bc73dd-c28e-4d99-955b-786ed8f96696, column=external_ids, values=('neutron:host_id',), keyvalues={}, if_exists=True) {{(pid=90009) do_commit /opt/stack/data/venv/lib/python3.12/site-packages/ovsdbapp/backend/ovs_idl/transaction.py:89}}
Jun 11 14:22:54.453346 np0000002633 devstack@neutron-api.service[90008]: [pid: 90008|app: 0|req: 12/37] 10.4.3.19 () {68 vars in 1319 bytes} [Thu Jun 11 14:22:54 2026] POST /networking/v2.0/networks => generated 679 bytes in 358 msecs (HTTP/1.1 201) 4 headers in 162 bytes (1 switches on core 0)
Jun 11 14:22:54.661106 np0000002633 devstack@neutron-api.service[90009]: INFO neutron.pecan_wsgi.hooks.translation [None req-f6418195-e00e-4358-b5c5-3ce67939b4ee admin admin] GET failed (client error): The resource could not be found.
Jun 11 14:22:54.661106 np0000002633 devstack@neutron-api.service[90009]: [pid: 90009|app: 0|req: 14/38] 10.4.3.19 () {64 vars in 1287 bytes} [Thu Jun 11 14:22:54 2026] GET /networking/v2.0/networks/shared => generated 108 bytes in 7 msecs (HTTP/1.1 404) 4 headers in 164 bytes (1 switches on core 0)
Jun 11 14:22:54.686765 np0000002633 devstack@neutron-api.service[90010]: DEBUG neutron.pecan_wsgi.hooks.policy_enforcement [None req-7478dcd3-d2b2-4f43-a3b1-5c2556f28505 admin admin] Attributes excluded by policy engine: ['standard_attr_id'] {{(pid=90010) _exclude_attributes_by_policy /opt/stack/neutron/neutron/pecan_wsgi/hooks/policy_enforcement.py:256}}
Jun 11 14:22:54.687396 np0000002633 devstack@neutron-api.service[90010]: [pid: 90010|app: 0|req: 13/39] 10.4.3.19 () {64 vars in 1302 bytes} [Thu Jun 11 14:22:54 2026] GET /networking/v2.0/networks?name=shared => generated 663 bytes in 20 msecs (HTTP/1.1 200) 4 headers in 157 bytes (1 switches on core 0)
Jun 11 14:22:54.699178 np0000002633 devstack@neutron-api.service[90008]: DEBUG neutron.api.v2.base [None req-5aedeb12-36bb-4fa5-a102-f8c17728b44a admin admin] Request body: {'subnet': {'name': 'shared-subnet', 'cidr': '192.168.233.0/24', 'description': 'shared-subnet', 'ip_version': 4, 'network_id': 'ce077105-3fa4-4a97-ade5-eec8e70a7d19'}} {{(pid=90008) prepare_request_body /opt/stack/neutron/neutron/api/v2/base.py:727}}
Jun 11 14:22:54.711573 np0000002633 devstack@neutron-api.service[90008]: DEBUG neutron.pecan_wsgi.hooks.quota_enforcement [None req-5aedeb12-36bb-4fa5-a102-f8c17728b44a admin admin] Made reservation on behalf of 040c5eaa1a76450caebe41cdf18a669b for: {'subnet': 1} {{(pid=90008) before /opt/stack/neutron/neutron/pecan_wsgi/hooks/quota_enforcement.py:66}}
Jun 11 14:22:54.713721 np0000002633 devstack@neutron-api.service[90008]: DEBUG neutron_lib.callbacks.manager [None req-5aedeb12-36bb-4fa5-a102-f8c17728b44a admin admin] Publish callbacks [] for subnet (None), before_create {{(pid=90008) _notify_loop /opt/stack/data/venv/lib/python3.12/site-packages/neutron_lib/callbacks/manager.py:184}}
Jun 11 14:22:54.763207 np0000002633 devstack@neutron-api.service[90008]: DEBUG neutron.db.ovn_revision_numbers_db [None req-5aedeb12-36bb-4fa5-a102-f8c17728b44a admin admin] create_initial_revision uuid=56691145-5897-4add-a09f-886c9b1a24ac, type=subnets, rev=-1 {{(pid=90008) create_initial_revision /opt/stack/neutron/neutron/db/ovn_revision_numbers_db.py:98}}
Jun 11 14:22:54.767571 np0000002633 devstack@neutron-api.service[90008]: DEBUG neutron_lib.callbacks.manager [None req-5aedeb12-36bb-4fa5-a102-f8c17728b44a admin admin] Publish callbacks ['neutron.plugins.ml2.ovo_rpc._ObjectChangeHandler.handle_event-15448809'] for subnet (56691145-5897-4add-a09f-886c9b1a24ac), after_create {{(pid=90008) _notify_loop /opt/stack/data/venv/lib/python3.12/site-packages/neutron_lib/callbacks/manager.py:184}}
Jun 11 14:22:54.779578 np0000002633 devstack@neutron-api.service[90008]: DEBUG neutron.api.rpc.handlers.resources_rpc [None req-5aedeb12-36bb-4fa5-a102-f8c17728b44a admin admin] Pushing event updated for resources: {'Subnet': ['ID=56691145-5897-4add-a09f-886c9b1a24ac,revision_number=0']} {{(pid=90008) push /opt/stack/neutron/neutron/api/rpc/handlers/resources_rpc.py:237}}
Jun 11 14:22:54.819162 np0000002633 devstack@neutron-api.service[90008]: DEBUG neutron_lib.callbacks.manager [None req-5aedeb12-36bb-4fa5-a102-f8c17728b44a admin admin] Publish callbacks ['neutron.plugins.ml2.plugin.SecurityGroupDbMixin._ensure_default_security_group_handler-3658320', 'neutron.services.ovn_l3.plugin.OVNL3RouterPlugin._port_update-8074865143618', 'neutron.db.l3_db.L3_NAT_dbonly_mixin._prevent_internal_ip_change_for_fip-8074866743440'] for port (d2bc73dd-c28e-4d99-955b-786ed8f96696), before_update {{(pid=90008) _notify_loop /opt/stack/data/venv/lib/python3.12/site-packages/neutron_lib/callbacks/manager.py:184}}
Jun 11 14:22:54.890657 np0000002633 devstack@neutron-api.service[90008]: DEBUG neutron.db.db_base_plugin_common [None req-5aedeb12-36bb-4fa5-a102-f8c17728b44a admin admin] Allocated IP 192.168.233.2 (ce077105-3fa4-4a97-ade5-eec8e70a7d19/56691145-5897-4add-a09f-886c9b1a24ac/d2bc73dd-c28e-4d99-955b-786ed8f96696) {{(pid=90008) _store_ip_allocation /opt/stack/neutron/neutron/db/db_base_plugin_common.py:131}}
