Jul 07 18:43:10.959364 np0000004754 devstack@g-api.service[102699]: DEBUG glance_store.location [None req-e1c98418-60ca-4f47-b168-4b3d60978e36 tempest-AttachSCSIVolumeTestJSON-926659112 tempest-AttachSCSIVolumeTestJSON-926659112-project-admin] Registering scheme swift with {'store': , 'location_class': , 'store_entry': 'swift'} {{(pid=102699) register_scheme_map /opt/stack/data/venv/lib/python3.12/site-packages/glance_store/location.py:146}}
Jul 07 18:43:10.959502 np0000004754 devstack@g-api.service[102699]: DEBUG glance_store.location [None req-e1c98418-60ca-4f47-b168-4b3d60978e36 tempest-AttachSCSIVolumeTestJSON-926659112 tempest-AttachSCSIVolumeTestJSON-926659112-project-admin] Registering scheme swift+http with {'store': , 'location_class': , 'store_entry': 'swift'} {{(pid=102699) register_scheme_map /opt/stack/data/venv/lib/python3.12/site-packages/glance_store/location.py:146}}
Jul 07 18:43:10.959613 np0000004754 devstack@g-api.service[102699]: DEBUG glance_store.location [None req-e1c98418-60ca-4f47-b168-4b3d60978e36 tempest-AttachSCSIVolumeTestJSON-926659112 tempest-AttachSCSIVolumeTestJSON-926659112-project-admin] Registering scheme swift+config with {'store': , 'location_class': , 'store_entry': 'swift'} {{(pid=102699) register_scheme_map /opt/stack/data/venv/lib/python3.12/site-packages/glance_store/location.py:146}}
Jul 07 18:43:11.146021 np0000004754 devstack@g-api.service[102700]: DEBUG glance.api.middleware.version_negotiation [None req-13317535-eb2e-408e-acaf-d7af7486ec1e tempest-TaggedBootDevicesTest-783085564 tempest-TaggedBootDevicesTest-783085564-project-member] Determining version of request: GET /versions Accept: */* {{(pid=102700) process_request /opt/stack/glance/glance/api/middleware/version_negotiation.py:44}}
Jul 07 18:43:11.146796 np0000004754 devstack@g-api.service[102700]: [pid: 102700|app: 0|req: 11/34] 127.0.0.1 () {44 vars in 1039 bytes} [Tue Jul 7 18:43:11 2026] GET /versions => generated 1515 bytes in 1 msecs (HTTP/1.1 200) 3 headers in 92 bytes (1 switches on core 0)
Jul 07 18:43:11.158049 np0000004754 devstack@g-api.service[102697]: DEBUG glance.api.middleware.version_negotiation [None req-13317535-eb2e-408e-acaf-d7af7486ec1e tempest-TaggedBootDevicesTest-783085564 tempest-TaggedBootDevicesTest-783085564-project-member] Determining version of request: GET /v2/images/b04bf3e7-a79a-47af-a2b3-96a0d27f2967/locations Accept: */* {{(pid=102697) process_request /opt/stack/glance/glance/api/middleware/version_negotiation.py:44}}
Jul 07 18:43:11.159084 np0000004754 devstack@g-api.service[102697]: DEBUG glance.api.middleware.version_negotiation [None req-13317535-eb2e-408e-acaf-d7af7486ec1e tempest-TaggedBootDevicesTest-783085564 tempest-TaggedBootDevicesTest-783085564-project-member] Using url versioning {{(pid=102697) process_request /opt/stack/glance/glance/api/middleware/version_negotiation.py:57}}
Jul 07 18:43:11.159084 np0000004754 devstack@g-api.service[102697]: DEBUG glance.api.middleware.version_negotiation [None req-13317535-eb2e-408e-acaf-d7af7486ec1e tempest-TaggedBootDevicesTest-783085564 tempest-TaggedBootDevicesTest-783085564-project-member] Matched version: v2 {{(pid=102697) process_request /opt/stack/glance/glance/api/middleware/version_negotiation.py:69}}
Jul 07 18:43:11.159084 np0000004754 devstack@g-api.service[102697]: DEBUG glance.api.middleware.version_negotiation [None req-13317535-eb2e-408e-acaf-d7af7486ec1e tempest-TaggedBootDevicesTest-783085564 tempest-TaggedBootDevicesTest-783085564-project-member] new path /v2/images/b04bf3e7-a79a-47af-a2b3-96a0d27f2967/locations {{(pid=102697) process_request /opt/stack/glance/glance/api/middleware/version_negotiation.py:70}}
Jul 07 18:43:11.423326 np0000004754 devstack@g-api.service[102699]: DEBUG swiftclient [None req-e1c98418-60ca-4f47-b168-4b3d60978e36 tempest-AttachSCSIVolumeTestJSON-926659112 tempest-AttachSCSIVolumeTestJSON-926659112-project-admin] REQ: curl -i https://10.4.3.128:8080/v1/AUTH_3f70b9bbc96542e1bc0505ec643cb3cd/glance -I -H "X-Auth-Token: gAAAAABqTUi_vP6a..." {{(pid=102699) http_log /opt/stack/data/venv/lib/python3.12/site-packages/swiftclient/client.py:160}}
Jul 07 18:43:11.423509 np0000004754 devstack@g-api.service[102699]: DEBUG swiftclient [None req-e1c98418-60ca-4f47-b168-4b3d60978e36 tempest-AttachSCSIVolumeTestJSON-926659112 tempest-AttachSCSIVolumeTestJSON-926659112-project-admin] RESP STATUS: 204 No Content {{(pid=102699) http_log /opt/stack/data/venv/lib/python3.12/site-packages/swiftclient/client.py:161}}
Jul 07 18:43:11.423737 np0000004754 devstack@g-api.service[102699]: DEBUG swiftclient [None req-e1c98418-60ca-4f47-b168-4b3d60978e36 tempest-AttachSCSIVolumeTestJSON-926659112 tempest-AttachSCSIVolumeTestJSON-926659112-project-admin] RESP HEADERS: {'Date': 'Tue, 07 Jul 2026 18:43:11 GMT', 'Server': 'Apache/2.4.58 (Ubuntu)', 'Content-Type': 'text/plain; charset=utf-8', 'X-Container-Object-Count': '3', 'X-Container-Bytes-Used': '64356352', 'X-Timestamp': '1783449667.35558', 'Last-Modified': 'Tue, 07 Jul 2026 18:41:08 GMT', 'Accept-Ranges': 'bytes', 'X-Storage-Policy': 'Policy-0', 'X-Container-Sharding': 'False', 'Vary': 'Accept', 'X-Trans-Id': 'txe32d76bf225440ffaadac-006a4d48bf', 'X-Openstack-Request-Id': 'txe32d76bf225440ffaadac-006a4d48bf', 'Connection': 'close'} {{(pid=102699) http_log /opt/stack/data/venv/lib/python3.12/site-packages/swiftclient/client.py:162}}
Jul 07 18:43:11.423943 np0000004754 devstack@g-api.service[102699]: DEBUG glance_store._drivers.swift.store [None req-e1c98418-60ca-4f47-b168-4b3d60978e36 tempest-AttachSCSIVolumeTestJSON-926659112 tempest-AttachSCSIVolumeTestJSON-926659112-project-admin] Adding image object '0d13fa21-54a0-48db-a018-aec67a7ac8d0' to Swift {{(pid=102699) add /opt/stack/data/venv/lib/python3.12/site-packages/glance_store/_drivers/swift/store.py:970}}
Jul 07 18:43:11.424026 np0000004754 devstack@g-api.service[102699]: DEBUG glance_store._drivers.swift.store [None req-e1c98418-60ca-4f47-b168-4b3d60978e36 tempest-AttachSCSIVolumeTestJSON-926659112 tempest-AttachSCSIVolumeTestJSON-926659112-project-admin] Cannot determine image size because it is either not provided in the request or chunked-transfer encoding is used. Adding image as a segmented object to Swift. {{(pid=102699) add /opt/stack/data/venv/lib/python3.12/site-packages/glance_store/_drivers/swift/store.py:994}}
Jul 07 18:43:11.431268 np0000004754 devstack@g-api.service[102699]: DEBUG oslo_utils.imageutils.format_inspector [None req-e1c98418-60ca-4f47-b168-4b3d60978e36 tempest-AttachSCSIVolumeTestJSON-926659112 tempest-AttachSCSIVolumeTestJSON-926659112-project-admin] Format inspector for vmdk does not match, excluding from consideration (Signature KDMV not found: b'QFI\xfb') {{(pid=102699) _process_chunk /opt/stack/data/venv/lib/python3.12/site-packages/oslo_utils/imageutils/format_inspector.py:1758}}
Jul 07 18:43:11.434215 np0000004754 devstack@g-api.service[102699]: DEBUG oslo_utils.imageutils.format_inspector [None req-e1c98418-60ca-4f47-b168-4b3d60978e36 tempest-AttachSCSIVolumeTestJSON-926659112 tempest-AttachSCSIVolumeTestJSON-926659112-project-admin] Format inspector for vhdx does not match, excluding from consideration (Region signature not found at 30000) {{(pid=102699) _process_chunk /opt/stack/data/venv/lib/python3.12/site-packages/oslo_utils/imageutils/format_inspector.py:1758}}
Jul 07 18:43:11.682021 np0000004754 devstack@g-api.service[102699]: DEBUG swiftclient [None req-e1c98418-60ca-4f47-b168-4b3d60978e36 tempest-AttachSCSIVolumeTestJSON-926659112 tempest-AttachSCSIVolumeTestJSON-926659112-project-admin] REQ: curl -i https://10.4.3.128:8080/v1/AUTH_3f70b9bbc96542e1bc0505ec643cb3cd/glance/0d13fa21-54a0-48db-a018-aec67a7ac8d0-00001 -X PUT -H "X-Auth-Token: gAAAAABqTUi_vP6a..." {{(pid=102699) http_log /opt/stack/data/venv/lib/python3.12/site-packages/swiftclient/client.py:160}}
Jul 07 18:43:11.682021 np0000004754 devstack@g-api.service[102699]: DEBUG swiftclient [None req-e1c98418-60ca-4f47-b168-4b3d60978e36 tempest-AttachSCSIVolumeTestJSON-926659112 tempest-AttachSCSIVolumeTestJSON-926659112-project-admin] RESP STATUS: 201 Created {{(pid=102699) http_log /opt/stack/data/venv/lib/python3.12/site-packages/swiftclient/client.py:161}}
Jul 07 18:43:11.682206 np0000004754 devstack@g-api.service[102699]: DEBUG swiftclient [None req-e1c98418-60ca-4f47-b168-4b3d60978e36 tempest-AttachSCSIVolumeTestJSON-926659112 tempest-AttachSCSIVolumeTestJSON-926659112-project-admin] RESP HEADERS: {'Date': 'Tue, 07 Jul 2026 18:43:11 GMT', 'Server': 'Apache/2.4.58 (Ubuntu)', 'Content-Type': 'text/html; charset=UTF-8', 'Content-Length': '0', 'Etag': '87617e24a5e30cb3b87fda8c0764838f', 'Last-Modified': 'Tue, 07 Jul 2026 18:43:12 GMT', 'X-Trans-Id': 'tx7640c295460246afbb462-006a4d48bf', 'X-Openstack-Request-Id': 'tx7640c295460246afbb462-006a4d48bf', 'Connection': 'close'} {{(pid=102699) http_log /opt/stack/data/venv/lib/python3.12/site-packages/swiftclient/client.py:162}}
Jul 07 18:43:11.682569 np0000004754 devstack@g-api.service[102699]: DEBUG glance_store._drivers.swift.store [None req-e1c98418-60ca-4f47-b168-4b3d60978e36 tempest-AttachSCSIVolumeTestJSON-926659112 tempest-AttachSCSIVolumeTestJSON-926659112-project-admin] Wrote chunk 0d13fa21-54a0-48db-a018-aec67a7ac8d0-00001 (1/?) of length 21692416 to Swift returning MD5 of content: 87617e24a5e30cb3b87fda8c0764838f {{(pid=102699) add /opt/stack/data/venv/lib/python3.12/site-packages/glance_store/_drivers/swift/store.py:1059}}
Jul 07 18:43:11.682911 np0000004754 devstack@g-api.service[102699]: DEBUG glance_store._drivers.swift.store [None req-e1c98418-60ca-4f47-b168-4b3d60978e36 tempest-AttachSCSIVolumeTestJSON-926659112 tempest-AttachSCSIVolumeTestJSON-926659112-project-admin] Not writing zero-length chunk. {{(pid=102699) add /opt/stack/data/venv/lib/python3.12/site-packages/glance_store/_drivers/swift/store.py:1028}}
Jul 07 18:43:11.705667 np0000004754 devstack@g-api.service[102697]: [pid: 102697|app: 0|req: 10/35] 127.0.0.1 () {44 vars in 1135 bytes} [Tue Jul 7 18:43:11 2026] GET /v2/images/b04bf3e7-a79a-47af-a2b3-96a0d27f2967/locations => generated 92 bytes in 548 msecs (HTTP/1.1 200) 4 headers in 156 bytes (1 switches on core 0)
Jul 07 18:43:11.724248 np0000004754 devstack@g-api.service[102698]: DEBUG glance.api.middleware.version_negotiation [None req-13317535-eb2e-408e-acaf-d7af7486ec1e tempest-TaggedBootDevicesTest-783085564 tempest-TaggedBootDevicesTest-783085564-project-member] Determining version of request: GET /v2/images/b04bf3e7-a79a-47af-a2b3-96a0d27f2967 Accept: */* {{(pid=102698) process_request /opt/stack/glance/glance/api/middleware/version_negotiation.py:44}}
Jul 07 18:43:11.724557 np0000004754 devstack@g-api.service[102698]: DEBUG glance.api.middleware.version_negotiation [None req-13317535-eb2e-408e-acaf-d7af7486ec1e tempest-TaggedBootDevicesTest-783085564 tempest-TaggedBootDevicesTest-783085564-project-member] Using url versioning {{(pid=102698) process_request /opt/stack/glance/glance/api/middleware/version_negotiation.py:57}}
Jul 07 18:43:11.724747 np0000004754 devstack@g-api.service[102698]: DEBUG glance.api.middleware.version_negotiation [None req-13317535-eb2e-408e-acaf-d7af7486ec1e tempest-TaggedBootDevicesTest-783085564 tempest-TaggedBootDevicesTest-783085564-project-member] Matched version: v2 {{(pid=102698) process_request /opt/stack/glance/glance/api/middleware/version_negotiation.py:69}}
Jul 07 18:43:11.724853 np0000004754 devstack@g-api.service[102698]: DEBUG glance.api.middleware.version_negotiation [None req-13317535-eb2e-408e-acaf-d7af7486ec1e tempest-TaggedBootDevicesTest-783085564 tempest-TaggedBootDevicesTest-783085564-project-member] new path /v2/images/b04bf3e7-a79a-47af-a2b3-96a0d27f2967 {{(pid=102698) process_request /opt/stack/glance/glance/api/middleware/version_negotiation.py:70}}
Jul 07 18:43:11.728207 np0000004754 devstack@g-api.service[102699]: DEBUG swiftclient [None req-e1c98418-60ca-4f47-b168-4b3d60978e36 tempest-AttachSCSIVolumeTestJSON-926659112 tempest-AttachSCSIVolumeTestJSON-926659112-project-admin] REQ: curl -i https://10.4.3.128:8080/v1/AUTH_3f70b9bbc96542e1bc0505ec643cb3cd/glance/0d13fa21-54a0-48db-a018-aec67a7ac8d0 -X PUT -H "X-Object-Manifest: glance/0d13fa21-54a0-48db-a018-aec67a7ac8d0-" -H "X-Auth-Token: gAAAAABqTUi_vP6a..." -H "Content-Length: 0" {{(pid=102699) http_log /opt/stack/data/venv/lib/python3.12/site-packages/swiftclient/client.py:160}}
Jul 07 18:43:11.728207 np0000004754 devstack@g-api.service[102699]: DEBUG swiftclient [None req-e1c98418-60ca-4f47-b168-4b3d60978e36 tempest-AttachSCSIVolumeTestJSON-926659112 tempest-AttachSCSIVolumeTestJSON-926659112-project-admin] RESP STATUS: 201 Created {{(pid=102699) http_log /opt/stack/data/venv/lib/python3.12/site-packages/swiftclient/client.py:161}}
Jul 07 18:43:11.728207 np0000004754 devstack@g-api.service[102699]: DEBUG swiftclient [None req-e1c98418-60ca-4f47-b168-4b3d60978e36 tempest-AttachSCSIVolumeTestJSON-926659112 tempest-AttachSCSIVolumeTestJSON-926659112-project-admin] RESP HEADERS: {'Date': 'Tue, 07 Jul 2026 18:43:11 GMT', 'Server': 'Apache/2.4.58 (Ubuntu)', 'Content-Type': 'text/html; charset=UTF-8', 'Content-Length': '0', 'Etag': 'd41d8cd98f00b204e9800998ecf8427e', 'Last-Modified': 'Tue, 07 Jul 2026 18:43:12 GMT', 'X-Trans-Id': 'txd7ea410c7aff4425b6d8e-006a4d48bf', 'X-Openstack-Request-Id': 'txd7ea410c7aff4425b6d8e-006a4d48bf', 'Connection': 'close'} {{(pid=102699) http_log /opt/stack/data/venv/lib/python3.12/site-packages/swiftclient/client.py:162}}
Jul 07 18:43:11.728629 np0000004754 devstack@g-api.service[102699]: INFO glance.location [None req-e1c98418-60ca-4f47-b168-4b3d60978e36 tempest-AttachSCSIVolumeTestJSON-926659112 tempest-AttachSCSIVolumeTestJSON-926659112-project-admin] Image format matched and virtual size computed: 117440512
Jul 07 18:43:11.749044 np0000004754 devstack@g-api.service[102698]: [pid: 102698|app: 0|req: 10/36] 127.0.0.1 () {44 vars in 1115 bytes} [Tue Jul 7 18:43:11 2026] GET /v2/images/b04bf3e7-a79a-47af-a2b3-96a0d27f2967 => generated 1044 bytes in 25 msecs (HTTP/1.1 200) 4 headers in 158 bytes (1 switches on core 0)
Jul 07 18:43:11.757644 np0000004754 devstack@g-api.service[102699]: DEBUG glance_store.backend [None req-e1c98418-60ca-4f47-b168-4b3d60978e36 tempest-AttachSCSIVolumeTestJSON-926659112 tempest-AttachSCSIVolumeTestJSON-926659112-project-admin] Attempting to import store swift {{(pid=102699) _load_store /opt/stack/data/venv/lib/python3.12/site-packages/glance_store/backend.py:215}}
Jul 07 18:43:11.759674 np0000004754 devstack@g-api.service[102699]: DEBUG glance_store.capabilities [None req-e1c98418-60ca-4f47-b168-4b3d60978e36 tempest-AttachSCSIVolumeTestJSON-926659112 tempest-AttachSCSIVolumeTestJSON-926659112-project-admin] Store glance_store._drivers.swift.store.SingleTenantStore doesn't support updating dynamic storage capabilities. Please overwrite 'update_capabilities' method of the store to implement updating logics if needed. {{(pid=102699) update_capabilities /opt/stack/data/venv/lib/python3.12/site-packages/glance_store/capabilities.py:91}}
Jul 07 18:43:11.759805 np0000004754 devstack@g-api.service[102699]: DEBUG glance_store.driver [None req-e1c98418-60ca-4f47-b168-4b3d60978e36 tempest-AttachSCSIVolumeTestJSON-926659112 tempest-AttachSCSIVolumeTestJSON-926659112-project-admin] Late loading location class glance_store._drivers.swift.store.StoreLocation {{(pid=102699) get_store_location_class /opt/stack/data/venv/lib/python3.12/site-packages/glance_store/driver.py:134}}
Jul 07 18:43:11.759965 np0000004754 devstack@g-api.service[102699]: DEBUG glance_store.location [None req-e1c98418-60ca-4f47-b168-4b3d60978e36 tempest-AttachSCSIVolumeTestJSON-926659112 tempest-AttachSCSIVolumeTestJSON-926659112-project-admin] Registering scheme swift+https with {'store': , 'location_class': , 'store_entry': 'swift'} {{(pid=102699) register_scheme_map /opt/stack/data/venv/lib/python3.12/site-packages/glance_store/location.py:146}}
Jul 07 18:43:11.760109 np0000004754 devstack@g-api.service[102699]: DEBUG glance_store.location [None req-e1c98418-60ca-4f47-b168-4b3d60978e36 tempest-AttachSCSIVolumeTestJSON-926659112 tempest-AttachSCSIVolumeTestJSON-926659112-project-admin] Registering scheme swift+https with {'store': , 'location_class': , 'store_entry': 'swift'} {{(pid=102699) register_scheme_map /opt/stack/data/venv/lib/python3.12/site-packages/glance_store/location.py:146}}
Jul 07 18:43:11.760265 np0000004754 devstack@g-api.service[102699]: DEBUG glance_store.location [None req-e1c98418-60ca-4f47-b168-4b3d60978e36 tempest-AttachSCSIVolumeTestJSON-926659112 tempest-AttachSCSIVolumeTestJSON-926659112-project-admin] Registering scheme swift with {'store': , 'location_class': , 'store_entry': 'swift'} {{(pid=102699) register_scheme_map /opt/stack/data/venv/lib/python3.12/site-packages/glance_store/location.py:146}}
Jul 07 18:43:11.760330 np0000004754 devstack@g-api.service[102700]: DEBUG glance.api.middleware.version_negotiation [None req-13317535-eb2e-408e-acaf-d7af7486ec1e tempest-TaggedBootDevicesTest-783085564 tempest-TaggedBootDevicesTest-783085564-project-member] Determining version of request: GET /v2/schemas/image Accept: */* {{(pid=102700) process_request /opt/stack/glance/glance/api/middleware/version_negotiation.py:44}}
Jul 07 18:43:11.760373 np0000004754 devstack@g-api.service[102699]: DEBUG glance_store.location [None req-e1c98418-60ca-4f47-b168-4b3d60978e36 tempest-AttachSCSIVolumeTestJSON-926659112 tempest-AttachSCSIVolumeTestJSON-926659112-project-admin] Registering scheme swift+https with {'store': , 'location_class': , 'store_entry': 'swift'} {{(pid=102699) register_scheme_map /opt/stack/data/venv/lib/python3.12/site-packages/glance_store/location.py:146}}
Jul 07 18:43:11.760531 np0000004754 devstack@g-api.service[102699]: DEBUG glance_store.location [None req-e1c98418-60ca-4f47-b168-4b3d60978e36 tempest-AttachSCSIVolumeTestJSON-926659112 tempest-AttachSCSIVolumeTestJSON-926659112-project-admin] Registering scheme swift with {'store': , 'location_class': , 'store_entry': 'swift'} {{(pid=102699) register_scheme_map /opt/stack/data/venv/lib/python3.12/site-packages/glance_store/location.py:146}}
Jul 07 18:43:11.760613 np0000004754 devstack@g-api.service[102700]: DEBUG glance.api.middleware.version_negotiation [None req-13317535-eb2e-408e-acaf-d7af7486ec1e tempest-TaggedBootDevicesTest-783085564 tempest-TaggedBootDevicesTest-783085564-project-member] Using url versioning {{(pid=102700) process_request /opt/stack/glance/glance/api/middleware/version_negotiation.py:57}}
Jul 07 18:43:11.760658 np0000004754 devstack@g-api.service[102699]: DEBUG glance_store.location [None req-e1c98418-60ca-4f47-b168-4b3d60978e36 tempest-AttachSCSIVolumeTestJSON-926659112 tempest-AttachSCSIVolumeTestJSON-926659112-project-admin] Registering scheme swift+http with {'store': , 'location_class': , 'store_entry': 'swift'} {{(pid=102699) register_scheme_map /opt/stack/data/venv/lib/python3.12/site-packages/glance_store/location.py:146}}
Jul 07 18:43:11.760711 np0000004754 devstack@g-api.service[102700]: DEBUG glance.api.middleware.version_negotiation [None req-13317535-eb2e-408e-acaf-d7af7486ec1e tempest-TaggedBootDevicesTest-783085564 tempest-TaggedBootDevicesTest-783085564-project-member] Matched version: v2 {{(pid=102700) process_request /opt/stack/glance/glance/api/middleware/version_negotiation.py:69}}
Jul 07 18:43:11.760748 np0000004754 devstack@g-api.service[102700]: DEBUG glance.api.middleware.version_negotiation [None req-13317535-eb2e-408e-acaf-d7af7486ec1e tempest-TaggedBootDevicesTest-783085564 tempest-TaggedBootDevicesTest-783085564-project-member] new path /v2/schemas/image {{(pid=102700) process_request /opt/stack/glance/glance/api/middleware/version_negotiation.py:70}}
Jul 07 18:43:11.760781 np0000004754 devstack@g-api.service[102699]: DEBUG glance_store.location [None req-e1c98418-60ca-4f47-b168-4b3d60978e36 tempest-AttachSCSIVolumeTestJSON-926659112 tempest-AttachSCSIVolumeTestJSON-926659112-project-admin] Registering scheme swift+https with {'store': , 'location_class': , 'store_entry': 'swift'} {{(pid=102699) register_scheme_map /opt/stack/data/venv/lib/python3.12/site-packages/glance_store/location.py:146}}
Jul 07 18:43:11.760865 np0000004754 devstack@g-api.service[102699]: DEBUG glance_store.location [None req-e1c98418-60ca-4f47-b168-4b3d60978e36 tempest-AttachSCSIVolumeTestJSON-926659112 tempest-AttachSCSIVolumeTestJSON-926659112-project-admin] Registering scheme swift with {'store': , 'location_class': , 'store_entry': 'swift'} {{(pid=102699) register_scheme_map /opt/stack/data/venv/lib/python3.12/site-packages/glance_store/location.py:146}}
Jul 07 18:43:11.760970 np0000004754 devstack@g-api.service[102699]: DEBUG glance_store.location [None req-e1c98418-60ca-4f47-b168-4b3d60978e36 tempest-AttachSCSIVolumeTestJSON-926659112 tempest-AttachSCSIVolumeTestJSON-926659112-project-admin] Registering scheme swift+http with {'store': , 'location_class': , 'store_entry': 'swift'} {{(pid=102699) register_scheme_map /opt/stack/data/venv/lib/python3.12/site-packages/glance_store/location.py:146}}
Jul 07 18:43:11.761266 np0000004754 devstack@g-api.service[102699]: DEBUG glance_store.location [None req-e1c98418-60ca-4f47-b168-4b3d60978e36 tempest-AttachSCSIVolumeTestJSON-926659112 tempest-AttachSCSIVolumeTestJSON-926659112-project-admin] Registering scheme swift+config with {'store': , 'location_class': , 'store_entry': 'swift'} {{(pid=102699) register_scheme_map /opt/stack/data/venv/lib/python3.12/site-packages/glance_store/location.py:146}}
Jul 07 18:43:11.761266 np0000004754 devstack@g-api.service[102699]: DEBUG glance_store.backend [None req-e1c98418-60ca-4f47-b168-4b3d60978e36 tempest-AttachSCSIVolumeTestJSON-926659112 tempest-AttachSCSIVolumeTestJSON-926659112-project-admin] Skipping store.set_acls... not implemented. {{(pid=102699) set_acls /opt/stack/data/venv/lib/python3.12/site-packages/glance_store/backend.py:507}}
Jul 07 18:43:11.763707 np0000004754 devstack@g-api.service[102699]: [pid: 102699|app: 0|req: 6/37] 127.0.0.1 () {40 vars in 858 bytes} [Tue Jul 7 18:43:09 2026] PUT /v2/images/0d13fa21-54a0-48db-a018-aec67a7ac8d0/file => generated 0 bytes in 2377 msecs (HTTP/1.1 204) 4 headers in 171 bytes (1 switches on core 0)
Jul 07 18:43:11.765265 np0000004754 devstack@g-api.service[102700]: [pid: 102700|app: 0|req: 12/38] 127.0.0.1 () {44 vars in 1055 bytes} [Tue Jul 7 18:43:11 2026] GET /v2/schemas/image => generated 6083 bytes in 5 msecs (HTTP/1.1 200) 4 headers in 158 bytes (1 switches on core 0)
Jul 07 18:43:11.778201 np0000004754 devstack@g-api.service[102697]: DEBUG glance.api.middleware.version_negotiation [None req-13317535-eb2e-408e-acaf-d7af7486ec1e service glance] Determining version of request: GET /v2/schemas/image Accept: */* {{(pid=102697) process_request /opt/stack/glance/glance/api/middleware/version_negotiation.py:44}}
Jul 07 18:43:11.778451 np0000004754 devstack@g-api.service[102697]: DEBUG glance.api.middleware.version_negotiation [None req-13317535-eb2e-408e-acaf-d7af7486ec1e service glance] Using url versioning {{(pid=102697) process_request /opt/stack/glance/glance/api/middleware/version_negotiation.py:57}}
Jul 07 18:43:11.778592 np0000004754 devstack@g-api.service[102697]: DEBUG glance.api.middleware.version_negotiation [None req-13317535-eb2e-408e-acaf-d7af7486ec1e service glance] Matched version: v2 {{(pid=102697) process_request /opt/stack/glance/glance/api/middleware/version_negotiation.py:69}}
Jul 07 18:43:11.778714 np0000004754 devstack@g-api.service[102697]: DEBUG glance.api.middleware.version_negotiation [None req-13317535-eb2e-408e-acaf-d7af7486ec1e service glance] new path /v2/schemas/image {{(pid=102697) process_request /opt/stack/glance/glance/api/middleware/version_negotiation.py:70}}
Jul 07 18:43:11.783285 np0000004754 devstack@g-api.service[102697]: [pid: 102697|app: 0|req: 11/39] 127.0.0.1 () {44 vars in 1055 bytes} [Tue Jul 7 18:43:11 2026] GET /v2/schemas/image => generated 6083 bytes in 4 msecs (HTTP/1.1 200) 4 headers in 158 bytes (1 switches on core 0)
Jul 07 18:43:11.827384 np0000004754 devstack@g-api.service[102698]: DEBUG glance.api.middleware.version_negotiation [None req-13317535-eb2e-408e-acaf-d7af7486ec1e tempest-TaggedBootDevicesTest-783085564 tempest-TaggedBootDevicesTest-783085564-project-member] Determining version of request: GET /v2/images/b04bf3e7-a79a-47af-a2b3-96a0d27f2967 Accept: */* {{(pid=102698) process_request /opt/stack/glance/glance/api/middleware/version_negotiation.py:44}}
Jul 07 18:43:11.828153 np0000004754 devstack@g-api.service[102698]: DEBUG glance.api.middleware.version_negotiation [None req-13317535-eb2e-408e-acaf-d7af7486ec1e tempest-TaggedBootDevicesTest-783085564 tempest-TaggedBootDevicesTest-783085564-project-member] Using url versioning {{(pid=102698) process_request /opt/stack/glance/glance/api/middleware/version_negotiation.py:57}}
Jul 07 18:43:11.828334 np0000004754 devstack@g-api.service[102698]: DEBUG glance.api.middleware.version_negotiation [None req-13317535-eb2e-408e-acaf-d7af7486ec1e tempest-TaggedBootDevicesTest-783085564 tempest-TaggedBootDevicesTest-783085564-project-member] Matched version: v2 {{(pid=102698) process_request /opt/stack/glance/glance/api/middleware/version_negotiation.py:69}}
Jul 07 18:43:11.828580 np0000004754 devstack@g-api.service[102698]: DEBUG glance.api.middleware.version_negotiation [None req-13317535-eb2e-408e-acaf-d7af7486ec1e tempest-TaggedBootDevicesTest-783085564 tempest-TaggedBootDevicesTest-783085564-project-member] new path /v2/images/b04bf3e7-a79a-47af-a2b3-96a0d27f2967 {{(pid=102698) process_request /opt/stack/glance/glance/api/middleware/version_negotiation.py:70}}
Jul 07 18:43:11.844644 np0000004754 devstack@g-api.service[102698]: [pid: 102698|app: 0|req: 11/40] 127.0.0.1 () {44 vars in 1115 bytes} [Tue Jul 7 18:43:11 2026] GET /v2/images/b04bf3e7-a79a-47af-a2b3-96a0d27f2967 => generated 1044 bytes in 20 msecs (HTTP/1.1 200) 4 headers in 158 bytes (1 switches on core 0)
Jul 07 18:43:11.856648 np0000004754 devstack@g-api.service[102699]: DEBUG glance.api.middleware.version_negotiation [None req-e1c98418-60ca-4f47-b168-4b3d60978e36 tempest-AttachSCSIVolumeTestJSON-926659112 tempest-AttachSCSIVolumeTestJSON-926659112-project-admin] Determining version of request: GET /v2/images/b04bf3e7-a79a-47af-a2b3-96a0d27f2967/file Accept: */* {{(pid=102699) process_request /opt/stack/glance/glance/api/middleware/version_negotiation.py:44}}
Jul 07 18:43:11.856832 np0000004754 devstack@g-api.service[102699]: DEBUG glance.api.middleware.version_negotiation [None req-e1c98418-60ca-4f47-b168-4b3d60978e36 tempest-AttachSCSIVolumeTestJSON-926659112 tempest-AttachSCSIVolumeTestJSON-926659112-project-admin] Using url versioning {{(pid=102699) process_request /opt/stack/glance/glance/api/middleware/version_negotiation.py:57}}
Jul 07 18:43:11.857170 np0000004754 devstack@g-api.service[102699]: DEBUG glance.api.middleware.version_negotiation [None req-e1c98418-60ca-4f47-b168-4b3d60978e36 tempest-AttachSCSIVolumeTestJSON-926659112 tempest-AttachSCSIVolumeTestJSON-926659112-project-admin] Matched version: v2 {{(pid=102699) process_request /opt/stack/glance/glance/api/middleware/version_negotiation.py:69}}
Jul 07 18:43:11.857170 np0000004754 devstack@g-api.service[102699]: DEBUG glance.api.middleware.version_negotiation [None req-e1c98418-60ca-4f47-b168-4b3d60978e36 tempest-AttachSCSIVolumeTestJSON-926659112 tempest-AttachSCSIVolumeTestJSON-926659112-project-admin] new path /v2/images/b04bf3e7-a79a-47af-a2b3-96a0d27f2967/file {{(pid=102699) process_request /opt/stack/glance/glance/api/middleware/version_negotiation.py:70}}
Jul 07 18:43:11.879250 np0000004754 devstack@g-api.service[102699]: DEBUG glance.api.middleware.cache [None req-13317535-eb2e-408e-acaf-d7af7486ec1e tempest-TaggedBootDevicesTest-783085564 tempest-TaggedBootDevicesTest-783085564-project-member] Cache hit for image 'b04bf3e7-a79a-47af-a2b3-96a0d27f2967' {{(pid=102699) process_request /opt/stack/glance/glance/api/middleware/cache.py:160}}
Jul 07 18:43:11.962132 np0000004754 devstack@g-api.service[102699]: [pid: 102699|app: 0|req: 7/41] 127.0.0.1 () {44 vars in 1125 bytes} [Tue Jul 7 18:43:11 2026] GET /v2/images/b04bf3e7-a79a-47af-a2b3-96a0d27f2967/file => generated 21692416 bytes in 105 msecs (HTTP/1.1 200) 5 headers in 217 bytes (343 switches on core 0)
Jul 07 18:43:12.076721 np0000004754 devstack@g-api.service[102700]: DEBUG glance.api.middleware.version_negotiation [None req-13317535-eb2e-408e-acaf-d7af7486ec1e tempest-TaggedBootDevicesTest-783085564 tempest-TaggedBootDevicesTest-783085564-project-member] Determining version of request: GET /v2/images/b04bf3e7-a79a-47af-a2b3-96a0d27f2967 Accept: */* {{(pid=102700) process_request /opt/stack/glance/glance/api/middleware/version_negotiation.py:44}}
Jul 07 18:43:12.076927 np0000004754 devstack@g-api.service[102700]: DEBUG glance.api.middleware.version_negotiation [None req-13317535-eb2e-408e-acaf-d7af7486ec1e tempest-TaggedBootDevicesTest-783085564 tempest-TaggedBootDevicesTest-783085564-project-member] Using url versioning {{(pid=102700) process_request /opt/stack/glance/glance/api/middleware/version_negotiation.py:57}}
Jul 07 18:43:12.077343 np0000004754 devstack@g-api.service[102700]: DEBUG glance.api.middleware.version_negotiation [None req-13317535-eb2e-408e-acaf-d7af7486ec1e tempest-TaggedBootDevicesTest-783085564 tempest-TaggedBootDevicesTest-783085564-project-member] Matched version: v2 {{(pid=102700) process_request /opt/stack/glance/glance/api/middleware/version_negotiation.py:69}}
Jul 07 18:43:12.077462 np0000004754 devstack@g-api.service[102700]: DEBUG glance.api.middleware.version_negotiation [None req-13317535-eb2e-408e-acaf-d7af7486ec1e tempest-TaggedBootDevicesTest-783085564 tempest-TaggedBootDevicesTest-783085564-project-member] new path /v2/images/b04bf3e7-a79a-47af-a2b3-96a0d27f2967 {{(pid=102700) process_request /opt/stack/glance/glance/api/middleware/version_negotiation.py:70}}
Jul 07 18:43:12.094476 np0000004754 devstack@g-api.service[102700]: [pid: 102700|app: 0|req: 13/42] 127.0.0.1 () {44 vars in 1115 bytes} [Tue Jul 7 18:43:12 2026] GET /v2/images/b04bf3e7-a79a-47af-a2b3-96a0d27f2967 => generated 1044 bytes in 18 msecs (HTTP/1.1 200) 4 headers in 158 bytes (1 switches on core 0)
Jul 07 18:43:12.108101 np0000004754 devstack@g-api.service[102697]: DEBUG glance.api.middleware.version_negotiation [None req-13317535-eb2e-408e-acaf-d7af7486ec1e tempest-TaggedBootDevicesTest-783085564 tempest-TaggedBootDevicesTest-783085564-project-member] Determining version of request: GET /v2/schemas/image Accept: */* {{(pid=102697) process_request /opt/stack/glance/glance/api/middleware/version_negotiation.py:44}}
Jul 07 18:43:12.108101 np0000004754 devstack@g-api.service[102697]: DEBUG glance.api.middleware.version_negotiation [None req-13317535-eb2e-408e-acaf-d7af7486ec1e tempest-TaggedBootDevicesTest-783085564 tempest-TaggedBootDevicesTest-783085564-project-member] Using url versioning {{(pid=102697) process_request /opt/stack/glance/glance/api/middleware/version_negotiation.py:57}}
Jul 07 18:43:12.108101 np0000004754 devstack@g-api.service[102697]: DEBUG glance.api.middleware.version_negotiation [None req-13317535-eb2e-408e-acaf-d7af7486ec1e tempest-TaggedBootDevicesTest-783085564 tempest-TaggedBootDevicesTest-783085564-project-member] Matched version: v2 {{(pid=102697) process_request /opt/stack/glance/glance/api/middleware/version_negotiation.py:69}}
Jul 07 18:43:12.108101 np0000004754 devstack@g-api.service[102697]: DEBUG glance.api.middleware.version_negotiation [None req-13317535-eb2e-408e-acaf-d7af7486ec1e tempest-TaggedBootDevicesTest-783085564 tempest-TaggedBootDevicesTest-783085564-project-member] new path /v2/schemas/image {{(pid=102697) process_request /opt/stack/glance/glance/api/middleware/version_negotiation.py:70}}
Jul 07 18:43:12.112042 np0000004754 devstack@g-api.service[102697]: [pid: 102697|app: 0|req: 12/43] 127.0.0.1 () {44 vars in 1055 bytes} [Tue Jul 7 18:43:12 2026] GET /v2/schemas/image => generated 6083 bytes in 5 msecs (HTTP/1.1 200) 4 headers in 158 bytes (1 switches on core 0)
Jul 07 18:43:13.388894 np0000004754 devstack@g-api.service[102698]: DEBUG glance.api.middleware.version_negotiation [None req-13317535-eb2e-408e-acaf-d7af7486ec1e tempest-TaggedBootDevicesTest-783085564 tempest-TaggedBootDevicesTest-783085564-project-member] Determining version of request: GET /v2/images/b04bf3e7-a79a-47af-a2b3-96a0d27f2967 Accept: */* {{(pid=102698) process_request /opt/stack/glance/glance/api/middleware/version_negotiation.py:44}}
Jul 07 18:43:13.389167 np0000004754 devstack@g-api.service[102698]: DEBUG glance.api.middleware.version_negotiation [None req-13317535-eb2e-408e-acaf-d7af7486ec1e tempest-TaggedBootDevicesTest-783085564 tempest-TaggedBootDevicesTest-783085564-project-member] Using url versioning {{(pid=102698) process_request /opt/stack/glance/glance/api/middleware/version_negotiation.py:57}}
Jul 07 18:43:13.389167 np0000004754 devstack@g-api.service[102698]: DEBUG glance.api.middleware.version_negotiation [None req-13317535-eb2e-408e-acaf-d7af7486ec1e tempest-TaggedBootDevicesTest-783085564 tempest-TaggedBootDevicesTest-783085564-project-member] Matched version: v2 {{(pid=102698) process_request /opt/stack/glance/glance/api/middleware/version_negotiation.py:69}}
Jul 07 18:43:13.389381 np0000004754 devstack@g-api.service[102698]: DEBUG glance.api.middleware.version_negotiation [None req-13317535-eb2e-408e-acaf-d7af7486ec1e tempest-TaggedBootDevicesTest-783085564 tempest-TaggedBootDevicesTest-783085564-project-member] new path /v2/images/b04bf3e7-a79a-47af-a2b3-96a0d27f2967 {{(pid=102698) process_request /opt/stack/glance/glance/api/middleware/version_negotiation.py:70}}
Jul 07 18:43:13.401661 np0000004754 devstack@g-api.service[102698]: [pid: 102698|app: 0|req: 12/44] 127.0.0.1 () {44 vars in 1115 bytes} [Tue Jul 7 18:43:13 2026] GET /v2/images/b04bf3e7-a79a-47af-a2b3-96a0d27f2967 => generated 1044 bytes in 13 msecs (HTTP/1.1 200) 4 headers in 158 bytes (1 switches on core 0)
Jul 07 18:43:13.450401 np0000004754 devstack@g-api.service[102699]: DEBUG glance.api.middleware.version_negotiation [None req-13317535-eb2e-408e-acaf-d7af7486ec1e tempest-TaggedBootDevicesTest-783085564 tempest-TaggedBootDevicesTest-783085564-project-member] Determining version of request: GET /v2/images/b04bf3e7-a79a-47af-a2b3-96a0d27f2967/file Accept: */* {{(pid=102699) process_request /opt/stack/glance/glance/api/middleware/version_negotiation.py:44}}
Jul 07 18:43:13.450760 np0000004754 devstack@g-api.service[102699]: DEBUG glance.api.middleware.version_negotiation [None req-13317535-eb2e-408e-acaf-d7af7486ec1e tempest-TaggedBootDevicesTest-783085564 tempest-TaggedBootDevicesTest-783085564-project-member] Using url versioning {{(pid=102699) process_request /opt/stack/glance/glance/api/middleware/version_negotiation.py:57}}
Jul 07 18:43:13.450760 np0000004754 devstack@g-api.service[102699]: DEBUG glance.api.middleware.version_negotiation [None req-13317535-eb2e-408e-acaf-d7af7486ec1e tempest-TaggedBootDevicesTest-783085564 tempest-TaggedBootDevicesTest-783085564-project-member] Matched version: v2 {{(pid=102699) process_request /opt/stack/glance/glance/api/middleware/version_negotiation.py:69}}
Jul 07 18:43:13.450760 np0000004754 devstack@g-api.service[102699]: DEBUG glance.api.middleware.version_negotiation [None req-13317535-eb2e-408e-acaf-d7af7486ec1e tempest-TaggedBootDevicesTest-783085564 tempest-TaggedBootDevicesTest-783085564-project-member] new path /v2/images/b04bf3e7-a79a-47af-a2b3-96a0d27f2967/file {{(pid=102699) process_request /opt/stack/glance/glance/api/middleware/version_negotiation.py:70}}
Jul 07 18:43:13.470684 np0000004754 devstack@g-api.service[102699]: DEBUG glance.api.middleware.cache [None req-a36ae8fc-8c62-4773-975d-a19fe5628494 tempest-DeleteServersTestJSON-98656089 tempest-DeleteServersTestJSON-98656089-project-member] Cache hit for image 'b04bf3e7-a79a-47af-a2b3-96a0d27f2967' {{(pid=102699) process_request /opt/stack/glance/glance/api/middleware/cache.py:160}}
Jul 07 18:43:13.551487 np0000004754 devstack@g-api.service[102699]: [pid: 102699|app: 0|req: 8/45] 127.0.0.1 () {44 vars in 1125 bytes} [Tue Jul 7 18:43:13 2026] GET /v2/images/b04bf3e7-a79a-47af-a2b3-96a0d27f2967/file => generated 21692416 bytes in 101 msecs (HTTP/1.1 200) 5 headers in 217 bytes (338 switches on core 0)
Jul 07 18:43:13.602329 np0000004754 devstack@g-api.service[102700]: DEBUG glance.api.middleware.version_negotiation [None req-13317535-eb2e-408e-acaf-d7af7486ec1e tempest-TaggedBootDevicesTest-783085564 tempest-TaggedBootDevicesTest-783085564-project-member] Determining version of request: GET /v2/images/b04bf3e7-a79a-47af-a2b3-96a0d27f2967 Accept: */* {{(pid=102700) process_request /opt/stack/glance/glance/api/middleware/version_negotiation.py:44}}
Jul 07 18:43:13.602716 np0000004754 devstack@g-api.service[102700]: DEBUG glance.api.middleware.version_negotiation [None req-13317535-eb2e-408e-acaf-d7af7486ec1e tempest-TaggedBootDevicesTest-783085564 tempest-TaggedBootDevicesTest-783085564-project-member] Using url versioning {{(pid=102700) process_request /opt/stack/glance/glance/api/middleware/version_negotiation.py:57}}
Jul 07 18:43:13.602716 np0000004754 devstack@g-api.service[102700]: DEBUG glance.api.middleware.version_negotiation [None req-13317535-eb2e-408e-acaf-d7af7486ec1e tempest-TaggedBootDevicesTest-783085564 tempest-TaggedBootDevicesTest-783085564-project-member] Matched version: v2 {{(pid=102700) process_request /opt/stack/glance/glance/api/middleware/version_negotiation.py:69}}
Jul 07 18:43:13.602765 np0000004754 devstack@g-api.service[102700]: DEBUG glance.api.middleware.version_negotiation [None req-13317535-eb2e-408e-acaf-d7af7486ec1e tempest-TaggedBootDevicesTest-783085564 tempest-TaggedBootDevicesTest-783085564-project-member] new path /v2/images/b04bf3e7-a79a-47af-a2b3-96a0d27f2967 {{(pid=102700) process_request /opt/stack/glance/glance/api/middleware/version_negotiation.py:70}}
Jul 07 18:43:13.616766 np0000004754 devstack@g-api.service[102700]: [pid: 102700|app: 0|req: 14/46] 127.0.0.1 () {44 vars in 1115 bytes} [Tue Jul 7 18:43:13 2026] GET /v2/images/b04bf3e7-a79a-47af-a2b3-96a0d27f2967 => generated 1044 bytes in 14 msecs (HTTP/1.1 200) 4 headers in 158 bytes (1 switches on core 0)
Jul 07 18:43:13.627313 np0000004754 devstack@g-api.service[102697]: DEBUG glance.api.middleware.version_negotiation [None req-13317535-eb2e-408e-acaf-d7af7486ec1e tempest-TaggedBootDevicesTest-783085564 tempest-TaggedBootDevicesTest-783085564-project-member] Determining version of request: GET /v2/schemas/image Accept: */* {{(pid=102697) process_request /opt/stack/glance/glance/api/middleware/version_negotiation.py:44}}
Jul 07 18:43:13.627698 np0000004754 devstack@g-api.service[102697]: DEBUG glance.api.middleware.version_negotiation [None req-13317535-eb2e-408e-acaf-d7af7486ec1e tempest-TaggedBootDevicesTest-783085564 tempest-TaggedBootDevicesTest-783085564-project-member] Using url versioning {{(pid=102697) process_request /opt/stack/glance/glance/api/middleware/version_negotiation.py:57}}
Jul 07 18:43:13.627820 np0000004754 devstack@g-api.service[102697]: DEBUG glance.api.middleware.version_negotiation [None req-13317535-eb2e-408e-acaf-d7af7486ec1e tempest-TaggedBootDevicesTest-783085564 tempest-TaggedBootDevicesTest-783085564-project-member] Matched version: v2 {{(pid=102697) process_request /opt/stack/glance/glance/api/middleware/version_negotiation.py:69}}
Jul 07 18:43:13.628237 np0000004754 devstack@g-api.service[102697]: DEBUG glance.api.middleware.version_negotiation [None req-13317535-eb2e-408e-acaf-d7af7486ec1e tempest-TaggedBootDevicesTest-783085564 tempest-TaggedBootDevicesTest-783085564-project-member] new path /v2/schemas/image {{(pid=102697) process_request /opt/stack/glance/glance/api/middleware/version_negotiation.py:70}}
Jul 07 18:43:13.632731 np0000004754 devstack@g-api.service[102697]: [pid: 102697|app: 0|req: 13/47] 127.0.0.1 () {44 vars in 1055 bytes} [Tue Jul 7 18:43:13 2026] GET /v2/schemas/image => generated 6083 bytes in 5 msecs (HTTP/1.1 200) 4 headers in 158 bytes (1 switches on core 0)
Jul 07 18:43:13.662096 np0000004754 devstack@g-api.service[102698]: DEBUG glance.api.middleware.version_negotiation [None req-a36ae8fc-8c62-4773-975d-a19fe5628494 tempest-DeleteServersTestJSON-98656089 tempest-DeleteServersTestJSON-98656089-project-member] Determining version of request: GET /v2/images/b04bf3e7-a79a-47af-a2b3-96a0d27f2967 Accept: */* {{(pid=102698) process_request /opt/stack/glance/glance/api/middleware/version_negotiation.py:44}}
Jul 07 18:43:13.662760 np0000004754 devstack@g-api.service[102698]: DEBUG glance.api.middleware.version_negotiation [None req-a36ae8fc-8c62-4773-975d-a19fe5628494 tempest-DeleteServersTestJSON-98656089 tempest-DeleteServersTestJSON-98656089-project-member] Using url versioning {{(pid=102698) process_request /opt/stack/glance/glance/api/middleware/version_negotiation.py:57}}
Jul 07 18:43:13.662760 np0000004754 devstack@g-api.service[102698]: DEBUG glance.api.middleware.version_negotiation [None req-a36ae8fc-8c62-4773-975d-a19fe5628494 tempest-DeleteServersTestJSON-98656089 tempest-DeleteServersTestJSON-98656089-project-member] Matched version: v2 {{(pid=102698) process_request /opt/stack/glance/glance/api/middleware/version_negotiation.py:69}}
Jul 07 18:43:13.662760 np0000004754 devstack@g-api.service[102698]: DEBUG glance.api.middleware.version_negotiation [None req-a36ae8fc-8c62-4773-975d-a19fe5628494 tempest-DeleteServersTestJSON-98656089 tempest-DeleteServersTestJSON-98656089-project-member] new path /v2/images/b04bf3e7-a79a-47af-a2b3-96a0d27f2967 {{(pid=102698) process_request /opt/stack/glance/glance/api/middleware/version_negotiation.py:70}}
Jul 07 18:43:13.685012 np0000004754 devstack@g-api.service[102698]: [pid: 102698|app: 0|req: 13/48] 127.0.0.1 () {44 vars in 1115 bytes} [Tue Jul 7 18:43:13 2026] GET /v2/images/b04bf3e7-a79a-47af-a2b3-96a0d27f2967 => generated 1044 bytes in 23 msecs (HTTP/1.1 200) 4 headers in 158 bytes (1 switches on core 0)
Jul 07 18:43:13.728282 np0000004754 devstack@g-api.service[102699]: DEBUG glance.api.middleware.version_negotiation [None req-a36ae8fc-8c62-4773-975d-a19fe5628494 tempest-DeleteServersTestJSON-98656089 tempest-DeleteServersTestJSON-98656089-project-member] Determining version of request: GET /v2/schemas/image Accept: */* {{(pid=102699) process_request /opt/stack/glance/glance/api/middleware/version_negotiation.py:44}}
Jul 07 18:43:13.728546 np0000004754 devstack@g-api.service[102699]: DEBUG glance.api.middleware.version_negotiation [None req-a36ae8fc-8c62-4773-975d-a19fe5628494 tempest-DeleteServersTestJSON-98656089 tempest-DeleteServersTestJSON-98656089-project-member] Using url versioning {{(pid=102699) process_request /opt/stack/glance/glance/api/middleware/version_negotiation.py:57}}
Jul 07 18:43:13.728757 np0000004754 devstack@g-api.service[102699]: DEBUG glance.api.middleware.version_negotiation [None req-a36ae8fc-8c62-4773-975d-a19fe5628494 tempest-DeleteServersTestJSON-98656089 tempest-DeleteServersTestJSON-98656089-project-member] Matched version: v2 {{(pid=102699) process_request /opt/stack/glance/glance/api/middleware/version_negotiation.py:69}}
Jul 07 18:43:13.728955 np0000004754 devstack@g-api.service[102699]: DEBUG glance.api.middleware.version_negotiation [None req-a36ae8fc-8c62-4773-975d-a19fe5628494 tempest-DeleteServersTestJSON-98656089 tempest-DeleteServersTestJSON-98656089-project-member] new path /v2/schemas/image {{(pid=102699) process_request /opt/stack/glance/glance/api/middleware/version_negotiation.py:70}}
Jul 07 18:43:13.732087 np0000004754 devstack@g-api.service[102699]: [pid: 102699|app: 0|req: 9/49] 127.0.0.1 () {44 vars in 1055 bytes} [Tue Jul 7 18:43:13 2026] GET /v2/schemas/image => generated 6083 bytes in 4 msecs (HTTP/1.1 200) 4 headers in 158 bytes (1 switches on core 0)
Jul 07 18:43:15.139287 np0000004754 devstack@g-api.service[102700]: DEBUG glance.api.middleware.version_negotiation [None req-13317535-eb2e-408e-acaf-d7af7486ec1e tempest-TaggedBootDevicesTest-783085564 tempest-TaggedBootDevicesTest-783085564-project-member] Determining version of request: GET / Accept: application/json {{(pid=102700) process_request /opt/stack/glance/glance/api/middleware/version_negotiation.py:44}}
Jul 07 18:43:15.139732 np0000004754 devstack@g-api.service[102700]: DEBUG glance.api.middleware.version_negotiation [None req-13317535-eb2e-408e-acaf-d7af7486ec1e tempest-TaggedBootDevicesTest-783085564 tempest-TaggedBootDevicesTest-783085564-project-member] Using url versioning {{(pid=102700) process_request /opt/stack/glance/glance/api/middleware/version_negotiation.py:57}}
Jul 07 18:43:15.139732 np0000004754 devstack@g-api.service[102700]: DEBUG glance.api.middleware.version_negotiation [None req-13317535-eb2e-408e-acaf-d7af7486ec1e tempest-TaggedBootDevicesTest-783085564 tempest-TaggedBootDevicesTest-783085564-project-member] Unknown version. Returning version choices. {{(pid=102700) process_request /opt/stack/glance/glance/api/middleware/version_negotiation.py:64}}
Jul 07 18:43:15.140557 np0000004754 devstack@g-api.service[102700]: [pid: 102700|app: 0|req: 15/50] 127.0.0.1 () {36 vars in 559 bytes} [Tue Jul 7 18:43:15 2026] GET / => generated 1515 bytes in 1 msecs (HTTP/1.1 300) 3 headers in 106 bytes (1 switches on core 0)
Jul 07 18:43:15.193920 np0000004754 devstack@g-api.service[102697]: DEBUG glance.api.middleware.version_negotiation [None req-13317535-eb2e-408e-acaf-d7af7486ec1e tempest-TaggedBootDevicesTest-783085564 tempest-TaggedBootDevicesTest-783085564-project-member] Determining version of request: GET /v2/images/0d13fa21-54a0-48db-a018-aec67a7ac8d0 Accept: */* {{(pid=102697) process_request /opt/stack/glance/glance/api/middleware/version_negotiation.py:44}}
Jul 07 18:43:15.194210 np0000004754 devstack@g-api.service[102697]: DEBUG glance.api.middleware.version_negotiation [None req-13317535-eb2e-408e-acaf-d7af7486ec1e tempest-TaggedBootDevicesTest-783085564 tempest-TaggedBootDevicesTest-783085564-project-member] Using url versioning {{(pid=102697) process_request /opt/stack/glance/glance/api/middleware/version_negotiation.py:57}}
Jul 07 18:43:15.194210 np0000004754 devstack@g-api.service[102697]: DEBUG glance.api.middleware.version_negotiation [None req-13317535-eb2e-408e-acaf-d7af7486ec1e tempest-TaggedBootDevicesTest-783085564 tempest-TaggedBootDevicesTest-783085564-project-member] Matched version: v2 {{(pid=102697) process_request /opt/stack/glance/glance/api/middleware/version_negotiation.py:69}}
Jul 07 18:43:15.194332 np0000004754 devstack@g-api.service[102697]: DEBUG glance.api.middleware.version_negotiation [None req-13317535-eb2e-408e-acaf-d7af7486ec1e tempest-TaggedBootDevicesTest-783085564 tempest-TaggedBootDevicesTest-783085564-project-member] new path /v2/images/0d13fa21-54a0-48db-a018-aec67a7ac8d0 {{(pid=102697) process_request /opt/stack/glance/glance/api/middleware/version_negotiation.py:70}}
Jul 07 18:43:15.206422 np0000004754 devstack@g-api.service[102697]: [pid: 102697|app: 0|req: 14/51] 127.0.0.1 () {44 vars in 1115 bytes} [Tue Jul 7 18:43:15 2026] GET /v2/images/0d13fa21-54a0-48db-a018-aec67a7ac8d0 => generated 859 bytes in 13 msecs (HTTP/1.1 200) 4 headers in 157 bytes (1 switches on core 0)
Jul 07 18:43:15.252332 np0000004754 devstack@g-api.service[102698]: DEBUG glance.api.middleware.version_negotiation [None req-a36ae8fc-8c62-4773-975d-a19fe5628494 tempest-DeleteServersTestJSON-98656089 tempest-DeleteServersTestJSON-98656089-project-member] Determining version of request: GET /v2/schemas/image Accept: */* {{(pid=102698) process_request /opt/stack/glance/glance/api/middleware/version_negotiation.py:44}}
Jul 07 18:43:15.252676 np0000004754 devstack@g-api.service[102698]: DEBUG glance.api.middleware.version_negotiation [None req-a36ae8fc-8c62-4773-975d-a19fe5628494 tempest-DeleteServersTestJSON-98656089 tempest-DeleteServersTestJSON-98656089-project-member] Using url versioning {{(pid=102698) process_request /opt/stack/glance/glance/api/middleware/version_negotiation.py:57}}
Jul 07 18:43:15.252811 np0000004754 devstack@g-api.service[102698]: DEBUG glance.api.middleware.version_negotiation [None req-a36ae8fc-8c62-4773-975d-a19fe5628494 tempest-DeleteServersTestJSON-98656089 tempest-DeleteServersTestJSON-98656089-project-member] Matched version: v2 {{(pid=102698) process_request /opt/stack/glance/glance/api/middleware/version_negotiation.py:69}}
Jul 07 18:43:15.252961 np0000004754 devstack@g-api.service[102698]: DEBUG glance.api.middleware.version_negotiation [None req-a36ae8fc-8c62-4773-975d-a19fe5628494 tempest-DeleteServersTestJSON-98656089 tempest-DeleteServersTestJSON-98656089-project-member] new path /v2/schemas/image {{(pid=102698) process_request /opt/stack/glance/glance/api/middleware/version_negotiation.py:70}}
Jul 07 18:43:15.255977 np0000004754 devstack@g-api.service[102698]: [pid: 102698|app: 0|req: 14/52] 127.0.0.1 () {44 vars in 1055 bytes} [Tue Jul 7 18:43:15 2026] GET /v2/schemas/image => generated 6083 bytes in 4 msecs (HTTP/1.1 200) 4 headers in 158 bytes (1 switches on core 0)
Jul 07 18:43:19.470740 np0000004754 devstack@g-api.service[102699]: DEBUG glance.api.middleware.version_negotiation [None req-a36ae8fc-8c62-4773-975d-a19fe5628494 tempest-DeleteServersTestJSON-98656089 tempest-DeleteServersTestJSON-98656089-project-member] Determining version of request: GET /v2/images/b04bf3e7-a79a-47af-a2b3-96a0d27f2967 Accept: */* {{(pid=102699) process_request /opt/stack/glance/glance/api/middleware/version_negotiation.py:44}}
