Jun 08 16:19:18.175422 np0000002327 devstack@g-api.service[98861]: DEBUG glance.common.config [None req-bbba0946-6bbb-4442-b0aa-769c49158570 None None] database.asyncio_slave_connection = **** {{(pid=98861) log_opt_values /opt/stack/data/venv/lib/python3.12/site-packages/oslo_config/cfg.py:3256}}
Jun 08 16:19:18.175468 np0000002327 devstack@g-api.service[98860]: DEBUG glance.common.config [None req-30bec5a6-7ae8-45e4-959b-764e4c0a1c50 None None] healthcheck.allowed_source_ranges = [] {{(pid=98860) log_opt_values /opt/stack/data/venv/lib/python3.12/site-packages/oslo_config/cfg.py:3256}}
Jun 08 16:19:18.175525 np0000002327 devstack@g-api.service[98861]: DEBUG glance.common.config [None req-bbba0946-6bbb-4442-b0aa-769c49158570 None None] database.backend = sqlalchemy {{(pid=98861) log_opt_values /opt/stack/data/venv/lib/python3.12/site-packages/oslo_config/cfg.py:3256}}
Jun 08 16:19:18.175573 np0000002327 devstack@g-api.service[98860]: DEBUG glance.common.config [None req-30bec5a6-7ae8-45e4-959b-764e4c0a1c50 None None] healthcheck.backends = ['disable_by_file'] {{(pid=98860) log_opt_values /opt/stack/data/venv/lib/python3.12/site-packages/oslo_config/cfg.py:3256}}
Jun 08 16:19:18.175620 np0000002327 devstack@g-api.service[98861]: DEBUG glance.common.config [None req-bbba0946-6bbb-4442-b0aa-769c49158570 None None] database.connection = **** {{(pid=98861) log_opt_values /opt/stack/data/venv/lib/python3.12/site-packages/oslo_config/cfg.py:3256}}
Jun 08 16:19:18.175711 np0000002327 devstack@g-api.service[98861]: DEBUG glance.common.config [None req-bbba0946-6bbb-4442-b0aa-769c49158570 None None] database.connection_debug = 0 {{(pid=98861) log_opt_values /opt/stack/data/venv/lib/python3.12/site-packages/oslo_config/cfg.py:3256}}
Jun 08 16:19:18.175747 np0000002327 devstack@g-api.service[98860]: DEBUG glance.common.config [None req-30bec5a6-7ae8-45e4-959b-764e4c0a1c50 None None] healthcheck.detailed = False {{(pid=98860) log_opt_values /opt/stack/data/venv/lib/python3.12/site-packages/oslo_config/cfg.py:3256}}
Jun 08 16:19:18.175822 np0000002327 devstack@g-api.service[98861]: DEBUG glance.common.config [None req-bbba0946-6bbb-4442-b0aa-769c49158570 None None] database.connection_parameters = {{(pid=98861) log_opt_values /opt/stack/data/venv/lib/python3.12/site-packages/oslo_config/cfg.py:3256}}
Jun 08 16:19:18.175852 np0000002327 devstack@g-api.service[98860]: DEBUG glance.common.config [None req-30bec5a6-7ae8-45e4-959b-764e4c0a1c50 None None] healthcheck.disable_by_file_path = None {{(pid=98860) log_opt_values /opt/stack/data/venv/lib/python3.12/site-packages/oslo_config/cfg.py:3256}}
Jun 08 16:19:18.175934 np0000002327 devstack@g-api.service[98861]: DEBUG glance.common.config [None req-bbba0946-6bbb-4442-b0aa-769c49158570 None None] database.connection_recycle_time = 3600 {{(pid=98861) log_opt_values /opt/stack/data/venv/lib/python3.12/site-packages/oslo_config/cfg.py:3256}}
Jun 08 16:19:18.175965 np0000002327 devstack@g-api.service[98860]: DEBUG glance.common.config [None req-30bec5a6-7ae8-45e4-959b-764e4c0a1c50 None None] healthcheck.ignore_proxied_requests = False {{(pid=98860) log_opt_values /opt/stack/data/venv/lib/python3.12/site-packages/oslo_config/cfg.py:3256}}
Jun 08 16:19:18.176032 np0000002327 devstack@g-api.service[98861]: DEBUG glance.common.config [None req-bbba0946-6bbb-4442-b0aa-769c49158570 None None] database.connection_trace = False {{(pid=98861) log_opt_values /opt/stack/data/venv/lib/python3.12/site-packages/oslo_config/cfg.py:3256}}
Jun 08 16:19:18.176080 np0000002327 devstack@g-api.service[98860]: DEBUG glance.common.config [None req-30bec5a6-7ae8-45e4-959b-764e4c0a1c50 None None] ******************************************************************************** {{(pid=98860) log_opt_values /opt/stack/data/venv/lib/python3.12/site-packages/oslo_config/cfg.py:3263}}
Jun 08 16:19:18.176148 np0000002327 devstack@g-api.service[98861]: DEBUG glance.common.config [None req-bbba0946-6bbb-4442-b0aa-769c49158570 None None] database.db_inc_retry_interval = True {{(pid=98861) log_opt_values /opt/stack/data/venv/lib/python3.12/site-packages/oslo_config/cfg.py:3256}}
Jun 08 16:19:18.176250 np0000002327 devstack@g-api.service[98860]: WSGI app 0 (mountpoint='') ready in 3 seconds on interpreter 0x7885c14a3668 pid: 98860 (default app)
Jun 08 16:19:18.176284 np0000002327 devstack@g-api.service[98861]: DEBUG glance.common.config [None req-bbba0946-6bbb-4442-b0aa-769c49158570 None None] database.db_max_retries = 20 {{(pid=98861) log_opt_values /opt/stack/data/venv/lib/python3.12/site-packages/oslo_config/cfg.py:3256}}
Jun 08 16:19:18.176366 np0000002327 devstack@g-api.service[98861]: DEBUG glance.common.config [None req-bbba0946-6bbb-4442-b0aa-769c49158570 None None] database.db_max_retry_interval = 10 {{(pid=98861) log_opt_values /opt/stack/data/venv/lib/python3.12/site-packages/oslo_config/cfg.py:3256}}
Jun 08 16:19:18.176425 np0000002327 devstack@g-api.service[98861]: DEBUG glance.common.config [None req-bbba0946-6bbb-4442-b0aa-769c49158570 None None] database.db_retry_interval = 1 {{(pid=98861) log_opt_values /opt/stack/data/venv/lib/python3.12/site-packages/oslo_config/cfg.py:3256}}
Jun 08 16:19:18.176510 np0000002327 devstack@g-api.service[98861]: DEBUG glance.common.config [None req-bbba0946-6bbb-4442-b0aa-769c49158570 None None] database.max_overflow = 50 {{(pid=98861) log_opt_values /opt/stack/data/venv/lib/python3.12/site-packages/oslo_config/cfg.py:3256}}
Jun 08 16:19:18.176622 np0000002327 devstack@g-api.service[98861]: DEBUG glance.common.config [None req-bbba0946-6bbb-4442-b0aa-769c49158570 None None] database.max_pool_size = 5 {{(pid=98861) log_opt_values /opt/stack/data/venv/lib/python3.12/site-packages/oslo_config/cfg.py:3256}}
Jun 08 16:19:18.176716 np0000002327 devstack@g-api.service[98861]: DEBUG glance.common.config [None req-bbba0946-6bbb-4442-b0aa-769c49158570 None None] database.max_retries = 10 {{(pid=98861) log_opt_values /opt/stack/data/venv/lib/python3.12/site-packages/oslo_config/cfg.py:3256}}
Jun 08 16:19:18.176744 np0000002327 devstack@g-api.service[98860]: DEBUG glance.api.middleware.version_negotiation [None req-30bec5a6-7ae8-45e4-959b-764e4c0a1c50 None None] Determining version of request: GET / Accept: */* {{(pid=98860) process_request /opt/stack/glance/glance/api/middleware/version_negotiation.py:44}}
Jun 08 16:19:18.176810 np0000002327 devstack@g-api.service[98861]: DEBUG glance.common.config [None req-bbba0946-6bbb-4442-b0aa-769c49158570 None None] database.mysql_sql_mode = TRADITIONAL {{(pid=98861) log_opt_values /opt/stack/data/venv/lib/python3.12/site-packages/oslo_config/cfg.py:3256}}
Jun 08 16:19:18.176867 np0000002327 devstack@g-api.service[98860]: DEBUG glance.api.middleware.version_negotiation [None req-30bec5a6-7ae8-45e4-959b-764e4c0a1c50 None None] Using url versioning {{(pid=98860) process_request /opt/stack/glance/glance/api/middleware/version_negotiation.py:57}}
Jun 08 16:19:18.176898 np0000002327 devstack@g-api.service[98861]: DEBUG glance.common.config [None req-bbba0946-6bbb-4442-b0aa-769c49158570 None None] database.mysql_wsrep_sync_wait = None {{(pid=98861) log_opt_values /opt/stack/data/venv/lib/python3.12/site-packages/oslo_config/cfg.py:3256}}
Jun 08 16:19:18.176978 np0000002327 devstack@g-api.service[98861]: DEBUG glance.common.config [None req-bbba0946-6bbb-4442-b0aa-769c49158570 None None] database.pool_timeout = None {{(pid=98861) log_opt_values /opt/stack/data/venv/lib/python3.12/site-packages/oslo_config/cfg.py:3256}}
Jun 08 16:19:18.177015 np0000002327 devstack@g-api.service[98860]: DEBUG glance.api.middleware.version_negotiation [None req-30bec5a6-7ae8-45e4-959b-764e4c0a1c50 None None] Unknown version. Returning version choices. {{(pid=98860) process_request /opt/stack/glance/glance/api/middleware/version_negotiation.py:64}}
Jun 08 16:19:18.177061 np0000002327 devstack@g-api.service[98861]: DEBUG glance.common.config [None req-bbba0946-6bbb-4442-b0aa-769c49158570 None None] database.retry_interval = 10 {{(pid=98861) log_opt_values /opt/stack/data/venv/lib/python3.12/site-packages/oslo_config/cfg.py:3256}}
Jun 08 16:19:18.177157 np0000002327 devstack@g-api.service[98861]: DEBUG glance.common.config [None req-bbba0946-6bbb-4442-b0aa-769c49158570 None None] database.slave_connection = **** {{(pid=98861) log_opt_values /opt/stack/data/venv/lib/python3.12/site-packages/oslo_config/cfg.py:3256}}
Jun 08 16:19:18.177264 np0000002327 devstack@g-api.service[98861]: DEBUG glance.common.config [None req-bbba0946-6bbb-4442-b0aa-769c49158570 None None] database.sqlite_synchronous = True {{(pid=98861) log_opt_values /opt/stack/data/venv/lib/python3.12/site-packages/oslo_config/cfg.py:3256}}
Jun 08 16:19:18.177356 np0000002327 devstack@g-api.service[98861]: DEBUG glance.common.config [None req-bbba0946-6bbb-4442-b0aa-769c49158570 None None] database.synchronous_reader = True {{(pid=98861) log_opt_values /opt/stack/data/venv/lib/python3.12/site-packages/oslo_config/cfg.py:3256}}
Jun 08 16:19:18.177439 np0000002327 devstack@g-api.service[98861]: DEBUG glance.common.config [None req-bbba0946-6bbb-4442-b0aa-769c49158570 None None] database.use_db_reconnect = False {{(pid=98861) log_opt_values /opt/stack/data/venv/lib/python3.12/site-packages/oslo_config/cfg.py:3256}}
Jun 08 16:19:18.177546 np0000002327 devstack@g-api.service[98861]: DEBUG glance.common.config [None req-bbba0946-6bbb-4442-b0aa-769c49158570 None None] healthcheck.allowed_source_ranges = [] {{(pid=98861) log_opt_values /opt/stack/data/venv/lib/python3.12/site-packages/oslo_config/cfg.py:3256}}
Jun 08 16:19:18.177623 np0000002327 devstack@g-api.service[98861]: DEBUG glance.common.config [None req-bbba0946-6bbb-4442-b0aa-769c49158570 None None] healthcheck.backends = ['disable_by_file'] {{(pid=98861) log_opt_values /opt/stack/data/venv/lib/python3.12/site-packages/oslo_config/cfg.py:3256}}
Jun 08 16:19:18.177901 np0000002327 devstack@g-api.service[98860]: [pid: 98860|app: 0|req: 1/1] 127.0.0.1 () {34 vars in 451 bytes} [Mon Jun 8 16:19:18 2026] GET / => generated 1394 bytes in 1 msecs (HTTP/1.1 300) 3 headers in 106 bytes (1 switches on core 0)
Jun 08 16:19:18.177936 np0000002327 devstack@g-api.service[98861]: DEBUG glance.common.config [None req-bbba0946-6bbb-4442-b0aa-769c49158570 None None] healthcheck.detailed = False {{(pid=98861) log_opt_values /opt/stack/data/venv/lib/python3.12/site-packages/oslo_config/cfg.py:3256}}
Jun 08 16:19:18.177936 np0000002327 devstack@g-api.service[98861]: DEBUG glance.common.config [None req-bbba0946-6bbb-4442-b0aa-769c49158570 None None] healthcheck.disable_by_file_path = None {{(pid=98861) log_opt_values /opt/stack/data/venv/lib/python3.12/site-packages/oslo_config/cfg.py:3256}}
Jun 08 16:19:18.177936 np0000002327 devstack@g-api.service[98861]: DEBUG glance.common.config [None req-bbba0946-6bbb-4442-b0aa-769c49158570 None None] healthcheck.ignore_proxied_requests = False {{(pid=98861) log_opt_values /opt/stack/data/venv/lib/python3.12/site-packages/oslo_config/cfg.py:3256}}
Jun 08 16:19:18.177936 np0000002327 devstack@g-api.service[98861]: DEBUG glance.common.config [None req-bbba0946-6bbb-4442-b0aa-769c49158570 None None] ******************************************************************************** {{(pid=98861) log_opt_values /opt/stack/data/venv/lib/python3.12/site-packages/oslo_config/cfg.py:3263}}
Jun 08 16:19:18.178023 np0000002327 devstack@g-api.service[98861]: WSGI app 0 (mountpoint='') ready in 3 seconds on interpreter 0x7885c14a3668 pid: 98861 (default app)
Jun 08 16:19:25.221639 np0000002327 devstack@g-api.service[98860]: DEBUG glance.api.middleware.version_negotiation [None req-30bec5a6-7ae8-45e4-959b-764e4c0a1c50 None None] Determining version of request: GET / Accept: application/json {{(pid=98860) process_request /opt/stack/glance/glance/api/middleware/version_negotiation.py:44}}
Jun 08 16:19:25.221992 np0000002327 devstack@g-api.service[98860]: DEBUG glance.api.middleware.version_negotiation [None req-30bec5a6-7ae8-45e4-959b-764e4c0a1c50 None None] Using url versioning {{(pid=98860) process_request /opt/stack/glance/glance/api/middleware/version_negotiation.py:57}}
Jun 08 16:19:25.221992 np0000002327 devstack@g-api.service[98860]: DEBUG glance.api.middleware.version_negotiation [None req-30bec5a6-7ae8-45e4-959b-764e4c0a1c50 None None] Unknown version. Returning version choices. {{(pid=98860) process_request /opt/stack/glance/glance/api/middleware/version_negotiation.py:64}}
Jun 08 16:19:25.222422 np0000002327 devstack@g-api.service[98860]: [pid: 98860|app: 0|req: 2/2] 127.0.0.1 () {36 vars in 569 bytes} [Mon Jun 8 16:19:25 2026] GET / => generated 1394 bytes in 1 msecs (HTTP/1.1 300) 3 headers in 106 bytes (1 switches on core 0)
Jun 08 16:19:25.231125 np0000002327 devstack@g-api.service[98861]: DEBUG glance.api.middleware.version_negotiation [None req-bbba0946-6bbb-4442-b0aa-769c49158570 None None] Determining version of request: POST /v2/images Accept: */* {{(pid=98861) process_request /opt/stack/glance/glance/api/middleware/version_negotiation.py:44}}
Jun 08 16:19:25.231434 np0000002327 devstack@g-api.service[98861]: DEBUG glance.api.middleware.version_negotiation [None req-bbba0946-6bbb-4442-b0aa-769c49158570 None None] Using url versioning {{(pid=98861) process_request /opt/stack/glance/glance/api/middleware/version_negotiation.py:57}}
Jun 08 16:19:25.231638 np0000002327 devstack@g-api.service[98861]: DEBUG glance.api.middleware.version_negotiation [None req-bbba0946-6bbb-4442-b0aa-769c49158570 None None] Matched version: v2 {{(pid=98861) process_request /opt/stack/glance/glance/api/middleware/version_negotiation.py:69}}
Jun 08 16:19:25.231728 np0000002327 devstack@g-api.service[98861]: DEBUG glance.api.middleware.version_negotiation [None req-bbba0946-6bbb-4442-b0aa-769c49158570 None None] new path /v2/images {{(pid=98861) process_request /opt/stack/glance/glance/api/middleware/version_negotiation.py:70}}
Jun 08 16:19:26.152769 np0000002327 devstack@g-api.service[98861]: [pid: 98861|app: 0|req: 1/3] 127.0.0.1 () {42 vars in 832 bytes} [Mon Jun 8 16:19:25 2026] POST /v2/images => generated 807 bytes in 922 msecs (HTTP/1.1 201) 6 headers in 315 bytes (1 switches on core 0)
Jun 08 16:19:26.160947 np0000002327 devstack@g-api.service[98860]: DEBUG glance.api.middleware.version_negotiation [None req-30bec5a6-7ae8-45e4-959b-764e4c0a1c50 None None] Determining version of request: PUT /v2/images/85ca44af-60cc-4334-94ec-d14b2591cfcf/stage Accept: {{(pid=98860) process_request /opt/stack/glance/glance/api/middleware/version_negotiation.py:44}}
Jun 08 16:19:26.161119 np0000002327 devstack@g-api.service[98860]: DEBUG glance.api.middleware.version_negotiation [None req-30bec5a6-7ae8-45e4-959b-764e4c0a1c50 None None] Using url versioning {{(pid=98860) process_request /opt/stack/glance/glance/api/middleware/version_negotiation.py:57}}
Jun 08 16:19:26.161619 np0000002327 devstack@g-api.service[98860]: DEBUG glance.api.middleware.version_negotiation [None req-30bec5a6-7ae8-45e4-959b-764e4c0a1c50 None None] Matched version: v2 {{(pid=98860) process_request /opt/stack/glance/glance/api/middleware/version_negotiation.py:69}}
Jun 08 16:19:26.161763 np0000002327 devstack@g-api.service[98860]: DEBUG glance.api.middleware.version_negotiation [None req-30bec5a6-7ae8-45e4-959b-764e4c0a1c50 None None] new path /v2/images/85ca44af-60cc-4334-94ec-d14b2591cfcf/stage {{(pid=98860) process_request /opt/stack/glance/glance/api/middleware/version_negotiation.py:70}}
Jun 08 16:19:26.736158 np0000002327 devstack@g-api.service[98860]: DEBUG glance_store.backend [None req-6f360833-9792-44f0-a4b2-a70a71e5dd17 admin admin] Attempting to import store cinder {{(pid=98860) _load_store /opt/stack/data/venv/lib/python3.12/site-packages/glance_store/backend.py:215}}
Jun 08 16:19:26.736585 np0000002327 devstack@g-api.service[98860]: DEBUG glance_store.backend [None req-6f360833-9792-44f0-a4b2-a70a71e5dd17 admin admin] Attempting to import store file {{(pid=98860) _load_store /opt/stack/data/venv/lib/python3.12/site-packages/glance_store/backend.py:215}}
Jun 08 16:19:26.736585 np0000002327 devstack@g-api.service[98860]: DEBUG glance_store.backend [None req-6f360833-9792-44f0-a4b2-a70a71e5dd17 admin admin] Attempting to import store glance.store.cinder.Store {{(pid=98860) _load_store /opt/stack/data/venv/lib/python3.12/site-packages/glance_store/backend.py:215}}
Jun 08 16:19:26.736585 np0000002327 devstack@g-api.service[98860]: DEBUG glance_store.backend [None req-6f360833-9792-44f0-a4b2-a70a71e5dd17 admin admin] Attempting to import store glance.store.filesystem.Store {{(pid=98860) _load_store /opt/stack/data/venv/lib/python3.12/site-packages/glance_store/backend.py:215}}
Jun 08 16:19:26.736585 np0000002327 devstack@g-api.service[98860]: DEBUG glance_store.backend [None req-6f360833-9792-44f0-a4b2-a70a71e5dd17 admin admin] Attempting to import store glance.store.http.Store {{(pid=98860) _load_store /opt/stack/data/venv/lib/python3.12/site-packages/glance_store/backend.py:215}}
Jun 08 16:19:26.736691 np0000002327 devstack@g-api.service[98860]: DEBUG glance_store.backend [None req-6f360833-9792-44f0-a4b2-a70a71e5dd17 admin admin] Attempting to import store glance.store.rbd.Store {{(pid=98860) _load_store /opt/stack/data/venv/lib/python3.12/site-packages/glance_store/backend.py:215}}
Jun 08 16:19:26.736797 np0000002327 devstack@g-api.service[98860]: DEBUG glance_store.backend [None req-6f360833-9792-44f0-a4b2-a70a71e5dd17 admin admin] Attempting to import store glance.store.s3.Store {{(pid=98860) _load_store /opt/stack/data/venv/lib/python3.12/site-packages/glance_store/backend.py:215}}
Jun 08 16:19:26.736872 np0000002327 devstack@g-api.service[98860]: DEBUG glance_store.backend [None req-6f360833-9792-44f0-a4b2-a70a71e5dd17 admin admin] Attempting to import store glance.store.swift.Store {{(pid=98860) _load_store /opt/stack/data/venv/lib/python3.12/site-packages/glance_store/backend.py:215}}
Jun 08 16:19:26.736962 np0000002327 devstack@g-api.service[98860]: DEBUG glance_store.backend [None req-6f360833-9792-44f0-a4b2-a70a71e5dd17 admin admin] Attempting to import store glance.store.vmware_datastore.Store {{(pid=98860) _load_store /opt/stack/data/venv/lib/python3.12/site-packages/glance_store/backend.py:215}}
Jun 08 16:19:26.737054 np0000002327 devstack@g-api.service[98860]: DEBUG glance_store.backend [None req-6f360833-9792-44f0-a4b2-a70a71e5dd17 admin admin] Attempting to import store http {{(pid=98860) _load_store /opt/stack/data/venv/lib/python3.12/site-packages/glance_store/backend.py:215}}
Jun 08 16:19:26.737151 np0000002327 devstack@g-api.service[98860]: DEBUG glance_store.backend [None req-6f360833-9792-44f0-a4b2-a70a71e5dd17 admin admin] Attempting to import store no_conf {{(pid=98860) _load_store /opt/stack/data/venv/lib/python3.12/site-packages/glance_store/backend.py:215}}
Jun 08 16:19:26.737258 np0000002327 devstack@g-api.service[98860]: DEBUG glance_store.backend [None req-6f360833-9792-44f0-a4b2-a70a71e5dd17 admin admin] Attempting to import store rbd {{(pid=98860) _load_store /opt/stack/data/venv/lib/python3.12/site-packages/glance_store/backend.py:215}}
Jun 08 16:19:26.737346 np0000002327 devstack@g-api.service[98860]: DEBUG glance_store.backend [None req-6f360833-9792-44f0-a4b2-a70a71e5dd17 admin admin] Attempting to import store s3 {{(pid=98860) _load_store /opt/stack/data/venv/lib/python3.12/site-packages/glance_store/backend.py:215}}
Jun 08 16:19:26.737452 np0000002327 devstack@g-api.service[98860]: DEBUG glance_store.backend [None req-6f360833-9792-44f0-a4b2-a70a71e5dd17 admin admin] Attempting to import store swift {{(pid=98860) _load_store /opt/stack/data/venv/lib/python3.12/site-packages/glance_store/backend.py:215}}
Jun 08 16:19:26.737535 np0000002327 devstack@g-api.service[98860]: DEBUG glance_store.backend [None req-6f360833-9792-44f0-a4b2-a70a71e5dd17 admin admin] Attempting to import store vmware {{(pid=98860) _load_store /opt/stack/data/venv/lib/python3.12/site-packages/glance_store/backend.py:215}}
Jun 08 16:19:26.737626 np0000002327 devstack@g-api.service[98860]: DEBUG glance_store.backend [None req-6f360833-9792-44f0-a4b2-a70a71e5dd17 admin admin] Registering options for group glance_store {{(pid=98860) register_opts /opt/stack/data/venv/lib/python3.12/site-packages/glance_store/backend.py:144}}
Jun 08 16:19:26.737723 np0000002327 devstack@g-api.service[98860]: DEBUG glance_store.backend [None req-6f360833-9792-44f0-a4b2-a70a71e5dd17 admin admin] Registering options for group glance_store {{(pid=98860) register_opts /opt/stack/data/venv/lib/python3.12/site-packages/glance_store/backend.py:144}}
Jun 08 16:19:26.738040 np0000002327 devstack@g-api.service[98860]: DEBUG glance_store.backend [None req-6f360833-9792-44f0-a4b2-a70a71e5dd17 admin admin] Attempting to import store file {{(pid=98860) _load_store /opt/stack/data/venv/lib/python3.12/site-packages/glance_store/backend.py:215}}
Jun 08 16:19:26.738393 np0000002327 devstack@g-api.service[98860]: INFO glance_store._drivers.filesystem [None req-6f360833-9792-44f0-a4b2-a70a71e5dd17 admin admin] Directory to write image files does not exist (/tmp/staging/). Creating.
Jun 08 16:19:26.738598 np0000002327 devstack@g-api.service[98860]: DEBUG glance_store.capabilities [None req-6f360833-9792-44f0-a4b2-a70a71e5dd17 admin admin] Store glance_store._drivers.filesystem.Store doesn't support updating dynamic storage capabilities. Please overwrite 'update_capabilities' method of the store to implement updating logics if needed. {{(pid=98860) update_capabilities /opt/stack/data/venv/lib/python3.12/site-packages/glance_store/capabilities.py:91}}
Jun 08 16:19:27.284089 np0000002327 devstack@g-api.service[98860]: DEBUG glance_store._drivers.filesystem [None req-6f360833-9792-44f0-a4b2-a70a71e5dd17 admin admin] Wrote 21430272 bytes to /tmp/staging/85ca44af-60cc-4334-94ec-d14b2591cfcf with checksum c8fc807773e5354afe61636071771906 and multihash c8fc807773e5354afe61636071771906 {{(pid=98860) add /opt/stack/data/venv/lib/python3.12/site-packages/glance_store/_drivers/filesystem.py:899}}
Jun 08 16:19:27.301968 np0000002327 devstack@g-api.service[98860]: [pid: 98860|app: 0|req: 3/4] 127.0.0.1 () {42 vars in 927 bytes} [Mon Jun 8 16:19:26 2026] PUT /v2/images/85ca44af-60cc-4334-94ec-d14b2591cfcf/stage => generated 0 bytes in 1141 msecs (HTTP/1.1 204) 4 headers in 171 bytes (1 switches on core 0)
Jun 08 16:19:27.310396 np0000002327 devstack@g-api.service[98861]: DEBUG glance.api.middleware.version_negotiation [None req-547e42ff-4a31-4efe-be55-390d25eac8cd admin admin] Determining version of request: POST /v2/images/85ca44af-60cc-4334-94ec-d14b2591cfcf/import Accept: */* {{(pid=98861) process_request /opt/stack/glance/glance/api/middleware/version_negotiation.py:44}}
Jun 08 16:19:27.310784 np0000002327 devstack@g-api.service[98861]: DEBUG glance.api.middleware.version_negotiation [None req-547e42ff-4a31-4efe-be55-390d25eac8cd admin admin] Using url versioning {{(pid=98861) process_request /opt/stack/glance/glance/api/middleware/version_negotiation.py:57}}
Jun 08 16:19:27.310784 np0000002327 devstack@g-api.service[98861]: DEBUG glance.api.middleware.version_negotiation [None req-547e42ff-4a31-4efe-be55-390d25eac8cd admin admin] Matched version: v2 {{(pid=98861) process_request /opt/stack/glance/glance/api/middleware/version_negotiation.py:69}}
Jun 08 16:19:27.310784 np0000002327 devstack@g-api.service[98861]: DEBUG glance.api.middleware.version_negotiation [None req-547e42ff-4a31-4efe-be55-390d25eac8cd admin admin] new path /v2/images/85ca44af-60cc-4334-94ec-d14b2591cfcf/import {{(pid=98861) process_request /opt/stack/glance/glance/api/middleware/version_negotiation.py:70}}
Jun 08 16:19:27.764567 np0000002327 devstack@g-api.service[98861]: DEBUG glance.domain [None req-62628778-b7ec-463b-8cf9-33298b330a37 admin admin] Loading taskflow executor {{(pid=98861) new_task_executor /opt/stack/glance/glance/domain/__init__.py:530}}
Jun 08 16:19:27.946790 np0000002327 devstack@g-api.service[98861]: DEBUG oslo_concurrency.lockutils [None req-62628778-b7ec-463b-8cf9-33298b330a37 admin admin] Acquiring lock "tasks_pool" by "glance.api.common.memoize..memoizer_wrapper..memoizer" {{(pid=98861) inner /opt/stack/data/venv/lib/python3.12/site-packages/oslo_concurrency/lockutils.py:511}}
Jun 08 16:19:27.946945 np0000002327 devstack@g-api.service[98861]: DEBUG oslo_concurrency.lockutils [None req-62628778-b7ec-463b-8cf9-33298b330a37 admin admin] Lock "tasks_pool" acquired by "glance.api.common.memoize..memoizer_wrapper..memoizer" :: waited 0.000s {{(pid=98861) inner /opt/stack/data/venv/lib/python3.12/site-packages/oslo_concurrency/lockutils.py:524}}
Jun 08 16:19:27.947249 np0000002327 devstack@g-api.service[98861]: DEBUG glance.api.common [None req-62628778-b7ec-463b-8cf9-33298b330a37 admin admin] Initializing named threadpool 'tasks_pool' {{(pid=98861) _get_thread_pool /opt/stack/glance/glance/api/common.py:242}}
Jun 08 16:19:27.947345 np0000002327 devstack@g-api.service[98861]: DEBUG glance.async_ [None req-62628778-b7ec-463b-8cf9-33298b330a37 admin admin] Creating threadpool model 'ThreadPoolExecutor' with size 16 {{(pid=98861) __init__ /opt/stack/glance/glance/async_/__init__.py:100}}
Jun 08 16:19:27.947535 np0000002327 devstack@g-api.service[98861]: DEBUG oslo_concurrency.lockutils [None req-62628778-b7ec-463b-8cf9-33298b330a37 admin admin] Lock "tasks_pool" "released" by "glance.api.common.memoize..memoizer_wrapper..memoizer" :: held 0.001s {{(pid=98861) inner /opt/stack/data/venv/lib/python3.12/site-packages/oslo_concurrency/lockutils.py:543}}
Jun 08 16:19:27.947662 np0000002327 devstack@g-api.service[98861]: DEBUG glance.async_ [None req-62628778-b7ec-463b-8cf9-33298b330a37 admin admin] Spawning with ThreadPoolExecutor: >((,), {}) {{(pid=98861) spawn /opt/stack/glance/glance/async_/__init__.py:106}}
Jun 08 16:19:27.949796 np0000002327 devstack@g-api.service[98861]: [pid: 98861|app: 0|req: 2/5] 127.0.0.1 () {42 vars in 919 bytes} [Mon Jun 8 16:19:27 2026] POST /v2/images/85ca44af-60cc-4334-94ec-d14b2591cfcf/import => generated 0 bytes in 639 msecs (HTTP/1.1 202) 4 headers in 169 bytes (1 switches on core 0)
Jun 08 16:19:27.952056 np0000002327 devstack@g-api.service[98861]: INFO glance.domain [-] Task [52a5dd01-6cf6-4279-985b-39494c73a27c] status changing from pending to processing
Jun 08 16:19:27.957956 np0000002327 devstack@g-api.service[98860]: DEBUG glance.api.middleware.version_negotiation [None req-6f360833-9792-44f0-a4b2-a70a71e5dd17 admin admin] Determining version of request: GET /v2/images/85ca44af-60cc-4334-94ec-d14b2591cfcf Accept: */* {{(pid=98860) process_request /opt/stack/glance/glance/api/middleware/version_negotiation.py:44}}
Jun 08 16:19:27.958449 np0000002327 devstack@g-api.service[98860]: DEBUG glance.api.middleware.version_negotiation [None req-6f360833-9792-44f0-a4b2-a70a71e5dd17 admin admin] Using url versioning {{(pid=98860) process_request /opt/stack/glance/glance/api/middleware/version_negotiation.py:57}}
Jun 08 16:19:27.958449 np0000002327 devstack@g-api.service[98860]: DEBUG glance.api.middleware.version_negotiation [None req-6f360833-9792-44f0-a4b2-a70a71e5dd17 admin admin] Matched version: v2 {{(pid=98860) process_request /opt/stack/glance/glance/api/middleware/version_negotiation.py:69}}
Jun 08 16:19:27.958449 np0000002327 devstack@g-api.service[98860]: DEBUG glance.api.middleware.version_negotiation [None req-6f360833-9792-44f0-a4b2-a70a71e5dd17 admin admin] new path /v2/images/85ca44af-60cc-4334-94ec-d14b2591cfcf {{(pid=98860) process_request /opt/stack/glance/glance/api/middleware/version_negotiation.py:70}}
Jun 08 16:19:27.964205 np0000002327 devstack@g-api.service[98861]: DEBUG glance.async_.taskflow_executor [-] Taskflow executor picked up the execution of task ID 52a5dd01-6cf6-4279-985b-39494c73a27c of task type api_image_import {{(pid=98861) _run /opt/stack/glance/glance/async_/taskflow_executor.py:163}}
Jun 08 16:19:27.969065 np0000002327 devstack@g-api.service[98860]: [pid: 98860|app: 0|req: 4/6] 127.0.0.1 () {38 vars in 852 bytes} [Mon Jun 8 16:19:27 2026] GET /v2/images/85ca44af-60cc-4334-94ec-d14b2591cfcf => generated 879 bytes in 11 msecs (HTTP/1.1 200) 4 headers in 157 bytes (1 switches on core 0)
Jun 08 16:19:27.977665 np0000002327 devstack@g-api.service[98861]: DEBUG glance_store.backend [-] Attempting to import store cinder {{(pid=98861) _load_store /opt/stack/data/venv/lib/python3.12/site-packages/glance_store/backend.py:215}}
Jun 08 16:19:27.977780 np0000002327 devstack@g-api.service[98861]: DEBUG glance_store.backend [-] Attempting to import store file {{(pid=98861) _load_store /opt/stack/data/venv/lib/python3.12/site-packages/glance_store/backend.py:215}}
Jun 08 16:19:27.977874 np0000002327 devstack@g-api.service[98861]: DEBUG glance_store.backend [-] Attempting to import store glance.store.cinder.Store {{(pid=98861) _load_store /opt/stack/data/venv/lib/python3.12/site-packages/glance_store/backend.py:215}}
Jun 08 16:19:27.977923 np0000002327 devstack@g-api.service[98861]: DEBUG glance_store.backend [-] Attempting to import store glance.store.filesystem.Store {{(pid=98861) _load_store /opt/stack/data/venv/lib/python3.12/site-packages/glance_store/backend.py:215}}
Jun 08 16:19:27.977963 np0000002327 devstack@g-api.service[98861]: DEBUG glance_store.backend [-] Attempting to import store glance.store.http.Store {{(pid=98861) _load_store /opt/stack/data/venv/lib/python3.12/site-packages/glance_store/backend.py:215}}
Jun 08 16:19:27.978043 np0000002327 devstack@g-api.service[98861]: DEBUG glance_store.backend [-] Attempting to import store glance.store.rbd.Store {{(pid=98861) _load_store /opt/stack/data/venv/lib/python3.12/site-packages/glance_store/backend.py:215}}
Jun 08 16:19:27.978123 np0000002327 devstack@g-api.service[98861]: DEBUG glance_store.backend [-] Attempting to import store glance.store.s3.Store {{(pid=98861) _load_store /opt/stack/data/venv/lib/python3.12/site-packages/glance_store/backend.py:215}}
Jun 08 16:19:27.978227 np0000002327 devstack@g-api.service[98861]: DEBUG glance_store.backend [-] Attempting to import store glance.store.swift.Store {{(pid=98861) _load_store /opt/stack/data/venv/lib/python3.12/site-packages/glance_store/backend.py:215}}
Jun 08 16:19:27.978300 np0000002327 devstack@g-api.service[98861]: DEBUG glance_store.backend [-] Attempting to import store glance.store.vmware_datastore.Store {{(pid=98861) _load_store /opt/stack/data/venv/lib/python3.12/site-packages/glance_store/backend.py:215}}
Jun 08 16:19:27.978375 np0000002327 devstack@g-api.service[98861]: DEBUG glance_store.backend [-] Attempting to import store http {{(pid=98861) _load_store /opt/stack/data/venv/lib/python3.12/site-packages/glance_store/backend.py:215}}
Jun 08 16:19:27.978444 np0000002327 devstack@g-api.service[98861]: DEBUG glance_store.backend [-] Attempting to import store no_conf {{(pid=98861) _load_store /opt/stack/data/venv/lib/python3.12/site-packages/glance_store/backend.py:215}}
Jun 08 16:19:27.978512 np0000002327 devstack@g-api.service[98861]: DEBUG glance_store.backend [-] Attempting to import store rbd {{(pid=98861) _load_store /opt/stack/data/venv/lib/python3.12/site-packages/glance_store/backend.py:215}}
Jun 08 16:19:27.978602 np0000002327 devstack@g-api.service[98861]: DEBUG glance_store.backend [-] Attempting to import store s3 {{(pid=98861) _load_store /opt/stack/data/venv/lib/python3.12/site-packages/glance_store/backend.py:215}}
Jun 08 16:19:27.978698 np0000002327 devstack@g-api.service[98861]: DEBUG glance_store.backend [-] Attempting to import store swift {{(pid=98861) _load_store /opt/stack/data/venv/lib/python3.12/site-packages/glance_store/backend.py:215}}
Jun 08 16:19:27.978771 np0000002327 devstack@g-api.service[98861]: DEBUG glance_store.backend [-] Attempting to import store vmware {{(pid=98861) _load_store /opt/stack/data/venv/lib/python3.12/site-packages/glance_store/backend.py:215}}
Jun 08 16:19:27.978843 np0000002327 devstack@g-api.service[98861]: DEBUG glance_store.backend [-] Registering options for group glance_store {{(pid=98861) register_opts /opt/stack/data/venv/lib/python3.12/site-packages/glance_store/backend.py:144}}
Jun 08 16:19:27.978917 np0000002327 devstack@g-api.service[98861]: DEBUG glance_store.backend [-] Registering options for group glance_store {{(pid=98861) register_opts /opt/stack/data/venv/lib/python3.12/site-packages/glance_store/backend.py:144}}
Jun 08 16:19:27.979190 np0000002327 devstack@g-api.service[98861]: DEBUG glance_store.backend [-] Attempting to import store file {{(pid=98861) _load_store /opt/stack/data/venv/lib/python3.12/site-packages/glance_store/backend.py:215}}
Jun 08 16:19:27.979516 np0000002327 devstack@g-api.service[98861]: DEBUG glance_store.capabilities [-] Store glance_store._drivers.filesystem.Store doesn't support updating dynamic storage capabilities. Please overwrite 'update_capabilities' method of the store to implement updating logics if needed. {{(pid=98861) update_capabilities /opt/stack/data/venv/lib/python3.12/site-packages/glance_store/capabilities.py:91}}
Jun 08 16:19:27.986238 np0000002327 devstack@g-api.service[98861]: DEBUG glance.async_.flows.api_image_import [-] Image 85ca44af-60cc-4334-94ec-d14b2591cfcf os_glance_importing_to_stores= {{(pid=98861) merge_store_list /opt/stack/glance/glance/async_/flows/api_image_import.py:277}}
Jun 08 16:19:27.986389 np0000002327 devstack@g-api.service[98861]: DEBUG glance.async_.flows.api_image_import [-] Image 85ca44af-60cc-4334-94ec-d14b2591cfcf os_glance_failed_import= {{(pid=98861) merge_store_list /opt/stack/glance/glance/async_/flows/api_image_import.py:277}}
Jun 08 16:19:27.991384 np0000002327 devstack@g-api.service[98861]: DEBUG glance.async_.flows.api_image_import [-] Image 85ca44af-60cc-4334-94ec-d14b2591cfcf status changing from uploading to importing {{(pid=98861) __exit__ /opt/stack/glance/glance/async_/flows/api_image_import.py:166}}
Jun 08 16:19:28.433362 np0000002327 devstack@g-api.service[98861]: DEBUG glance.async_ [-] Creating threadpool model 'ThreadPoolExecutor' with size 10 {{(pid=98861) __init__ /opt/stack/glance/glance/async_/__init__.py:100}}
Jun 08 16:19:28.457378 np0000002327 devstack@g-api.service[98861]: DEBUG glance.async_.taskflow_executor [-] Flow 'api_image_import' (6956a5e4-84ec-4bcb-9341-eb9105dd9501) transitioned into state 'RUNNING' from state 'PENDING' {{(pid=98861) _flow_receiver /opt/stack/data/venv/lib/python3.12/site-packages/taskflow/listeners/logging.py:160}}
Jun 08 16:19:28.459300 np0000002327 devstack@g-api.service[98861]: DEBUG glance.async_.taskflow_executor [-] Task 'api_image_import-ImageLock-52a5dd01-6cf6-4279-985b-39494c73a27c' (63e3cf57-4193-4217-a267-1dc9440d9e6a) transitioned into state 'RUNNING' from state 'PENDING' {{(pid=98861) _task_receiver /opt/stack/data/venv/lib/python3.12/site-packages/taskflow/listeners/logging.py:242}}
Jun 08 16:19:28.465505 np0000002327 devstack@g-api.service[98861]: DEBUG glance.async_.flows.api_image_import [-] Image 85ca44af-60cc-4334-94ec-d14b2591cfcf import task 52a5dd01-6cf6-4279-985b-39494c73a27c lock confirmed {{(pid=98861) execute /opt/stack/glance/glance/async_/flows/api_image_import.py:477}}
Jun 08 16:19:28.466318 np0000002327 devstack@g-api.service[98861]: DEBUG glance.async_.taskflow_executor [-] Task 'api_image_import-ImageLock-52a5dd01-6cf6-4279-985b-39494c73a27c' (63e3cf57-4193-4217-a267-1dc9440d9e6a) transitioned into state 'SUCCESS' from state 'RUNNING' with result 'None' {{(pid=98861) _task_receiver /opt/stack/data/venv/lib/python3.12/site-packages/taskflow/listeners/logging.py:218}}
Jun 08 16:19:28.467056 np0000002327 devstack@g-api.service[98861]: DEBUG glance.async_.taskflow_executor [-] Task 'api_image_import-ConfigureStaging-52a5dd01-6cf6-4279-985b-39494c73a27c' (01836644-ffb1-4fff-9fff-fb431179edbd) transitioned into state 'RUNNING' from state 'PENDING' {{(pid=98861) _task_receiver /opt/stack/data/venv/lib/python3.12/site-packages/taskflow/listeners/logging.py:242}}
Jun 08 16:19:28.468438 np0000002327 devstack@g-api.service[98861]: DEBUG glance.async_.taskflow_executor [-] Task 'api_image_import-ConfigureStaging-52a5dd01-6cf6-4279-985b-39494c73a27c' (01836644-ffb1-4fff-9fff-fb431179edbd) transitioned into state 'SUCCESS' from state 'RUNNING' with result 'file:///tmp/staging/85ca44af-60cc-4334-94ec-d14b2591cfcf' {{(pid=98861) _task_receiver /opt/stack/data/venv/lib/python3.12/site-packages/taskflow/listeners/logging.py:218}}
Jun 08 16:19:28.469515 np0000002327 devstack@g-api.service[98861]: DEBUG glance.async_.taskflow_executor [-] Task 'api_image_import--ImportToStore-52a5dd01-6cf6-4279-985b-39494c73a27c' (0a8789f9-9b70-4969-ba47-79915d32f457) transitioned into state 'RUNNING' from state 'PENDING' {{(pid=98861) _task_receiver /opt/stack/data/venv/lib/python3.12/site-packages/taskflow/listeners/logging.py:242}}
Jun 08 16:19:28.475486 np0000002327 devstack@g-api.service[98861]: INFO glance.common.scripts.image_import.main [-] Task 52a5dd01-6cf6-4279-985b-39494c73a27c: Got image data uri file:///tmp/staging/85ca44af-60cc-4334-94ec-d14b2591cfcf to be imported
Jun 08 16:19:28.476733 np0000002327 devstack@g-api.service[98861]: DEBUG glance.location [-] Enabling in-flight format inspection for qcow2 {{(pid=98861) set_data /opt/stack/glance/glance/location.py:616}}
Jun 08 16:19:28.477047 np0000002327 devstack@g-api.service[98861]: DEBUG glance_store.backend [-] Attempting to import store swift {{(pid=98861) _load_store /opt/stack/data/venv/lib/python3.12/site-packages/glance_store/backend.py:215}}
Jun 08 16:19:28.478242 np0000002327 devstack@g-api.service[98861]: DEBUG glance_store.capabilities [-] Store glance_store._drivers.swift.store.SingleTenantStore doesn't support updating dynamic storage capabilities. Please overwrite 'update_capabilities' method of the store to implement updating logics if needed. {{(pid=98861) update_capabilities /opt/stack/data/venv/lib/python3.12/site-packages/glance_store/capabilities.py:91}}
Jun 08 16:19:28.478313 np0000002327 devstack@g-api.service[98861]: DEBUG glance_store.driver [-] Late loading location class glance_store._drivers.swift.store.StoreLocation {{(pid=98861) get_store_location_class /opt/stack/data/venv/lib/python3.12/site-packages/glance_store/driver.py:134}}
Jun 08 16:19:28.478391 np0000002327 devstack@g-api.service[98861]: DEBUG glance_store.location [-] Registering scheme swift+https with {'store': , 'location_class': , 'store_entry': 'swift'} {{(pid=98861) register_scheme_map /opt/stack/data/venv/lib/python3.12/site-packages/glance_store/location.py:146}}
Jun 08 16:19:28.478434 np0000002327 devstack@g-api.service[98861]: DEBUG glance_store.location [-] Registering scheme swift+https with {'store': , 'location_class': , 'store_entry': 'swift'} {{(pid=98861) register_scheme_map /opt/stack/data/venv/lib/python3.12/site-packages/glance_store/location.py:146}}
Jun 08 16:19:28.478496 np0000002327 devstack@g-api.service[98861]: DEBUG glance_store.location [-] Registering scheme swift with {'store': , 'location_class': , 'store_entry': 'swift'} {{(pid=98861) register_scheme_map /opt/stack/data/venv/lib/python3.12/site-packages/glance_store/location.py:146}}
Jun 08 16:19:28.478531 np0000002327 devstack@g-api.service[98861]: DEBUG glance_store.location [-] Registering scheme swift+https with {'store': , 'location_class': , 'store_entry': 'swift'} {{(pid=98861) register_scheme_map /opt/stack/data/venv/lib/python3.12/site-packages/glance_store/location.py:146}}
Jun 08 16:19:28.478592 np0000002327 devstack@g-api.service[98861]: DEBUG glance_store.location [-] Registering scheme swift with {'store': , 'location_class': , 'store_entry': 'swift'} {{(pid=98861) register_scheme_map /opt/stack/data/venv/lib/python3.12/site-packages/glance_store/location.py:146}}
Jun 08 16:19:28.478629 np0000002327 devstack@g-api.service[98861]: DEBUG glance_store.location [-] Registering scheme swift+http with {'store': , 'location_class': , 'store_entry': 'swift'} {{(pid=98861) register_scheme_map /opt/stack/data/venv/lib/python3.12/site-packages/glance_store/location.py:146}}
Jun 08 16:19:28.478697 np0000002327 devstack@g-api.service[98861]: DEBUG glance_store.location [-] Registering scheme swift+https with {'store': , 'location_class': , 'store_entry': 'swift'} {{(pid=98861) register_scheme_map /opt/stack/data/venv/lib/python3.12/site-packages/glance_store/location.py:146}}
Jun 08 16:19:28.478735 np0000002327 devstack@g-api.service[98861]: DEBUG glance_store.location [-] Registering scheme swift with {'store': , 'location_class': , 'store_entry': 'swift'} {{(pid=98861) register_scheme_map /opt/stack/data/venv/lib/python3.12/site-packages/glance_store/location.py:146}}
Jun 08 16:19:28.478797 np0000002327 devstack@g-api.service[98861]: DEBUG glance_store.location [-] Registering scheme swift+http with {'store': , 'location_class': , 'store_entry': 'swift'} {{(pid=98861) register_scheme_map /opt/stack/data/venv/lib/python3.12/site-packages/glance_store/location.py:146}}
Jun 08 16:19:28.478797 np0000002327 devstack@g-api.service[98861]: DEBUG glance_store.location [-] Registering scheme swift+config with {'store': , 'location_class': , 'store_entry': 'swift'} {{(pid=98861) register_scheme_map /opt/stack/data/venv/lib/python3.12/site-packages/glance_store/location.py:146}}
Jun 08 16:19:28.933412 np0000002327 devstack@g-api.service[98861]: INFO swiftclient [-] REQ: curl -i https://10.4.3.11:8080/v1/AUTH_4a9672c1a542470ca6ee8ee2fca912e0/glance -I -H "X-Auth-Token: gAAAAABqJuuQ-JFH..."
Jun 08 16:19:28.933510 np0000002327 devstack@g-api.service[98861]: INFO swiftclient [-] RESP STATUS: 404 Not Found
Jun 08 16:19:28.933617 np0000002327 devstack@g-api.service[98861]: INFO swiftclient [-] RESP HEADERS: {'Date': 'Mon, 08 Jun 2026 16:19:28 GMT', 'Server': 'Apache/2.4.58 (Ubuntu)', 'Content-Type': 'text/html; charset=UTF-8', 'X-Trans-Id': 'txaf0c572e103c43168c7ed-006a26eb90', 'X-Openstack-Request-Id': 'txaf0c572e103c43168c7ed-006a26eb90', 'Connection': 'close'}
Jun 08 16:19:28.933855 np0000002327 devstack@g-api.service[98861]: INFO glance_store._drivers.swift.store [-] Creating swift container glance
Jun 08 16:19:28.981368 np0000002327 devstack@g-api.service[98861]: DEBUG swiftclient [-] REQ: curl -i https://10.4.3.11:8080/v1/AUTH_4a9672c1a542470ca6ee8ee2fca912e0/glance -X PUT -H "X-Auth-Token: gAAAAABqJuuQ-JFH..." -H "Content-Length: 0" {{(pid=98861) http_log /opt/stack/data/venv/lib/python3.12/site-packages/swiftclient/client.py:160}}
Jun 08 16:19:28.981446 np0000002327 devstack@g-api.service[98861]: DEBUG swiftclient [-] RESP STATUS: 201 Created {{(pid=98861) http_log /opt/stack/data/venv/lib/python3.12/site-packages/swiftclient/client.py:161}}
Jun 08 16:19:28.981573 np0000002327 devstack@g-api.service[98861]: DEBUG swiftclient [-] RESP HEADERS: {'Date': 'Mon, 08 Jun 2026 16:19:28 GMT', 'Server': 'Apache/2.4.58 (Ubuntu)', 'Content-Type': 'text/html; charset=UTF-8', 'Content-Length': '0', 'X-Trans-Id': 'tx1f84dcfdfde449fe9bf25-006a26eb90', 'X-Openstack-Request-Id': 'tx1f84dcfdfde449fe9bf25-006a26eb90', 'Connection': 'close'} {{(pid=98861) http_log /opt/stack/data/venv/lib/python3.12/site-packages/swiftclient/client.py:162}}
Jun 08 16:19:28.981687 np0000002327 devstack@g-api.service[98861]: DEBUG glance_store._drivers.swift.store [-] Adding image object '85ca44af-60cc-4334-94ec-d14b2591cfcf' to Swift {{(pid=98861) add /opt/stack/data/venv/lib/python3.12/site-packages/glance_store/_drivers/swift/store.py:970}}
Jun 08 16:19:28.987074 np0000002327 devstack@g-api.service[98861]: DEBUG oslo_utils.imageutils.format_inspector [-] Format inspector for vmdk does not match, excluding from consideration (Signature KDMV not found: b'QFI\xfb') {{(pid=98861) _process_chunk /opt/stack/data/venv/lib/python3.12/site-packages/oslo_utils/imageutils/format_inspector.py:1758}}
Jun 08 16:19:28.992502 np0000002327 devstack@g-api.service[98861]: DEBUG oslo_utils.imageutils.format_inspector [-] Format inspector for vhdx does not match, excluding from consideration (Region signature not found at 30000) {{(pid=98861) _process_chunk /opt/stack/data/venv/lib/python3.12/site-packages/oslo_utils/imageutils/format_inspector.py:1758}}
Jun 08 16:19:29.285915 np0000002327 devstack@g-api.service[98861]: DEBUG swiftclient [-] REQ: curl -i https://10.4.3.11:8080/v1/AUTH_4a9672c1a542470ca6ee8ee2fca912e0/glance/85ca44af-60cc-4334-94ec-d14b2591cfcf -X PUT -H "X-Auth-Token: gAAAAABqJuuQ-JFH..." -H "Content-Length: 21430272" {{(pid=98861) http_log /opt/stack/data/venv/lib/python3.12/site-packages/swiftclient/client.py:160}}
Jun 08 16:19:29.285978 np0000002327 devstack@g-api.service[98861]: DEBUG swiftclient [-] RESP STATUS: 201 Created {{(pid=98861) http_log /opt/stack/data/venv/lib/python3.12/site-packages/swiftclient/client.py:161}}
Jun 08 16:19:29.286111 np0000002327 devstack@g-api.service[98861]: DEBUG swiftclient [-] RESP HEADERS: {'Date': 'Mon, 08 Jun 2026 16:19:29 GMT', 'Server': 'Apache/2.4.58 (Ubuntu)', 'Content-Type': 'text/html; charset=UTF-8', 'Content-Length': '0', 'Etag': 'c8fc807773e5354afe61636071771906', 'Last-Modified': 'Mon, 08 Jun 2026 16:19:29 GMT', 'X-Trans-Id': 'txa6ae0d39f59f4255a75f8-006a26eb90', 'X-Openstack-Request-Id': 'txa6ae0d39f59f4255a75f8-006a26eb90', 'Connection': 'close'} {{(pid=98861) http_log /opt/stack/data/venv/lib/python3.12/site-packages/swiftclient/client.py:162}}
Jun 08 16:19:29.297545 np0000002327 devstack@g-api.service[98861]: INFO glance.location [-] Image format matched and virtual size computed: 117440512
Jun 08 16:19:29.306498 np0000002327 devstack@g-api.service[98861]: DEBUG glance.async_.flows.api_image_import [-] Image 85ca44af-60cc-4334-94ec-d14b2591cfcf status changing from importing to active {{(pid=98861) __exit__ /opt/stack/glance/glance/async_/flows/api_image_import.py:166}}
Jun 08 16:19:29.326197 np0000002327 devstack@g-api.service[98861]: DEBUG glance_store.backend [-] Attempting to import store swift {{(pid=98861) _load_store /opt/stack/data/venv/lib/python3.12/site-packages/glance_store/backend.py:215}}
Jun 08 16:19:29.327351 np0000002327 devstack@g-api.service[98861]: DEBUG glance_store.capabilities [-] Store glance_store._drivers.swift.store.SingleTenantStore doesn't support updating dynamic storage capabilities. Please overwrite 'update_capabilities' method of the store to implement updating logics if needed. {{(pid=98861) update_capabilities /opt/stack/data/venv/lib/python3.12/site-packages/glance_store/capabilities.py:91}}
Jun 08 16:19:29.327430 np0000002327 devstack@g-api.service[98861]: DEBUG glance_store.driver [-] Late loading location class glance_store._drivers.swift.store.StoreLocation {{(pid=98861) get_store_location_class /opt/stack/data/venv/lib/python3.12/site-packages/glance_store/driver.py:134}}
Jun 08 16:19:29.327476 np0000002327 devstack@g-api.service[98861]: DEBUG glance_store.location [-] Registering scheme swift+https with {'store': , 'location_class': , 'store_entry': 'swift'} {{(pid=98861) register_scheme_map /opt/stack/data/venv/lib/python3.12/site-packages/glance_store/location.py:146}}
Jun 08 16:19:29.327526 np0000002327 devstack@g-api.service[98861]: DEBUG glance_store.location [-] Registering scheme swift+https with {'store': , 'location_class': , 'store_entry': 'swift'} {{(pid=98861) register_scheme_map /opt/stack/data/venv/lib/python3.12/site-packages/glance_store/location.py:146}}
Jun 08 16:19:29.327576 np0000002327 devstack@g-api.service[98861]: DEBUG glance_store.location [-] Registering scheme swift with {'store': , 'location_class': , 'store_entry': 'swift'} {{(pid=98861) register_scheme_map /opt/stack/data/venv/lib/python3.12/site-packages/glance_store/location.py:146}}
Jun 08 16:19:29.327625 np0000002327 devstack@g-api.service[98861]: DEBUG glance_store.location [-] Registering scheme swift+https with {'store': , 'location_class': , 'store_entry': 'swift'} {{(pid=98861) register_scheme_map /opt/stack/data/venv/lib/python3.12/site-packages/glance_store/location.py:146}}
Jun 08 16:19:29.327710 np0000002327 devstack@g-api.service[98861]: DEBUG glance_store.location [-] Registering scheme swift with {'store': , 'location_class': , 'store_entry': 'swift'} {{(pid=98861) register_scheme_map /opt/stack/data/venv/lib/python3.12/site-packages/glance_store/location.py:146}}
Jun 08 16:19:29.327756 np0000002327 devstack@g-api.service[98861]: DEBUG glance_store.location [-] Registering scheme swift+http with {'store': , 'location_class': , 'store_entry': 'swift'} {{(pid=98861) register_scheme_map /opt/stack/data/venv/lib/python3.12/site-packages/glance_store/location.py:146}}
Jun 08 16:19:29.327793 np0000002327 devstack@g-api.service[98861]: DEBUG glance_store.location [-] Registering scheme swift+https with {'store': , 'location_class': , 'store_entry': 'swift'} {{(pid=98861) register_scheme_map /opt/stack/data/venv/lib/python3.12/site-packages/glance_store/location.py:146}}
Jun 08 16:19:29.327853 np0000002327 devstack@g-api.service[98861]: DEBUG glance_store.location [-] Registering scheme swift with {'store': , 'location_class': , 'store_entry': 'swift'} {{(pid=98861) register_scheme_map /opt/stack/data/venv/lib/python3.12/site-packages/glance_store/location.py:146}}
Jun 08 16:19:29.327894 np0000002327 devstack@g-api.service[98861]: DEBUG glance_store.location [-] Registering scheme swift+http with {'store': , 'location_class': , 'store_entry': 'swift'} {{(pid=98861) register_scheme_map /opt/stack/data/venv/lib/python3.12/site-packages/glance_store/location.py:146}}
Jun 08 16:19:29.327948 np0000002327 devstack@g-api.service[98861]: DEBUG glance_store.location [-] Registering scheme swift+config with {'store': , 'location_class': , 'store_entry': 'swift'} {{(pid=98861) register_scheme_map /opt/stack/data/venv/lib/python3.12/site-packages/glance_store/location.py:146}}
