Jun 26 07:35:00.486159 np0000003713 nova-conductor[98753]: DEBUG cotyledon.oslo_config_glue [-] profiler.es_doc_type = notification {{(pid=98753) log_opt_values /opt/stack/data/venv/lib/python3.12/site-packages/oslo_config/cfg.py:3253}}
Jun 26 07:35:00.486159 np0000003713 nova-conductor[98753]: DEBUG cotyledon.oslo_config_glue [-] profiler.es_scroll_size = 10000 {{(pid=98753) log_opt_values /opt/stack/data/venv/lib/python3.12/site-packages/oslo_config/cfg.py:3253}}
Jun 26 07:35:00.486159 np0000003713 nova-conductor[98753]: DEBUG cotyledon.oslo_config_glue [-] profiler.es_scroll_time = 2m {{(pid=98753) log_opt_values /opt/stack/data/venv/lib/python3.12/site-packages/oslo_config/cfg.py:3253}}
Jun 26 07:35:00.486159 np0000003713 nova-conductor[98753]: DEBUG cotyledon.oslo_config_glue [-] profiler.filter_error_trace = False {{(pid=98753) log_opt_values /opt/stack/data/venv/lib/python3.12/site-packages/oslo_config/cfg.py:3253}}
Jun 26 07:35:00.486159 np0000003713 nova-conductor[98753]: DEBUG cotyledon.oslo_config_glue [-] profiler.hmac_keys = **** {{(pid=98753) log_opt_values /opt/stack/data/venv/lib/python3.12/site-packages/oslo_config/cfg.py:3253}}
Jun 26 07:35:00.486159 np0000003713 nova-conductor[98753]: DEBUG cotyledon.oslo_config_glue [-] profiler.sentinel_service_name = mymaster {{(pid=98753) log_opt_values /opt/stack/data/venv/lib/python3.12/site-packages/oslo_config/cfg.py:3253}}
Jun 26 07:35:00.486159 np0000003713 nova-conductor[98753]: DEBUG cotyledon.oslo_config_glue [-] profiler.socket_timeout = 0.1 {{(pid=98753) log_opt_values /opt/stack/data/venv/lib/python3.12/site-packages/oslo_config/cfg.py:3253}}
Jun 26 07:35:00.486441 np0000003713 nova-conductor[98753]: DEBUG cotyledon.oslo_config_glue [-] profiler.trace_requests = False {{(pid=98753) log_opt_values /opt/stack/data/venv/lib/python3.12/site-packages/oslo_config/cfg.py:3253}}
Jun 26 07:35:00.486441 np0000003713 nova-conductor[98753]: DEBUG cotyledon.oslo_config_glue [-] profiler.trace_sqlalchemy = False {{(pid=98753) log_opt_values /opt/stack/data/venv/lib/python3.12/site-packages/oslo_config/cfg.py:3253}}
Jun 26 07:35:00.486441 np0000003713 nova-conductor[98753]: DEBUG cotyledon.oslo_config_glue [-] profiler_jaeger.process_tags = {} {{(pid=98753) log_opt_values /opt/stack/data/venv/lib/python3.12/site-packages/oslo_config/cfg.py:3253}}
Jun 26 07:35:00.486441 np0000003713 nova-conductor[98753]: DEBUG cotyledon.oslo_config_glue [-] profiler_jaeger.service_name_prefix = None {{(pid=98753) log_opt_values /opt/stack/data/venv/lib/python3.12/site-packages/oslo_config/cfg.py:3253}}
Jun 26 07:35:00.486441 np0000003713 nova-conductor[98753]: DEBUG cotyledon.oslo_config_glue [-] profiler_otlp.service_name_prefix = None {{(pid=98753) log_opt_values /opt/stack/data/venv/lib/python3.12/site-packages/oslo_config/cfg.py:3253}}
Jun 26 07:35:00.486441 np0000003713 nova-conductor[98753]: DEBUG cotyledon.oslo_config_glue [-] oslo_messaging_rabbit.amqp_auto_delete = False {{(pid=98753) log_opt_values /opt/stack/data/venv/lib/python3.12/site-packages/oslo_config/cfg.py:3253}}
Jun 26 07:35:00.486441 np0000003713 nova-conductor[98753]: DEBUG cotyledon.oslo_config_glue [-] oslo_messaging_rabbit.amqp_durable_queues = False {{(pid=98753) log_opt_values /opt/stack/data/venv/lib/python3.12/site-packages/oslo_config/cfg.py:3253}}
Jun 26 07:35:00.486441 np0000003713 nova-conductor[98753]: DEBUG cotyledon.oslo_config_glue [-] oslo_messaging_rabbit.conn_pool_min_size = 2 {{(pid=98753) log_opt_values /opt/stack/data/venv/lib/python3.12/site-packages/oslo_config/cfg.py:3253}}
Jun 26 07:35:00.486441 np0000003713 nova-conductor[98753]: DEBUG cotyledon.oslo_config_glue [-] oslo_messaging_rabbit.conn_pool_ttl = 1200 {{(pid=98753) log_opt_values /opt/stack/data/venv/lib/python3.12/site-packages/oslo_config/cfg.py:3253}}
Jun 26 07:35:00.486689 np0000003713 nova-conductor[98753]: DEBUG cotyledon.oslo_config_glue [-] oslo_messaging_rabbit.direct_mandatory_flag = True {{(pid=98753) log_opt_values /opt/stack/data/venv/lib/python3.12/site-packages/oslo_config/cfg.py:3253}}
Jun 26 07:35:00.486689 np0000003713 nova-conductor[98753]: DEBUG cotyledon.oslo_config_glue [-] oslo_messaging_rabbit.enable_cancel_on_failover = False {{(pid=98753) log_opt_values /opt/stack/data/venv/lib/python3.12/site-packages/oslo_config/cfg.py:3253}}
Jun 26 07:35:00.486689 np0000003713 nova-conductor[98753]: DEBUG cotyledon.oslo_config_glue [-] oslo_messaging_rabbit.heartbeat_rate = 3 {{(pid=98753) log_opt_values /opt/stack/data/venv/lib/python3.12/site-packages/oslo_config/cfg.py:3253}}
Jun 26 07:35:00.486689 np0000003713 nova-conductor[98753]: DEBUG cotyledon.oslo_config_glue [-] oslo_messaging_rabbit.heartbeat_timeout_threshold = 60 {{(pid=98753) log_opt_values /opt/stack/data/venv/lib/python3.12/site-packages/oslo_config/cfg.py:3253}}
Jun 26 07:35:00.486689 np0000003713 nova-conductor[98753]: DEBUG cotyledon.oslo_config_glue [-] oslo_messaging_rabbit.hostname = np0000003713 {{(pid=98753) log_opt_values /opt/stack/data/venv/lib/python3.12/site-packages/oslo_config/cfg.py:3253}}
Jun 26 07:35:00.486689 np0000003713 nova-conductor[98753]: DEBUG cotyledon.oslo_config_glue [-] oslo_messaging_rabbit.kombu_compression = None {{(pid=98753) log_opt_values /opt/stack/data/venv/lib/python3.12/site-packages/oslo_config/cfg.py:3253}}
Jun 26 07:35:00.486689 np0000003713 nova-conductor[98753]: DEBUG cotyledon.oslo_config_glue [-] oslo_messaging_rabbit.kombu_failover_strategy = round-robin {{(pid=98753) log_opt_values /opt/stack/data/venv/lib/python3.12/site-packages/oslo_config/cfg.py:3253}}
Jun 26 07:35:00.486689 np0000003713 nova-conductor[98753]: DEBUG cotyledon.oslo_config_glue [-] oslo_messaging_rabbit.kombu_missing_consumer_retry_timeout = 60 {{(pid=98753) log_opt_values /opt/stack/data/venv/lib/python3.12/site-packages/oslo_config/cfg.py:3253}}
Jun 26 07:35:00.486689 np0000003713 nova-conductor[98753]: DEBUG cotyledon.oslo_config_glue [-] oslo_messaging_rabbit.kombu_reconnect_delay = 1.0 {{(pid=98753) log_opt_values /opt/stack/data/venv/lib/python3.12/site-packages/oslo_config/cfg.py:3253}}
Jun 26 07:35:00.486961 np0000003713 nova-conductor[98753]: DEBUG cotyledon.oslo_config_glue [-] oslo_messaging_rabbit.kombu_reconnect_splay = 0.0 {{(pid=98753) log_opt_values /opt/stack/data/venv/lib/python3.12/site-packages/oslo_config/cfg.py:3253}}
Jun 26 07:35:00.486961 np0000003713 nova-conductor[98753]: DEBUG cotyledon.oslo_config_glue [-] oslo_messaging_rabbit.processname = nova-conductor {{(pid=98753) log_opt_values /opt/stack/data/venv/lib/python3.12/site-packages/oslo_config/cfg.py:3253}}
Jun 26 07:35:00.486961 np0000003713 nova-conductor[98753]: DEBUG cotyledon.oslo_config_glue [-] oslo_messaging_rabbit.rabbit_ha_queues = False {{(pid=98753) log_opt_values /opt/stack/data/venv/lib/python3.12/site-packages/oslo_config/cfg.py:3253}}
Jun 26 07:35:00.486961 np0000003713 nova-conductor[98753]: DEBUG cotyledon.oslo_config_glue [-] oslo_messaging_rabbit.rabbit_interval_max = 30 {{(pid=98753) log_opt_values /opt/stack/data/venv/lib/python3.12/site-packages/oslo_config/cfg.py:3253}}
Jun 26 07:35:00.486961 np0000003713 nova-conductor[98753]: DEBUG cotyledon.oslo_config_glue [-] oslo_messaging_rabbit.rabbit_login_method = AMQPLAIN {{(pid=98753) log_opt_values /opt/stack/data/venv/lib/python3.12/site-packages/oslo_config/cfg.py:3253}}
Jun 26 07:35:00.486961 np0000003713 nova-conductor[98753]: DEBUG cotyledon.oslo_config_glue [-] oslo_messaging_rabbit.rabbit_qos_prefetch_count = 0 {{(pid=98753) log_opt_values /opt/stack/data/venv/lib/python3.12/site-packages/oslo_config/cfg.py:3253}}
Jun 26 07:35:00.486961 np0000003713 nova-conductor[98753]: DEBUG cotyledon.oslo_config_glue [-] oslo_messaging_rabbit.rabbit_quorum_delivery_limit = 0 {{(pid=98753) log_opt_values /opt/stack/data/venv/lib/python3.12/site-packages/oslo_config/cfg.py:3253}}
Jun 26 07:35:00.486961 np0000003713 nova-conductor[98753]: DEBUG cotyledon.oslo_config_glue [-] oslo_messaging_rabbit.rabbit_quorum_max_memory_bytes = 0 {{(pid=98753) log_opt_values /opt/stack/data/venv/lib/python3.12/site-packages/oslo_config/cfg.py:3253}}
Jun 26 07:35:00.486961 np0000003713 nova-conductor[98753]: DEBUG cotyledon.oslo_config_glue [-] oslo_messaging_rabbit.rabbit_quorum_max_memory_length = 0 {{(pid=98753) log_opt_values /opt/stack/data/venv/lib/python3.12/site-packages/oslo_config/cfg.py:3253}}
Jun 26 07:35:00.487185 np0000003713 nova-conductor[98753]: DEBUG cotyledon.oslo_config_glue [-] oslo_messaging_rabbit.rabbit_quorum_queue = False {{(pid=98753) log_opt_values /opt/stack/data/venv/lib/python3.12/site-packages/oslo_config/cfg.py:3253}}
Jun 26 07:35:00.487185 np0000003713 nova-conductor[98753]: DEBUG cotyledon.oslo_config_glue [-] oslo_messaging_rabbit.rabbit_retry_backoff = 2 {{(pid=98753) log_opt_values /opt/stack/data/venv/lib/python3.12/site-packages/oslo_config/cfg.py:3253}}
Jun 26 07:35:00.487185 np0000003713 nova-conductor[98753]: DEBUG cotyledon.oslo_config_glue [-] oslo_messaging_rabbit.rabbit_retry_interval = 1 {{(pid=98753) log_opt_values /opt/stack/data/venv/lib/python3.12/site-packages/oslo_config/cfg.py:3253}}
Jun 26 07:35:00.487185 np0000003713 nova-conductor[98753]: DEBUG cotyledon.oslo_config_glue [-] oslo_messaging_rabbit.rabbit_stream_fanout = False {{(pid=98753) log_opt_values /opt/stack/data/venv/lib/python3.12/site-packages/oslo_config/cfg.py:3253}}
Jun 26 07:35:00.487185 np0000003713 nova-conductor[98753]: DEBUG cotyledon.oslo_config_glue [-] oslo_messaging_rabbit.rabbit_transient_queues_ttl = 1800 {{(pid=98753) log_opt_values /opt/stack/data/venv/lib/python3.12/site-packages/oslo_config/cfg.py:3253}}
Jun 26 07:35:00.487185 np0000003713 nova-conductor[98753]: DEBUG cotyledon.oslo_config_glue [-] oslo_messaging_rabbit.rabbit_transient_quorum_queue = False {{(pid=98753) log_opt_values /opt/stack/data/venv/lib/python3.12/site-packages/oslo_config/cfg.py:3253}}
Jun 26 07:35:00.487185 np0000003713 nova-conductor[98753]: DEBUG cotyledon.oslo_config_glue [-] oslo_messaging_rabbit.rpc_conn_pool_size = 30 {{(pid=98753) log_opt_values /opt/stack/data/venv/lib/python3.12/site-packages/oslo_config/cfg.py:3253}}
Jun 26 07:35:00.487185 np0000003713 nova-conductor[98753]: DEBUG cotyledon.oslo_config_glue [-] oslo_messaging_rabbit.ssl = False {{(pid=98753) log_opt_values /opt/stack/data/venv/lib/python3.12/site-packages/oslo_config/cfg.py:3253}}
Jun 26 07:35:00.487185 np0000003713 nova-conductor[98753]: DEBUG cotyledon.oslo_config_glue [-] oslo_messaging_rabbit.ssl_ca_file = {{(pid=98753) log_opt_values /opt/stack/data/venv/lib/python3.12/site-packages/oslo_config/cfg.py:3253}}
Jun 26 07:35:00.487576 np0000003713 nova-conductor[98753]: DEBUG cotyledon.oslo_config_glue [-] oslo_messaging_rabbit.ssl_cert_file = {{(pid=98753) log_opt_values /opt/stack/data/venv/lib/python3.12/site-packages/oslo_config/cfg.py:3253}}
Jun 26 07:35:00.487576 np0000003713 nova-conductor[98753]: DEBUG cotyledon.oslo_config_glue [-] oslo_messaging_rabbit.ssl_enforce_fips_mode = False {{(pid=98753) log_opt_values /opt/stack/data/venv/lib/python3.12/site-packages/oslo_config/cfg.py:3253}}
Jun 26 07:35:00.487576 np0000003713 nova-conductor[98753]: DEBUG cotyledon.oslo_config_glue [-] oslo_messaging_rabbit.ssl_enforce_hostname_verification = True {{(pid=98753) log_opt_values /opt/stack/data/venv/lib/python3.12/site-packages/oslo_config/cfg.py:3253}}
Jun 26 07:35:00.487576 np0000003713 nova-conductor[98753]: DEBUG cotyledon.oslo_config_glue [-] oslo_messaging_rabbit.ssl_key_file = {{(pid=98753) log_opt_values /opt/stack/data/venv/lib/python3.12/site-packages/oslo_config/cfg.py:3253}}
Jun 26 07:35:00.487576 np0000003713 nova-conductor[98753]: DEBUG cotyledon.oslo_config_glue [-] oslo_messaging_rabbit.ssl_version = {{(pid=98753) log_opt_values /opt/stack/data/venv/lib/python3.12/site-packages/oslo_config/cfg.py:3253}}
Jun 26 07:35:00.487576 np0000003713 nova-conductor[98753]: DEBUG cotyledon.oslo_config_glue [-] oslo_messaging_rabbit.use_queue_manager = False {{(pid=98753) log_opt_values /opt/stack/data/venv/lib/python3.12/site-packages/oslo_config/cfg.py:3253}}
Jun 26 07:35:00.487576 np0000003713 nova-conductor[98753]: DEBUG cotyledon.oslo_config_glue [-] oslo_messaging_notifications.driver = ['messagingv2'] {{(pid=98753) log_opt_values /opt/stack/data/venv/lib/python3.12/site-packages/oslo_config/cfg.py:3253}}
Jun 26 07:35:00.487576 np0000003713 nova-conductor[98753]: DEBUG cotyledon.oslo_config_glue [-] oslo_messaging_notifications.retry = -1 {{(pid=98753) log_opt_values /opt/stack/data/venv/lib/python3.12/site-packages/oslo_config/cfg.py:3253}}
Jun 26 07:35:00.487576 np0000003713 nova-conductor[98753]: DEBUG cotyledon.oslo_config_glue [-] oslo_messaging_notifications.topics = ['notifications'] {{(pid=98753) log_opt_values /opt/stack/data/venv/lib/python3.12/site-packages/oslo_config/cfg.py:3253}}
Jun 26 07:35:00.487850 np0000003713 nova-conductor[98753]: DEBUG cotyledon.oslo_config_glue [-] oslo_messaging_notifications.transport_url = **** {{(pid=98753) log_opt_values /opt/stack/data/venv/lib/python3.12/site-packages/oslo_config/cfg.py:3253}}
Jun 26 07:35:00.487850 np0000003713 nova-conductor[98753]: DEBUG cotyledon.oslo_config_glue [-] oslo_limit.auth_section = None {{(pid=98753) log_opt_values /opt/stack/data/venv/lib/python3.12/site-packages/oslo_config/cfg.py:3253}}
Jun 26 07:35:00.487850 np0000003713 nova-conductor[98753]: DEBUG cotyledon.oslo_config_glue [-] oslo_limit.auth_type = None {{(pid=98753) log_opt_values /opt/stack/data/venv/lib/python3.12/site-packages/oslo_config/cfg.py:3253}}
Jun 26 07:35:00.487850 np0000003713 nova-conductor[98753]: DEBUG cotyledon.oslo_config_glue [-] oslo_limit.cafile = None {{(pid=98753) log_opt_values /opt/stack/data/venv/lib/python3.12/site-packages/oslo_config/cfg.py:3253}}
Jun 26 07:35:00.487850 np0000003713 nova-conductor[98753]: DEBUG cotyledon.oslo_config_glue [-] oslo_limit.certfile = None {{(pid=98753) log_opt_values /opt/stack/data/venv/lib/python3.12/site-packages/oslo_config/cfg.py:3253}}
Jun 26 07:35:00.487850 np0000003713 nova-conductor[98753]: DEBUG cotyledon.oslo_config_glue [-] oslo_limit.collect_timing = False {{(pid=98753) log_opt_values /opt/stack/data/venv/lib/python3.12/site-packages/oslo_config/cfg.py:3253}}
Jun 26 07:35:00.487850 np0000003713 nova-conductor[98753]: DEBUG cotyledon.oslo_config_glue [-] oslo_limit.connect_retries = None {{(pid=98753) log_opt_values /opt/stack/data/venv/lib/python3.12/site-packages/oslo_config/cfg.py:3253}}
Jun 26 07:35:00.487850 np0000003713 nova-conductor[98753]: DEBUG cotyledon.oslo_config_glue [-] oslo_limit.connect_retry_delay = None {{(pid=98753) log_opt_values /opt/stack/data/venv/lib/python3.12/site-packages/oslo_config/cfg.py:3253}}
Jun 26 07:35:00.487850 np0000003713 nova-conductor[98753]: DEBUG cotyledon.oslo_config_glue [-] oslo_limit.endpoint_id = None {{(pid=98753) log_opt_values /opt/stack/data/venv/lib/python3.12/site-packages/oslo_config/cfg.py:3253}}
Jun 26 07:35:00.488138 np0000003713 nova-conductor[98753]: DEBUG cotyledon.oslo_config_glue [-] oslo_limit.endpoint_interface = public {{(pid=98753) log_opt_values /opt/stack/data/venv/lib/python3.12/site-packages/oslo_config/cfg.py:3253}}
Jun 26 07:35:00.488138 np0000003713 nova-conductor[98753]: DEBUG cotyledon.oslo_config_glue [-] oslo_limit.endpoint_override = None {{(pid=98753) log_opt_values /opt/stack/data/venv/lib/python3.12/site-packages/oslo_config/cfg.py:3253}}
Jun 26 07:35:00.488138 np0000003713 nova-conductor[98753]: DEBUG cotyledon.oslo_config_glue [-] oslo_limit.endpoint_region_name = None {{(pid=98753) log_opt_values /opt/stack/data/venv/lib/python3.12/site-packages/oslo_config/cfg.py:3253}}
Jun 26 07:35:00.488138 np0000003713 nova-conductor[98753]: DEBUG cotyledon.oslo_config_glue [-] oslo_limit.endpoint_service_name = None {{(pid=98753) log_opt_values /opt/stack/data/venv/lib/python3.12/site-packages/oslo_config/cfg.py:3253}}
Jun 26 07:35:00.488138 np0000003713 nova-conductor[98753]: DEBUG cotyledon.oslo_config_glue [-] oslo_limit.endpoint_service_type = None {{(pid=98753) log_opt_values /opt/stack/data/venv/lib/python3.12/site-packages/oslo_config/cfg.py:3253}}
Jun 26 07:35:00.488138 np0000003713 nova-conductor[98753]: DEBUG cotyledon.oslo_config_glue [-] oslo_limit.insecure = False {{(pid=98753) log_opt_values /opt/stack/data/venv/lib/python3.12/site-packages/oslo_config/cfg.py:3253}}
Jun 26 07:35:00.488138 np0000003713 nova-conductor[98753]: DEBUG cotyledon.oslo_config_glue [-] oslo_limit.keyfile = None {{(pid=98753) log_opt_values /opt/stack/data/venv/lib/python3.12/site-packages/oslo_config/cfg.py:3253}}
Jun 26 07:35:00.488138 np0000003713 nova-conductor[98753]: DEBUG cotyledon.oslo_config_glue [-] oslo_limit.max_version = None {{(pid=98753) log_opt_values /opt/stack/data/venv/lib/python3.12/site-packages/oslo_config/cfg.py:3253}}
Jun 26 07:35:00.488138 np0000003713 nova-conductor[98753]: DEBUG cotyledon.oslo_config_glue [-] oslo_limit.min_version = None {{(pid=98753) log_opt_values /opt/stack/data/venv/lib/python3.12/site-packages/oslo_config/cfg.py:3253}}
Jun 26 07:35:00.488433 np0000003713 nova-conductor[98753]: DEBUG cotyledon.oslo_config_glue [-] oslo_limit.region_name = None {{(pid=98753) log_opt_values /opt/stack/data/venv/lib/python3.12/site-packages/oslo_config/cfg.py:3253}}
Jun 26 07:35:00.488433 np0000003713 nova-conductor[98753]: DEBUG cotyledon.oslo_config_glue [-] oslo_limit.retriable_status_codes = None {{(pid=98753) log_opt_values /opt/stack/data/venv/lib/python3.12/site-packages/oslo_config/cfg.py:3253}}
Jun 26 07:35:00.488433 np0000003713 nova-conductor[98753]: DEBUG cotyledon.oslo_config_glue [-] oslo_limit.service_name = None {{(pid=98753) log_opt_values /opt/stack/data/venv/lib/python3.12/site-packages/oslo_config/cfg.py:3253}}
Jun 26 07:35:00.488433 np0000003713 nova-conductor[98753]: DEBUG cotyledon.oslo_config_glue [-] oslo_limit.service_type = None {{(pid=98753) log_opt_values /opt/stack/data/venv/lib/python3.12/site-packages/oslo_config/cfg.py:3253}}
Jun 26 07:35:00.488433 np0000003713 nova-conductor[98753]: DEBUG cotyledon.oslo_config_glue [-] oslo_limit.split_loggers = False {{(pid=98753) log_opt_values /opt/stack/data/venv/lib/python3.12/site-packages/oslo_config/cfg.py:3253}}
Jun 26 07:35:00.488433 np0000003713 nova-conductor[98753]: DEBUG cotyledon.oslo_config_glue [-] oslo_limit.status_code_retries = None {{(pid=98753) log_opt_values /opt/stack/data/venv/lib/python3.12/site-packages/oslo_config/cfg.py:3253}}
Jun 26 07:35:00.488433 np0000003713 nova-conductor[98753]: DEBUG cotyledon.oslo_config_glue [-] oslo_limit.status_code_retry_delay = None {{(pid=98753) log_opt_values /opt/stack/data/venv/lib/python3.12/site-packages/oslo_config/cfg.py:3253}}
Jun 26 07:35:00.488433 np0000003713 nova-conductor[98753]: DEBUG cotyledon.oslo_config_glue [-] oslo_limit.timeout = None {{(pid=98753) log_opt_values /opt/stack/data/venv/lib/python3.12/site-packages/oslo_config/cfg.py:3253}}
Jun 26 07:35:00.488433 np0000003713 nova-conductor[98753]: DEBUG cotyledon.oslo_config_glue [-] oslo_limit.valid_interfaces = None {{(pid=98753) log_opt_values /opt/stack/data/venv/lib/python3.12/site-packages/oslo_config/cfg.py:3253}}
Jun 26 07:35:00.488696 np0000003713 nova-conductor[98753]: DEBUG cotyledon.oslo_config_glue [-] oslo_limit.version = None {{(pid=98753) log_opt_values /opt/stack/data/venv/lib/python3.12/site-packages/oslo_config/cfg.py:3253}}
Jun 26 07:35:00.488696 np0000003713 nova-conductor[98753]: DEBUG cotyledon.oslo_config_glue [-] oslo_reports.file_event_handler = None {{(pid=98753) log_opt_values /opt/stack/data/venv/lib/python3.12/site-packages/oslo_config/cfg.py:3253}}
Jun 26 07:35:00.488696 np0000003713 nova-conductor[98753]: DEBUG cotyledon.oslo_config_glue [-] oslo_reports.file_event_handler_interval = 1 {{(pid=98753) log_opt_values /opt/stack/data/venv/lib/python3.12/site-packages/oslo_config/cfg.py:3253}}
Jun 26 07:35:00.488696 np0000003713 nova-conductor[98753]: DEBUG cotyledon.oslo_config_glue [-] oslo_reports.log_dir = None {{(pid=98753) log_opt_values /opt/stack/data/venv/lib/python3.12/site-packages/oslo_config/cfg.py:3253}}
Jun 26 07:35:00.488696 np0000003713 nova-conductor[98753]: DEBUG cotyledon.oslo_config_glue [-] ******************************************************************************** {{(pid=98753) log_opt_values /opt/stack/data/venv/lib/python3.12/site-packages/oslo_config/cfg.py:3260}}
Jun 26 07:35:00.488696 np0000003713 nova-conductor[98753]: DEBUG cotyledon._service_worker [-] Run service ServiceWrapper(3) [98753] {{(pid=98753) wait_forever /opt/stack/data/venv/lib/python3.12/site-packages/cotyledon/_service_worker.py:218}}
Jun 26 07:35:00.488898 np0000003713 nova-conductor[98742]: DEBUG oslo_db.sqlalchemy.engines [None req-26978451-f6ea-4d2d-9dd9-96d49a0b17d3 None None] MySQL server mode set to STRICT_TRANS_TABLES,STRICT_ALL_TABLES,NO_ZERO_IN_DATE,NO_ZERO_DATE,ERROR_FOR_DIVISION_BY_ZERO,TRADITIONAL,NO_ENGINE_SUBSTITUTION {{(pid=98742) _check_effective_sql_mode /opt/stack/data/venv/lib/python3.12/site-packages/oslo_db/sqlalchemy/engines.py:325}}
Jun 26 07:35:00.488946 np0000003713 nova-conductor[98753]: INFO nova.service [-] Starting conductor node (version 33.1.0)
Jun 26 07:35:00.488946 np0000003713 nova-conductor[98753]: INFO dbcounter [None req-a2d0bbc3-5bab-4b04-9f66-76586273ce58 None None] Registered counter for database nova_cell0
Jun 26 07:35:00.489013 np0000003713 nova-conductor[98742]: DEBUG dbcounter [-] [98742] Writer thread running {{(pid=98742) stat_writer /opt/stack/data/venv/lib/python3.12/site-packages/dbcounter.py:102}}
Jun 26 07:35:00.489047 np0000003713 nova-conductor[98733]: DEBUG nova.service [None req-5dab3a55-7987-4896-9886-22cc02901ff1 None None] Creating RPC server for service: nova-conductor on topic: conductor {{(pid=98733) start /opt/stack/nova/nova/service.py:196}}
Jun 26 07:35:00.489082 np0000003713 nova-conductor[98748]: DEBUG oslo_db.sqlalchemy.engines [None req-7865e69e-a84e-43de-9b0f-1c5265401084 None None] MySQL server mode set to STRICT_TRANS_TABLES,STRICT_ALL_TABLES,NO_ZERO_IN_DATE,NO_ZERO_DATE,ERROR_FOR_DIVISION_BY_ZERO,TRADITIONAL,NO_ENGINE_SUBSTITUTION {{(pid=98748) _check_effective_sql_mode /opt/stack/data/venv/lib/python3.12/site-packages/oslo_db/sqlalchemy/engines.py:325}}
Jun 26 07:35:00.489118 np0000003713 nova-conductor[98742]: DEBUG nova.service [None req-26978451-f6ea-4d2d-9dd9-96d49a0b17d3 None None] Creating RPC server for service: nova-conductor on topic: conductor {{(pid=98742) start /opt/stack/nova/nova/service.py:196}}
Jun 26 07:35:00.489153 np0000003713 nova-conductor[98748]: DEBUG dbcounter [-] [98748] Writer thread running {{(pid=98748) stat_writer /opt/stack/data/venv/lib/python3.12/site-packages/dbcounter.py:102}}
Jun 26 07:35:00.489153 np0000003713 nova-conductor[98748]: DEBUG nova.service [None req-7865e69e-a84e-43de-9b0f-1c5265401084 None None] Creating RPC server for service: nova-conductor on topic: conductor {{(pid=98748) start /opt/stack/nova/nova/service.py:196}}
Jun 26 07:35:00.501180 np0000003713 nova-conductor[98733]: DEBUG nova.service [None req-5dab3a55-7987-4896-9886-22cc02901ff1 None None] Join ServiceGroup membership for this service conductor {{(pid=98733) start /opt/stack/nova/nova/service.py:222}}
Jun 26 07:35:00.501427 np0000003713 nova-conductor[98733]: DEBUG nova.servicegroup.drivers.db [None req-5dab3a55-7987-4896-9886-22cc02901ff1 None None] DB_Driver: join new ServiceGroup member np0000003713 to the conductor group, service = {{(pid=98733) join /opt/stack/nova/nova/servicegroup/drivers/db.py:44}}
Jun 26 07:35:00.505892 np0000003713 nova-conductor[98742]: DEBUG nova.service [None req-26978451-f6ea-4d2d-9dd9-96d49a0b17d3 None None] Join ServiceGroup membership for this service conductor {{(pid=98742) start /opt/stack/nova/nova/service.py:222}}
Jun 26 07:35:00.506181 np0000003713 nova-conductor[98742]: DEBUG nova.servicegroup.drivers.db [None req-26978451-f6ea-4d2d-9dd9-96d49a0b17d3 None None] DB_Driver: join new ServiceGroup member np0000003713 to the conductor group, service = {{(pid=98742) join /opt/stack/nova/nova/servicegroup/drivers/db.py:44}}
Jun 26 07:35:00.506376 np0000003713 nova-conductor[98748]: DEBUG nova.service [None req-7865e69e-a84e-43de-9b0f-1c5265401084 None None] Join ServiceGroup membership for this service conductor {{(pid=98748) start /opt/stack/nova/nova/service.py:222}}
Jun 26 07:35:00.506793 np0000003713 nova-conductor[98748]: DEBUG nova.servicegroup.drivers.db [None req-7865e69e-a84e-43de-9b0f-1c5265401084 None None] DB_Driver: join new ServiceGroup member np0000003713 to the conductor group, service = {{(pid=98748) join /opt/stack/nova/nova/servicegroup/drivers/db.py:44}}
Jun 26 07:35:00.511159 np0000003713 nova-conductor[98753]: DEBUG oslo_db.sqlalchemy.engines [None req-a2d0bbc3-5bab-4b04-9f66-76586273ce58 None None] MySQL server mode set to STRICT_TRANS_TABLES,STRICT_ALL_TABLES,NO_ZERO_IN_DATE,NO_ZERO_DATE,ERROR_FOR_DIVISION_BY_ZERO,TRADITIONAL,NO_ENGINE_SUBSTITUTION {{(pid=98753) _check_effective_sql_mode /opt/stack/data/venv/lib/python3.12/site-packages/oslo_db/sqlalchemy/engines.py:325}}
Jun 26 07:35:00.521374 np0000003713 nova-conductor[98753]: DEBUG dbcounter [-] [98753] Writer thread running {{(pid=98753) stat_writer /opt/stack/data/venv/lib/python3.12/site-packages/dbcounter.py:102}}
Jun 26 07:35:00.524836 np0000003713 nova-conductor[98753]: DEBUG nova.service [None req-a2d0bbc3-5bab-4b04-9f66-76586273ce58 None None] Creating RPC server for service: nova-conductor on topic: conductor {{(pid=98753) start /opt/stack/nova/nova/service.py:196}}
Jun 26 07:35:00.545066 np0000003713 nova-conductor[98753]: DEBUG nova.service [None req-a2d0bbc3-5bab-4b04-9f66-76586273ce58 None None] Join ServiceGroup membership for this service conductor {{(pid=98753) start /opt/stack/nova/nova/service.py:222}}
Jun 26 07:35:00.545066 np0000003713 nova-conductor[98753]: DEBUG nova.servicegroup.drivers.db [None req-a2d0bbc3-5bab-4b04-9f66-76586273ce58 None None] DB_Driver: join new ServiceGroup member np0000003713 to the conductor group, service = {{(pid=98753) join /opt/stack/nova/nova/servicegroup/drivers/db.py:44}}
Jun 26 07:35:05.517635 np0000003713 nova-conductor[98733]: DEBUG oslo.service.backend._threading.loopingcall [-] Fixed interval looping call 'nova.servicegroup.drivers.db.DbDriver._report_state' sleeping for 119.99 seconds {{(pid=98733) _run_loop /opt/stack/data/venv/lib/python3.12/site-packages/oslo_service/backend/_threading/loopingcall.py:125}}
Jun 26 07:35:05.519685 np0000003713 nova-conductor[98742]: DEBUG oslo.service.backend._threading.loopingcall [-] Fixed interval looping call 'nova.servicegroup.drivers.db.DbDriver._report_state' sleeping for 119.99 seconds {{(pid=98742) _run_loop /opt/stack/data/venv/lib/python3.12/site-packages/oslo_service/backend/_threading/loopingcall.py:125}}
Jun 26 07:35:05.520127 np0000003713 nova-conductor[98748]: DEBUG oslo.service.backend._threading.loopingcall [-] Fixed interval looping call 'nova.servicegroup.drivers.db.DbDriver._report_state' sleeping for 119.99 seconds {{(pid=98748) _run_loop /opt/stack/data/venv/lib/python3.12/site-packages/oslo_service/backend/_threading/loopingcall.py:125}}
Jun 26 07:35:05.559492 np0000003713 nova-conductor[98753]: DEBUG oslo.service.backend._threading.loopingcall [-] Fixed interval looping call 'nova.servicegroup.drivers.db.DbDriver._report_state' sleeping for 119.99 seconds {{(pid=98753) _run_loop /opt/stack/data/venv/lib/python3.12/site-packages/oslo_service/backend/_threading/loopingcall.py:125}}
Jun 26 07:35:08.508815 np0000003713 nova-conductor[98742]: DEBUG oslo.service.backend._threading.loopingcall [None req-4d273d04-51d9-42a9-8b08-ecf55d4c7b1b None None] Dynamic interval looping call 'nova.service.Service.periodic_tasks' sleeping for 60.00 seconds {{(pid=98742) _run_loop /opt/stack/data/venv/lib/python3.12/site-packages/oslo_service/backend/_threading/loopingcall.py:125}}
Jun 26 07:35:09.066082 np0000003713 nova-conductor[97273]: DEBUG dbcounter [-] [97273] Writing DB stats nova_api:SELECT=1 {{(pid=97273) stat_writer /opt/stack/data/venv/lib/python3.12/site-packages/dbcounter.py:115}}
Jun 26 07:35:09.200307 np0000003713 nova-conductor[97273]: DEBUG dbcounter [-] [97273] Writing DB stats nova_cell0:SELECT=1 {{(pid=97273) stat_writer /opt/stack/data/venv/lib/python3.12/site-packages/dbcounter.py:115}}
Jun 26 07:35:09.204289 np0000003713 nova-conductor[97273]: DEBUG dbcounter [-] [97273] Writing DB stats nova_cell1:SELECT=1 {{(pid=97273) stat_writer /opt/stack/data/venv/lib/python3.12/site-packages/dbcounter.py:115}}
Jun 26 07:35:15.510641 np0000003713 nova-conductor[98733]: DEBUG dbcounter [-] [98733] Writing DB stats nova_cell0:SELECT=4,nova_cell0:INSERT=1,nova_cell0:UPDATE=1 {{(pid=98733) stat_writer /opt/stack/data/venv/lib/python3.12/site-packages/dbcounter.py:115}}
Jun 26 07:35:15.513253 np0000003713 nova-conductor[98742]: DEBUG dbcounter [-] [98742] Writing DB stats nova_cell0:SELECT=4,nova_cell0:INSERT=1,nova_cell0:UPDATE=1 {{(pid=98742) stat_writer /opt/stack/data/venv/lib/python3.12/site-packages/dbcounter.py:115}}
Jun 26 07:35:15.517809 np0000003713 nova-conductor[98748]: DEBUG dbcounter [-] [98748] Writing DB stats nova_cell0:SELECT=3,nova_cell0:UPDATE=1 {{(pid=98748) stat_writer /opt/stack/data/venv/lib/python3.12/site-packages/dbcounter.py:115}}
Jun 26 07:35:15.555269 np0000003713 nova-conductor[98753]: DEBUG dbcounter [-] [98753] Writing DB stats nova_cell0:SELECT=3 {{(pid=98753) stat_writer /opt/stack/data/venv/lib/python3.12/site-packages/dbcounter.py:115}}
Jun 26 07:35:27.546763 np0000003713 nova-conductor[98753]: DEBUG oslo.service.backend._threading.loopingcall [None req-a60aa181-1522-451d-9358-bf7aac6db07d None None] Dynamic interval looping call 'nova.service.Service.periodic_tasks' sleeping for 60.00 seconds {{(pid=98753) _run_loop /opt/stack/data/venv/lib/python3.12/site-packages/oslo_service/backend/_threading/loopingcall.py:125}}
Jun 26 07:35:29.509146 np0000003713 nova-conductor[98748]: DEBUG oslo.service.backend._threading.loopingcall [None req-6c16c9ce-1c68-422a-9e5e-1aa5464c4eb4 None None] Dynamic interval looping call 'nova.service.Service.periodic_tasks' sleeping for 60.00 seconds {{(pid=98748) _run_loop /opt/stack/data/venv/lib/python3.12/site-packages/oslo_service/backend/_threading/loopingcall.py:125}}
Jun 26 07:35:36.503782 np0000003713 nova-conductor[98733]: DEBUG oslo.service.backend._threading.loopingcall [None req-84e45633-8394-4c80-9a46-a23df02fb28f None None] Dynamic interval looping call 'nova.service.Service.periodic_tasks' sleeping for 60.00 seconds {{(pid=98733) _run_loop /opt/stack/data/venv/lib/python3.12/site-packages/oslo_service/backend/_threading/loopingcall.py:125}}
Jun 26 07:36:08.509450 np0000003713 nova-conductor[98742]: DEBUG oslo.service.backend._threading.loopingcall [None req-4d273d04-51d9-42a9-8b08-ecf55d4c7b1b None None] Dynamic interval looping call 'nova.service.Service.periodic_tasks' sleeping for 60.00 seconds {{(pid=98742) _run_loop /opt/stack/data/venv/lib/python3.12/site-packages/oslo_service/backend/_threading/loopingcall.py:125}}
Jun 26 07:36:27.547231 np0000003713 nova-conductor[98753]: DEBUG oslo.service.backend._threading.loopingcall [None req-a60aa181-1522-451d-9358-bf7aac6db07d None None] Dynamic interval looping call 'nova.service.Service.periodic_tasks' sleeping for 60.00 seconds {{(pid=98753) _run_loop /opt/stack/data/venv/lib/python3.12/site-packages/oslo_service/backend/_threading/loopingcall.py:125}}
Jun 26 07:36:29.509718 np0000003713 nova-conductor[98748]: DEBUG oslo.service.backend._threading.loopingcall [None req-6c16c9ce-1c68-422a-9e5e-1aa5464c4eb4 None None] Dynamic interval looping call 'nova.service.Service.periodic_tasks' sleeping for 60.00 seconds {{(pid=98748) _run_loop /opt/stack/data/venv/lib/python3.12/site-packages/oslo_service/backend/_threading/loopingcall.py:125}}
Jun 26 07:36:36.504330 np0000003713 nova-conductor[98733]: DEBUG oslo.service.backend._threading.loopingcall [None req-84e45633-8394-4c80-9a46-a23df02fb28f None None] Dynamic interval looping call 'nova.service.Service.periodic_tasks' sleeping for 60.00 seconds {{(pid=98733) _run_loop /opt/stack/data/venv/lib/python3.12/site-packages/oslo_service/backend/_threading/loopingcall.py:125}}
Jun 26 07:37:05.517222 np0000003713 nova-conductor[98733]: DEBUG oslo.service.backend._threading.loopingcall [-] Fixed interval looping call 'nova.servicegroup.drivers.db.DbDriver._report_state' sleeping for 119.99 seconds {{(pid=98733) _run_loop /opt/stack/data/venv/lib/python3.12/site-packages/oslo_service/backend/_threading/loopingcall.py:125}}
Jun 26 07:37:05.517889 np0000003713 nova-conductor[98748]: DEBUG oslo.service.backend._threading.loopingcall [-] Fixed interval looping call 'nova.servicegroup.drivers.db.DbDriver._report_state' sleeping for 119.99 seconds {{(pid=98748) _run_loop /opt/stack/data/venv/lib/python3.12/site-packages/oslo_service/backend/_threading/loopingcall.py:125}}
Jun 26 07:37:05.518747 np0000003713 nova-conductor[98742]: DEBUG oslo.service.backend._threading.loopingcall [-] Fixed interval looping call 'nova.servicegroup.drivers.db.DbDriver._report_state' sleeping for 119.99 seconds {{(pid=98742) _run_loop /opt/stack/data/venv/lib/python3.12/site-packages/oslo_service/backend/_threading/loopingcall.py:125}}
Jun 26 07:37:05.552846 np0000003713 nova-conductor[98753]: DEBUG oslo.service.backend._threading.loopingcall [-] Fixed interval looping call 'nova.servicegroup.drivers.db.DbDriver._report_state' sleeping for 120.00 seconds {{(pid=98753) _run_loop /opt/stack/data/venv/lib/python3.12/site-packages/oslo_service/backend/_threading/loopingcall.py:125}}
Jun 26 07:37:08.509948 np0000003713 nova-conductor[98742]: DEBUG oslo.service.backend._threading.loopingcall [None req-4d273d04-51d9-42a9-8b08-ecf55d4c7b1b None None] Dynamic interval looping call 'nova.service.Service.periodic_tasks' sleeping for 60.00 seconds {{(pid=98742) _run_loop /opt/stack/data/venv/lib/python3.12/site-packages/oslo_service/backend/_threading/loopingcall.py:125}}
Jun 26 07:37:15.510833 np0000003713 nova-conductor[98733]: DEBUG dbcounter [-] [98733] Writing DB stats nova_cell0:SELECT=1,nova_cell0:UPDATE=1 {{(pid=98733) stat_writer /opt/stack/data/venv/lib/python3.12/site-packages/dbcounter.py:115}}
Jun 26 07:37:15.513410 np0000003713 nova-conductor[98742]: DEBUG dbcounter [-] [98742] Writing DB stats nova_cell0:SELECT=1,nova_cell0:UPDATE=1 {{(pid=98742) stat_writer /opt/stack/data/venv/lib/python3.12/site-packages/dbcounter.py:115}}
Jun 26 07:37:15.513852 np0000003713 nova-conductor[98748]: DEBUG dbcounter [-] [98748] Writing DB stats nova_cell0:SELECT=1,nova_cell0:UPDATE=1 {{(pid=98748) stat_writer /opt/stack/data/venv/lib/python3.12/site-packages/dbcounter.py:115}}
Jun 26 07:37:15.551298 np0000003713 nova-conductor[98753]: DEBUG dbcounter [-] [98753] Writing DB stats nova_cell0:SELECT=1 {{(pid=98753) stat_writer /opt/stack/data/venv/lib/python3.12/site-packages/dbcounter.py:115}}
Jun 26 07:37:27.547946 np0000003713 nova-conductor[98753]: DEBUG oslo.service.backend._threading.loopingcall [None req-a60aa181-1522-451d-9358-bf7aac6db07d None None] Dynamic interval looping call 'nova.service.Service.periodic_tasks' sleeping for 60.00 seconds {{(pid=98753) _run_loop /opt/stack/data/venv/lib/python3.12/site-packages/oslo_service/backend/_threading/loopingcall.py:125}}
Jun 26 07:37:29.510840 np0000003713 nova-conductor[98748]: DEBUG oslo.service.backend._threading.loopingcall [None req-6c16c9ce-1c68-422a-9e5e-1aa5464c4eb4 None None] Dynamic interval looping call 'nova.service.Service.periodic_tasks' sleeping for 60.00 seconds {{(pid=98748) _run_loop /opt/stack/data/venv/lib/python3.12/site-packages/oslo_service/backend/_threading/loopingcall.py:125}}
Jun 26 07:37:30.601604 np0000003713 nova-conductor[98733]: DEBUG oslo_db.sqlalchemy.engines [None req-a88a5026-d1a7-4d04-ac24-ec2f57ce5ad5 tempest-ServerBootFromVolumeStableRescueTest-86392266 tempest-ServerBootFromVolumeStableRescueTest-86392266-project-member] Parent process 97273 forked (98733) with an open database connection, which is being discarded and recreated. {{(pid=98733) checkout /opt/stack/data/venv/lib/python3.12/site-packages/oslo_db/sqlalchemy/engines.py:402}}
Jun 26 07:37:30.655103 np0000003713 nova-conductor[98733]: DEBUG dbcounter [-] [98733] Writer thread running {{(pid=98733) stat_writer /opt/stack/data/venv/lib/python3.12/site-packages/dbcounter.py:102}}
Jun 26 07:37:31.230854 np0000003713 nova-conductor[98742]: DEBUG dbcounter [-] [98742] Writer thread running {{(pid=98742) stat_writer /opt/stack/data/venv/lib/python3.12/site-packages/dbcounter.py:102}}
Jun 26 07:37:31.958678 np0000003713 nova-conductor[98748]: DEBUG dbcounter [-] [98748] Writer thread running {{(pid=98748) stat_writer /opt/stack/data/venv/lib/python3.12/site-packages/dbcounter.py:102}}
Jun 26 07:37:32.186507 np0000003713 nova-conductor[98733]: DEBUG nova.conductor.manager [None req-a88a5026-d1a7-4d04-ac24-ec2f57ce5ad5 tempest-ServerBootFromVolumeStableRescueTest-86392266 tempest-ServerBootFromVolumeStableRescueTest-86392266-project-member] Took 1.53 seconds to select destinations for 1 instance(s). {{(pid=98733) _schedule_instances /opt/stack/nova/nova/conductor/manager.py:968}}
Jun 26 07:37:32.227013 np0000003713 nova-conductor[98753]: DEBUG dbcounter [-] [98753] Writer thread running {{(pid=98753) stat_writer /opt/stack/data/venv/lib/python3.12/site-packages/dbcounter.py:102}}
Jun 26 07:37:32.235902 np0000003713 nova-conductor[98733]: DEBUG oslo_concurrency.lockutils [None req-a88a5026-d1a7-4d04-ac24-ec2f57ce5ad5 tempest-ServerBootFromVolumeStableRescueTest-86392266 tempest-ServerBootFromVolumeStableRescueTest-86392266-project-member] Acquiring lock "5cc0968a-e3c7-4907-9385-7983607c37dd" by "nova.context.set_target_cell..get_or_set_cached_cell_and_set_connections" {{(pid=98733) inner /opt/stack/data/venv/lib/python3.12/site-packages/oslo_concurrency/lockutils.py:511}}
Jun 26 07:37:32.236344 np0000003713 nova-conductor[98733]: DEBUG oslo_concurrency.lockutils [None req-a88a5026-d1a7-4d04-ac24-ec2f57ce5ad5 tempest-ServerBootFromVolumeStableRescueTest-86392266 tempest-ServerBootFromVolumeStableRescueTest-86392266-project-member] Lock "5cc0968a-e3c7-4907-9385-7983607c37dd" acquired by "nova.context.set_target_cell..get_or_set_cached_cell_and_set_connections" :: waited 0.000s {{(pid=98733) inner /opt/stack/data/venv/lib/python3.12/site-packages/oslo_concurrency/lockutils.py:524}}
Jun 26 07:37:32.238897 np0000003713 nova-conductor[98733]: DEBUG oslo_concurrency.lockutils [None req-a88a5026-d1a7-4d04-ac24-ec2f57ce5ad5 tempest-ServerBootFromVolumeStableRescueTest-86392266 tempest-ServerBootFromVolumeStableRescueTest-86392266-project-member] Lock "5cc0968a-e3c7-4907-9385-7983607c37dd" "released" by "nova.context.set_target_cell..get_or_set_cached_cell_and_set_connections" :: held 0.003s {{(pid=98733) inner /opt/stack/data/venv/lib/python3.12/site-packages/oslo_concurrency/lockutils.py:543}}
Jun 26 07:37:32.241902 np0000003713 nova-conductor[98733]: INFO dbcounter [None req-a88a5026-d1a7-4d04-ac24-ec2f57ce5ad5 tempest-ServerBootFromVolumeStableRescueTest-86392266 tempest-ServerBootFromVolumeStableRescueTest-86392266-project-member] Registered counter for database nova_cell1
Jun 26 07:37:32.282704 np0000003713 nova-conductor[98742]: DEBUG nova.conductor.manager [None req-68df3470-adba-44ab-aadb-38d6f538064e tempest-DeleteServersTestJSON-1668065334 tempest-DeleteServersTestJSON-1668065334-project-member] Took 1.05 seconds to select destinations for 1 instance(s). {{(pid=98742) _schedule_instances /opt/stack/nova/nova/conductor/manager.py:968}}
Jun 26 07:37:32.291375 np0000003713 nova-conductor[98733]: DEBUG oslo_db.sqlalchemy.engines [None req-a88a5026-d1a7-4d04-ac24-ec2f57ce5ad5 tempest-ServerBootFromVolumeStableRescueTest-86392266 tempest-ServerBootFromVolumeStableRescueTest-86392266-project-member] MySQL server mode set to STRICT_TRANS_TABLES,STRICT_ALL_TABLES,NO_ZERO_IN_DATE,NO_ZERO_DATE,ERROR_FOR_DIVISION_BY_ZERO,TRADITIONAL,NO_ENGINE_SUBSTITUTION {{(pid=98733) _check_effective_sql_mode /opt/stack/data/venv/lib/python3.12/site-packages/oslo_db/sqlalchemy/engines.py:325}}
Jun 26 07:37:32.299473 np0000003713 nova-conductor[98733]: DEBUG dbcounter [-] [98733] Writer thread running {{(pid=98733) stat_writer /opt/stack/data/venv/lib/python3.12/site-packages/dbcounter.py:102}}
Jun 26 07:37:32.313194 np0000003713 nova-conductor[98742]: DEBUG oslo_concurrency.lockutils [None req-68df3470-adba-44ab-aadb-38d6f538064e tempest-DeleteServersTestJSON-1668065334 tempest-DeleteServersTestJSON-1668065334-project-member] Acquiring lock "5cc0968a-e3c7-4907-9385-7983607c37dd" by "nova.context.set_target_cell..get_or_set_cached_cell_and_set_connections" {{(pid=98742) inner /opt/stack/data/venv/lib/python3.12/site-packages/oslo_concurrency/lockutils.py:511}}
Jun 26 07:37:32.313194 np0000003713 nova-conductor[98742]: DEBUG oslo_concurrency.lockutils [None req-68df3470-adba-44ab-aadb-38d6f538064e tempest-DeleteServersTestJSON-1668065334 tempest-DeleteServersTestJSON-1668065334-project-member] Lock "5cc0968a-e3c7-4907-9385-7983607c37dd" acquired by "nova.context.set_target_cell..get_or_set_cached_cell_and_set_connections" :: waited 0.001s {{(pid=98742) inner /opt/stack/data/venv/lib/python3.12/site-packages/oslo_concurrency/lockutils.py:524}}
Jun 26 07:37:32.315232 np0000003713 nova-conductor[98742]: DEBUG oslo_concurrency.lockutils [None req-68df3470-adba-44ab-aadb-38d6f538064e tempest-DeleteServersTestJSON-1668065334 tempest-DeleteServersTestJSON-1668065334-project-member] Lock "5cc0968a-e3c7-4907-9385-7983607c37dd" "released" by "nova.context.set_target_cell..get_or_set_cached_cell_and_set_connections" :: held 0.002s {{(pid=98742) inner /opt/stack/data/venv/lib/python3.12/site-packages/oslo_concurrency/lockutils.py:543}}
Jun 26 07:37:32.317646 np0000003713 nova-conductor[98742]: INFO dbcounter [None req-68df3470-adba-44ab-aadb-38d6f538064e tempest-DeleteServersTestJSON-1668065334 tempest-DeleteServersTestJSON-1668065334-project-member] Registered counter for database nova_cell1
Jun 26 07:37:32.373971 np0000003713 nova-conductor[98742]: DEBUG oslo_db.sqlalchemy.engines [None req-68df3470-adba-44ab-aadb-38d6f538064e tempest-DeleteServersTestJSON-1668065334 tempest-DeleteServersTestJSON-1668065334-project-member] MySQL server mode set to STRICT_TRANS_TABLES,STRICT_ALL_TABLES,NO_ZERO_IN_DATE,NO_ZERO_DATE,ERROR_FOR_DIVISION_BY_ZERO,TRADITIONAL,NO_ENGINE_SUBSTITUTION {{(pid=98742) _check_effective_sql_mode /opt/stack/data/venv/lib/python3.12/site-packages/oslo_db/sqlalchemy/engines.py:325}}
Jun 26 07:37:32.381819 np0000003713 nova-conductor[98742]: DEBUG dbcounter [-] [98742] Writer thread running {{(pid=98742) stat_writer /opt/stack/data/venv/lib/python3.12/site-packages/dbcounter.py:102}}
Jun 26 07:37:32.396810 np0000003713 nova-conductor[98733]: INFO nova.utils [None req-a88a5026-d1a7-4d04-ac24-ec2f57ce5ad5 tempest-ServerBootFromVolumeStableRescueTest-86392266 tempest-ServerBootFromVolumeStableRescueTest-86392266-project-member] The cell worker thread pool ForkProcess-1.cell_worker is initialized
Jun 26 07:37:32.397123 np0000003713 nova-conductor[98733]: DEBUG oslo_concurrency.lockutils [None req-a88a5026-d1a7-4d04-ac24-ec2f57ce5ad5 tempest-ServerBootFromVolumeStableRescueTest-86392266 tempest-ServerBootFromVolumeStableRescueTest-86392266-project-member] Acquiring lock "00000000-0000-0000-0000-000000000000" by "nova.context.set_target_cell..get_or_set_cached_cell_and_set_connections" {{(pid=98733) inner /opt/stack/data/venv/lib/python3.12/site-packages/oslo_concurrency/lockutils.py:511}}
Jun 26 07:37:32.397262 np0000003713 nova-conductor[98733]: DEBUG oslo_concurrency.lockutils [None req-a88a5026-d1a7-4d04-ac24-ec2f57ce5ad5 tempest-ServerBootFromVolumeStableRescueTest-86392266 tempest-ServerBootFromVolumeStableRescueTest-86392266-project-member] Lock "00000000-0000-0000-0000-000000000000" acquired by "nova.context.set_target_cell..get_or_set_cached_cell_and_set_connections" :: waited 0.000s {{(pid=98733) inner /opt/stack/data/venv/lib/python3.12/site-packages/oslo_concurrency/lockutils.py:524}}
Jun 26 07:37:32.397594 np0000003713 nova-conductor[98733]: DEBUG oslo_concurrency.lockutils [None req-a88a5026-d1a7-4d04-ac24-ec2f57ce5ad5 tempest-ServerBootFromVolumeStableRescueTest-86392266 tempest-ServerBootFromVolumeStableRescueTest-86392266-project-member] Lock "00000000-0000-0000-0000-000000000000" "released" by "nova.context.set_target_cell..get_or_set_cached_cell_and_set_connections" :: held 0.000s {{(pid=98733) inner /opt/stack/data/venv/lib/python3.12/site-packages/oslo_concurrency/lockutils.py:543}}
Jun 26 07:37:32.398301 np0000003713 nova-conductor[98733]: DEBUG oslo_concurrency.lockutils [None req-a88a5026-d1a7-4d04-ac24-ec2f57ce5ad5 tempest-ServerBootFromVolumeStableRescueTest-86392266 tempest-ServerBootFromVolumeStableRescueTest-86392266-project-member] Acquiring lock "5cc0968a-e3c7-4907-9385-7983607c37dd" by "nova.context.set_target_cell..get_or_set_cached_cell_and_set_connections" {{(pid=98733) inner /opt/stack/data/venv/lib/python3.12/site-packages/oslo_concurrency/lockutils.py:511}}
Jun 26 07:37:32.398520 np0000003713 nova-conductor[98733]: DEBUG oslo_concurrency.lockutils [None req-a88a5026-d1a7-4d04-ac24-ec2f57ce5ad5 tempest-ServerBootFromVolumeStableRescueTest-86392266 tempest-ServerBootFromVolumeStableRescueTest-86392266-project-member] Lock "5cc0968a-e3c7-4907-9385-7983607c37dd" acquired by "nova.context.set_target_cell..get_or_set_cached_cell_and_set_connections" :: waited 0.000s {{(pid=98733) inner /opt/stack/data/venv/lib/python3.12/site-packages/oslo_concurrency/lockutils.py:524}}
Jun 26 07:37:32.398616 np0000003713 nova-conductor[98733]: DEBUG oslo_concurrency.lockutils [None req-a88a5026-d1a7-4d04-ac24-ec2f57ce5ad5 tempest-ServerBootFromVolumeStableRescueTest-86392266 tempest-ServerBootFromVolumeStableRescueTest-86392266-project-member] Lock "5cc0968a-e3c7-4907-9385-7983607c37dd" "released" by "nova.context.set_target_cell..get_or_set_cached_cell_and_set_connections" :: held 0.000s {{(pid=98733) inner /opt/stack/data/venv/lib/python3.12/site-packages/oslo_concurrency/lockutils.py:543}}
Jun 26 07:37:32.402295 np0000003713 nova-conductor[98733]: INFO dbcounter [None req-a88a5026-d1a7-4d04-ac24-ec2f57ce5ad5 tempest-ServerBootFromVolumeStableRescueTest-86392266 tempest-ServerBootFromVolumeStableRescueTest-86392266-project-member] Registered counter for database nova_cell0
Jun 26 07:37:32.453803 np0000003713 nova-conductor[98733]: DEBUG oslo_db.sqlalchemy.engines [None req-a88a5026-d1a7-4d04-ac24-ec2f57ce5ad5 tempest-ServerBootFromVolumeStableRescueTest-86392266 tempest-ServerBootFromVolumeStableRescueTest-86392266-project-member] MySQL server mode set to STRICT_TRANS_TABLES,STRICT_ALL_TABLES,NO_ZERO_IN_DATE,NO_ZERO_DATE,ERROR_FOR_DIVISION_BY_ZERO,TRADITIONAL,NO_ENGINE_SUBSTITUTION {{(pid=98733) _check_effective_sql_mode /opt/stack/data/venv/lib/python3.12/site-packages/oslo_db/sqlalchemy/engines.py:325}}
Jun 26 07:37:32.462149 np0000003713 nova-conductor[98733]: DEBUG dbcounter [-] [98733] Writer thread running {{(pid=98733) stat_writer /opt/stack/data/venv/lib/python3.12/site-packages/dbcounter.py:102}}
Jun 26 07:37:32.477785 np0000003713 nova-conductor[98733]: DEBUG nova.quota [None req-a88a5026-d1a7-4d04-ac24-ec2f57ce5ad5 tempest-ServerBootFromVolumeStableRescueTest-86392266 tempest-ServerBootFromVolumeStableRescueTest-86392266-project-member] Getting quotas for project fdcfec5ff8be4003866a422a0eb4cd22. Resources: {'ram', 'cores', 'instances'} {{(pid=98733) _get_quotas /opt/stack/nova/nova/quota.py:392}}
Jun 26 07:37:32.481463 np0000003713 nova-conductor[98733]: DEBUG nova.quota [None req-a88a5026-d1a7-4d04-ac24-ec2f57ce5ad5 tempest-ServerBootFromVolumeStableRescueTest-86392266 tempest-ServerBootFromVolumeStableRescueTest-86392266-project-member] Getting quotas for user d31c529d86a042cf890f5fe0b5a9f60b and project fdcfec5ff8be4003866a422a0eb4cd22. Resources: {'ram', 'cores', 'instances'} {{(pid=98733) _get_quotas /opt/stack/nova/nova/quota.py:382}}
Jun 26 07:37:32.481569 np0000003713 nova-conductor[98742]: INFO nova.utils [None req-68df3470-adba-44ab-aadb-38d6f538064e tempest-DeleteServersTestJSON-1668065334 tempest-DeleteServersTestJSON-1668065334-project-member] The cell worker thread pool ForkProcess-2.cell_worker is initialized
Jun 26 07:37:32.481877 np0000003713 nova-conductor[98742]: DEBUG oslo_concurrency.lockutils [None req-68df3470-adba-44ab-aadb-38d6f538064e tempest-DeleteServersTestJSON-1668065334 tempest-DeleteServersTestJSON-1668065334-project-member] Acquiring lock "00000000-0000-0000-0000-000000000000" by "nova.context.set_target_cell..get_or_set_cached_cell_and_set_connections" {{(pid=98742) inner /opt/stack/data/venv/lib/python3.12/site-packages/oslo_concurrency/lockutils.py:511}}
Jun 26 07:37:32.482111 np0000003713 nova-conductor[98742]: DEBUG oslo_concurrency.lockutils [None req-68df3470-adba-44ab-aadb-38d6f538064e tempest-DeleteServersTestJSON-1668065334 tempest-DeleteServersTestJSON-1668065334-project-member] Lock "00000000-0000-0000-0000-000000000000" acquired by "nova.context.set_target_cell..get_or_set_cached_cell_and_set_connections" :: waited 0.000s {{(pid=98742) inner /opt/stack/data/venv/lib/python3.12/site-packages/oslo_concurrency/lockutils.py:524}}
Jun 26 07:37:32.482657 np0000003713 nova-conductor[98742]: DEBUG oslo_concurrency.lockutils [None req-68df3470-adba-44ab-aadb-38d6f538064e tempest-DeleteServersTestJSON-1668065334 tempest-DeleteServersTestJSON-1668065334-project-member] Lock "00000000-0000-0000-0000-000000000000" "released" by "nova.context.set_target_cell..get_or_set_cached_cell_and_set_connections" :: held 0.001s {{(pid=98742) inner /opt/stack/data/venv/lib/python3.12/site-packages/oslo_concurrency/lockutils.py:543}}
