Jul 13 09:41:41.566590 np0000005105 devstack@g-api.service[99670]: DEBUG glance_store.location [-] Registering scheme swift with {'store': , 'location_class': , 'store_entry': 'swift'} {{(pid=99670) register_scheme_map /opt/stack/data/venv/lib/python3.12/site-packages/glance_store/location.py:146}}
Jul 13 09:41:41.566652 np0000005105 devstack@g-api.service[99670]: DEBUG glance_store.location [-] Registering scheme swift+http with {'store': , 'location_class': , 'store_entry': 'swift'} {{(pid=99670) register_scheme_map /opt/stack/data/venv/lib/python3.12/site-packages/glance_store/location.py:146}}
Jul 13 09:41:41.566702 np0000005105 devstack@g-api.service[99670]: DEBUG glance_store.location [-] Registering scheme swift+config with {'store': , 'location_class': , 'store_entry': 'swift'} {{(pid=99670) register_scheme_map /opt/stack/data/venv/lib/python3.12/site-packages/glance_store/location.py:146}}
Jul 13 09:41:41.566759 np0000005105 devstack@g-api.service[99670]: DEBUG glance_store.backend [-] Attempting to import store swift {{(pid=99670) _load_store /opt/stack/data/venv/lib/python3.12/site-packages/glance_store/backend.py:215}}
Jul 13 09:41:41.567775 np0000005105 devstack@g-api.service[99670]: DEBUG glance_store.capabilities [-] Store glance_store._drivers.swift.store.SingleTenantStore doesn't support updating dynamic storage capabilities. Please overwrite 'update_capabilities' method of the store to implement updating logics if needed. {{(pid=99670) update_capabilities /opt/stack/data/venv/lib/python3.12/site-packages/glance_store/capabilities.py:91}}
Jul 13 09:41:41.567840 np0000005105 devstack@g-api.service[99670]: DEBUG glance_store.driver [-] Late loading location class glance_store._drivers.swift.store.StoreLocation {{(pid=99670) get_store_location_class /opt/stack/data/venv/lib/python3.12/site-packages/glance_store/driver.py:134}}
Jul 13 09:41:41.567892 np0000005105 devstack@g-api.service[99670]: DEBUG glance_store.location [-] Registering scheme swift+https with {'store': , 'location_class': , 'store_entry': 'swift'} {{(pid=99670) register_scheme_map /opt/stack/data/venv/lib/python3.12/site-packages/glance_store/location.py:146}}
Jul 13 09:41:41.567936 np0000005105 devstack@g-api.service[99670]: DEBUG glance_store.location [-] Registering scheme swift+https with {'store': , 'location_class': , 'store_entry': 'swift'} {{(pid=99670) register_scheme_map /opt/stack/data/venv/lib/python3.12/site-packages/glance_store/location.py:146}}
Jul 13 09:41:41.567982 np0000005105 devstack@g-api.service[99670]: DEBUG glance_store.location [-] Registering scheme swift with {'store': , 'location_class': , 'store_entry': 'swift'} {{(pid=99670) register_scheme_map /opt/stack/data/venv/lib/python3.12/site-packages/glance_store/location.py:146}}
Jul 13 09:41:41.568030 np0000005105 devstack@g-api.service[99670]: DEBUG glance_store.location [-] Registering scheme swift+https with {'store': , 'location_class': , 'store_entry': 'swift'} {{(pid=99670) register_scheme_map /opt/stack/data/venv/lib/python3.12/site-packages/glance_store/location.py:146}}
Jul 13 09:41:41.568076 np0000005105 devstack@g-api.service[99670]: DEBUG glance_store.location [-] Registering scheme swift with {'store': , 'location_class': , 'store_entry': 'swift'} {{(pid=99670) register_scheme_map /opt/stack/data/venv/lib/python3.12/site-packages/glance_store/location.py:146}}
Jul 13 09:41:41.568124 np0000005105 devstack@g-api.service[99670]: DEBUG glance_store.location [-] Registering scheme swift+http with {'store': , 'location_class': , 'store_entry': 'swift'} {{(pid=99670) register_scheme_map /opt/stack/data/venv/lib/python3.12/site-packages/glance_store/location.py:146}}
Jul 13 09:41:41.568168 np0000005105 devstack@g-api.service[99670]: DEBUG glance_store.location [-] Registering scheme swift+https with {'store': , 'location_class': , 'store_entry': 'swift'} {{(pid=99670) register_scheme_map /opt/stack/data/venv/lib/python3.12/site-packages/glance_store/location.py:146}}
Jul 13 09:41:41.568213 np0000005105 devstack@g-api.service[99670]: DEBUG glance_store.location [-] Registering scheme swift with {'store': , 'location_class': , 'store_entry': 'swift'} {{(pid=99670) register_scheme_map /opt/stack/data/venv/lib/python3.12/site-packages/glance_store/location.py:146}}
Jul 13 09:41:41.568306 np0000005105 devstack@g-api.service[99670]: DEBUG glance_store.location [-] Registering scheme swift+http with {'store': , 'location_class': , 'store_entry': 'swift'} {{(pid=99670) register_scheme_map /opt/stack/data/venv/lib/python3.12/site-packages/glance_store/location.py:146}}
Jul 13 09:41:41.568358 np0000005105 devstack@g-api.service[99670]: DEBUG glance_store.location [-] Registering scheme swift+config with {'store': , 'location_class': , 'store_entry': 'swift'} {{(pid=99670) register_scheme_map /opt/stack/data/venv/lib/python3.12/site-packages/glance_store/location.py:146}}
Jul 13 09:41:41.568618 np0000005105 devstack@g-api.service[99670]: DEBUG glance.sqlite_migration [-] SQLite caching database not located, skipping migration {{(pid=99670) get_db_path /opt/stack/glance/glance/sqlite_migration.py:68}}
Jul 13 09:41:41.568790 np0000005105 devstack@g-api.service[99670]: WARNING glance.common.wsgi_app [-] Import methods are enabled but staging directory /tmp/staging/ does not exist; Imports will fail!
Jul 13 09:41:41.622023 np0000005105 devstack@g-api.service[99671]: DEBUG glance.common.config [None req-e199c8b4-c3e4-4e05-842a-f23da9a3b043 None None] Loading glance-api-keystone+cachemanagement from /etc/glance/glance-api-paste.ini {{(pid=99671) load_paste_app /opt/stack/glance/glance/common/config.py:765}}
Jul 13 09:41:41.623913 np0000005105 devstack@g-api.service[99672]: DEBUG glance.common.config [None req-b6c31b5e-898c-46ed-b324-5f9df0c9e89d None None] Loading glance-api-keystone+cachemanagement from /etc/glance/glance-api-paste.ini {{(pid=99672) load_paste_app /opt/stack/glance/glance/common/config.py:765}}
Jul 13 09:41:41.700153 np0000005105 devstack@g-api.service[99670]: DEBUG glance.common.config [None req-4219df5c-3299-4dc2-bb9f-09e6e3f968dc None None] Loading glance-api-keystone+cachemanagement from /etc/glance/glance-api-paste.ini {{(pid=99670) load_paste_app /opt/stack/glance/glance/common/config.py:765}}
Jul 13 09:41:42.251599 np0000005105 devstack@g-api.service[99672]: INFO glance.image_cache [None req-b6c31b5e-898c-46ed-b324-5f9df0c9e89d None None] Image cache loaded driver 'centralized_db'.
Jul 13 09:41:42.255007 np0000005105 devstack@g-api.service[99670]: INFO glance.image_cache [None req-4219df5c-3299-4dc2-bb9f-09e6e3f968dc None None] Image cache loaded driver 'centralized_db'.
Jul 13 09:41:42.286216 np0000005105 devstack@g-api.service[99671]: INFO glance.image_cache [None req-e199c8b4-c3e4-4e05-842a-f23da9a3b043 None None] Image cache loaded driver 'centralized_db'.
Jul 13 09:41:42.298467 np0000005105 devstack@g-api.service[99672]: INFO dbcounter [None req-b6c31b5e-898c-46ed-b324-5f9df0c9e89d None None] Registered counter for database glance
Jul 13 09:41:42.311718 np0000005105 devstack@g-api.service[99670]: INFO dbcounter [None req-4219df5c-3299-4dc2-bb9f-09e6e3f968dc None None] Registered counter for database glance
Jul 13 09:41:42.329863 np0000005105 devstack@g-api.service[99671]: INFO dbcounter [None req-e199c8b4-c3e4-4e05-842a-f23da9a3b043 None None] Registered counter for database glance
Jul 13 09:41:42.339961 np0000005105 devstack@g-api.service[99672]: DEBUG oslo_db.sqlalchemy.engines [None req-b6c31b5e-898c-46ed-b324-5f9df0c9e89d None None] MySQL server mode set to STRICT_TRANS_TABLES,STRICT_ALL_TABLES,NO_ZERO_IN_DATE,NO_ZERO_DATE,ERROR_FOR_DIVISION_BY_ZERO,TRADITIONAL,NO_ENGINE_SUBSTITUTION {{(pid=99672) _check_effective_sql_mode /opt/stack/data/venv/lib/python3.12/site-packages/oslo_db/sqlalchemy/engines.py:325}}
Jul 13 09:41:42.357246 np0000005105 devstack@g-api.service[99670]: DEBUG oslo_db.sqlalchemy.engines [None req-4219df5c-3299-4dc2-bb9f-09e6e3f968dc None None] MySQL server mode set to STRICT_TRANS_TABLES,STRICT_ALL_TABLES,NO_ZERO_IN_DATE,NO_ZERO_DATE,ERROR_FOR_DIVISION_BY_ZERO,TRADITIONAL,NO_ENGINE_SUBSTITUTION {{(pid=99670) _check_effective_sql_mode /opt/stack/data/venv/lib/python3.12/site-packages/oslo_db/sqlalchemy/engines.py:325}}
Jul 13 09:41:42.363292 np0000005105 devstack@g-api.service[99672]: DEBUG dbcounter [-] [99672] Writer thread running {{(pid=99672) stat_writer /opt/stack/data/venv/lib/python3.12/site-packages/dbcounter.py:102}}
Jul 13 09:41:42.372543 np0000005105 devstack@g-api.service[99671]: DEBUG oslo_db.sqlalchemy.engines [None req-e199c8b4-c3e4-4e05-842a-f23da9a3b043 None None] MySQL server mode set to STRICT_TRANS_TABLES,STRICT_ALL_TABLES,NO_ZERO_IN_DATE,NO_ZERO_DATE,ERROR_FOR_DIVISION_BY_ZERO,TRADITIONAL,NO_ENGINE_SUBSTITUTION {{(pid=99671) _check_effective_sql_mode /opt/stack/data/venv/lib/python3.12/site-packages/oslo_db/sqlalchemy/engines.py:325}}
Jul 13 09:41:42.375232 np0000005105 devstack@g-api.service[99672]: INFO glance.image_cache [None req-b6c31b5e-898c-46ed-b324-5f9df0c9e89d None None] Image cache loaded driver 'centralized_db'.
Jul 13 09:41:42.383867 np0000005105 devstack@g-api.service[99672]: DEBUG glance.image_cache.drivers.centralized_db [None req-b6c31b5e-898c-46ed-b324-5f9df0c9e89d None None] Node reference is already recorded, ignoring it {{(pid=99672) configure /opt/stack/glance/glance/image_cache/drivers/centralized_db.py:71}}
Jul 13 09:41:42.388306 np0000005105 devstack@g-api.service[99670]: DEBUG dbcounter [-] [99670] Writer thread running {{(pid=99670) stat_writer /opt/stack/data/venv/lib/python3.12/site-packages/dbcounter.py:102}}
Jul 13 09:41:42.391570 np0000005105 devstack@g-api.service[99670]: DEBUG glance.image_cache.drivers.centralized_db [None req-4219df5c-3299-4dc2-bb9f-09e6e3f968dc None None] Node reference is already recorded, ignoring it {{(pid=99670) configure /opt/stack/glance/glance/image_cache/drivers/centralized_db.py:71}}
Jul 13 09:41:42.394404 np0000005105 devstack@g-api.service[99671]: DEBUG dbcounter [-] [99671] Writer thread running {{(pid=99671) stat_writer /opt/stack/data/venv/lib/python3.12/site-packages/dbcounter.py:102}}
Jul 13 09:41:42.396897 np0000005105 devstack@g-api.service[99671]: DEBUG glance.image_cache.drivers.centralized_db [None req-e199c8b4-c3e4-4e05-842a-f23da9a3b043 None None] Node reference is already recorded, ignoring it {{(pid=99671) configure /opt/stack/glance/glance/image_cache/drivers/centralized_db.py:71}}
Jul 13 09:41:42.397435 np0000005105 devstack@g-api.service[99670]: INFO glance.image_cache [None req-4219df5c-3299-4dc2-bb9f-09e6e3f968dc None None] Image cache loaded driver 'centralized_db'.
Jul 13 09:41:42.402243 np0000005105 devstack@g-api.service[99671]: INFO glance.image_cache [None req-e199c8b4-c3e4-4e05-842a-f23da9a3b043 None None] Image cache loaded driver 'centralized_db'.
Jul 13 09:41:42.410896 np0000005105 devstack@g-api.service[99671]: DEBUG glance.image_cache.drivers.centralized_db [None req-e199c8b4-c3e4-4e05-842a-f23da9a3b043 None None] Node reference is already recorded, ignoring it {{(pid=99671) configure /opt/stack/glance/glance/image_cache/drivers/centralized_db.py:71}}
Jul 13 09:41:42.477261 np0000005105 devstack@g-api.service[99672]: DEBUG glance.api.v2.cached_images [None req-b6c31b5e-898c-46ed-b324-5f9df0c9e89d None None] Started cache worker thread {{(pid=99672) __init__ /opt/stack/glance/glance/api/v2/cached_images.py:71}}
Jul 13 09:41:42.478083 np0000005105 devstack@g-api.service[99672]: INFO glance.image_cache [None req-b6c31b5e-898c-46ed-b324-5f9df0c9e89d None None] Image cache loaded driver 'centralized_db'.
Jul 13 09:41:42.485276 np0000005105 devstack@g-api.service[99672]: DEBUG glance.image_cache.drivers.centralized_db [None req-b6c31b5e-898c-46ed-b324-5f9df0c9e89d None None] Node reference is already recorded, ignoring it {{(pid=99672) configure /opt/stack/glance/glance/image_cache/drivers/centralized_db.py:71}}
Jul 13 09:41:42.489962 np0000005105 devstack@g-api.service[99672]: INFO glance.api.middleware.cache_manage [None req-b6c31b5e-898c-46ed-b324-5f9df0c9e89d None None] Initialized image cache management middleware
Jul 13 09:41:42.490095 np0000005105 devstack@g-api.service[99672]: INFO glance.image_cache [None req-b6c31b5e-898c-46ed-b324-5f9df0c9e89d None None] Image cache loaded driver 'centralized_db'.
Jul 13 09:41:42.497726 np0000005105 devstack@g-api.service[99672]: DEBUG glance.image_cache.drivers.centralized_db [None req-b6c31b5e-898c-46ed-b324-5f9df0c9e89d None None] Node reference is already recorded, ignoring it {{(pid=99672) configure /opt/stack/glance/glance/image_cache/drivers/centralized_db.py:71}}
Jul 13 09:41:42.504338 np0000005105 devstack@g-api.service[99672]: INFO glance.api.middleware.cache [None req-b6c31b5e-898c-46ed-b324-5f9df0c9e89d None None] Initialized image cache middleware
Jul 13 09:41:42.505632 np0000005105 devstack@g-api.service[99670]: DEBUG glance.image_cache.drivers.centralized_db [None req-4219df5c-3299-4dc2-bb9f-09e6e3f968dc None None] Node reference is already recorded, ignoring it {{(pid=99670) configure /opt/stack/glance/glance/image_cache/drivers/centralized_db.py:71}}
Jul 13 09:41:42.511139 np0000005105 devstack@g-api.service[99670]: DEBUG glance.api.v2.cached_images [None req-4219df5c-3299-4dc2-bb9f-09e6e3f968dc None None] Started cache worker thread {{(pid=99670) __init__ /opt/stack/glance/glance/api/v2/cached_images.py:71}}
Jul 13 09:41:42.512045 np0000005105 devstack@g-api.service[99670]: INFO glance.image_cache [None req-4219df5c-3299-4dc2-bb9f-09e6e3f968dc None None] Image cache loaded driver 'centralized_db'.
Jul 13 09:41:42.515172 np0000005105 devstack@g-api.service[99671]: DEBUG glance.api.v2.cached_images [None req-e199c8b4-c3e4-4e05-842a-f23da9a3b043 None None] Started cache worker thread {{(pid=99671) __init__ /opt/stack/glance/glance/api/v2/cached_images.py:71}}
Jul 13 09:41:42.516292 np0000005105 devstack@g-api.service[99671]: INFO glance.image_cache [None req-e199c8b4-c3e4-4e05-842a-f23da9a3b043 None None] Image cache loaded driver 'centralized_db'.
Jul 13 09:41:42.521797 np0000005105 devstack@g-api.service[99672]: DEBUG glance.common.config [None req-b6c31b5e-898c-46ed-b324-5f9df0c9e89d None None] ******************************************************************************** {{(pid=99672) log_opt_values /opt/stack/data/venv/lib/python3.12/site-packages/oslo_config/cfg.py:3226}}
Jul 13 09:41:42.521962 np0000005105 devstack@g-api.service[99672]: DEBUG glance.common.config [None req-b6c31b5e-898c-46ed-b324-5f9df0c9e89d None None] Configuration options gathered from: {{(pid=99672) log_opt_values /opt/stack/data/venv/lib/python3.12/site-packages/oslo_config/cfg.py:3227}}
Jul 13 09:41:42.522339 np0000005105 devstack@g-api.service[99672]: DEBUG glance.common.config [None req-b6c31b5e-898c-46ed-b324-5f9df0c9e89d None None] command line args: [] {{(pid=99672) log_opt_values /opt/stack/data/venv/lib/python3.12/site-packages/oslo_config/cfg.py:3228}}
Jul 13 09:41:42.522534 np0000005105 devstack@g-api.service[99672]: DEBUG glance.common.config [None req-b6c31b5e-898c-46ed-b324-5f9df0c9e89d None None] config files: ['/etc/glance/glance-image-import.conf', '/etc/glance/glance-api.conf'] {{(pid=99672) log_opt_values /opt/stack/data/venv/lib/python3.12/site-packages/oslo_config/cfg.py:3229}}
Jul 13 09:41:42.522657 np0000005105 devstack@g-api.service[99672]: DEBUG glance.common.config [None req-b6c31b5e-898c-46ed-b324-5f9df0c9e89d None None] ================================================================================ {{(pid=99672) log_opt_values /opt/stack/data/venv/lib/python3.12/site-packages/oslo_config/cfg.py:3234}}
Jul 13 09:41:42.522832 np0000005105 devstack@g-api.service[99672]: DEBUG glance.common.config [None req-b6c31b5e-898c-46ed-b324-5f9df0c9e89d None None] allow_anonymous_access = False {{(pid=99672) log_opt_values /opt/stack/data/venv/lib/python3.12/site-packages/oslo_config/cfg.py:3242}}
Jul 13 09:41:42.523009 np0000005105 devstack@g-api.service[99672]: DEBUG glance.common.config [None req-b6c31b5e-898c-46ed-b324-5f9df0c9e89d None None] api_limit_max = 1000 {{(pid=99672) log_opt_values /opt/stack/data/venv/lib/python3.12/site-packages/oslo_config/cfg.py:3242}}
Jul 13 09:41:42.523178 np0000005105 devstack@g-api.service[99670]: DEBUG glance.image_cache.drivers.centralized_db [None req-4219df5c-3299-4dc2-bb9f-09e6e3f968dc None None] Node reference is already recorded, ignoring it {{(pid=99670) configure /opt/stack/glance/glance/image_cache/drivers/centralized_db.py:71}}
Jul 13 09:41:42.523248 np0000005105 devstack@g-api.service[99672]: DEBUG glance.common.config [None req-b6c31b5e-898c-46ed-b324-5f9df0c9e89d None None] config_dir = [] {{(pid=99672) log_opt_values /opt/stack/data/venv/lib/python3.12/site-packages/oslo_config/cfg.py:3242}}
Jul 13 09:41:42.523317 np0000005105 devstack@g-api.service[99672]: DEBUG glance.common.config [None req-b6c31b5e-898c-46ed-b324-5f9df0c9e89d None None] config_file = ['/etc/glance/glance-image-import.conf', '/etc/glance/glance-api.conf'] {{(pid=99672) log_opt_values /opt/stack/data/venv/lib/python3.12/site-packages/oslo_config/cfg.py:3242}}
Jul 13 09:41:42.523489 np0000005105 devstack@g-api.service[99672]: DEBUG glance.common.config [None req-b6c31b5e-898c-46ed-b324-5f9df0c9e89d None None] config_source = [] {{(pid=99672) log_opt_values /opt/stack/data/venv/lib/python3.12/site-packages/oslo_config/cfg.py:3242}}
Jul 13 09:41:42.523666 np0000005105 devstack@g-api.service[99672]: DEBUG glance.common.config [None req-b6c31b5e-898c-46ed-b324-5f9df0c9e89d None None] control_exchange = glance {{(pid=99672) log_opt_values /opt/stack/data/venv/lib/python3.12/site-packages/oslo_config/cfg.py:3242}}
Jul 13 09:41:42.523785 np0000005105 devstack@g-api.service[99672]: DEBUG glance.common.config [None req-b6c31b5e-898c-46ed-b324-5f9df0c9e89d None None] debug = True {{(pid=99672) log_opt_values /opt/stack/data/venv/lib/python3.12/site-packages/oslo_config/cfg.py:3242}}
Jul 13 09:41:42.524075 np0000005105 devstack@g-api.service[99672]: DEBUG glance.common.config [None req-b6c31b5e-898c-46ed-b324-5f9df0c9e89d None None] default_log_levels = ['amqp=WARN', 'boto=WARN', 'sqlalchemy=WARN', 'suds=INFO', 'oslo.messaging=INFO', 'oslo_messaging=INFO', 'iso8601=WARN', 'requests.packages.urllib3.connectionpool=WARN', 'urllib3.connectionpool=WARN', 'websocket=WARN', 'requests.packages.urllib3.util.retry=WARN', 'urllib3.util.retry=WARN', 'keystonemiddleware=WARN', 'routes.middleware=WARN', 'stevedore=WARN', 'taskflow=WARN', 'keystoneauth=WARN', 'oslo.cache=INFO', 'oslo_policy=INFO', 'dogpile.core.dogpile=INFO'] {{(pid=99672) log_opt_values /opt/stack/data/venv/lib/python3.12/site-packages/oslo_config/cfg.py:3242}}
Jul 13 09:41:42.524249 np0000005105 devstack@g-api.service[99672]: DEBUG glance.common.config [None req-b6c31b5e-898c-46ed-b324-5f9df0c9e89d None None] default_publisher_id = image.localhost {{(pid=99672) log_opt_values /opt/stack/data/venv/lib/python3.12/site-packages/oslo_config/cfg.py:3242}}
Jul 13 09:41:42.524419 np0000005105 devstack@g-api.service[99672]: DEBUG glance.common.config [None req-b6c31b5e-898c-46ed-b324-5f9df0c9e89d None None] delayed_delete = False {{(pid=99672) log_opt_values /opt/stack/data/venv/lib/python3.12/site-packages/oslo_config/cfg.py:3242}}
Jul 13 09:41:42.524609 np0000005105 devstack@g-api.service[99672]: DEBUG glance.common.config [None req-b6c31b5e-898c-46ed-b324-5f9df0c9e89d None None] digest_algorithm = sha256 {{(pid=99672) log_opt_values /opt/stack/data/venv/lib/python3.12/site-packages/oslo_config/cfg.py:3242}}
Jul 13 09:41:42.524776 np0000005105 devstack@g-api.service[99672]: DEBUG glance.common.config [None req-b6c31b5e-898c-46ed-b324-5f9df0c9e89d None None] disabled_notifications = [] {{(pid=99672) log_opt_values /opt/stack/data/venv/lib/python3.12/site-packages/oslo_config/cfg.py:3242}}
Jul 13 09:41:42.524964 np0000005105 devstack@g-api.service[99672]: DEBUG glance.common.config [None req-b6c31b5e-898c-46ed-b324-5f9df0c9e89d None None] do_secure_hash = True {{(pid=99672) log_opt_values /opt/stack/data/venv/lib/python3.12/site-packages/oslo_config/cfg.py:3242}}
Jul 13 09:41:42.525096 np0000005105 devstack@g-api.service[99672]: DEBUG glance.common.config [None req-b6c31b5e-898c-46ed-b324-5f9df0c9e89d None None] enabled_backends = None {{(pid=99672) log_opt_values /opt/stack/data/venv/lib/python3.12/site-packages/oslo_config/cfg.py:3242}}
Jul 13 09:41:42.525301 np0000005105 devstack@g-api.service[99672]: DEBUG glance.common.config [None req-b6c31b5e-898c-46ed-b324-5f9df0c9e89d None None] enabled_import_methods = ['glance-direct', 'web-download', 'copy-image'] {{(pid=99672) log_opt_values /opt/stack/data/venv/lib/python3.12/site-packages/oslo_config/cfg.py:3242}}
Jul 13 09:41:42.525466 np0000005105 devstack@g-api.service[99672]: DEBUG glance.common.config [None req-b6c31b5e-898c-46ed-b324-5f9df0c9e89d None None] fatal_deprecations = False {{(pid=99672) log_opt_values /opt/stack/data/venv/lib/python3.12/site-packages/oslo_config/cfg.py:3242}}
Jul 13 09:41:42.525651 np0000005105 devstack@g-api.service[99672]: DEBUG glance.common.config [None req-b6c31b5e-898c-46ed-b324-5f9df0c9e89d None None] hashing_algorithm = sha512 {{(pid=99672) log_opt_values /opt/stack/data/venv/lib/python3.12/site-packages/oslo_config/cfg.py:3242}}
Jul 13 09:41:42.525733 np0000005105 devstack@g-api.service[99671]: DEBUG glance.image_cache.drivers.centralized_db [None req-e199c8b4-c3e4-4e05-842a-f23da9a3b043 None None] Node reference is already recorded, ignoring it {{(pid=99671) configure /opt/stack/glance/glance/image_cache/drivers/centralized_db.py:71}}
Jul 13 09:41:42.525800 np0000005105 devstack@g-api.service[99672]: DEBUG glance.common.config [None req-b6c31b5e-898c-46ed-b324-5f9df0c9e89d None None] http_retries = 3 {{(pid=99672) log_opt_values /opt/stack/data/venv/lib/python3.12/site-packages/oslo_config/cfg.py:3242}}
Jul 13 09:41:42.525952 np0000005105 devstack@g-api.service[99672]: DEBUG glance.common.config [None req-b6c31b5e-898c-46ed-b324-5f9df0c9e89d None None] image_cache_dir = /opt/stack/data/glance/cache/ {{(pid=99672) log_opt_values /opt/stack/data/venv/lib/python3.12/site-packages/oslo_config/cfg.py:3242}}
Jul 13 09:41:42.526101 np0000005105 devstack@g-api.service[99672]: DEBUG glance.common.config [None req-b6c31b5e-898c-46ed-b324-5f9df0c9e89d None None] image_cache_driver = centralized_db {{(pid=99672) log_opt_values /opt/stack/data/venv/lib/python3.12/site-packages/oslo_config/cfg.py:3242}}
Jul 13 09:41:42.526266 np0000005105 devstack@g-api.service[99672]: DEBUG glance.common.config [None req-b6c31b5e-898c-46ed-b324-5f9df0c9e89d None None] image_cache_max_size = 10737418240 {{(pid=99672) log_opt_values /opt/stack/data/venv/lib/python3.12/site-packages/oslo_config/cfg.py:3242}}
Jul 13 09:41:42.526427 np0000005105 devstack@g-api.service[99672]: DEBUG glance.common.config [None req-b6c31b5e-898c-46ed-b324-5f9df0c9e89d None None] image_cache_sqlite_db = cache.db {{(pid=99672) log_opt_values /opt/stack/data/venv/lib/python3.12/site-packages/oslo_config/cfg.py:3242}}
Jul 13 09:41:42.526604 np0000005105 devstack@g-api.service[99672]: DEBUG glance.common.config [None req-b6c31b5e-898c-46ed-b324-5f9df0c9e89d None None] image_cache_stall_time = 86400 {{(pid=99672) log_opt_values /opt/stack/data/venv/lib/python3.12/site-packages/oslo_config/cfg.py:3242}}
Jul 13 09:41:42.526758 np0000005105 devstack@g-api.service[99672]: DEBUG glance.common.config [None req-b6c31b5e-898c-46ed-b324-5f9df0c9e89d None None] image_location_quota = 10 {{(pid=99672) log_opt_values /opt/stack/data/venv/lib/python3.12/site-packages/oslo_config/cfg.py:3242}}
Jul 13 09:41:42.526910 np0000005105 devstack@g-api.service[99672]: DEBUG glance.common.config [None req-b6c31b5e-898c-46ed-b324-5f9df0c9e89d None None] image_member_quota = 128 {{(pid=99672) log_opt_values /opt/stack/data/venv/lib/python3.12/site-packages/oslo_config/cfg.py:3242}}
Jul 13 09:41:42.527217 np0000005105 devstack@g-api.service[99672]: DEBUG glance.common.config [None req-b6c31b5e-898c-46ed-b324-5f9df0c9e89d None None] image_property_quota = 128 {{(pid=99672) log_opt_values /opt/stack/data/venv/lib/python3.12/site-packages/oslo_config/cfg.py:3242}}
Jul 13 09:41:42.527390 np0000005105 devstack@g-api.service[99672]: DEBUG glance.common.config [None req-b6c31b5e-898c-46ed-b324-5f9df0c9e89d None None] image_size_cap = 1099511627776 {{(pid=99672) log_opt_values /opt/stack/data/venv/lib/python3.12/site-packages/oslo_config/cfg.py:3242}}
Jul 13 09:41:42.527543 np0000005105 devstack@g-api.service[99672]: DEBUG glance.common.config [None req-b6c31b5e-898c-46ed-b324-5f9df0c9e89d None None] image_tag_quota = 128 {{(pid=99672) log_opt_values /opt/stack/data/venv/lib/python3.12/site-packages/oslo_config/cfg.py:3242}}
Jul 13 09:41:42.527723 np0000005105 devstack@g-api.service[99672]: DEBUG glance.common.config [None req-b6c31b5e-898c-46ed-b324-5f9df0c9e89d None None] instance_format = [instance: %(uuid)s] {{(pid=99672) log_opt_values /opt/stack/data/venv/lib/python3.12/site-packages/oslo_config/cfg.py:3242}}
Jul 13 09:41:42.527871 np0000005105 devstack@g-api.service[99672]: DEBUG glance.common.config [None req-b6c31b5e-898c-46ed-b324-5f9df0c9e89d None None] instance_uuid_format = [instance: %(uuid)s] {{(pid=99672) log_opt_values /opt/stack/data/venv/lib/python3.12/site-packages/oslo_config/cfg.py:3242}}
Jul 13 09:41:42.528023 np0000005105 devstack@g-api.service[99672]: DEBUG glance.common.config [None req-b6c31b5e-898c-46ed-b324-5f9df0c9e89d None None] limit_param_default = 25 {{(pid=99672) log_opt_values /opt/stack/data/venv/lib/python3.12/site-packages/oslo_config/cfg.py:3242}}
Jul 13 09:41:42.528164 np0000005105 devstack@g-api.service[99672]: DEBUG glance.common.config [None req-b6c31b5e-898c-46ed-b324-5f9df0c9e89d None None] log_color = False {{(pid=99672) log_opt_values /opt/stack/data/venv/lib/python3.12/site-packages/oslo_config/cfg.py:3242}}
Jul 13 09:41:42.528354 np0000005105 devstack@g-api.service[99672]: DEBUG glance.common.config [None req-b6c31b5e-898c-46ed-b324-5f9df0c9e89d None None] log_config_append = None {{(pid=99672) log_opt_values /opt/stack/data/venv/lib/python3.12/site-packages/oslo_config/cfg.py:3242}}
Jul 13 09:41:42.528510 np0000005105 devstack@g-api.service[99672]: DEBUG glance.common.config [None req-b6c31b5e-898c-46ed-b324-5f9df0c9e89d None None] log_date_format = %Y-%m-%d %H:%M:%S {{(pid=99672) log_opt_values /opt/stack/data/venv/lib/python3.12/site-packages/oslo_config/cfg.py:3242}}
Jul 13 09:41:42.528677 np0000005105 devstack@g-api.service[99672]: DEBUG glance.common.config [None req-b6c31b5e-898c-46ed-b324-5f9df0c9e89d None None] log_dir = None {{(pid=99672) log_opt_values /opt/stack/data/venv/lib/python3.12/site-packages/oslo_config/cfg.py:3242}}
Jul 13 09:41:42.528802 np0000005105 devstack@g-api.service[99672]: DEBUG glance.common.config [None req-b6c31b5e-898c-46ed-b324-5f9df0c9e89d None None] log_file = None {{(pid=99672) log_opt_values /opt/stack/data/venv/lib/python3.12/site-packages/oslo_config/cfg.py:3242}}
Jul 13 09:41:42.528930 np0000005105 devstack@g-api.service[99672]: DEBUG glance.common.config [None req-b6c31b5e-898c-46ed-b324-5f9df0c9e89d None None] log_rotate_interval = 1 {{(pid=99672) log_opt_values /opt/stack/data/venv/lib/python3.12/site-packages/oslo_config/cfg.py:3242}}
Jul 13 09:41:42.529073 np0000005105 devstack@g-api.service[99672]: DEBUG glance.common.config [None req-b6c31b5e-898c-46ed-b324-5f9df0c9e89d None None] log_rotate_interval_type = days {{(pid=99672) log_opt_values /opt/stack/data/venv/lib/python3.12/site-packages/oslo_config/cfg.py:3242}}
Jul 13 09:41:42.529216 np0000005105 devstack@g-api.service[99672]: DEBUG glance.common.config [None req-b6c31b5e-898c-46ed-b324-5f9df0c9e89d None None] log_rotation_type = none {{(pid=99672) log_opt_values /opt/stack/data/venv/lib/python3.12/site-packages/oslo_config/cfg.py:3242}}
Jul 13 09:41:42.529346 np0000005105 devstack@g-api.service[99672]: DEBUG glance.common.config [None req-b6c31b5e-898c-46ed-b324-5f9df0c9e89d None None] logging_context_format_string = %(color)s%(levelname)s %(name)s [%(global_request_id)s %(request_id)s %(project_name)s %(user_name)s%(color)s] %(instance)s%(color)s%(message)s {{(pid=99672) log_opt_values /opt/stack/data/venv/lib/python3.12/site-packages/oslo_config/cfg.py:3242}}
Jul 13 09:41:42.529453 np0000005105 devstack@g-api.service[99672]: DEBUG glance.common.config [None req-b6c31b5e-898c-46ed-b324-5f9df0c9e89d None None] logging_debug_format_suffix = {{(pid=%(process)d) %(funcName)s %(pathname)s:%(lineno)d}} {{(pid=99672) log_opt_values /opt/stack/data/venv/lib/python3.12/site-packages/oslo_config/cfg.py:3242}}
Jul 13 09:41:42.529628 np0000005105 devstack@g-api.service[99672]: DEBUG glance.common.config [None req-b6c31b5e-898c-46ed-b324-5f9df0c9e89d None None] logging_default_format_string = %(color)s%(levelname)s %(name)s [-%(color)s] %(instance)s%(color)s%(message)s {{(pid=99672) log_opt_values /opt/stack/data/venv/lib/python3.12/site-packages/oslo_config/cfg.py:3242}}
Jul 13 09:41:42.529977 np0000005105 devstack@g-api.service[99672]: DEBUG glance.common.config [None req-b6c31b5e-898c-46ed-b324-5f9df0c9e89d None None] logging_exception_prefix = ERROR %(name)s %(instance)s {{(pid=99672) log_opt_values /opt/stack/data/venv/lib/python3.12/site-packages/oslo_config/cfg.py:3242}}
Jul 13 09:41:42.529977 np0000005105 devstack@g-api.service[99672]: DEBUG glance.common.config [None req-b6c31b5e-898c-46ed-b324-5f9df0c9e89d None None] logging_user_identity_format = %(user)s %(project)s %(domain)s %(system_scope)s %(user_domain)s %(project_domain)s {{(pid=99672) log_opt_values /opt/stack/data/venv/lib/python3.12/site-packages/oslo_config/cfg.py:3242}}
Jul 13 09:41:42.530069 np0000005105 devstack@g-api.service[99672]: DEBUG glance.common.config [None req-b6c31b5e-898c-46ed-b324-5f9df0c9e89d None None] max_logfile_count = 30 {{(pid=99672) log_opt_values /opt/stack/data/venv/lib/python3.12/site-packages/oslo_config/cfg.py:3242}}
Jul 13 09:41:42.530215 np0000005105 devstack@g-api.service[99671]: INFO glance.api.middleware.cache_manage [None req-e199c8b4-c3e4-4e05-842a-f23da9a3b043 None None] Initialized image cache management middleware
Jul 13 09:41:42.530303 np0000005105 devstack@g-api.service[99672]: DEBUG glance.common.config [None req-b6c31b5e-898c-46ed-b324-5f9df0c9e89d None None] max_logfile_size_mb = 200 {{(pid=99672) log_opt_values /opt/stack/data/venv/lib/python3.12/site-packages/oslo_config/cfg.py:3242}}
Jul 13 09:41:42.530381 np0000005105 devstack@g-api.service[99671]: INFO glance.image_cache [None req-e199c8b4-c3e4-4e05-842a-f23da9a3b043 None None] Image cache loaded driver 'centralized_db'.
Jul 13 09:41:42.530424 np0000005105 devstack@g-api.service[99672]: DEBUG glance.common.config [None req-b6c31b5e-898c-46ed-b324-5f9df0c9e89d None None] max_request_id_length = 64 {{(pid=99672) log_opt_values /opt/stack/data/venv/lib/python3.12/site-packages/oslo_config/cfg.py:3242}}
Jul 13 09:41:42.530571 np0000005105 devstack@g-api.service[99672]: DEBUG glance.common.config [None req-b6c31b5e-898c-46ed-b324-5f9df0c9e89d None None] metadata_encryption_key = **** {{(pid=99672) log_opt_values /opt/stack/data/venv/lib/python3.12/site-packages/oslo_config/cfg.py:3242}}
Jul 13 09:41:42.530737 np0000005105 devstack@g-api.service[99672]: DEBUG glance.common.config [None req-b6c31b5e-898c-46ed-b324-5f9df0c9e89d None None] node_staging_uri = file:///tmp/staging/ {{(pid=99672) log_opt_values /opt/stack/data/venv/lib/python3.12/site-packages/oslo_config/cfg.py:3242}}
Jul 13 09:41:42.530891 np0000005105 devstack@g-api.service[99672]: DEBUG glance.common.config [None req-b6c31b5e-898c-46ed-b324-5f9df0c9e89d None None] property_protection_file = None {{(pid=99672) log_opt_values /opt/stack/data/venv/lib/python3.12/site-packages/oslo_config/cfg.py:3242}}
Jul 13 09:41:42.531057 np0000005105 devstack@g-api.service[99672]: DEBUG glance.common.config [None req-b6c31b5e-898c-46ed-b324-5f9df0c9e89d None None] property_protection_rule_format = roles {{(pid=99672) log_opt_values /opt/stack/data/venv/lib/python3.12/site-packages/oslo_config/cfg.py:3242}}
Jul 13 09:41:42.531214 np0000005105 devstack@g-api.service[99672]: DEBUG glance.common.config [None req-b6c31b5e-898c-46ed-b324-5f9df0c9e89d None None] public_endpoint = https://10.4.3.217/image {{(pid=99672) log_opt_values /opt/stack/data/venv/lib/python3.12/site-packages/oslo_config/cfg.py:3242}}
Jul 13 09:41:42.531277 np0000005105 devstack@g-api.service[99670]: INFO glance.api.middleware.cache_manage [None req-4219df5c-3299-4dc2-bb9f-09e6e3f968dc None None] Initialized image cache management middleware
Jul 13 09:41:42.531386 np0000005105 devstack@g-api.service[99672]: DEBUG glance.common.config [None req-b6c31b5e-898c-46ed-b324-5f9df0c9e89d None None] publish_errors = False {{(pid=99672) log_opt_values /opt/stack/data/venv/lib/python3.12/site-packages/oslo_config/cfg.py:3242}}
Jul 13 09:41:42.531426 np0000005105 devstack@g-api.service[99670]: INFO glance.image_cache [None req-4219df5c-3299-4dc2-bb9f-09e6e3f968dc None None] Image cache loaded driver 'centralized_db'.
Jul 13 09:41:42.531565 np0000005105 devstack@g-api.service[99672]: DEBUG glance.common.config [None req-b6c31b5e-898c-46ed-b324-5f9df0c9e89d None None] pydev_worker_debug_host = None {{(pid=99672) log_opt_values /opt/stack/data/venv/lib/python3.12/site-packages/oslo_config/cfg.py:3242}}
Jul 13 09:41:42.531726 np0000005105 devstack@g-api.service[99672]: DEBUG glance.common.config [None req-b6c31b5e-898c-46ed-b324-5f9df0c9e89d None None] pydev_worker_debug_port = 5678 {{(pid=99672) log_opt_values /opt/stack/data/venv/lib/python3.12/site-packages/oslo_config/cfg.py:3242}}
Jul 13 09:41:42.531879 np0000005105 devstack@g-api.service[99672]: DEBUG glance.common.config [None req-b6c31b5e-898c-46ed-b324-5f9df0c9e89d None None] rate_limit_burst = 0 {{(pid=99672) log_opt_values /opt/stack/data/venv/lib/python3.12/site-packages/oslo_config/cfg.py:3242}}
Jul 13 09:41:42.532041 np0000005105 devstack@g-api.service[99672]: DEBUG glance.common.config [None req-b6c31b5e-898c-46ed-b324-5f9df0c9e89d None None] rate_limit_except_level = CRITICAL {{(pid=99672) log_opt_values /opt/stack/data/venv/lib/python3.12/site-packages/oslo_config/cfg.py:3242}}
Jul 13 09:41:42.532194 np0000005105 devstack@g-api.service[99672]: DEBUG glance.common.config [None req-b6c31b5e-898c-46ed-b324-5f9df0c9e89d None None] rate_limit_interval = 0 {{(pid=99672) log_opt_values /opt/stack/data/venv/lib/python3.12/site-packages/oslo_config/cfg.py:3242}}
Jul 13 09:41:42.532370 np0000005105 devstack@g-api.service[99672]: DEBUG glance.common.config [None req-b6c31b5e-898c-46ed-b324-5f9df0c9e89d None None] scrub_pool_size = 1 {{(pid=99672) log_opt_values /opt/stack/data/venv/lib/python3.12/site-packages/oslo_config/cfg.py:3242}}
Jul 13 09:41:42.532543 np0000005105 devstack@g-api.service[99672]: DEBUG glance.common.config [None req-b6c31b5e-898c-46ed-b324-5f9df0c9e89d None None] scrub_time = 0 {{(pid=99672) log_opt_values /opt/stack/data/venv/lib/python3.12/site-packages/oslo_config/cfg.py:3242}}
Jul 13 09:41:42.532700 np0000005105 devstack@g-api.service[99672]: DEBUG glance.common.config [None req-b6c31b5e-898c-46ed-b324-5f9df0c9e89d None None] shell_completion = None {{(pid=99672) log_opt_values /opt/stack/data/venv/lib/python3.12/site-packages/oslo_config/cfg.py:3242}}
Jul 13 09:41:42.532861 np0000005105 devstack@g-api.service[99672]: DEBUG glance.common.config [None req-b6c31b5e-898c-46ed-b324-5f9df0c9e89d None None] show_image_direct_url = False {{(pid=99672) log_opt_values /opt/stack/data/venv/lib/python3.12/site-packages/oslo_config/cfg.py:3242}}
Jul 13 09:41:42.533197 np0000005105 devstack@g-api.service[99672]: WARNING oslo_config.cfg [None req-b6c31b5e-898c-46ed-b324-5f9df0c9e89d None None] Deprecated: Option "show_multiple_locations" from group "DEFAULT" is deprecated for removal (Use of this option, deprecated since Newton, is a security risk and will be removed once we figure out a way to satisfy those use cases that currently require it. An earlier announcement that the same functionality can be achieved with greater granularity by using policies is incorrect. You cannot work around this option via policy configuration at the present time, though that is the direction we believe the fix will take. Please keep an eye on the Glance release notes to stay up to date on progress in addressing this issue.). Its value may be silently ignored in the future.
Jul 13 09:41:42.533371 np0000005105 devstack@g-api.service[99672]: DEBUG glance.common.config [None req-b6c31b5e-898c-46ed-b324-5f9df0c9e89d None None] show_multiple_locations = False {{(pid=99672) log_opt_values /opt/stack/data/venv/lib/python3.12/site-packages/oslo_config/cfg.py:3242}}
Jul 13 09:41:42.533512 np0000005105 devstack@g-api.service[99672]: DEBUG glance.common.config [None req-b6c31b5e-898c-46ed-b324-5f9df0c9e89d None None] syslog_log_facility = LOG_USER {{(pid=99672) log_opt_values /opt/stack/data/venv/lib/python3.12/site-packages/oslo_config/cfg.py:3242}}
Jul 13 09:41:42.533669 np0000005105 devstack@g-api.service[99672]: DEBUG glance.common.config [None req-b6c31b5e-898c-46ed-b324-5f9df0c9e89d None None] transport_url = **** {{(pid=99672) log_opt_values /opt/stack/data/venv/lib/python3.12/site-packages/oslo_config/cfg.py:3242}}
Jul 13 09:41:42.533801 np0000005105 devstack@g-api.service[99672]: DEBUG glance.common.config [None req-b6c31b5e-898c-46ed-b324-5f9df0c9e89d None None] use_journal = False {{(pid=99672) log_opt_values /opt/stack/data/venv/lib/python3.12/site-packages/oslo_config/cfg.py:3242}}
Jul 13 09:41:42.533935 np0000005105 devstack@g-api.service[99672]: DEBUG glance.common.config [None req-b6c31b5e-898c-46ed-b324-5f9df0c9e89d None None] use_json = False {{(pid=99672) log_opt_values /opt/stack/data/venv/lib/python3.12/site-packages/oslo_config/cfg.py:3242}}
Jul 13 09:41:42.534073 np0000005105 devstack@g-api.service[99672]: DEBUG glance.common.config [None req-b6c31b5e-898c-46ed-b324-5f9df0c9e89d None None] use_keystone_limits = True {{(pid=99672) log_opt_values /opt/stack/data/venv/lib/python3.12/site-packages/oslo_config/cfg.py:3242}}
Jul 13 09:41:42.534247 np0000005105 devstack@g-api.service[99672]: DEBUG glance.common.config [None req-b6c31b5e-898c-46ed-b324-5f9df0c9e89d None None] use_stderr = False {{(pid=99672) log_opt_values /opt/stack/data/venv/lib/python3.12/site-packages/oslo_config/cfg.py:3242}}
Jul 13 09:41:42.534407 np0000005105 devstack@g-api.service[99672]: DEBUG glance.common.config [None req-b6c31b5e-898c-46ed-b324-5f9df0c9e89d None None] use_syslog = False {{(pid=99672) log_opt_values /opt/stack/data/venv/lib/python3.12/site-packages/oslo_config/cfg.py:3242}}
Jul 13 09:41:42.534607 np0000005105 devstack@g-api.service[99672]: DEBUG glance.common.config [None req-b6c31b5e-898c-46ed-b324-5f9df0c9e89d None None] user_storage_quota = 0 {{(pid=99672) log_opt_values /opt/stack/data/venv/lib/python3.12/site-packages/oslo_config/cfg.py:3242}}
Jul 13 09:41:42.534752 np0000005105 devstack@g-api.service[99672]: DEBUG glance.common.config [None req-b6c31b5e-898c-46ed-b324-5f9df0c9e89d None None] worker_self_reference_url = http://127.0.0.1:60999 {{(pid=99672) log_opt_values /opt/stack/data/venv/lib/python3.12/site-packages/oslo_config/cfg.py:3242}}
Jul 13 09:41:42.534910 np0000005105 devstack@g-api.service[99672]: DEBUG glance.common.config [None req-b6c31b5e-898c-46ed-b324-5f9df0c9e89d None None] oslo_concurrency.disable_process_locking = False {{(pid=99672) log_opt_values /opt/stack/data/venv/lib/python3.12/site-packages/oslo_config/cfg.py:3253}}
Jul 13 09:41:42.535061 np0000005105 devstack@g-api.service[99672]: DEBUG glance.common.config [None req-b6c31b5e-898c-46ed-b324-5f9df0c9e89d None None] oslo_concurrency.lock_path = /opt/stack/data/glance/locks {{(pid=99672) log_opt_values /opt/stack/data/venv/lib/python3.12/site-packages/oslo_config/cfg.py:3253}}
Jul 13 09:41:42.535242 np0000005105 devstack@g-api.service[99672]: DEBUG glance.common.config [None req-b6c31b5e-898c-46ed-b324-5f9df0c9e89d None None] oslo_middleware.enable_proxy_headers_parsing = False {{(pid=99672) log_opt_values /opt/stack/data/venv/lib/python3.12/site-packages/oslo_config/cfg.py:3253}}
Jul 13 09:41:42.535414 np0000005105 devstack@g-api.service[99672]: DEBUG glance.common.config [None req-b6c31b5e-898c-46ed-b324-5f9df0c9e89d None None] oslo_middleware.http_basic_auth_user_file = /etc/htpasswd {{(pid=99672) log_opt_values /opt/stack/data/venv/lib/python3.12/site-packages/oslo_config/cfg.py:3253}}
Jul 13 09:41:42.535607 np0000005105 devstack@g-api.service[99672]: DEBUG glance.common.config [None req-b6c31b5e-898c-46ed-b324-5f9df0c9e89d None None] paste_deploy.config_file = None {{(pid=99672) log_opt_values /opt/stack/data/venv/lib/python3.12/site-packages/oslo_config/cfg.py:3253}}
Jul 13 09:41:42.535747 np0000005105 devstack@g-api.service[99672]: DEBUG glance.common.config [None req-b6c31b5e-898c-46ed-b324-5f9df0c9e89d None None] paste_deploy.flavor = keystone+cachemanagement {{(pid=99672) log_opt_values /opt/stack/data/venv/lib/python3.12/site-packages/oslo_config/cfg.py:3253}}
Jul 13 09:41:42.535957 np0000005105 devstack@g-api.service[99672]: DEBUG glance.common.config [None req-b6c31b5e-898c-46ed-b324-5f9df0c9e89d None None] image_format.container_formats = ['ami', 'ari', 'aki', 'bare', 'ovf', 'ova', 'docker', 'compressed'] {{(pid=99672) log_opt_values /opt/stack/data/venv/lib/python3.12/site-packages/oslo_config/cfg.py:3253}}
Jul 13 09:41:42.536183 np0000005105 devstack@g-api.service[99672]: DEBUG glance.common.config [None req-b6c31b5e-898c-46ed-b324-5f9df0c9e89d None None] image_format.disk_formats = ['ami', 'ari', 'aki', 'vhd', 'vhdx', 'vmdk', 'raw', 'qcow2', 'vdi', 'iso', 'ploop'] {{(pid=99672) log_opt_values /opt/stack/data/venv/lib/python3.12/site-packages/oslo_config/cfg.py:3253}}
Jul 13 09:41:42.536361 np0000005105 devstack@g-api.service[99672]: DEBUG glance.common.config [None req-b6c31b5e-898c-46ed-b324-5f9df0c9e89d None None] image_format.gpt_safety_checks_nonfatal = [] {{(pid=99672) log_opt_values /opt/stack/data/venv/lib/python3.12/site-packages/oslo_config/cfg.py:3253}}
Jul 13 09:41:42.536549 np0000005105 devstack@g-api.service[99672]: DEBUG glance.common.config [None req-b6c31b5e-898c-46ed-b324-5f9df0c9e89d None None] image_format.require_image_format_match = True {{(pid=99672) log_opt_values /opt/stack/data/venv/lib/python3.12/site-packages/oslo_config/cfg.py:3253}}
Jul 13 09:41:42.536737 np0000005105 devstack@g-api.service[99672]: DEBUG glance.common.config [None req-b6c31b5e-898c-46ed-b324-5f9df0c9e89d None None] image_format.vmdk_allowed_types = ['streamOptimized', 'monolithicSparse'] {{(pid=99672) log_opt_values /opt/stack/data/venv/lib/python3.12/site-packages/oslo_config/cfg.py:3253}}
Jul 13 09:41:42.536911 np0000005105 devstack@g-api.service[99672]: DEBUG glance.common.config [None req-b6c31b5e-898c-46ed-b324-5f9df0c9e89d None None] task.task_executor = taskflow {{(pid=99672) log_opt_values /opt/stack/data/venv/lib/python3.12/site-packages/oslo_config/cfg.py:3253}}
Jul 13 09:41:42.537059 np0000005105 devstack@g-api.service[99672]: DEBUG glance.common.config [None req-b6c31b5e-898c-46ed-b324-5f9df0c9e89d None None] task.task_time_to_live = 48 {{(pid=99672) log_opt_values /opt/stack/data/venv/lib/python3.12/site-packages/oslo_config/cfg.py:3253}}
Jul 13 09:41:42.537202 np0000005105 devstack@g-api.service[99672]: DEBUG glance.common.config [None req-b6c31b5e-898c-46ed-b324-5f9df0c9e89d None None] task.work_dir = None {{(pid=99672) log_opt_values /opt/stack/data/venv/lib/python3.12/site-packages/oslo_config/cfg.py:3253}}
Jul 13 09:41:42.537365 np0000005105 devstack@g-api.service[99672]: DEBUG glance.common.config [None req-b6c31b5e-898c-46ed-b324-5f9df0c9e89d None None] wsgi.python_interpreter = /opt/stack/data/venv/bin/python3 {{(pid=99672) log_opt_values /opt/stack/data/venv/lib/python3.12/site-packages/oslo_config/cfg.py:3253}}
Jul 13 09:41:42.537518 np0000005105 devstack@g-api.service[99672]: DEBUG glance.common.config [None req-b6c31b5e-898c-46ed-b324-5f9df0c9e89d None None] wsgi.task_pool_threads = 16 {{(pid=99672) log_opt_values /opt/stack/data/venv/lib/python3.12/site-packages/oslo_config/cfg.py:3253}}
Jul 13 09:41:42.537586 np0000005105 devstack@g-api.service[99671]: DEBUG glance.image_cache.drivers.centralized_db [None req-e199c8b4-c3e4-4e05-842a-f23da9a3b043 None None] Node reference is already recorded, ignoring it {{(pid=99671) configure /opt/stack/glance/glance/image_cache/drivers/centralized_db.py:71}}
Jul 13 09:41:42.537669 np0000005105 devstack@g-api.service[99672]: DEBUG glance.common.config [None req-b6c31b5e-898c-46ed-b324-5f9df0c9e89d None None] import_filtering_opts.allowed_hosts = [] {{(pid=99672) log_opt_values /opt/stack/data/venv/lib/python3.12/site-packages/oslo_config/cfg.py:3253}}
Jul 13 09:41:42.537813 np0000005105 devstack@g-api.service[99672]: DEBUG glance.common.config [None req-b6c31b5e-898c-46ed-b324-5f9df0c9e89d None None] import_filtering_opts.allowed_ports = [80, 443] {{(pid=99672) log_opt_values /opt/stack/data/venv/lib/python3.12/site-packages/oslo_config/cfg.py:3253}}
Jul 13 09:41:42.537964 np0000005105 devstack@g-api.service[99672]: DEBUG glance.common.config [None req-b6c31b5e-898c-46ed-b324-5f9df0c9e89d None None] import_filtering_opts.allowed_schemes = ['http', 'https'] {{(pid=99672) log_opt_values /opt/stack/data/venv/lib/python3.12/site-packages/oslo_config/cfg.py:3253}}
Jul 13 09:41:42.538099 np0000005105 devstack@g-api.service[99672]: DEBUG glance.common.config [None req-b6c31b5e-898c-46ed-b324-5f9df0c9e89d None None] import_filtering_opts.disallowed_hosts = [] {{(pid=99672) log_opt_values /opt/stack/data/venv/lib/python3.12/site-packages/oslo_config/cfg.py:3253}}
Jul 13 09:41:42.538241 np0000005105 devstack@g-api.service[99672]: DEBUG glance.common.config [None req-b6c31b5e-898c-46ed-b324-5f9df0c9e89d None None] import_filtering_opts.disallowed_ports = [] {{(pid=99672) log_opt_values /opt/stack/data/venv/lib/python3.12/site-packages/oslo_config/cfg.py:3253}}
Jul 13 09:41:42.538378 np0000005105 devstack@g-api.service[99672]: DEBUG glance.common.config [None req-b6c31b5e-898c-46ed-b324-5f9df0c9e89d None None] import_filtering_opts.disallowed_schemes = [] {{(pid=99672) log_opt_values /opt/stack/data/venv/lib/python3.12/site-packages/oslo_config/cfg.py:3253}}
Jul 13 09:41:42.538535 np0000005105 devstack@g-api.service[99672]: DEBUG glance.common.config [None req-b6c31b5e-898c-46ed-b324-5f9df0c9e89d None None] oslo_messaging_metrics.metrics_buffer_size = 1000 {{(pid=99672) log_opt_values /opt/stack/data/venv/lib/python3.12/site-packages/oslo_config/cfg.py:3253}}
Jul 13 09:41:42.538670 np0000005105 devstack@g-api.service[99672]: DEBUG glance.common.config [None req-b6c31b5e-898c-46ed-b324-5f9df0c9e89d None None] oslo_messaging_metrics.metrics_enabled = False {{(pid=99672) log_opt_values /opt/stack/data/venv/lib/python3.12/site-packages/oslo_config/cfg.py:3253}}
Jul 13 09:41:42.538807 np0000005105 devstack@g-api.service[99672]: DEBUG glance.common.config [None req-b6c31b5e-898c-46ed-b324-5f9df0c9e89d None None] oslo_messaging_metrics.metrics_process_name = {{(pid=99672) log_opt_values /opt/stack/data/venv/lib/python3.12/site-packages/oslo_config/cfg.py:3253}}
Jul 13 09:41:42.538958 np0000005105 devstack@g-api.service[99672]: DEBUG glance.common.config [None req-b6c31b5e-898c-46ed-b324-5f9df0c9e89d None None] oslo_messaging_metrics.metrics_socket_file = /var/tmp/metrics_collector.sock {{(pid=99672) log_opt_values /opt/stack/data/venv/lib/python3.12/site-packages/oslo_config/cfg.py:3253}}
Jul 13 09:41:42.539099 np0000005105 devstack@g-api.service[99672]: DEBUG glance.common.config [None req-b6c31b5e-898c-46ed-b324-5f9df0c9e89d None None] oslo_messaging_metrics.metrics_thread_stop_timeout = 10 {{(pid=99672) log_opt_values /opt/stack/data/venv/lib/python3.12/site-packages/oslo_config/cfg.py:3253}}
Jul 13 09:41:42.539255 np0000005105 devstack@g-api.service[99672]: DEBUG glance.common.config [None req-b6c31b5e-898c-46ed-b324-5f9df0c9e89d None None] profiler.connection_string = messaging:// {{(pid=99672) log_opt_values /opt/stack/data/venv/lib/python3.12/site-packages/oslo_config/cfg.py:3253}}
Jul 13 09:41:42.539392 np0000005105 devstack@g-api.service[99672]: DEBUG glance.common.config [None req-b6c31b5e-898c-46ed-b324-5f9df0c9e89d None None] profiler.enabled = False {{(pid=99672) log_opt_values /opt/stack/data/venv/lib/python3.12/site-packages/oslo_config/cfg.py:3253}}
Jul 13 09:41:42.539574 np0000005105 devstack@g-api.service[99672]: DEBUG glance.common.config [None req-b6c31b5e-898c-46ed-b324-5f9df0c9e89d None None] profiler.es_doc_type = notification {{(pid=99672) log_opt_values /opt/stack/data/venv/lib/python3.12/site-packages/oslo_config/cfg.py:3253}}
Jul 13 09:41:42.539739 np0000005105 devstack@g-api.service[99672]: DEBUG glance.common.config [None req-b6c31b5e-898c-46ed-b324-5f9df0c9e89d None None] profiler.es_scroll_size = 10000 {{(pid=99672) log_opt_values /opt/stack/data/venv/lib/python3.12/site-packages/oslo_config/cfg.py:3253}}
Jul 13 09:41:42.539890 np0000005105 devstack@g-api.service[99672]: DEBUG glance.common.config [None req-b6c31b5e-898c-46ed-b324-5f9df0c9e89d None None] profiler.es_scroll_time = 2m {{(pid=99672) log_opt_values /opt/stack/data/venv/lib/python3.12/site-packages/oslo_config/cfg.py:3253}}
Jul 13 09:41:42.540046 np0000005105 devstack@g-api.service[99672]: DEBUG glance.common.config [None req-b6c31b5e-898c-46ed-b324-5f9df0c9e89d None None] profiler.filter_error_trace = False {{(pid=99672) log_opt_values /opt/stack/data/venv/lib/python3.12/site-packages/oslo_config/cfg.py:3253}}
