Jul 13 09:48:12.922062 np0000005105 devstack@g-api.service[99672]: [pid: 99672|app: 0|req: 114/360] 127.0.0.1 () {44 vars in 1055 bytes} [Mon Jul 13 09:48:12 2026] GET /v2/schemas/image => generated 6083 bytes in 4 msecs (HTTP/1.1 200) 4 headers in 158 bytes (1 switches on core 0)
Jul 13 09:48:12.945840 np0000005105 devstack@g-api.service[99670]: DEBUG glance.api.middleware.version_negotiation [None req-02c4c256-2844-4f03-83a8-4ae1f8fcc8dc tempest-VolumesImageMetadata-1072003427 tempest-VolumesImageMetadata-1072003427-project-member] Determining version of request: GET /v2/schemas/image Accept: */* {{(pid=99670) process_request /opt/stack/glance/glance/api/middleware/version_negotiation.py:44}}
Jul 13 09:48:12.946913 np0000005105 devstack@g-api.service[99670]: DEBUG glance.api.middleware.version_negotiation [None req-02c4c256-2844-4f03-83a8-4ae1f8fcc8dc tempest-VolumesImageMetadata-1072003427 tempest-VolumesImageMetadata-1072003427-project-member] Using url versioning {{(pid=99670) process_request /opt/stack/glance/glance/api/middleware/version_negotiation.py:57}}
Jul 13 09:48:12.946913 np0000005105 devstack@g-api.service[99670]: DEBUG glance.api.middleware.version_negotiation [None req-02c4c256-2844-4f03-83a8-4ae1f8fcc8dc tempest-VolumesImageMetadata-1072003427 tempest-VolumesImageMetadata-1072003427-project-member] Matched version: v2 {{(pid=99670) process_request /opt/stack/glance/glance/api/middleware/version_negotiation.py:69}}
Jul 13 09:48:12.946913 np0000005105 devstack@g-api.service[99670]: DEBUG glance.api.middleware.version_negotiation [None req-02c4c256-2844-4f03-83a8-4ae1f8fcc8dc tempest-VolumesImageMetadata-1072003427 tempest-VolumesImageMetadata-1072003427-project-member] new path /v2/schemas/image {{(pid=99670) process_request /opt/stack/glance/glance/api/middleware/version_negotiation.py:70}}
Jul 13 09:48:12.950561 np0000005105 devstack@g-api.service[99670]: [pid: 99670|app: 0|req: 126/361] 127.0.0.1 () {44 vars in 1055 bytes} [Mon Jul 13 09:48:12 2026] GET /v2/schemas/image => generated 6083 bytes in 6 msecs (HTTP/1.1 200) 4 headers in 158 bytes (1 switches on core 0)
Jul 13 09:48:13.004829 np0000005105 devstack@g-api.service[99671]: DEBUG glance.api.middleware.version_negotiation [None req-02c4c256-2844-4f03-83a8-4ae1f8fcc8dc tempest-VolumesImageMetadata-1072003427 tempest-VolumesImageMetadata-1072003427-project-member] Determining version of request: GET /v2/images/c672fe07-101d-4e3b-94a2-b40d8bf8a9e7 Accept: */* {{(pid=99671) process_request /opt/stack/glance/glance/api/middleware/version_negotiation.py:44}}
Jul 13 09:48:13.004829 np0000005105 devstack@g-api.service[99671]: DEBUG glance.api.middleware.version_negotiation [None req-02c4c256-2844-4f03-83a8-4ae1f8fcc8dc tempest-VolumesImageMetadata-1072003427 tempest-VolumesImageMetadata-1072003427-project-member] Using url versioning {{(pid=99671) process_request /opt/stack/glance/glance/api/middleware/version_negotiation.py:57}}
Jul 13 09:48:13.004981 np0000005105 devstack@g-api.service[99671]: DEBUG glance.api.middleware.version_negotiation [None req-02c4c256-2844-4f03-83a8-4ae1f8fcc8dc tempest-VolumesImageMetadata-1072003427 tempest-VolumesImageMetadata-1072003427-project-member] Matched version: v2 {{(pid=99671) process_request /opt/stack/glance/glance/api/middleware/version_negotiation.py:69}}
Jul 13 09:48:13.005201 np0000005105 devstack@g-api.service[99671]: DEBUG glance.api.middleware.version_negotiation [None req-02c4c256-2844-4f03-83a8-4ae1f8fcc8dc tempest-VolumesImageMetadata-1072003427 tempest-VolumesImageMetadata-1072003427-project-member] new path /v2/images/c672fe07-101d-4e3b-94a2-b40d8bf8a9e7 {{(pid=99671) process_request /opt/stack/glance/glance/api/middleware/version_negotiation.py:70}}
Jul 13 09:48:13.026543 np0000005105 devstack@g-api.service[99671]: [pid: 99671|app: 0|req: 122/362] 127.0.0.1 () {44 vars in 1115 bytes} [Mon Jul 13 09:48:13 2026] GET /v2/images/c672fe07-101d-4e3b-94a2-b40d8bf8a9e7 => generated 1044 bytes in 22 msecs (HTTP/1.1 200) 4 headers in 158 bytes (1 switches on core 0)
Jul 13 09:48:13.040773 np0000005105 devstack@g-api.service[99672]: DEBUG glance.api.middleware.version_negotiation [None req-02c4c256-2844-4f03-83a8-4ae1f8fcc8dc tempest-VolumesImageMetadata-1072003427 tempest-VolumesImageMetadata-1072003427-project-member] Determining version of request: GET /v2/schemas/image Accept: */* {{(pid=99672) process_request /opt/stack/glance/glance/api/middleware/version_negotiation.py:44}}
Jul 13 09:48:13.041020 np0000005105 devstack@g-api.service[99672]: DEBUG glance.api.middleware.version_negotiation [None req-02c4c256-2844-4f03-83a8-4ae1f8fcc8dc tempest-VolumesImageMetadata-1072003427 tempest-VolumesImageMetadata-1072003427-project-member] Using url versioning {{(pid=99672) process_request /opt/stack/glance/glance/api/middleware/version_negotiation.py:57}}
Jul 13 09:48:13.041841 np0000005105 devstack@g-api.service[99672]: DEBUG glance.api.middleware.version_negotiation [None req-02c4c256-2844-4f03-83a8-4ae1f8fcc8dc tempest-VolumesImageMetadata-1072003427 tempest-VolumesImageMetadata-1072003427-project-member] Matched version: v2 {{(pid=99672) process_request /opt/stack/glance/glance/api/middleware/version_negotiation.py:69}}
Jul 13 09:48:13.042465 np0000005105 devstack@g-api.service[99672]: DEBUG glance.api.middleware.version_negotiation [None req-02c4c256-2844-4f03-83a8-4ae1f8fcc8dc tempest-VolumesImageMetadata-1072003427 tempest-VolumesImageMetadata-1072003427-project-member] new path /v2/schemas/image {{(pid=99672) process_request /opt/stack/glance/glance/api/middleware/version_negotiation.py:70}}
Jul 13 09:48:13.046099 np0000005105 devstack@g-api.service[99672]: [pid: 99672|app: 0|req: 115/363] 127.0.0.1 () {44 vars in 1055 bytes} [Mon Jul 13 09:48:13 2026] GET /v2/schemas/image => generated 6083 bytes in 5 msecs (HTTP/1.1 200) 4 headers in 158 bytes (1 switches on core 0)
Jul 13 09:48:13.632753 np0000005105 devstack@g-api.service[99670]: DEBUG glance.api.middleware.version_negotiation [None req-02c4c256-2844-4f03-83a8-4ae1f8fcc8dc tempest-VolumesImageMetadata-1072003427 tempest-VolumesImageMetadata-1072003427-project-member] Determining version of request: GET /versions Accept: */* {{(pid=99670) process_request /opt/stack/glance/glance/api/middleware/version_negotiation.py:44}}
Jul 13 09:48:13.633846 np0000005105 devstack@g-api.service[99670]: [pid: 99670|app: 0|req: 127/364] 127.0.0.1 () {44 vars in 1039 bytes} [Mon Jul 13 09:48:13 2026] GET /versions => generated 1515 bytes in 2 msecs (HTTP/1.1 200) 3 headers in 92 bytes (1 switches on core 0)
Jul 13 09:48:13.646844 np0000005105 devstack@g-api.service[99671]: DEBUG glance.api.middleware.version_negotiation [None req-02c4c256-2844-4f03-83a8-4ae1f8fcc8dc tempest-VolumesImageMetadata-1072003427 tempest-VolumesImageMetadata-1072003427-project-member] Determining version of request: GET /v2/images/c672fe07-101d-4e3b-94a2-b40d8bf8a9e7/locations Accept: */* {{(pid=99671) process_request /opt/stack/glance/glance/api/middleware/version_negotiation.py:44}}
Jul 13 09:48:13.646844 np0000005105 devstack@g-api.service[99671]: DEBUG glance.api.middleware.version_negotiation [None req-02c4c256-2844-4f03-83a8-4ae1f8fcc8dc tempest-VolumesImageMetadata-1072003427 tempest-VolumesImageMetadata-1072003427-project-member] Using url versioning {{(pid=99671) process_request /opt/stack/glance/glance/api/middleware/version_negotiation.py:57}}
Jul 13 09:48:13.646844 np0000005105 devstack@g-api.service[99671]: DEBUG glance.api.middleware.version_negotiation [None req-02c4c256-2844-4f03-83a8-4ae1f8fcc8dc tempest-VolumesImageMetadata-1072003427 tempest-VolumesImageMetadata-1072003427-project-member] Matched version: v2 {{(pid=99671) process_request /opt/stack/glance/glance/api/middleware/version_negotiation.py:69}}
Jul 13 09:48:13.648200 np0000005105 devstack@g-api.service[99671]: DEBUG glance.api.middleware.version_negotiation [None req-02c4c256-2844-4f03-83a8-4ae1f8fcc8dc tempest-VolumesImageMetadata-1072003427 tempest-VolumesImageMetadata-1072003427-project-member] new path /v2/images/c672fe07-101d-4e3b-94a2-b40d8bf8a9e7/locations {{(pid=99671) process_request /opt/stack/glance/glance/api/middleware/version_negotiation.py:70}}
Jul 13 09:48:13.733087 np0000005105 devstack@g-api.service[99671]: [pid: 99671|app: 0|req: 123/365] 127.0.0.1 () {44 vars in 1135 bytes} [Mon Jul 13 09:48:13 2026] GET /v2/images/c672fe07-101d-4e3b-94a2-b40d8bf8a9e7/locations => generated 92 bytes in 88 msecs (HTTP/1.1 200) 4 headers in 156 bytes (1 switches on core 0)
Jul 13 09:48:13.749586 np0000005105 devstack@g-api.service[99672]: DEBUG glance.api.middleware.version_negotiation [None req-02c4c256-2844-4f03-83a8-4ae1f8fcc8dc tempest-VolumesImageMetadata-1072003427 tempest-VolumesImageMetadata-1072003427-project-member] Determining version of request: GET /v2/images/c672fe07-101d-4e3b-94a2-b40d8bf8a9e7 Accept: */* {{(pid=99672) process_request /opt/stack/glance/glance/api/middleware/version_negotiation.py:44}}
Jul 13 09:48:13.749810 np0000005105 devstack@g-api.service[99672]: DEBUG glance.api.middleware.version_negotiation [None req-02c4c256-2844-4f03-83a8-4ae1f8fcc8dc tempest-VolumesImageMetadata-1072003427 tempest-VolumesImageMetadata-1072003427-project-member] Using url versioning {{(pid=99672) process_request /opt/stack/glance/glance/api/middleware/version_negotiation.py:57}}
Jul 13 09:48:13.749968 np0000005105 devstack@g-api.service[99672]: DEBUG glance.api.middleware.version_negotiation [None req-02c4c256-2844-4f03-83a8-4ae1f8fcc8dc tempest-VolumesImageMetadata-1072003427 tempest-VolumesImageMetadata-1072003427-project-member] Matched version: v2 {{(pid=99672) process_request /opt/stack/glance/glance/api/middleware/version_negotiation.py:69}}
Jul 13 09:48:13.750226 np0000005105 devstack@g-api.service[99672]: DEBUG glance.api.middleware.version_negotiation [None req-02c4c256-2844-4f03-83a8-4ae1f8fcc8dc tempest-VolumesImageMetadata-1072003427 tempest-VolumesImageMetadata-1072003427-project-member] new path /v2/images/c672fe07-101d-4e3b-94a2-b40d8bf8a9e7 {{(pid=99672) process_request /opt/stack/glance/glance/api/middleware/version_negotiation.py:70}}
Jul 13 09:48:13.769040 np0000005105 devstack@g-api.service[99672]: [pid: 99672|app: 0|req: 116/366] 127.0.0.1 () {44 vars in 1115 bytes} [Mon Jul 13 09:48:13 2026] GET /v2/images/c672fe07-101d-4e3b-94a2-b40d8bf8a9e7 => generated 1044 bytes in 19 msecs (HTTP/1.1 200) 4 headers in 158 bytes (1 switches on core 0)
Jul 13 09:48:13.787337 np0000005105 devstack@g-api.service[99670]: DEBUG glance.api.middleware.version_negotiation [None req-02c4c256-2844-4f03-83a8-4ae1f8fcc8dc tempest-VolumesImageMetadata-1072003427 tempest-VolumesImageMetadata-1072003427-project-member] Determining version of request: GET /v2/schemas/image Accept: */* {{(pid=99670) process_request /opt/stack/glance/glance/api/middleware/version_negotiation.py:44}}
Jul 13 09:48:13.787485 np0000005105 devstack@g-api.service[99670]: DEBUG glance.api.middleware.version_negotiation [None req-02c4c256-2844-4f03-83a8-4ae1f8fcc8dc tempest-VolumesImageMetadata-1072003427 tempest-VolumesImageMetadata-1072003427-project-member] Using url versioning {{(pid=99670) process_request /opt/stack/glance/glance/api/middleware/version_negotiation.py:57}}
Jul 13 09:48:13.787653 np0000005105 devstack@g-api.service[99670]: DEBUG glance.api.middleware.version_negotiation [None req-02c4c256-2844-4f03-83a8-4ae1f8fcc8dc tempest-VolumesImageMetadata-1072003427 tempest-VolumesImageMetadata-1072003427-project-member] Matched version: v2 {{(pid=99670) process_request /opt/stack/glance/glance/api/middleware/version_negotiation.py:69}}
Jul 13 09:48:13.787817 np0000005105 devstack@g-api.service[99670]: DEBUG glance.api.middleware.version_negotiation [None req-02c4c256-2844-4f03-83a8-4ae1f8fcc8dc tempest-VolumesImageMetadata-1072003427 tempest-VolumesImageMetadata-1072003427-project-member] new path /v2/schemas/image {{(pid=99670) process_request /opt/stack/glance/glance/api/middleware/version_negotiation.py:70}}
Jul 13 09:48:13.796445 np0000005105 devstack@g-api.service[99670]: [pid: 99670|app: 0|req: 128/367] 127.0.0.1 () {44 vars in 1055 bytes} [Mon Jul 13 09:48:13 2026] GET /v2/schemas/image => generated 6083 bytes in 8 msecs (HTTP/1.1 200) 4 headers in 158 bytes (1 switches on core 0)
Jul 13 09:48:13.819675 np0000005105 devstack@g-api.service[99671]: DEBUG glance.api.middleware.version_negotiation [None req-02c4c256-2844-4f03-83a8-4ae1f8fcc8dc service glance] Determining version of request: GET /v2/schemas/image Accept: */* {{(pid=99671) process_request /opt/stack/glance/glance/api/middleware/version_negotiation.py:44}}
Jul 13 09:48:13.820296 np0000005105 devstack@g-api.service[99671]: DEBUG glance.api.middleware.version_negotiation [None req-02c4c256-2844-4f03-83a8-4ae1f8fcc8dc service glance] Using url versioning {{(pid=99671) process_request /opt/stack/glance/glance/api/middleware/version_negotiation.py:57}}
Jul 13 09:48:13.820296 np0000005105 devstack@g-api.service[99671]: DEBUG glance.api.middleware.version_negotiation [None req-02c4c256-2844-4f03-83a8-4ae1f8fcc8dc service glance] Matched version: v2 {{(pid=99671) process_request /opt/stack/glance/glance/api/middleware/version_negotiation.py:69}}
Jul 13 09:48:13.820296 np0000005105 devstack@g-api.service[99671]: DEBUG glance.api.middleware.version_negotiation [None req-02c4c256-2844-4f03-83a8-4ae1f8fcc8dc service glance] new path /v2/schemas/image {{(pid=99671) process_request /opt/stack/glance/glance/api/middleware/version_negotiation.py:70}}
Jul 13 09:48:13.829035 np0000005105 devstack@g-api.service[99671]: [pid: 99671|app: 0|req: 124/368] 127.0.0.1 () {44 vars in 1055 bytes} [Mon Jul 13 09:48:13 2026] GET /v2/schemas/image => generated 6083 bytes in 10 msecs (HTTP/1.1 200) 4 headers in 158 bytes (1 switches on core 0)
Jul 13 09:48:22.254426 np0000005105 devstack@g-api.service[99672]: DEBUG glance.api.middleware.version_negotiation [None req-02c4c256-2844-4f03-83a8-4ae1f8fcc8dc tempest-VolumesImageMetadata-1072003427 tempest-VolumesImageMetadata-1072003427-project-member] Determining version of request: GET /v2/schemas/image Accept: */* {{(pid=99672) process_request /opt/stack/glance/glance/api/middleware/version_negotiation.py:44}}
Jul 13 09:48:22.254950 np0000005105 devstack@g-api.service[99672]: DEBUG glance.api.middleware.version_negotiation [None req-02c4c256-2844-4f03-83a8-4ae1f8fcc8dc tempest-VolumesImageMetadata-1072003427 tempest-VolumesImageMetadata-1072003427-project-member] Using url versioning {{(pid=99672) process_request /opt/stack/glance/glance/api/middleware/version_negotiation.py:57}}
Jul 13 09:48:22.254950 np0000005105 devstack@g-api.service[99672]: DEBUG glance.api.middleware.version_negotiation [None req-02c4c256-2844-4f03-83a8-4ae1f8fcc8dc tempest-VolumesImageMetadata-1072003427 tempest-VolumesImageMetadata-1072003427-project-member] Matched version: v2 {{(pid=99672) process_request /opt/stack/glance/glance/api/middleware/version_negotiation.py:69}}
Jul 13 09:48:22.255238 np0000005105 devstack@g-api.service[99672]: DEBUG glance.api.middleware.version_negotiation [None req-02c4c256-2844-4f03-83a8-4ae1f8fcc8dc tempest-VolumesImageMetadata-1072003427 tempest-VolumesImageMetadata-1072003427-project-member] new path /v2/schemas/image {{(pid=99672) process_request /opt/stack/glance/glance/api/middleware/version_negotiation.py:70}}
Jul 13 09:48:22.260595 np0000005105 devstack@g-api.service[99672]: [pid: 99672|app: 0|req: 117/369] 127.0.0.1 () {44 vars in 1055 bytes} [Mon Jul 13 09:48:22 2026] GET /v2/schemas/image => generated 6083 bytes in 7 msecs (HTTP/1.1 200) 4 headers in 158 bytes (1 switches on core 0)
Jul 13 09:48:22.281887 np0000005105 devstack@g-api.service[99670]: DEBUG glance.api.middleware.version_negotiation [None req-02c4c256-2844-4f03-83a8-4ae1f8fcc8dc tempest-VolumesImageMetadata-1072003427 tempest-VolumesImageMetadata-1072003427-project-member] Determining version of request: POST /v2/images Accept: */* {{(pid=99670) process_request /opt/stack/glance/glance/api/middleware/version_negotiation.py:44}}
Jul 13 09:48:22.282299 np0000005105 devstack@g-api.service[99670]: DEBUG glance.api.middleware.version_negotiation [None req-02c4c256-2844-4f03-83a8-4ae1f8fcc8dc tempest-VolumesImageMetadata-1072003427 tempest-VolumesImageMetadata-1072003427-project-member] Using url versioning {{(pid=99670) process_request /opt/stack/glance/glance/api/middleware/version_negotiation.py:57}}
Jul 13 09:48:22.282299 np0000005105 devstack@g-api.service[99670]: DEBUG glance.api.middleware.version_negotiation [None req-02c4c256-2844-4f03-83a8-4ae1f8fcc8dc tempest-VolumesImageMetadata-1072003427 tempest-VolumesImageMetadata-1072003427-project-member] Matched version: v2 {{(pid=99670) process_request /opt/stack/glance/glance/api/middleware/version_negotiation.py:69}}
Jul 13 09:48:22.282585 np0000005105 devstack@g-api.service[99670]: DEBUG glance.api.middleware.version_negotiation [None req-02c4c256-2844-4f03-83a8-4ae1f8fcc8dc tempest-VolumesImageMetadata-1072003427 tempest-VolumesImageMetadata-1072003427-project-member] new path /v2/images {{(pid=99670) process_request /opt/stack/glance/glance/api/middleware/version_negotiation.py:70}}
Jul 13 09:48:22.571957 np0000005105 devstack@g-api.service[99670]: DEBUG dbcounter [-] [99670] Writing DB stats glance:SELECT=20 {{(pid=99670) stat_writer /opt/stack/data/venv/lib/python3.12/site-packages/dbcounter.py:115}}
Jul 13 09:48:23.129580 np0000005105 devstack@g-api.service[99670]: [pid: 99670|app: 0|req: 129/370] 127.0.0.1 () {46 vars in 1055 bytes} [Mon Jul 13 09:48:22 2026] POST /v2/images => generated 650 bytes in 847 msecs (HTTP/1.1 201) 6 headers in 315 bytes (1 switches on core 0)
Jul 13 09:48:23.147361 np0000005105 devstack@g-api.service[99671]: DEBUG glance.api.middleware.version_negotiation [None req-02c4c256-2844-4f03-83a8-4ae1f8fcc8dc tempest-VolumesImageMetadata-1072003427 tempest-VolumesImageMetadata-1072003427-project-member] Determining version of request: GET /v2/schemas/image Accept: */* {{(pid=99671) process_request /opt/stack/glance/glance/api/middleware/version_negotiation.py:44}}
Jul 13 09:48:23.147361 np0000005105 devstack@g-api.service[99671]: DEBUG glance.api.middleware.version_negotiation [None req-02c4c256-2844-4f03-83a8-4ae1f8fcc8dc tempest-VolumesImageMetadata-1072003427 tempest-VolumesImageMetadata-1072003427-project-member] Using url versioning {{(pid=99671) process_request /opt/stack/glance/glance/api/middleware/version_negotiation.py:57}}
Jul 13 09:48:23.150425 np0000005105 devstack@g-api.service[99671]: DEBUG glance.api.middleware.version_negotiation [None req-02c4c256-2844-4f03-83a8-4ae1f8fcc8dc tempest-VolumesImageMetadata-1072003427 tempest-VolumesImageMetadata-1072003427-project-member] Matched version: v2 {{(pid=99671) process_request /opt/stack/glance/glance/api/middleware/version_negotiation.py:69}}
Jul 13 09:48:23.150425 np0000005105 devstack@g-api.service[99671]: DEBUG glance.api.middleware.version_negotiation [None req-02c4c256-2844-4f03-83a8-4ae1f8fcc8dc tempest-VolumesImageMetadata-1072003427 tempest-VolumesImageMetadata-1072003427-project-member] new path /v2/schemas/image {{(pid=99671) process_request /opt/stack/glance/glance/api/middleware/version_negotiation.py:70}}
Jul 13 09:48:23.160920 np0000005105 devstack@g-api.service[99671]: [pid: 99671|app: 0|req: 125/371] 127.0.0.1 () {44 vars in 1055 bytes} [Mon Jul 13 09:48:23 2026] GET /v2/schemas/image => generated 6083 bytes in 12 msecs (HTTP/1.1 200) 4 headers in 158 bytes (1 switches on core 0)
Jul 13 09:48:23.212616 np0000005105 devstack@g-api.service[99672]: DEBUG glance.api.middleware.version_negotiation [None req-b6923255-bcf9-4ae5-8d10-addbb2009e46 tempest-VolumesActionsTest-1739961935 tempest-VolumesActionsTest-1739961935-project-member] Determining version of request: GET /v2/images/46a596e0-95e7-4666-844b-e132d4767ff9 Accept: application/json {{(pid=99672) process_request /opt/stack/glance/glance/api/middleware/version_negotiation.py:44}}
Jul 13 09:48:23.214680 np0000005105 devstack@g-api.service[99672]: DEBUG glance.api.middleware.version_negotiation [None req-b6923255-bcf9-4ae5-8d10-addbb2009e46 tempest-VolumesActionsTest-1739961935 tempest-VolumesActionsTest-1739961935-project-member] Using url versioning {{(pid=99672) process_request /opt/stack/glance/glance/api/middleware/version_negotiation.py:57}}
Jul 13 09:48:23.214680 np0000005105 devstack@g-api.service[99672]: DEBUG glance.api.middleware.version_negotiation [None req-b6923255-bcf9-4ae5-8d10-addbb2009e46 tempest-VolumesActionsTest-1739961935 tempest-VolumesActionsTest-1739961935-project-member] Matched version: v2 {{(pid=99672) process_request /opt/stack/glance/glance/api/middleware/version_negotiation.py:69}}
Jul 13 09:48:23.214680 np0000005105 devstack@g-api.service[99672]: DEBUG glance.api.middleware.version_negotiation [None req-b6923255-bcf9-4ae5-8d10-addbb2009e46 tempest-VolumesActionsTest-1739961935 tempest-VolumesActionsTest-1739961935-project-member] new path /v2/images/46a596e0-95e7-4666-844b-e132d4767ff9 {{(pid=99672) process_request /opt/stack/glance/glance/api/middleware/version_negotiation.py:70}}
Jul 13 09:48:23.237897 np0000005105 devstack@g-api.service[99672]: [pid: 99672|app: 0|req: 118/372] 127.0.0.1 () {40 vars in 838 bytes} [Mon Jul 13 09:48:23 2026] GET /v2/images/46a596e0-95e7-4666-844b-e132d4767ff9 => generated 650 bytes in 25 msecs (HTTP/1.1 200) 4 headers in 157 bytes (1 switches on core 0)
Jul 13 09:48:23.583363 np0000005105 devstack@g-api.service[99670]: DEBUG glance.api.middleware.version_negotiation [None req-b6923255-bcf9-4ae5-8d10-addbb2009e46 tempest-VolumesActionsTest-1739961935 tempest-VolumesActionsTest-1739961935-project-member] Determining version of request: PUT /v2/images/46a596e0-95e7-4666-844b-e132d4767ff9/file Accept: */* {{(pid=99670) process_request /opt/stack/glance/glance/api/middleware/version_negotiation.py:44}}
Jul 13 09:48:23.583363 np0000005105 devstack@g-api.service[99670]: DEBUG glance.api.middleware.version_negotiation [None req-b6923255-bcf9-4ae5-8d10-addbb2009e46 tempest-VolumesActionsTest-1739961935 tempest-VolumesActionsTest-1739961935-project-member] Using url versioning {{(pid=99670) process_request /opt/stack/glance/glance/api/middleware/version_negotiation.py:57}}
Jul 13 09:48:23.583363 np0000005105 devstack@g-api.service[99670]: DEBUG glance.api.middleware.version_negotiation [None req-b6923255-bcf9-4ae5-8d10-addbb2009e46 tempest-VolumesActionsTest-1739961935 tempest-VolumesActionsTest-1739961935-project-member] Matched version: v2 {{(pid=99670) process_request /opt/stack/glance/glance/api/middleware/version_negotiation.py:69}}
Jul 13 09:48:23.583363 np0000005105 devstack@g-api.service[99670]: DEBUG glance.api.middleware.version_negotiation [None req-b6923255-bcf9-4ae5-8d10-addbb2009e46 tempest-VolumesActionsTest-1739961935 tempest-VolumesActionsTest-1739961935-project-member] new path /v2/images/46a596e0-95e7-4666-844b-e132d4767ff9/file {{(pid=99670) process_request /opt/stack/glance/glance/api/middleware/version_negotiation.py:70}}
Jul 13 09:48:23.727829 np0000005105 devstack@g-api.service[99671]: DEBUG dbcounter [-] [99671] Writing DB stats glance:SELECT=10 {{(pid=99671) stat_writer /opt/stack/data/venv/lib/python3.12/site-packages/dbcounter.py:115}}
Jul 13 09:48:24.250643 np0000005105 devstack@g-api.service[99670]: INFO glance.api.v2.image_data [None req-b6923255-bcf9-4ae5-8d10-addbb2009e46 tempest-VolumesActionsTest-1739961935 tempest-VolumesActionsTest-1739961935-project-member] Unable to create trust: no such option collect_timing in group [keystone_authtoken] Use the existing user token.
Jul 13 09:48:24.252291 np0000005105 devstack@g-api.service[99671]: DEBUG glance.api.middleware.version_negotiation [None req-b6923255-bcf9-4ae5-8d10-addbb2009e46 tempest-VolumesActionsTest-1739961935 tempest-VolumesActionsTest-1739961935-project-member] Determining version of request: GET /v2/images/46a596e0-95e7-4666-844b-e132d4767ff9 Accept: application/json {{(pid=99671) process_request /opt/stack/glance/glance/api/middleware/version_negotiation.py:44}}
Jul 13 09:48:24.252753 np0000005105 devstack@g-api.service[99671]: DEBUG glance.api.middleware.version_negotiation [None req-b6923255-bcf9-4ae5-8d10-addbb2009e46 tempest-VolumesActionsTest-1739961935 tempest-VolumesActionsTest-1739961935-project-member] Using url versioning {{(pid=99671) process_request /opt/stack/glance/glance/api/middleware/version_negotiation.py:57}}
Jul 13 09:48:24.252753 np0000005105 devstack@g-api.service[99671]: DEBUG glance.api.middleware.version_negotiation [None req-b6923255-bcf9-4ae5-8d10-addbb2009e46 tempest-VolumesActionsTest-1739961935 tempest-VolumesActionsTest-1739961935-project-member] Matched version: v2 {{(pid=99671) process_request /opt/stack/glance/glance/api/middleware/version_negotiation.py:69}}
Jul 13 09:48:24.252930 np0000005105 devstack@g-api.service[99671]: DEBUG glance.api.middleware.version_negotiation [None req-b6923255-bcf9-4ae5-8d10-addbb2009e46 tempest-VolumesActionsTest-1739961935 tempest-VolumesActionsTest-1739961935-project-member] new path /v2/images/46a596e0-95e7-4666-844b-e132d4767ff9 {{(pid=99671) process_request /opt/stack/glance/glance/api/middleware/version_negotiation.py:70}}
Jul 13 09:48:24.280903 np0000005105 devstack@g-api.service[99671]: [pid: 99671|app: 0|req: 126/373] 127.0.0.1 () {40 vars in 838 bytes} [Mon Jul 13 09:48:24 2026] GET /v2/images/46a596e0-95e7-4666-844b-e132d4767ff9 => generated 650 bytes in 29 msecs (HTTP/1.1 200) 4 headers in 157 bytes (1 switches on core 0)
Jul 13 09:48:25.136858 np0000005105 devstack@g-api.service[99670]: DEBUG glance.location [None req-b6923255-bcf9-4ae5-8d10-addbb2009e46 tempest-VolumesActionsTest-1739961935 tempest-VolumesActionsTest-1739961935-project-member] Enabling in-flight format inspection for raw {{(pid=99670) set_data /opt/stack/glance/glance/location.py:596}}
Jul 13 09:48:25.137832 np0000005105 devstack@g-api.service[99670]: DEBUG glance_store.backend [None req-b6923255-bcf9-4ae5-8d10-addbb2009e46 tempest-VolumesActionsTest-1739961935 tempest-VolumesActionsTest-1739961935-project-member] Attempting to import store swift {{(pid=99670) _load_store /opt/stack/data/venv/lib/python3.12/site-packages/glance_store/backend.py:215}}
Jul 13 09:48:25.139347 np0000005105 devstack@g-api.service[99670]: DEBUG glance_store.capabilities [None req-b6923255-bcf9-4ae5-8d10-addbb2009e46 tempest-VolumesActionsTest-1739961935 tempest-VolumesActionsTest-1739961935-project-member] Store glance_store._drivers.swift.store.SingleTenantStore doesn't support updating dynamic storage capabilities. Please overwrite 'update_capabilities' method of the store to implement updating logics if needed. {{(pid=99670) update_capabilities /opt/stack/data/venv/lib/python3.12/site-packages/glance_store/capabilities.py:91}}
Jul 13 09:48:25.139347 np0000005105 devstack@g-api.service[99670]: DEBUG glance_store.driver [None req-b6923255-bcf9-4ae5-8d10-addbb2009e46 tempest-VolumesActionsTest-1739961935 tempest-VolumesActionsTest-1739961935-project-member] Late loading location class glance_store._drivers.swift.store.StoreLocation {{(pid=99670) get_store_location_class /opt/stack/data/venv/lib/python3.12/site-packages/glance_store/driver.py:134}}
Jul 13 09:48:25.139347 np0000005105 devstack@g-api.service[99670]: DEBUG glance_store.location [None req-b6923255-bcf9-4ae5-8d10-addbb2009e46 tempest-VolumesActionsTest-1739961935 tempest-VolumesActionsTest-1739961935-project-member] Registering scheme swift+https with {'store': , 'location_class': , 'store_entry': 'swift'} {{(pid=99670) register_scheme_map /opt/stack/data/venv/lib/python3.12/site-packages/glance_store/location.py:146}}
Jul 13 09:48:25.139347 np0000005105 devstack@g-api.service[99670]: DEBUG glance_store.location [None req-b6923255-bcf9-4ae5-8d10-addbb2009e46 tempest-VolumesActionsTest-1739961935 tempest-VolumesActionsTest-1739961935-project-member] Registering scheme swift+https with {'store': , 'location_class': , 'store_entry': 'swift'} {{(pid=99670) register_scheme_map /opt/stack/data/venv/lib/python3.12/site-packages/glance_store/location.py:146}}
Jul 13 09:48:25.139347 np0000005105 devstack@g-api.service[99670]: DEBUG glance_store.location [None req-b6923255-bcf9-4ae5-8d10-addbb2009e46 tempest-VolumesActionsTest-1739961935 tempest-VolumesActionsTest-1739961935-project-member] Registering scheme swift with {'store': , 'location_class': , 'store_entry': 'swift'} {{(pid=99670) register_scheme_map /opt/stack/data/venv/lib/python3.12/site-packages/glance_store/location.py:146}}
Jul 13 09:48:25.140274 np0000005105 devstack@g-api.service[99670]: DEBUG glance_store.location [None req-b6923255-bcf9-4ae5-8d10-addbb2009e46 tempest-VolumesActionsTest-1739961935 tempest-VolumesActionsTest-1739961935-project-member] Registering scheme swift+https with {'store': , 'location_class': , 'store_entry': 'swift'} {{(pid=99670) register_scheme_map /opt/stack/data/venv/lib/python3.12/site-packages/glance_store/location.py:146}}
Jul 13 09:48:25.140274 np0000005105 devstack@g-api.service[99670]: DEBUG glance_store.location [None req-b6923255-bcf9-4ae5-8d10-addbb2009e46 tempest-VolumesActionsTest-1739961935 tempest-VolumesActionsTest-1739961935-project-member] Registering scheme swift with {'store': , 'location_class': , 'store_entry': 'swift'} {{(pid=99670) register_scheme_map /opt/stack/data/venv/lib/python3.12/site-packages/glance_store/location.py:146}}
Jul 13 09:48:25.140274 np0000005105 devstack@g-api.service[99670]: DEBUG glance_store.location [None req-b6923255-bcf9-4ae5-8d10-addbb2009e46 tempest-VolumesActionsTest-1739961935 tempest-VolumesActionsTest-1739961935-project-member] Registering scheme swift+http with {'store': , 'location_class': , 'store_entry': 'swift'} {{(pid=99670) register_scheme_map /opt/stack/data/venv/lib/python3.12/site-packages/glance_store/location.py:146}}
Jul 13 09:48:25.140274 np0000005105 devstack@g-api.service[99670]: DEBUG glance_store.location [None req-b6923255-bcf9-4ae5-8d10-addbb2009e46 tempest-VolumesActionsTest-1739961935 tempest-VolumesActionsTest-1739961935-project-member] Registering scheme swift+https with {'store': , 'location_class': , 'store_entry': 'swift'} {{(pid=99670) register_scheme_map /opt/stack/data/venv/lib/python3.12/site-packages/glance_store/location.py:146}}
Jul 13 09:48:25.140274 np0000005105 devstack@g-api.service[99670]: DEBUG glance_store.location [None req-b6923255-bcf9-4ae5-8d10-addbb2009e46 tempest-VolumesActionsTest-1739961935 tempest-VolumesActionsTest-1739961935-project-member] Registering scheme swift with {'store': , 'location_class': , 'store_entry': 'swift'} {{(pid=99670) register_scheme_map /opt/stack/data/venv/lib/python3.12/site-packages/glance_store/location.py:146}}
Jul 13 09:48:25.140274 np0000005105 devstack@g-api.service[99670]: DEBUG glance_store.location [None req-b6923255-bcf9-4ae5-8d10-addbb2009e46 tempest-VolumesActionsTest-1739961935 tempest-VolumesActionsTest-1739961935-project-member] Registering scheme swift+http with {'store': , 'location_class': , 'store_entry': 'swift'} {{(pid=99670) register_scheme_map /opt/stack/data/venv/lib/python3.12/site-packages/glance_store/location.py:146}}
Jul 13 09:48:25.140274 np0000005105 devstack@g-api.service[99670]: DEBUG glance_store.location [None req-b6923255-bcf9-4ae5-8d10-addbb2009e46 tempest-VolumesActionsTest-1739961935 tempest-VolumesActionsTest-1739961935-project-member] Registering scheme swift+config with {'store': , 'location_class': , 'store_entry': 'swift'} {{(pid=99670) register_scheme_map /opt/stack/data/venv/lib/python3.12/site-packages/glance_store/location.py:146}}
Jul 13 09:48:25.292847 np0000005105 devstack@g-api.service[99672]: DEBUG glance.api.middleware.version_negotiation [None req-e4bc38ad-d25f-4a10-9557-46d45032726d tempest-VolumesActionsTest-1739961935 tempest-VolumesActionsTest-1739961935-project-member] Determining version of request: GET /v2/images/46a596e0-95e7-4666-844b-e132d4767ff9 Accept: application/json {{(pid=99672) process_request /opt/stack/glance/glance/api/middleware/version_negotiation.py:44}}
Jul 13 09:48:25.293885 np0000005105 devstack@g-api.service[99672]: DEBUG glance.api.middleware.version_negotiation [None req-e4bc38ad-d25f-4a10-9557-46d45032726d tempest-VolumesActionsTest-1739961935 tempest-VolumesActionsTest-1739961935-project-member] Using url versioning {{(pid=99672) process_request /opt/stack/glance/glance/api/middleware/version_negotiation.py:57}}
Jul 13 09:48:25.294527 np0000005105 devstack@g-api.service[99672]: DEBUG glance.api.middleware.version_negotiation [None req-e4bc38ad-d25f-4a10-9557-46d45032726d tempest-VolumesActionsTest-1739961935 tempest-VolumesActionsTest-1739961935-project-member] Matched version: v2 {{(pid=99672) process_request /opt/stack/glance/glance/api/middleware/version_negotiation.py:69}}
Jul 13 09:48:25.294527 np0000005105 devstack@g-api.service[99672]: DEBUG glance.api.middleware.version_negotiation [None req-e4bc38ad-d25f-4a10-9557-46d45032726d tempest-VolumesActionsTest-1739961935 tempest-VolumesActionsTest-1739961935-project-member] new path /v2/images/46a596e0-95e7-4666-844b-e132d4767ff9 {{(pid=99672) process_request /opt/stack/glance/glance/api/middleware/version_negotiation.py:70}}
Jul 13 09:48:25.316288 np0000005105 devstack@g-api.service[99672]: [pid: 99672|app: 0|req: 119/374] 127.0.0.1 () {40 vars in 838 bytes} [Mon Jul 13 09:48:25 2026] GET /v2/images/46a596e0-95e7-4666-844b-e132d4767ff9 => generated 650 bytes in 23 msecs (HTTP/1.1 200) 4 headers in 157 bytes (1 switches on core 0)
Jul 13 09:48:25.600953 np0000005105 devstack@g-api.service[99670]: DEBUG swiftclient [None req-b6923255-bcf9-4ae5-8d10-addbb2009e46 tempest-VolumesActionsTest-1739961935 tempest-VolumesActionsTest-1739961935-project-member] REQ: curl -i https://10.4.3.217:8080/v1/AUTH_8b11241a5514450c831a173d39bd7b91/glance -I -H "X-Auth-Token: gAAAAABqVLRpMwzj..." {{(pid=99670) http_log /opt/stack/data/venv/lib/python3.12/site-packages/swiftclient/client.py:160}}
Jul 13 09:48:25.601112 np0000005105 devstack@g-api.service[99670]: DEBUG swiftclient [None req-b6923255-bcf9-4ae5-8d10-addbb2009e46 tempest-VolumesActionsTest-1739961935 tempest-VolumesActionsTest-1739961935-project-member] RESP STATUS: 204 No Content {{(pid=99670) http_log /opt/stack/data/venv/lib/python3.12/site-packages/swiftclient/client.py:161}}
Jul 13 09:48:25.602390 np0000005105 devstack@g-api.service[99670]: DEBUG swiftclient [None req-b6923255-bcf9-4ae5-8d10-addbb2009e46 tempest-VolumesActionsTest-1739961935 tempest-VolumesActionsTest-1739961935-project-member] RESP HEADERS: {'Date': 'Mon, 13 Jul 2026 09:48:25 GMT', 'Server': 'Apache/2.4.58 (Ubuntu)', 'Content-Type': 'text/plain; charset=utf-8', 'X-Container-Object-Count': '3', 'X-Container-Bytes-Used': '64356352', 'X-Timestamp': '1783935709.81520', 'Last-Modified': 'Mon, 13 Jul 2026 09:41:50 GMT', 'Accept-Ranges': 'bytes', 'X-Storage-Policy': 'Policy-0', 'X-Container-Sharding': 'False', 'Vary': 'Accept', 'X-Trans-Id': 'txf01c983337684c0aac51c-006a54b469', 'X-Openstack-Request-Id': 'txf01c983337684c0aac51c-006a54b469', 'Connection': 'close'} {{(pid=99670) http_log /opt/stack/data/venv/lib/python3.12/site-packages/swiftclient/client.py:162}}
Jul 13 09:48:25.602390 np0000005105 devstack@g-api.service[99670]: DEBUG glance_store._drivers.swift.store [None req-b6923255-bcf9-4ae5-8d10-addbb2009e46 tempest-VolumesActionsTest-1739961935 tempest-VolumesActionsTest-1739961935-project-member] Adding image object '46a596e0-95e7-4666-844b-e132d4767ff9' to Swift {{(pid=99670) add /opt/stack/data/venv/lib/python3.12/site-packages/glance_store/_drivers/swift/store.py:970}}
Jul 13 09:48:25.602390 np0000005105 devstack@g-api.service[99670]: DEBUG glance_store._drivers.swift.store [None req-b6923255-bcf9-4ae5-8d10-addbb2009e46 tempest-VolumesActionsTest-1739961935 tempest-VolumesActionsTest-1739961935-project-member] Cannot determine image size because it is either not provided in the request or chunked-transfer encoding is used. Adding image as a segmented object to Swift. {{(pid=99670) add /opt/stack/data/venv/lib/python3.12/site-packages/glance_store/_drivers/swift/store.py:994}}
Jul 13 09:48:25.613923 np0000005105 devstack@g-api.service[99670]: DEBUG oslo_utils.imageutils.format_inspector [None req-b6923255-bcf9-4ae5-8d10-addbb2009e46 tempest-VolumesActionsTest-1739961935 tempest-VolumesActionsTest-1739961935-project-member] Format inspector for vmdk does not match, excluding from consideration (Signature KDMV not found: b'\x00\x00\x00\x00') {{(pid=99670) _process_chunk /opt/stack/data/venv/lib/python3.12/site-packages/oslo_utils/imageutils/format_inspector.py:1758}}
Jul 13 09:48:25.617574 np0000005105 devstack@g-api.service[99670]: DEBUG oslo_utils.imageutils.format_inspector [None req-b6923255-bcf9-4ae5-8d10-addbb2009e46 tempest-VolumesActionsTest-1739961935 tempest-VolumesActionsTest-1739961935-project-member] Format inspector for vhdx does not match, excluding from consideration (Region signature not found at 30000) {{(pid=99670) _process_chunk /opt/stack/data/venv/lib/python3.12/site-packages/oslo_utils/imageutils/format_inspector.py:1758}}
Jul 13 09:48:26.330063 np0000005105 devstack@g-api.service[99671]: DEBUG glance.api.middleware.version_negotiation [None req-7752100b-e8c7-4468-a9df-c1381ac6e858 tempest-VolumesActionsTest-1739961935 tempest-VolumesActionsTest-1739961935-project-member] Determining version of request: GET /v2/images/46a596e0-95e7-4666-844b-e132d4767ff9 Accept: application/json {{(pid=99671) process_request /opt/stack/glance/glance/api/middleware/version_negotiation.py:44}}
Jul 13 09:48:26.331604 np0000005105 devstack@g-api.service[99671]: DEBUG glance.api.middleware.version_negotiation [None req-7752100b-e8c7-4468-a9df-c1381ac6e858 tempest-VolumesActionsTest-1739961935 tempest-VolumesActionsTest-1739961935-project-member] Using url versioning {{(pid=99671) process_request /opt/stack/glance/glance/api/middleware/version_negotiation.py:57}}
Jul 13 09:48:26.331604 np0000005105 devstack@g-api.service[99671]: DEBUG glance.api.middleware.version_negotiation [None req-7752100b-e8c7-4468-a9df-c1381ac6e858 tempest-VolumesActionsTest-1739961935 tempest-VolumesActionsTest-1739961935-project-member] Matched version: v2 {{(pid=99671) process_request /opt/stack/glance/glance/api/middleware/version_negotiation.py:69}}
Jul 13 09:48:26.331604 np0000005105 devstack@g-api.service[99671]: DEBUG glance.api.middleware.version_negotiation [None req-7752100b-e8c7-4468-a9df-c1381ac6e858 tempest-VolumesActionsTest-1739961935 tempest-VolumesActionsTest-1739961935-project-member] new path /v2/images/46a596e0-95e7-4666-844b-e132d4767ff9 {{(pid=99671) process_request /opt/stack/glance/glance/api/middleware/version_negotiation.py:70}}
Jul 13 09:48:26.344354 np0000005105 devstack@g-api.service[99671]: [pid: 99671|app: 0|req: 127/375] 127.0.0.1 () {40 vars in 838 bytes} [Mon Jul 13 09:48:26 2026] GET /v2/images/46a596e0-95e7-4666-844b-e132d4767ff9 => generated 650 bytes in 14 msecs (HTTP/1.1 200) 4 headers in 157 bytes (1 switches on core 0)
Jul 13 09:48:27.363406 np0000005105 devstack@g-api.service[99672]: DEBUG glance.api.middleware.version_negotiation [None req-49277f3a-d28c-4b99-9f2c-8d13b0536d3b tempest-VolumesActionsTest-1739961935 tempest-VolumesActionsTest-1739961935-project-member] Determining version of request: GET /v2/images/46a596e0-95e7-4666-844b-e132d4767ff9 Accept: application/json {{(pid=99672) process_request /opt/stack/glance/glance/api/middleware/version_negotiation.py:44}}
Jul 13 09:48:27.363406 np0000005105 devstack@g-api.service[99672]: DEBUG glance.api.middleware.version_negotiation [None req-49277f3a-d28c-4b99-9f2c-8d13b0536d3b tempest-VolumesActionsTest-1739961935 tempest-VolumesActionsTest-1739961935-project-member] Using url versioning {{(pid=99672) process_request /opt/stack/glance/glance/api/middleware/version_negotiation.py:57}}
Jul 13 09:48:27.363406 np0000005105 devstack@g-api.service[99672]: DEBUG glance.api.middleware.version_negotiation [None req-49277f3a-d28c-4b99-9f2c-8d13b0536d3b tempest-VolumesActionsTest-1739961935 tempest-VolumesActionsTest-1739961935-project-member] Matched version: v2 {{(pid=99672) process_request /opt/stack/glance/glance/api/middleware/version_negotiation.py:69}}
Jul 13 09:48:27.363406 np0000005105 devstack@g-api.service[99672]: DEBUG glance.api.middleware.version_negotiation [None req-49277f3a-d28c-4b99-9f2c-8d13b0536d3b tempest-VolumesActionsTest-1739961935 tempest-VolumesActionsTest-1739961935-project-member] new path /v2/images/46a596e0-95e7-4666-844b-e132d4767ff9 {{(pid=99672) process_request /opt/stack/glance/glance/api/middleware/version_negotiation.py:70}}
Jul 13 09:48:27.383142 np0000005105 devstack@g-api.service[99672]: [pid: 99672|app: 0|req: 120/376] 127.0.0.1 () {40 vars in 838 bytes} [Mon Jul 13 09:48:27 2026] GET /v2/images/46a596e0-95e7-4666-844b-e132d4767ff9 => generated 650 bytes in 22 msecs (HTTP/1.1 200) 4 headers in 157 bytes (1 switches on core 0)
Jul 13 09:48:28.396693 np0000005105 devstack@g-api.service[99671]: DEBUG glance.api.middleware.version_negotiation [None req-b1e89141-6507-4fa3-a45a-5f8974a9ac6b tempest-VolumesActionsTest-1739961935 tempest-VolumesActionsTest-1739961935-project-member] Determining version of request: GET /v2/images/46a596e0-95e7-4666-844b-e132d4767ff9 Accept: application/json {{(pid=99671) process_request /opt/stack/glance/glance/api/middleware/version_negotiation.py:44}}
Jul 13 09:48:28.396693 np0000005105 devstack@g-api.service[99671]: DEBUG glance.api.middleware.version_negotiation [None req-b1e89141-6507-4fa3-a45a-5f8974a9ac6b tempest-VolumesActionsTest-1739961935 tempest-VolumesActionsTest-1739961935-project-member] Using url versioning {{(pid=99671) process_request /opt/stack/glance/glance/api/middleware/version_negotiation.py:57}}
Jul 13 09:48:28.397313 np0000005105 devstack@g-api.service[99671]: DEBUG glance.api.middleware.version_negotiation [None req-b1e89141-6507-4fa3-a45a-5f8974a9ac6b tempest-VolumesActionsTest-1739961935 tempest-VolumesActionsTest-1739961935-project-member] Matched version: v2 {{(pid=99671) process_request /opt/stack/glance/glance/api/middleware/version_negotiation.py:69}}
Jul 13 09:48:28.397313 np0000005105 devstack@g-api.service[99671]: DEBUG glance.api.middleware.version_negotiation [None req-b1e89141-6507-4fa3-a45a-5f8974a9ac6b tempest-VolumesActionsTest-1739961935 tempest-VolumesActionsTest-1739961935-project-member] new path /v2/images/46a596e0-95e7-4666-844b-e132d4767ff9 {{(pid=99671) process_request /opt/stack/glance/glance/api/middleware/version_negotiation.py:70}}
Jul 13 09:48:28.412004 np0000005105 devstack@g-api.service[99671]: [pid: 99671|app: 0|req: 128/377] 127.0.0.1 () {40 vars in 838 bytes} [Mon Jul 13 09:48:28 2026] GET /v2/images/46a596e0-95e7-4666-844b-e132d4767ff9 => generated 650 bytes in 16 msecs (HTTP/1.1 200) 4 headers in 157 bytes (1 switches on core 0)
Jul 13 09:48:29.425990 np0000005105 devstack@g-api.service[99672]: DEBUG glance.api.middleware.version_negotiation [None req-b97a0c5c-ecfb-4231-94a3-8450564f92fa tempest-VolumesActionsTest-1739961935 tempest-VolumesActionsTest-1739961935-project-member] Determining version of request: GET /v2/images/46a596e0-95e7-4666-844b-e132d4767ff9 Accept: application/json {{(pid=99672) process_request /opt/stack/glance/glance/api/middleware/version_negotiation.py:44}}
Jul 13 09:48:29.426570 np0000005105 devstack@g-api.service[99672]: DEBUG glance.api.middleware.version_negotiation [None req-b97a0c5c-ecfb-4231-94a3-8450564f92fa tempest-VolumesActionsTest-1739961935 tempest-VolumesActionsTest-1739961935-project-member] Using url versioning {{(pid=99672) process_request /opt/stack/glance/glance/api/middleware/version_negotiation.py:57}}
Jul 13 09:48:29.426570 np0000005105 devstack@g-api.service[99672]: DEBUG glance.api.middleware.version_negotiation [None req-b97a0c5c-ecfb-4231-94a3-8450564f92fa tempest-VolumesActionsTest-1739961935 tempest-VolumesActionsTest-1739961935-project-member] Matched version: v2 {{(pid=99672) process_request /opt/stack/glance/glance/api/middleware/version_negotiation.py:69}}
Jul 13 09:48:29.426570 np0000005105 devstack@g-api.service[99672]: DEBUG glance.api.middleware.version_negotiation [None req-b97a0c5c-ecfb-4231-94a3-8450564f92fa tempest-VolumesActionsTest-1739961935 tempest-VolumesActionsTest-1739961935-project-member] new path /v2/images/46a596e0-95e7-4666-844b-e132d4767ff9 {{(pid=99672) process_request /opt/stack/glance/glance/api/middleware/version_negotiation.py:70}}
Jul 13 09:48:29.445061 np0000005105 devstack@g-api.service[99672]: [pid: 99672|app: 0|req: 121/378] 127.0.0.1 () {40 vars in 838 bytes} [Mon Jul 13 09:48:29 2026] GET /v2/images/46a596e0-95e7-4666-844b-e132d4767ff9 => generated 650 bytes in 19 msecs (HTTP/1.1 200) 4 headers in 157 bytes (1 switches on core 0)
Jul 13 09:48:29.506051 np0000005105 devstack@g-api.service[99670]: DEBUG swiftclient [None req-b6923255-bcf9-4ae5-8d10-addbb2009e46 tempest-VolumesActionsTest-1739961935 tempest-VolumesActionsTest-1739961935-project-member] REQ: curl -i https://10.4.3.217:8080/v1/AUTH_8b11241a5514450c831a173d39bd7b91/glance/46a596e0-95e7-4666-844b-e132d4767ff9-00001 -X PUT -H "X-Auth-Token: gAAAAABqVLRpMwzj..." {{(pid=99670) http_log /opt/stack/data/venv/lib/python3.12/site-packages/swiftclient/client.py:160}}
Jul 13 09:48:29.506401 np0000005105 devstack@g-api.service[99670]: DEBUG swiftclient [None req-b6923255-bcf9-4ae5-8d10-addbb2009e46 tempest-VolumesActionsTest-1739961935 tempest-VolumesActionsTest-1739961935-project-member] RESP STATUS: 201 Created {{(pid=99670) http_log /opt/stack/data/venv/lib/python3.12/site-packages/swiftclient/client.py:161}}
Jul 13 09:48:29.506495 np0000005105 devstack@g-api.service[99670]: DEBUG swiftclient [None req-b6923255-bcf9-4ae5-8d10-addbb2009e46 tempest-VolumesActionsTest-1739961935 tempest-VolumesActionsTest-1739961935-project-member] RESP HEADERS: {'Date': 'Mon, 13 Jul 2026 09:48:29 GMT', 'Server': 'Apache/2.4.58 (Ubuntu)', 'Content-Type': 'text/html; charset=UTF-8', 'Content-Length': '0', 'Etag': 'eda9a9889837ac4bc81d6387d92c1bec', 'Last-Modified': 'Mon, 13 Jul 2026 09:48:26 GMT', 'X-Trans-Id': 'tx702e2990b65b4a0d93fee-006a54b469', 'X-Openstack-Request-Id': 'tx702e2990b65b4a0d93fee-006a54b469', 'Connection': 'close'} {{(pid=99670) http_log /opt/stack/data/venv/lib/python3.12/site-packages/swiftclient/client.py:162}}
Jul 13 09:48:29.506660 np0000005105 devstack@g-api.service[99670]: DEBUG glance_store._drivers.swift.store [None req-b6923255-bcf9-4ae5-8d10-addbb2009e46 tempest-VolumesActionsTest-1739961935 tempest-VolumesActionsTest-1739961935-project-member] Wrote chunk 46a596e0-95e7-4666-844b-e132d4767ff9-00001 (1/?) of length 204800000 to Swift returning MD5 of content: eda9a9889837ac4bc81d6387d92c1bec {{(pid=99670) add /opt/stack/data/venv/lib/python3.12/site-packages/glance_store/_drivers/swift/store.py:1059}}
Jul 13 09:48:30.458462 np0000005105 devstack@g-api.service[99671]: DEBUG glance.api.middleware.version_negotiation [None req-42e0ced9-2069-4b63-9e58-ef1c8d39222b tempest-VolumesActionsTest-1739961935 tempest-VolumesActionsTest-1739961935-project-member] Determining version of request: GET /v2/images/46a596e0-95e7-4666-844b-e132d4767ff9 Accept: application/json {{(pid=99671) process_request /opt/stack/glance/glance/api/middleware/version_negotiation.py:44}}
Jul 13 09:48:30.459012 np0000005105 devstack@g-api.service[99671]: DEBUG glance.api.middleware.version_negotiation [None req-42e0ced9-2069-4b63-9e58-ef1c8d39222b tempest-VolumesActionsTest-1739961935 tempest-VolumesActionsTest-1739961935-project-member] Using url versioning {{(pid=99671) process_request /opt/stack/glance/glance/api/middleware/version_negotiation.py:57}}
Jul 13 09:48:30.459012 np0000005105 devstack@g-api.service[99671]: DEBUG glance.api.middleware.version_negotiation [None req-42e0ced9-2069-4b63-9e58-ef1c8d39222b tempest-VolumesActionsTest-1739961935 tempest-VolumesActionsTest-1739961935-project-member] Matched version: v2 {{(pid=99671) process_request /opt/stack/glance/glance/api/middleware/version_negotiation.py:69}}
Jul 13 09:48:30.459012 np0000005105 devstack@g-api.service[99671]: DEBUG glance.api.middleware.version_negotiation [None req-42e0ced9-2069-4b63-9e58-ef1c8d39222b tempest-VolumesActionsTest-1739961935 tempest-VolumesActionsTest-1739961935-project-member] new path /v2/images/46a596e0-95e7-4666-844b-e132d4767ff9 {{(pid=99671) process_request /opt/stack/glance/glance/api/middleware/version_negotiation.py:70}}
Jul 13 09:48:30.478443 np0000005105 devstack@g-api.service[99671]: [pid: 99671|app: 0|req: 129/379] 127.0.0.1 () {40 vars in 838 bytes} [Mon Jul 13 09:48:30 2026] GET /v2/images/46a596e0-95e7-4666-844b-e132d4767ff9 => generated 650 bytes in 20 msecs (HTTP/1.1 200) 4 headers in 157 bytes (1 switches on core 0)
Jul 13 09:48:31.496070 np0000005105 devstack@g-api.service[99672]: DEBUG glance.api.middleware.version_negotiation [None req-3782b37d-d00a-4a50-834a-ab54a5b65d7e tempest-VolumesActionsTest-1739961935 tempest-VolumesActionsTest-1739961935-project-member] Determining version of request: GET /v2/images/46a596e0-95e7-4666-844b-e132d4767ff9 Accept: application/json {{(pid=99672) process_request /opt/stack/glance/glance/api/middleware/version_negotiation.py:44}}
Jul 13 09:48:31.496070 np0000005105 devstack@g-api.service[99672]: DEBUG glance.api.middleware.version_negotiation [None req-3782b37d-d00a-4a50-834a-ab54a5b65d7e tempest-VolumesActionsTest-1739961935 tempest-VolumesActionsTest-1739961935-project-member] Using url versioning {{(pid=99672) process_request /opt/stack/glance/glance/api/middleware/version_negotiation.py:57}}
