Jul 31 09:20:07.747156 np0000006197 devstack@g-api.service[99740]: DEBUG swiftclient [None req-9eee8a0a-f1c0-4b50-96f3-08974acaa53f tempest-VolumesActionsTest-867290091 tempest-VolumesActionsTest-867290091-project-member] REQ: curl -i https://10.4.3.135:8080/v1/AUTH_a8407d71ddeb4be59eec5c2a52a490d7/glance/09336c9e-0593-4800-a409-999e3280efd9-00002 DELETE -H "X-Auth-Token: gAAAAABqbGjH2T9U..." {{(pid=99740) http_log /opt/stack/data/venv/lib/python3.12/site-packages/swiftclient/client.py:160}}
Jul 31 09:20:07.747313 np0000006197 devstack@g-api.service[99740]: DEBUG swiftclient [None req-9eee8a0a-f1c0-4b50-96f3-08974acaa53f tempest-VolumesActionsTest-867290091 tempest-VolumesActionsTest-867290091-project-member] RESP STATUS: 204 No Content {{(pid=99740) http_log /opt/stack/data/venv/lib/python3.12/site-packages/swiftclient/client.py:161}}
Jul 31 09:20:07.747532 np0000006197 devstack@g-api.service[99740]: DEBUG swiftclient [None req-9eee8a0a-f1c0-4b50-96f3-08974acaa53f tempest-VolumesActionsTest-867290091 tempest-VolumesActionsTest-867290091-project-member] RESP HEADERS: {'Date': 'Fri, 31 Jul 2026 09:20:07 GMT', 'Server': 'Apache/2.4.58 (Ubuntu)', 'Content-Type': 'text/html; charset=UTF-8', 'X-Trans-Id': 'txfb55d77481e24fe5bb175-006a6c68c7', 'X-Openstack-Request-Id': 'txfb55d77481e24fe5bb175-006a6c68c7', 'Connection': 'close'} {{(pid=99740) http_log /opt/stack/data/venv/lib/python3.12/site-packages/swiftclient/client.py:162}}
Jul 31 09:20:07.771065 np0000006197 devstack@g-api.service[99740]: DEBUG swiftclient [None req-9eee8a0a-f1c0-4b50-96f3-08974acaa53f tempest-VolumesActionsTest-867290091 tempest-VolumesActionsTest-867290091-project-member] REQ: curl -i https://10.4.3.135:8080/v1/AUTH_a8407d71ddeb4be59eec5c2a52a490d7/glance/09336c9e-0593-4800-a409-999e3280efd9-00003 DELETE -H "X-Auth-Token: gAAAAABqbGjH2T9U..." {{(pid=99740) http_log /opt/stack/data/venv/lib/python3.12/site-packages/swiftclient/client.py:160}}
Jul 31 09:20:07.771191 np0000006197 devstack@g-api.service[99740]: DEBUG swiftclient [None req-9eee8a0a-f1c0-4b50-96f3-08974acaa53f tempest-VolumesActionsTest-867290091 tempest-VolumesActionsTest-867290091-project-member] RESP STATUS: 204 No Content {{(pid=99740) http_log /opt/stack/data/venv/lib/python3.12/site-packages/swiftclient/client.py:161}}
Jul 31 09:20:07.771391 np0000006197 devstack@g-api.service[99740]: DEBUG swiftclient [None req-9eee8a0a-f1c0-4b50-96f3-08974acaa53f tempest-VolumesActionsTest-867290091 tempest-VolumesActionsTest-867290091-project-member] RESP HEADERS: {'Date': 'Fri, 31 Jul 2026 09:20:07 GMT', 'Server': 'Apache/2.4.58 (Ubuntu)', 'Content-Type': 'text/html; charset=UTF-8', 'X-Trans-Id': 'tx019ce338dff84dd3996fc-006a6c68c7', 'X-Openstack-Request-Id': 'tx019ce338dff84dd3996fc-006a6c68c7', 'Connection': 'close'} {{(pid=99740) http_log /opt/stack/data/venv/lib/python3.12/site-packages/swiftclient/client.py:162}}
Jul 31 09:20:07.797516 np0000006197 devstack@g-api.service[99740]: DEBUG swiftclient [None req-9eee8a0a-f1c0-4b50-96f3-08974acaa53f tempest-VolumesActionsTest-867290091 tempest-VolumesActionsTest-867290091-project-member] REQ: curl -i https://10.4.3.135:8080/v1/AUTH_a8407d71ddeb4be59eec5c2a52a490d7/glance/09336c9e-0593-4800-a409-999e3280efd9-00004 DELETE -H "X-Auth-Token: gAAAAABqbGjH2T9U..." {{(pid=99740) http_log /opt/stack/data/venv/lib/python3.12/site-packages/swiftclient/client.py:160}}
Jul 31 09:20:07.797843 np0000006197 devstack@g-api.service[99740]: DEBUG swiftclient [None req-9eee8a0a-f1c0-4b50-96f3-08974acaa53f tempest-VolumesActionsTest-867290091 tempest-VolumesActionsTest-867290091-project-member] RESP STATUS: 204 No Content {{(pid=99740) http_log /opt/stack/data/venv/lib/python3.12/site-packages/swiftclient/client.py:161}}
Jul 31 09:20:07.797932 np0000006197 devstack@g-api.service[99740]: DEBUG swiftclient [None req-9eee8a0a-f1c0-4b50-96f3-08974acaa53f tempest-VolumesActionsTest-867290091 tempest-VolumesActionsTest-867290091-project-member] RESP HEADERS: {'Date': 'Fri, 31 Jul 2026 09:20:07 GMT', 'Server': 'Apache/2.4.58 (Ubuntu)', 'Content-Type': 'text/html; charset=UTF-8', 'X-Trans-Id': 'tx45714f0737ae4320b2b3a-006a6c68c7', 'X-Openstack-Request-Id': 'tx45714f0737ae4320b2b3a-006a6c68c7', 'Connection': 'close'} {{(pid=99740) http_log /opt/stack/data/venv/lib/python3.12/site-packages/swiftclient/client.py:162}}
Jul 31 09:20:07.825952 np0000006197 devstack@g-api.service[99740]: DEBUG swiftclient [None req-9eee8a0a-f1c0-4b50-96f3-08974acaa53f tempest-VolumesActionsTest-867290091 tempest-VolumesActionsTest-867290091-project-member] REQ: curl -i https://10.4.3.135:8080/v1/AUTH_a8407d71ddeb4be59eec5c2a52a490d7/glance/09336c9e-0593-4800-a409-999e3280efd9-00005 DELETE -H "X-Auth-Token: gAAAAABqbGjH2T9U..." {{(pid=99740) http_log /opt/stack/data/venv/lib/python3.12/site-packages/swiftclient/client.py:160}}
Jul 31 09:20:07.825952 np0000006197 devstack@g-api.service[99740]: DEBUG swiftclient [None req-9eee8a0a-f1c0-4b50-96f3-08974acaa53f tempest-VolumesActionsTest-867290091 tempest-VolumesActionsTest-867290091-project-member] RESP STATUS: 204 No Content {{(pid=99740) http_log /opt/stack/data/venv/lib/python3.12/site-packages/swiftclient/client.py:161}}
Jul 31 09:20:07.825952 np0000006197 devstack@g-api.service[99740]: DEBUG swiftclient [None req-9eee8a0a-f1c0-4b50-96f3-08974acaa53f tempest-VolumesActionsTest-867290091 tempest-VolumesActionsTest-867290091-project-member] RESP HEADERS: {'Date': 'Fri, 31 Jul 2026 09:20:07 GMT', 'Server': 'Apache/2.4.58 (Ubuntu)', 'Content-Type': 'text/html; charset=UTF-8', 'X-Trans-Id': 'txdc67bd8c8c5d439e9f1bb-006a6c68c7', 'X-Openstack-Request-Id': 'txdc67bd8c8c5d439e9f1bb-006a6c68c7', 'Connection': 'close'} {{(pid=99740) http_log /opt/stack/data/venv/lib/python3.12/site-packages/swiftclient/client.py:162}}
Jul 31 09:20:07.851193 np0000006197 devstack@g-api.service[99740]: DEBUG swiftclient [None req-9eee8a0a-f1c0-4b50-96f3-08974acaa53f tempest-VolumesActionsTest-867290091 tempest-VolumesActionsTest-867290091-project-member] REQ: curl -i https://10.4.3.135:8080/v1/AUTH_a8407d71ddeb4be59eec5c2a52a490d7/glance/09336c9e-0593-4800-a409-999e3280efd9-00006 DELETE -H "X-Auth-Token: gAAAAABqbGjH2T9U..." {{(pid=99740) http_log /opt/stack/data/venv/lib/python3.12/site-packages/swiftclient/client.py:160}}
Jul 31 09:20:07.851282 np0000006197 devstack@g-api.service[99740]: DEBUG swiftclient [None req-9eee8a0a-f1c0-4b50-96f3-08974acaa53f tempest-VolumesActionsTest-867290091 tempest-VolumesActionsTest-867290091-project-member] RESP STATUS: 204 No Content {{(pid=99740) http_log /opt/stack/data/venv/lib/python3.12/site-packages/swiftclient/client.py:161}}
Jul 31 09:20:07.851431 np0000006197 devstack@g-api.service[99740]: DEBUG swiftclient [None req-9eee8a0a-f1c0-4b50-96f3-08974acaa53f tempest-VolumesActionsTest-867290091 tempest-VolumesActionsTest-867290091-project-member] RESP HEADERS: {'Date': 'Fri, 31 Jul 2026 09:20:07 GMT', 'Server': 'Apache/2.4.58 (Ubuntu)', 'Content-Type': 'text/html; charset=UTF-8', 'X-Trans-Id': 'tx9566516490724a23a45d5-006a6c68c7', 'X-Openstack-Request-Id': 'tx9566516490724a23a45d5-006a6c68c7', 'Connection': 'close'} {{(pid=99740) http_log /opt/stack/data/venv/lib/python3.12/site-packages/swiftclient/client.py:162}}
Jul 31 09:20:07.880947 np0000006197 devstack@g-api.service[99740]: DEBUG swiftclient [None req-9eee8a0a-f1c0-4b50-96f3-08974acaa53f tempest-VolumesActionsTest-867290091 tempest-VolumesActionsTest-867290091-project-member] REQ: curl -i https://10.4.3.135:8080/v1/AUTH_a8407d71ddeb4be59eec5c2a52a490d7/glance/09336c9e-0593-4800-a409-999e3280efd9 DELETE -H "X-Auth-Token: gAAAAABqbGjH2T9U..." {{(pid=99740) http_log /opt/stack/data/venv/lib/python3.12/site-packages/swiftclient/client.py:160}}
Jul 31 09:20:07.881248 np0000006197 devstack@g-api.service[99740]: DEBUG swiftclient [None req-9eee8a0a-f1c0-4b50-96f3-08974acaa53f tempest-VolumesActionsTest-867290091 tempest-VolumesActionsTest-867290091-project-member] RESP STATUS: 204 No Content {{(pid=99740) http_log /opt/stack/data/venv/lib/python3.12/site-packages/swiftclient/client.py:161}}
Jul 31 09:20:07.881744 np0000006197 devstack@g-api.service[99740]: DEBUG swiftclient [None req-9eee8a0a-f1c0-4b50-96f3-08974acaa53f tempest-VolumesActionsTest-867290091 tempest-VolumesActionsTest-867290091-project-member] RESP HEADERS: {'Date': 'Fri, 31 Jul 2026 09:20:07 GMT', 'Server': 'Apache/2.4.58 (Ubuntu)', 'Content-Type': 'text/html; charset=UTF-8', 'X-Trans-Id': 'tx6b0c194327074446b8c7c-006a6c68c7', 'X-Openstack-Request-Id': 'tx6b0c194327074446b8c7c-006a6c68c7', 'Connection': 'close'} {{(pid=99740) http_log /opt/stack/data/venv/lib/python3.12/site-packages/swiftclient/client.py:162}}
Jul 31 09:20:07.931099 np0000006197 devstack@g-api.service[99740]: [pid: 99740|app: 0|req: 52/141] 127.0.0.1 () {40 vars in 841 bytes} [Fri Jul 31 09:20:07 2026] DELETE /v2/images/09336c9e-0593-4800-a409-999e3280efd9 => generated 0 bytes in 912 msecs (HTTP/1.1 204) 4 headers in 171 bytes (1 switches on core 0)
Jul 31 09:20:12.744852 np0000006197 devstack@g-api.service[99738]: DEBUG glance.api.middleware.version_negotiation [None req-b77d4196-28da-4fd5-89ee-9f662f04e69f tempest-VolumesActionsTest-867290091 tempest-VolumesActionsTest-867290091-project-member] Determining version of request: POST /v2/images Accept: application/json {{(pid=99738) process_request /opt/stack/glance/glance/api/middleware/version_negotiation.py:44}}
Jul 31 09:20:12.745675 np0000006197 devstack@g-api.service[99738]: DEBUG glance.api.middleware.version_negotiation [None req-b77d4196-28da-4fd5-89ee-9f662f04e69f tempest-VolumesActionsTest-867290091 tempest-VolumesActionsTest-867290091-project-member] Using url versioning {{(pid=99738) process_request /opt/stack/glance/glance/api/middleware/version_negotiation.py:57}}
Jul 31 09:20:12.745675 np0000006197 devstack@g-api.service[99738]: DEBUG glance.api.middleware.version_negotiation [None req-b77d4196-28da-4fd5-89ee-9f662f04e69f tempest-VolumesActionsTest-867290091 tempest-VolumesActionsTest-867290091-project-member] Matched version: v2 {{(pid=99738) process_request /opt/stack/glance/glance/api/middleware/version_negotiation.py:69}}
Jul 31 09:20:12.745675 np0000006197 devstack@g-api.service[99738]: DEBUG glance.api.middleware.version_negotiation [None req-b77d4196-28da-4fd5-89ee-9f662f04e69f tempest-VolumesActionsTest-867290091 tempest-VolumesActionsTest-867290091-project-member] new path /v2/images {{(pid=99738) process_request /opt/stack/glance/glance/api/middleware/version_negotiation.py:70}}
Jul 31 09:20:13.253022 np0000006197 devstack@g-api.service[99739]: DEBUG glance.api.middleware.version_negotiation [None req-ff7c8ccd-9d05-4fd7-a68a-d6829d6087b8 tempest-VolumesActionsTest-867290091 tempest-VolumesActionsTest-867290091-project-member] Determining version of request: GET /v2/images/78ee85b7-0d18-4d8b-8062-1825bfe6bf6c Accept: */* {{(pid=99739) process_request /opt/stack/glance/glance/api/middleware/version_negotiation.py:44}}
Jul 31 09:20:13.253733 np0000006197 devstack@g-api.service[99739]: DEBUG glance.api.middleware.version_negotiation [None req-ff7c8ccd-9d05-4fd7-a68a-d6829d6087b8 tempest-VolumesActionsTest-867290091 tempest-VolumesActionsTest-867290091-project-member] Using url versioning {{(pid=99739) process_request /opt/stack/glance/glance/api/middleware/version_negotiation.py:57}}
Jul 31 09:20:13.253733 np0000006197 devstack@g-api.service[99739]: DEBUG glance.api.middleware.version_negotiation [None req-ff7c8ccd-9d05-4fd7-a68a-d6829d6087b8 tempest-VolumesActionsTest-867290091 tempest-VolumesActionsTest-867290091-project-member] Matched version: v2 {{(pid=99739) process_request /opt/stack/glance/glance/api/middleware/version_negotiation.py:69}}
Jul 31 09:20:13.253733 np0000006197 devstack@g-api.service[99739]: DEBUG glance.api.middleware.version_negotiation [None req-ff7c8ccd-9d05-4fd7-a68a-d6829d6087b8 tempest-VolumesActionsTest-867290091 tempest-VolumesActionsTest-867290091-project-member] new path /v2/images/78ee85b7-0d18-4d8b-8062-1825bfe6bf6c {{(pid=99739) process_request /opt/stack/glance/glance/api/middleware/version_negotiation.py:70}}
Jul 31 09:20:13.267627 np0000006197 devstack@g-api.service[99739]: [pid: 99739|app: 0|req: 41/142] 127.0.0.1 () {44 vars in 1115 bytes} [Fri Jul 31 09:20:13 2026] GET /v2/images/78ee85b7-0d18-4d8b-8062-1825bfe6bf6c => generated 1044 bytes in 15 msecs (HTTP/1.1 200) 4 headers in 158 bytes (1 switches on core 0)
Jul 31 09:20:13.313180 np0000006197 devstack@g-api.service[99740]: DEBUG glance.api.middleware.version_negotiation [None req-9eee8a0a-f1c0-4b50-96f3-08974acaa53f tempest-VolumesActionsTest-867290091 tempest-VolumesActionsTest-867290091-project-member] Determining version of request: GET /v2/schemas/image Accept: */* {{(pid=99740) process_request /opt/stack/glance/glance/api/middleware/version_negotiation.py:44}}
Jul 31 09:20:13.313180 np0000006197 devstack@g-api.service[99740]: DEBUG glance.api.middleware.version_negotiation [None req-9eee8a0a-f1c0-4b50-96f3-08974acaa53f tempest-VolumesActionsTest-867290091 tempest-VolumesActionsTest-867290091-project-member] Using url versioning {{(pid=99740) process_request /opt/stack/glance/glance/api/middleware/version_negotiation.py:57}}
Jul 31 09:20:13.313180 np0000006197 devstack@g-api.service[99740]: DEBUG glance.api.middleware.version_negotiation [None req-9eee8a0a-f1c0-4b50-96f3-08974acaa53f tempest-VolumesActionsTest-867290091 tempest-VolumesActionsTest-867290091-project-member] Matched version: v2 {{(pid=99740) process_request /opt/stack/glance/glance/api/middleware/version_negotiation.py:69}}
Jul 31 09:20:13.313180 np0000006197 devstack@g-api.service[99740]: DEBUG glance.api.middleware.version_negotiation [None req-9eee8a0a-f1c0-4b50-96f3-08974acaa53f tempest-VolumesActionsTest-867290091 tempest-VolumesActionsTest-867290091-project-member] new path /v2/schemas/image {{(pid=99740) process_request /opt/stack/glance/glance/api/middleware/version_negotiation.py:70}}
Jul 31 09:20:13.318606 np0000006197 devstack@g-api.service[99740]: [pid: 99740|app: 0|req: 53/143] 127.0.0.1 () {44 vars in 1055 bytes} [Fri Jul 31 09:20:13 2026] GET /v2/schemas/image => generated 6083 bytes in 7 msecs (HTTP/1.1 200) 4 headers in 158 bytes (1 switches on core 0)
Jul 31 09:20:13.910572 np0000006197 devstack@g-api.service[99738]: [pid: 99738|app: 0|req: 50/144] 127.0.0.1 () {42 vars in 786 bytes} [Fri Jul 31 09:20:12 2026] POST /v2/images => generated 658 bytes in 1166 msecs (HTTP/1.1 201) 6 headers in 315 bytes (1 switches on core 0)
Jul 31 09:20:13.921030 np0000006197 devstack@g-api.service[99739]: DEBUG glance.api.middleware.version_negotiation [None req-bcd21d41-08b8-4996-939a-4c293b6fb15b tempest-ServerStableDeviceRescueTest-983848632 tempest-ServerStableDeviceRescueTest-983848632-project-member] Determining version of request: PUT /v2/images/4ab5afca-7d29-4a94-8097-90ba9cd9868a/file Accept: {{(pid=99739) process_request /opt/stack/glance/glance/api/middleware/version_negotiation.py:44}}
Jul 31 09:20:13.921167 np0000006197 devstack@g-api.service[99739]: DEBUG glance.api.middleware.version_negotiation [None req-bcd21d41-08b8-4996-939a-4c293b6fb15b tempest-ServerStableDeviceRescueTest-983848632 tempest-ServerStableDeviceRescueTest-983848632-project-member] Using url versioning {{(pid=99739) process_request /opt/stack/glance/glance/api/middleware/version_negotiation.py:57}}
Jul 31 09:20:13.921285 np0000006197 devstack@g-api.service[99739]: DEBUG glance.api.middleware.version_negotiation [None req-bcd21d41-08b8-4996-939a-4c293b6fb15b tempest-ServerStableDeviceRescueTest-983848632 tempest-ServerStableDeviceRescueTest-983848632-project-member] Matched version: v2 {{(pid=99739) process_request /opt/stack/glance/glance/api/middleware/version_negotiation.py:69}}
Jul 31 09:20:13.921368 np0000006197 devstack@g-api.service[99739]: DEBUG glance.api.middleware.version_negotiation [None req-bcd21d41-08b8-4996-939a-4c293b6fb15b tempest-ServerStableDeviceRescueTest-983848632 tempest-ServerStableDeviceRescueTest-983848632-project-member] new path /v2/images/4ab5afca-7d29-4a94-8097-90ba9cd9868a/file {{(pid=99739) process_request /opt/stack/glance/glance/api/middleware/version_negotiation.py:70}}
Jul 31 09:20:14.686453 np0000006197 devstack@g-api.service[99739]: INFO glance.api.v2.image_data [None req-1b6c4dc1-7814-4701-b077-1e7a7bb8ee01 tempest-VolumeImageDependencyTests-1628712392 tempest-VolumeImageDependencyTests-1628712392-project-member] Unable to create trust: no such option collect_timing in group [keystone_authtoken] Use the existing user token.
Jul 31 09:20:15.434777 np0000006197 devstack@g-api.service[99739]: DEBUG glance.location [None req-1b6c4dc1-7814-4701-b077-1e7a7bb8ee01 tempest-VolumeImageDependencyTests-1628712392 tempest-VolumeImageDependencyTests-1628712392-project-member] Enabling in-flight format inspection for raw {{(pid=99739) set_data /opt/stack/glance/glance/location.py:596}}
Jul 31 09:20:15.435229 np0000006197 devstack@g-api.service[99739]: DEBUG glance_store.backend [None req-1b6c4dc1-7814-4701-b077-1e7a7bb8ee01 tempest-VolumeImageDependencyTests-1628712392 tempest-VolumeImageDependencyTests-1628712392-project-member] Attempting to import store swift {{(pid=99739) _load_store /opt/stack/data/venv/lib/python3.12/site-packages/glance_store/backend.py:215}}
Jul 31 09:20:15.436967 np0000006197 devstack@g-api.service[99739]: DEBUG glance_store.capabilities [None req-1b6c4dc1-7814-4701-b077-1e7a7bb8ee01 tempest-VolumeImageDependencyTests-1628712392 tempest-VolumeImageDependencyTests-1628712392-project-member] Store glance_store._drivers.swift.store.SingleTenantStore doesn't support updating dynamic storage capabilities. Please overwrite 'update_capabilities' method of the store to implement updating logics if needed. {{(pid=99739) update_capabilities /opt/stack/data/venv/lib/python3.12/site-packages/glance_store/capabilities.py:91}}
Jul 31 09:20:15.437201 np0000006197 devstack@g-api.service[99739]: DEBUG glance_store.driver [None req-1b6c4dc1-7814-4701-b077-1e7a7bb8ee01 tempest-VolumeImageDependencyTests-1628712392 tempest-VolumeImageDependencyTests-1628712392-project-member] Late loading location class glance_store._drivers.swift.store.StoreLocation {{(pid=99739) get_store_location_class /opt/stack/data/venv/lib/python3.12/site-packages/glance_store/driver.py:134}}
Jul 31 09:20:15.437201 np0000006197 devstack@g-api.service[99739]: DEBUG glance_store.location [None req-1b6c4dc1-7814-4701-b077-1e7a7bb8ee01 tempest-VolumeImageDependencyTests-1628712392 tempest-VolumeImageDependencyTests-1628712392-project-member] Registering scheme swift+https with {'store': , 'location_class': , 'store_entry': 'swift'} {{(pid=99739) register_scheme_map /opt/stack/data/venv/lib/python3.12/site-packages/glance_store/location.py:146}}
Jul 31 09:20:15.437357 np0000006197 devstack@g-api.service[99739]: DEBUG glance_store.location [None req-1b6c4dc1-7814-4701-b077-1e7a7bb8ee01 tempest-VolumeImageDependencyTests-1628712392 tempest-VolumeImageDependencyTests-1628712392-project-member] Registering scheme swift+https with {'store': , 'location_class': , 'store_entry': 'swift'} {{(pid=99739) register_scheme_map /opt/stack/data/venv/lib/python3.12/site-packages/glance_store/location.py:146}}
Jul 31 09:20:15.437532 np0000006197 devstack@g-api.service[99739]: DEBUG glance_store.location [None req-1b6c4dc1-7814-4701-b077-1e7a7bb8ee01 tempest-VolumeImageDependencyTests-1628712392 tempest-VolumeImageDependencyTests-1628712392-project-member] Registering scheme swift with {'store': , 'location_class': , 'store_entry': 'swift'} {{(pid=99739) register_scheme_map /opt/stack/data/venv/lib/python3.12/site-packages/glance_store/location.py:146}}
Jul 31 09:20:15.437686 np0000006197 devstack@g-api.service[99739]: DEBUG glance_store.location [None req-1b6c4dc1-7814-4701-b077-1e7a7bb8ee01 tempest-VolumeImageDependencyTests-1628712392 tempest-VolumeImageDependencyTests-1628712392-project-member] Registering scheme swift+https with {'store': , 'location_class': , 'store_entry': 'swift'} {{(pid=99739) register_scheme_map /opt/stack/data/venv/lib/python3.12/site-packages/glance_store/location.py:146}}
Jul 31 09:20:15.437741 np0000006197 devstack@g-api.service[99739]: DEBUG glance_store.location [None req-1b6c4dc1-7814-4701-b077-1e7a7bb8ee01 tempest-VolumeImageDependencyTests-1628712392 tempest-VolumeImageDependencyTests-1628712392-project-member] Registering scheme swift with {'store': , 'location_class': , 'store_entry': 'swift'} {{(pid=99739) register_scheme_map /opt/stack/data/venv/lib/python3.12/site-packages/glance_store/location.py:146}}
Jul 31 09:20:15.437844 np0000006197 devstack@g-api.service[99739]: DEBUG glance_store.location [None req-1b6c4dc1-7814-4701-b077-1e7a7bb8ee01 tempest-VolumeImageDependencyTests-1628712392 tempest-VolumeImageDependencyTests-1628712392-project-member] Registering scheme swift+http with {'store': , 'location_class': , 'store_entry': 'swift'} {{(pid=99739) register_scheme_map /opt/stack/data/venv/lib/python3.12/site-packages/glance_store/location.py:146}}
Jul 31 09:20:15.437928 np0000006197 devstack@g-api.service[99739]: DEBUG glance_store.location [None req-1b6c4dc1-7814-4701-b077-1e7a7bb8ee01 tempest-VolumeImageDependencyTests-1628712392 tempest-VolumeImageDependencyTests-1628712392-project-member] Registering scheme swift+https with {'store': , 'location_class': , 'store_entry': 'swift'} {{(pid=99739) register_scheme_map /opt/stack/data/venv/lib/python3.12/site-packages/glance_store/location.py:146}}
Jul 31 09:20:15.438046 np0000006197 devstack@g-api.service[99739]: DEBUG glance_store.location [None req-1b6c4dc1-7814-4701-b077-1e7a7bb8ee01 tempest-VolumeImageDependencyTests-1628712392 tempest-VolumeImageDependencyTests-1628712392-project-member] Registering scheme swift with {'store': , 'location_class': , 'store_entry': 'swift'} {{(pid=99739) register_scheme_map /opt/stack/data/venv/lib/python3.12/site-packages/glance_store/location.py:146}}
Jul 31 09:20:15.438149 np0000006197 devstack@g-api.service[99739]: DEBUG glance_store.location [None req-1b6c4dc1-7814-4701-b077-1e7a7bb8ee01 tempest-VolumeImageDependencyTests-1628712392 tempest-VolumeImageDependencyTests-1628712392-project-member] Registering scheme swift+http with {'store': , 'location_class': , 'store_entry': 'swift'} {{(pid=99739) register_scheme_map /opt/stack/data/venv/lib/python3.12/site-packages/glance_store/location.py:146}}
Jul 31 09:20:15.438245 np0000006197 devstack@g-api.service[99739]: DEBUG glance_store.location [None req-1b6c4dc1-7814-4701-b077-1e7a7bb8ee01 tempest-VolumeImageDependencyTests-1628712392 tempest-VolumeImageDependencyTests-1628712392-project-member] Registering scheme swift+config with {'store': , 'location_class': , 'store_entry': 'swift'} {{(pid=99739) register_scheme_map /opt/stack/data/venv/lib/python3.12/site-packages/glance_store/location.py:146}}
Jul 31 09:20:15.978805 np0000006197 devstack@g-api.service[99739]: DEBUG swiftclient [None req-1b6c4dc1-7814-4701-b077-1e7a7bb8ee01 tempest-VolumeImageDependencyTests-1628712392 tempest-VolumeImageDependencyTests-1628712392-project-member] REQ: curl -i https://10.4.3.135:8080/v1/AUTH_a8407d71ddeb4be59eec5c2a52a490d7/glance -I -H "X-Auth-Token: gAAAAABqbGjP2hzB..." {{(pid=99739) http_log /opt/stack/data/venv/lib/python3.12/site-packages/swiftclient/client.py:160}}
Jul 31 09:20:15.979421 np0000006197 devstack@g-api.service[99739]: DEBUG swiftclient [None req-1b6c4dc1-7814-4701-b077-1e7a7bb8ee01 tempest-VolumeImageDependencyTests-1628712392 tempest-VolumeImageDependencyTests-1628712392-project-member] RESP STATUS: 204 No Content {{(pid=99739) http_log /opt/stack/data/venv/lib/python3.12/site-packages/swiftclient/client.py:161}}
Jul 31 09:20:15.979421 np0000006197 devstack@g-api.service[99739]: DEBUG swiftclient [None req-1b6c4dc1-7814-4701-b077-1e7a7bb8ee01 tempest-VolumeImageDependencyTests-1628712392 tempest-VolumeImageDependencyTests-1628712392-project-member] RESP HEADERS: {'Date': 'Fri, 31 Jul 2026 09:20:15 GMT', 'Server': 'Apache/2.4.58 (Ubuntu)', 'Content-Type': 'text/plain; charset=utf-8', 'X-Container-Object-Count': '3', 'X-Container-Bytes-Used': '64356352', 'X-Timestamp': '1785489414.84276', 'Last-Modified': 'Fri, 31 Jul 2026 09:16:55 GMT', 'Accept-Ranges': 'bytes', 'X-Storage-Policy': 'Policy-0', 'X-Container-Sharding': 'False', 'Vary': 'Accept', 'X-Trans-Id': 'txf8fe70777095499ab3a4e-006a6c68cf', 'X-Openstack-Request-Id': 'txf8fe70777095499ab3a4e-006a6c68cf', 'Connection': 'close'} {{(pid=99739) http_log /opt/stack/data/venv/lib/python3.12/site-packages/swiftclient/client.py:162}}
Jul 31 09:20:15.979421 np0000006197 devstack@g-api.service[99739]: DEBUG glance_store._drivers.swift.store [None req-1b6c4dc1-7814-4701-b077-1e7a7bb8ee01 tempest-VolumeImageDependencyTests-1628712392 tempest-VolumeImageDependencyTests-1628712392-project-member] Adding image object '4ab5afca-7d29-4a94-8097-90ba9cd9868a' to Swift {{(pid=99739) add /opt/stack/data/venv/lib/python3.12/site-packages/glance_store/_drivers/swift/store.py:970}}
Jul 31 09:20:15.985198 np0000006197 devstack@g-api.service[99739]: DEBUG oslo_utils.imageutils.format_inspector [None req-1b6c4dc1-7814-4701-b077-1e7a7bb8ee01 tempest-VolumeImageDependencyTests-1628712392 tempest-VolumeImageDependencyTests-1628712392-project-member] Format inspector for vmdk does not match, excluding from consideration (Signature KDMV not found: b'J\xe8\x8a\x8c') {{(pid=99739) _process_chunk /opt/stack/data/venv/lib/python3.12/site-packages/oslo_utils/imageutils/format_inspector.py:1758}}
Jul 31 09:20:16.013058 np0000006197 devstack@g-api.service[99739]: DEBUG swiftclient [None req-1b6c4dc1-7814-4701-b077-1e7a7bb8ee01 tempest-VolumeImageDependencyTests-1628712392 tempest-VolumeImageDependencyTests-1628712392-project-member] REQ: curl -i https://10.4.3.135:8080/v1/AUTH_a8407d71ddeb4be59eec5c2a52a490d7/glance/4ab5afca-7d29-4a94-8097-90ba9cd9868a -X PUT -H "X-Auth-Token: gAAAAABqbGjP2hzB..." -H "Content-Length: 1024" {{(pid=99739) http_log /opt/stack/data/venv/lib/python3.12/site-packages/swiftclient/client.py:160}}
Jul 31 09:20:16.013164 np0000006197 devstack@g-api.service[99739]: DEBUG swiftclient [None req-1b6c4dc1-7814-4701-b077-1e7a7bb8ee01 tempest-VolumeImageDependencyTests-1628712392 tempest-VolumeImageDependencyTests-1628712392-project-member] RESP STATUS: 201 Created {{(pid=99739) http_log /opt/stack/data/venv/lib/python3.12/site-packages/swiftclient/client.py:161}}
Jul 31 09:20:16.013375 np0000006197 devstack@g-api.service[99739]: DEBUG swiftclient [None req-1b6c4dc1-7814-4701-b077-1e7a7bb8ee01 tempest-VolumeImageDependencyTests-1628712392 tempest-VolumeImageDependencyTests-1628712392-project-member] RESP HEADERS: {'Date': 'Fri, 31 Jul 2026 09:20:16 GMT', 'Server': 'Apache/2.4.58 (Ubuntu)', 'Content-Type': 'text/html; charset=UTF-8', 'Content-Length': '0', 'Etag': 'f3cb0e005fab3d2be7c79a941bc74342', 'Last-Modified': 'Fri, 31 Jul 2026 09:20:16 GMT', 'X-Trans-Id': 'tx53f680b7eded442ca059c-006a6c68cf', 'X-Openstack-Request-Id': 'tx53f680b7eded442ca059c-006a6c68cf', 'Connection': 'close'} {{(pid=99739) http_log /opt/stack/data/venv/lib/python3.12/site-packages/swiftclient/client.py:162}}
Jul 31 09:20:16.013906 np0000006197 devstack@g-api.service[99739]: INFO glance.location [None req-1b6c4dc1-7814-4701-b077-1e7a7bb8ee01 tempest-VolumeImageDependencyTests-1628712392 tempest-VolumeImageDependencyTests-1628712392-project-member] Image format matched and virtual size computed: 1024
Jul 31 09:20:16.076564 np0000006197 devstack@g-api.service[99740]: DEBUG glance.api.middleware.version_negotiation [None req-bcd21d41-08b8-4996-939a-4c293b6fb15b tempest-ServerStableDeviceRescueTest-983848632 tempest-ServerStableDeviceRescueTest-983848632-project-member] Determining version of request: GET /v2/images/f4999876-b641-4096-84d3-8a6991582880 Accept: */* {{(pid=99740) process_request /opt/stack/glance/glance/api/middleware/version_negotiation.py:44}}
Jul 31 09:20:16.077104 np0000006197 devstack@g-api.service[99740]: DEBUG glance.api.middleware.version_negotiation [None req-bcd21d41-08b8-4996-939a-4c293b6fb15b tempest-ServerStableDeviceRescueTest-983848632 tempest-ServerStableDeviceRescueTest-983848632-project-member] Using url versioning {{(pid=99740) process_request /opt/stack/glance/glance/api/middleware/version_negotiation.py:57}}
Jul 31 09:20:16.077104 np0000006197 devstack@g-api.service[99740]: DEBUG glance.api.middleware.version_negotiation [None req-bcd21d41-08b8-4996-939a-4c293b6fb15b tempest-ServerStableDeviceRescueTest-983848632 tempest-ServerStableDeviceRescueTest-983848632-project-member] Matched version: v2 {{(pid=99740) process_request /opt/stack/glance/glance/api/middleware/version_negotiation.py:69}}
Jul 31 09:20:16.077104 np0000006197 devstack@g-api.service[99740]: DEBUG glance.api.middleware.version_negotiation [None req-bcd21d41-08b8-4996-939a-4c293b6fb15b tempest-ServerStableDeviceRescueTest-983848632 tempest-ServerStableDeviceRescueTest-983848632-project-member] new path /v2/images/f4999876-b641-4096-84d3-8a6991582880 {{(pid=99740) process_request /opt/stack/glance/glance/api/middleware/version_negotiation.py:70}}
Jul 31 09:20:16.081063 np0000006197 devstack@g-api.service[99739]: DEBUG glance_store.backend [None req-1b6c4dc1-7814-4701-b077-1e7a7bb8ee01 tempest-VolumeImageDependencyTests-1628712392 tempest-VolumeImageDependencyTests-1628712392-project-member] Attempting to import store swift {{(pid=99739) _load_store /opt/stack/data/venv/lib/python3.12/site-packages/glance_store/backend.py:215}}
Jul 31 09:20:16.082402 np0000006197 devstack@g-api.service[99739]: DEBUG glance_store.capabilities [None req-1b6c4dc1-7814-4701-b077-1e7a7bb8ee01 tempest-VolumeImageDependencyTests-1628712392 tempest-VolumeImageDependencyTests-1628712392-project-member] Store glance_store._drivers.swift.store.SingleTenantStore doesn't support updating dynamic storage capabilities. Please overwrite 'update_capabilities' method of the store to implement updating logics if needed. {{(pid=99739) update_capabilities /opt/stack/data/venv/lib/python3.12/site-packages/glance_store/capabilities.py:91}}
Jul 31 09:20:16.082646 np0000006197 devstack@g-api.service[99739]: DEBUG glance_store.driver [None req-1b6c4dc1-7814-4701-b077-1e7a7bb8ee01 tempest-VolumeImageDependencyTests-1628712392 tempest-VolumeImageDependencyTests-1628712392-project-member] Late loading location class glance_store._drivers.swift.store.StoreLocation {{(pid=99739) get_store_location_class /opt/stack/data/venv/lib/python3.12/site-packages/glance_store/driver.py:134}}
Jul 31 09:20:16.082720 np0000006197 devstack@g-api.service[99739]: DEBUG glance_store.location [None req-1b6c4dc1-7814-4701-b077-1e7a7bb8ee01 tempest-VolumeImageDependencyTests-1628712392 tempest-VolumeImageDependencyTests-1628712392-project-member] Registering scheme swift+https with {'store': , 'location_class': , 'store_entry': 'swift'} {{(pid=99739) register_scheme_map /opt/stack/data/venv/lib/python3.12/site-packages/glance_store/location.py:146}}
Jul 31 09:20:16.082837 np0000006197 devstack@g-api.service[99739]: DEBUG glance_store.location [None req-1b6c4dc1-7814-4701-b077-1e7a7bb8ee01 tempest-VolumeImageDependencyTests-1628712392 tempest-VolumeImageDependencyTests-1628712392-project-member] Registering scheme swift+https with {'store': , 'location_class': , 'store_entry': 'swift'} {{(pid=99739) register_scheme_map /opt/stack/data/venv/lib/python3.12/site-packages/glance_store/location.py:146}}
Jul 31 09:20:16.082935 np0000006197 devstack@g-api.service[99739]: DEBUG glance_store.location [None req-1b6c4dc1-7814-4701-b077-1e7a7bb8ee01 tempest-VolumeImageDependencyTests-1628712392 tempest-VolumeImageDependencyTests-1628712392-project-member] Registering scheme swift with {'store': , 'location_class': , 'store_entry': 'swift'} {{(pid=99739) register_scheme_map /opt/stack/data/venv/lib/python3.12/site-packages/glance_store/location.py:146}}
Jul 31 09:20:16.083099 np0000006197 devstack@g-api.service[99739]: DEBUG glance_store.location [None req-1b6c4dc1-7814-4701-b077-1e7a7bb8ee01 tempest-VolumeImageDependencyTests-1628712392 tempest-VolumeImageDependencyTests-1628712392-project-member] Registering scheme swift+https with {'store': , 'location_class': , 'store_entry': 'swift'} {{(pid=99739) register_scheme_map /opt/stack/data/venv/lib/python3.12/site-packages/glance_store/location.py:146}}
Jul 31 09:20:16.083212 np0000006197 devstack@g-api.service[99739]: DEBUG glance_store.location [None req-1b6c4dc1-7814-4701-b077-1e7a7bb8ee01 tempest-VolumeImageDependencyTests-1628712392 tempest-VolumeImageDependencyTests-1628712392-project-member] Registering scheme swift with {'store': , 'location_class': , 'store_entry': 'swift'} {{(pid=99739) register_scheme_map /opt/stack/data/venv/lib/python3.12/site-packages/glance_store/location.py:146}}
Jul 31 09:20:16.083328 np0000006197 devstack@g-api.service[99739]: DEBUG glance_store.location [None req-1b6c4dc1-7814-4701-b077-1e7a7bb8ee01 tempest-VolumeImageDependencyTests-1628712392 tempest-VolumeImageDependencyTests-1628712392-project-member] Registering scheme swift+http with {'store': , 'location_class': , 'store_entry': 'swift'} {{(pid=99739) register_scheme_map /opt/stack/data/venv/lib/python3.12/site-packages/glance_store/location.py:146}}
Jul 31 09:20:16.083421 np0000006197 devstack@g-api.service[99739]: DEBUG glance_store.location [None req-1b6c4dc1-7814-4701-b077-1e7a7bb8ee01 tempest-VolumeImageDependencyTests-1628712392 tempest-VolumeImageDependencyTests-1628712392-project-member] Registering scheme swift+https with {'store': , 'location_class': , 'store_entry': 'swift'} {{(pid=99739) register_scheme_map /opt/stack/data/venv/lib/python3.12/site-packages/glance_store/location.py:146}}
Jul 31 09:20:16.083529 np0000006197 devstack@g-api.service[99739]: DEBUG glance_store.location [None req-1b6c4dc1-7814-4701-b077-1e7a7bb8ee01 tempest-VolumeImageDependencyTests-1628712392 tempest-VolumeImageDependencyTests-1628712392-project-member] Registering scheme swift with {'store': , 'location_class': , 'store_entry': 'swift'} {{(pid=99739) register_scheme_map /opt/stack/data/venv/lib/python3.12/site-packages/glance_store/location.py:146}}
Jul 31 09:20:16.083607 np0000006197 devstack@g-api.service[99739]: DEBUG glance_store.location [None req-1b6c4dc1-7814-4701-b077-1e7a7bb8ee01 tempest-VolumeImageDependencyTests-1628712392 tempest-VolumeImageDependencyTests-1628712392-project-member] Registering scheme swift+http with {'store': , 'location_class': , 'store_entry': 'swift'} {{(pid=99739) register_scheme_map /opt/stack/data/venv/lib/python3.12/site-packages/glance_store/location.py:146}}
Jul 31 09:20:16.083674 np0000006197 devstack@g-api.service[99739]: DEBUG glance_store.location [None req-1b6c4dc1-7814-4701-b077-1e7a7bb8ee01 tempest-VolumeImageDependencyTests-1628712392 tempest-VolumeImageDependencyTests-1628712392-project-member] Registering scheme swift+config with {'store': , 'location_class': , 'store_entry': 'swift'} {{(pid=99739) register_scheme_map /opt/stack/data/venv/lib/python3.12/site-packages/glance_store/location.py:146}}
Jul 31 09:20:16.083746 np0000006197 devstack@g-api.service[99739]: DEBUG glance_store.backend [None req-1b6c4dc1-7814-4701-b077-1e7a7bb8ee01 tempest-VolumeImageDependencyTests-1628712392 tempest-VolumeImageDependencyTests-1628712392-project-member] Skipping store.set_acls... not implemented. {{(pid=99739) set_acls /opt/stack/data/venv/lib/python3.12/site-packages/glance_store/backend.py:507}}
Jul 31 09:20:16.085472 np0000006197 devstack@g-api.service[99739]: [pid: 99739|app: 0|req: 42/145] 127.0.0.1 () {40 vars in 847 bytes} [Fri Jul 31 09:20:13 2026] PUT /v2/images/4ab5afca-7d29-4a94-8097-90ba9cd9868a/file => generated 0 bytes in 2164 msecs (HTTP/1.1 204) 4 headers in 171 bytes (1 switches on core 0)
Jul 31 09:20:16.092905 np0000006197 devstack@g-api.service[99738]: DEBUG glance.api.middleware.version_negotiation [None req-56037954-883e-40e2-a472-29b3c7d49574 tempest-VolumeImageDependencyTests-1628712392 tempest-VolumeImageDependencyTests-1628712392-project-member] Determining version of request: GET /v2/images/4ab5afca-7d29-4a94-8097-90ba9cd9868a Accept: application/json {{(pid=99738) process_request /opt/stack/glance/glance/api/middleware/version_negotiation.py:44}}
Jul 31 09:20:16.093450 np0000006197 devstack@g-api.service[99738]: DEBUG glance.api.middleware.version_negotiation [None req-56037954-883e-40e2-a472-29b3c7d49574 tempest-VolumeImageDependencyTests-1628712392 tempest-VolumeImageDependencyTests-1628712392-project-member] Using url versioning {{(pid=99738) process_request /opt/stack/glance/glance/api/middleware/version_negotiation.py:57}}
Jul 31 09:20:16.093450 np0000006197 devstack@g-api.service[99738]: DEBUG glance.api.middleware.version_negotiation [None req-56037954-883e-40e2-a472-29b3c7d49574 tempest-VolumeImageDependencyTests-1628712392 tempest-VolumeImageDependencyTests-1628712392-project-member] Matched version: v2 {{(pid=99738) process_request /opt/stack/glance/glance/api/middleware/version_negotiation.py:69}}
Jul 31 09:20:16.093450 np0000006197 devstack@g-api.service[99738]: DEBUG glance.api.middleware.version_negotiation [None req-56037954-883e-40e2-a472-29b3c7d49574 tempest-VolumeImageDependencyTests-1628712392 tempest-VolumeImageDependencyTests-1628712392-project-member] new path /v2/images/4ab5afca-7d29-4a94-8097-90ba9cd9868a {{(pid=99738) process_request /opt/stack/glance/glance/api/middleware/version_negotiation.py:70}}
Jul 31 09:20:16.094968 np0000006197 devstack@g-api.service[99740]: [pid: 99740|app: 0|req: 54/146] 127.0.0.1 () {44 vars in 1115 bytes} [Fri Jul 31 09:20:16 2026] GET /v2/images/f4999876-b641-4096-84d3-8a6991582880 => generated 1044 bytes in 18 msecs (HTTP/1.1 200) 4 headers in 158 bytes (1 switches on core 0)
Jul 31 09:20:16.102795 np0000006197 devstack@g-api.service[99738]: [pid: 99738|app: 0|req: 51/147] 127.0.0.1 () {40 vars in 838 bytes} [Fri Jul 31 09:20:16 2026] GET /v2/images/4ab5afca-7d29-4a94-8097-90ba9cd9868a => generated 818 bytes in 10 msecs (HTTP/1.1 200) 4 headers in 157 bytes (1 switches on core 0)
Jul 31 09:20:16.113826 np0000006197 devstack@g-api.service[99739]: DEBUG glance.api.middleware.version_negotiation [None req-1b6c4dc1-7814-4701-b077-1e7a7bb8ee01 tempest-VolumeImageDependencyTests-1628712392 tempest-VolumeImageDependencyTests-1628712392-project-member] Determining version of request: GET /v2/images/4ab5afca-7d29-4a94-8097-90ba9cd9868a Accept: application/json {{(pid=99739) process_request /opt/stack/glance/glance/api/middleware/version_negotiation.py:44}}
Jul 31 09:20:16.113826 np0000006197 devstack@g-api.service[99739]: DEBUG glance.api.middleware.version_negotiation [None req-1b6c4dc1-7814-4701-b077-1e7a7bb8ee01 tempest-VolumeImageDependencyTests-1628712392 tempest-VolumeImageDependencyTests-1628712392-project-member] Using url versioning {{(pid=99739) process_request /opt/stack/glance/glance/api/middleware/version_negotiation.py:57}}
Jul 31 09:20:16.113826 np0000006197 devstack@g-api.service[99739]: DEBUG glance.api.middleware.version_negotiation [None req-1b6c4dc1-7814-4701-b077-1e7a7bb8ee01 tempest-VolumeImageDependencyTests-1628712392 tempest-VolumeImageDependencyTests-1628712392-project-member] Matched version: v2 {{(pid=99739) process_request /opt/stack/glance/glance/api/middleware/version_negotiation.py:69}}
Jul 31 09:20:16.113826 np0000006197 devstack@g-api.service[99739]: DEBUG glance.api.middleware.version_negotiation [None req-1b6c4dc1-7814-4701-b077-1e7a7bb8ee01 tempest-VolumeImageDependencyTests-1628712392 tempest-VolumeImageDependencyTests-1628712392-project-member] new path /v2/images/4ab5afca-7d29-4a94-8097-90ba9cd9868a {{(pid=99739) process_request /opt/stack/glance/glance/api/middleware/version_negotiation.py:70}}
Jul 31 09:20:16.128471 np0000006197 devstack@g-api.service[99739]: [pid: 99739|app: 0|req: 43/148] 127.0.0.1 () {40 vars in 838 bytes} [Fri Jul 31 09:20:16 2026] GET /v2/images/4ab5afca-7d29-4a94-8097-90ba9cd9868a => generated 818 bytes in 15 msecs (HTTP/1.1 200) 4 headers in 157 bytes (1 switches on core 0)
Jul 31 09:20:16.136600 np0000006197 devstack@g-api.service[99740]: DEBUG glance.api.middleware.version_negotiation [None req-e3372335-4ae4-4a1c-af51-dcff082500b7 tempest-ServerActionsV293TestJSON-1219596240 tempest-ServerActionsV293TestJSON-1219596240-project-member] Determining version of request: GET /v2/schemas/image Accept: */* {{(pid=99740) process_request /opt/stack/glance/glance/api/middleware/version_negotiation.py:44}}
Jul 31 09:20:16.136829 np0000006197 devstack@g-api.service[99738]: DEBUG glance.api.middleware.version_negotiation [None req-2615bb78-f581-4df4-be52-b2dc92df1d9e tempest-VolumeImageDependencyTests-1628712392 tempest-VolumeImageDependencyTests-1628712392-project-member] Determining version of request: GET /v2/images/4ab5afca-7d29-4a94-8097-90ba9cd9868a Accept: application/json {{(pid=99738) process_request /opt/stack/glance/glance/api/middleware/version_negotiation.py:44}}
Jul 31 09:20:16.136900 np0000006197 devstack@g-api.service[99740]: DEBUG glance.api.middleware.version_negotiation [None req-e3372335-4ae4-4a1c-af51-dcff082500b7 tempest-ServerActionsV293TestJSON-1219596240 tempest-ServerActionsV293TestJSON-1219596240-project-member] Using url versioning {{(pid=99740) process_request /opt/stack/glance/glance/api/middleware/version_negotiation.py:57}}
Jul 31 09:20:16.137000 np0000006197 devstack@g-api.service[99740]: DEBUG glance.api.middleware.version_negotiation [None req-e3372335-4ae4-4a1c-af51-dcff082500b7 tempest-ServerActionsV293TestJSON-1219596240 tempest-ServerActionsV293TestJSON-1219596240-project-member] Matched version: v2 {{(pid=99740) process_request /opt/stack/glance/glance/api/middleware/version_negotiation.py:69}}
Jul 31 09:20:16.137045 np0000006197 devstack@g-api.service[99738]: DEBUG glance.api.middleware.version_negotiation [None req-2615bb78-f581-4df4-be52-b2dc92df1d9e tempest-VolumeImageDependencyTests-1628712392 tempest-VolumeImageDependencyTests-1628712392-project-member] Using url versioning {{(pid=99738) process_request /opt/stack/glance/glance/api/middleware/version_negotiation.py:57}}
Jul 31 09:20:16.137137 np0000006197 devstack@g-api.service[99740]: DEBUG glance.api.middleware.version_negotiation [None req-e3372335-4ae4-4a1c-af51-dcff082500b7 tempest-ServerActionsV293TestJSON-1219596240 tempest-ServerActionsV293TestJSON-1219596240-project-member] new path /v2/schemas/image {{(pid=99740) process_request /opt/stack/glance/glance/api/middleware/version_negotiation.py:70}}
Jul 31 09:20:16.137175 np0000006197 devstack@g-api.service[99738]: DEBUG glance.api.middleware.version_negotiation [None req-2615bb78-f581-4df4-be52-b2dc92df1d9e tempest-VolumeImageDependencyTests-1628712392 tempest-VolumeImageDependencyTests-1628712392-project-member] Matched version: v2 {{(pid=99738) process_request /opt/stack/glance/glance/api/middleware/version_negotiation.py:69}}
Jul 31 09:20:16.137250 np0000006197 devstack@g-api.service[99738]: DEBUG glance.api.middleware.version_negotiation [None req-2615bb78-f581-4df4-be52-b2dc92df1d9e tempest-VolumeImageDependencyTests-1628712392 tempest-VolumeImageDependencyTests-1628712392-project-member] new path /v2/images/4ab5afca-7d29-4a94-8097-90ba9cd9868a {{(pid=99738) process_request /opt/stack/glance/glance/api/middleware/version_negotiation.py:70}}
Jul 31 09:20:16.139472 np0000006197 devstack@g-api.service[99740]: [pid: 99740|app: 0|req: 55/149] 127.0.0.1 () {44 vars in 1055 bytes} [Fri Jul 31 09:20:16 2026] GET /v2/schemas/image => generated 6083 bytes in 3 msecs (HTTP/1.1 200) 4 headers in 158 bytes (1 switches on core 0)
Jul 31 09:20:16.146651 np0000006197 devstack@g-api.service[99738]: [pid: 99738|app: 0|req: 52/150] 127.0.0.1 () {40 vars in 838 bytes} [Fri Jul 31 09:20:16 2026] GET /v2/images/4ab5afca-7d29-4a94-8097-90ba9cd9868a => generated 818 bytes in 10 msecs (HTTP/1.1 200) 4 headers in 157 bytes (1 switches on core 0)
Jul 31 09:20:16.164783 np0000006197 devstack@g-api.service[99739]: DEBUG glance.api.middleware.version_negotiation [None req-21565e41-d6ce-496c-bf63-c747bba8e790 tempest-VolumeImageDependencyTests-1628712392 tempest-VolumeImageDependencyTests-1628712392-project-member] Determining version of request: GET /v2/images/4ab5afca-7d29-4a94-8097-90ba9cd9868a Accept: */* {{(pid=99739) process_request /opt/stack/glance/glance/api/middleware/version_negotiation.py:44}}
Jul 31 09:20:16.164957 np0000006197 devstack@g-api.service[99739]: DEBUG glance.api.middleware.version_negotiation [None req-21565e41-d6ce-496c-bf63-c747bba8e790 tempest-VolumeImageDependencyTests-1628712392 tempest-VolumeImageDependencyTests-1628712392-project-member] Using url versioning {{(pid=99739) process_request /opt/stack/glance/glance/api/middleware/version_negotiation.py:57}}
Jul 31 09:20:16.165131 np0000006197 devstack@g-api.service[99739]: DEBUG glance.api.middleware.version_negotiation [None req-21565e41-d6ce-496c-bf63-c747bba8e790 tempest-VolumeImageDependencyTests-1628712392 tempest-VolumeImageDependencyTests-1628712392-project-member] Matched version: v2 {{(pid=99739) process_request /opt/stack/glance/glance/api/middleware/version_negotiation.py:69}}
Jul 31 09:20:16.165211 np0000006197 devstack@g-api.service[99739]: DEBUG glance.api.middleware.version_negotiation [None req-21565e41-d6ce-496c-bf63-c747bba8e790 tempest-VolumeImageDependencyTests-1628712392 tempest-VolumeImageDependencyTests-1628712392-project-member] new path /v2/images/4ab5afca-7d29-4a94-8097-90ba9cd9868a {{(pid=99739) process_request /opt/stack/glance/glance/api/middleware/version_negotiation.py:70}}
Jul 31 09:20:16.176236 np0000006197 devstack@g-api.service[99739]: [pid: 99739|app: 0|req: 44/151] 127.0.0.1 () {44 vars in 1115 bytes} [Fri Jul 31 09:20:16 2026] GET /v2/images/4ab5afca-7d29-4a94-8097-90ba9cd9868a => generated 818 bytes in 11 msecs (HTTP/1.1 200) 4 headers in 157 bytes (1 switches on core 0)
Jul 31 09:20:16.184140 np0000006197 devstack@g-api.service[99740]: DEBUG glance.api.middleware.version_negotiation [None req-e3372335-4ae4-4a1c-af51-dcff082500b7 tempest-ServerActionsV293TestJSON-1219596240 tempest-ServerActionsV293TestJSON-1219596240-project-member] Determining version of request: GET /v2/schemas/image Accept: */* {{(pid=99740) process_request /opt/stack/glance/glance/api/middleware/version_negotiation.py:44}}
Jul 31 09:20:16.184328 np0000006197 devstack@g-api.service[99740]: DEBUG glance.api.middleware.version_negotiation [None req-e3372335-4ae4-4a1c-af51-dcff082500b7 tempest-ServerActionsV293TestJSON-1219596240 tempest-ServerActionsV293TestJSON-1219596240-project-member] Using url versioning {{(pid=99740) process_request /opt/stack/glance/glance/api/middleware/version_negotiation.py:57}}
Jul 31 09:20:16.184526 np0000006197 devstack@g-api.service[99740]: DEBUG glance.api.middleware.version_negotiation [None req-e3372335-4ae4-4a1c-af51-dcff082500b7 tempest-ServerActionsV293TestJSON-1219596240 tempest-ServerActionsV293TestJSON-1219596240-project-member] Matched version: v2 {{(pid=99740) process_request /opt/stack/glance/glance/api/middleware/version_negotiation.py:69}}
Jul 31 09:20:16.184670 np0000006197 devstack@g-api.service[99740]: DEBUG glance.api.middleware.version_negotiation [None req-e3372335-4ae4-4a1c-af51-dcff082500b7 tempest-ServerActionsV293TestJSON-1219596240 tempest-ServerActionsV293TestJSON-1219596240-project-member] new path /v2/schemas/image {{(pid=99740) process_request /opt/stack/glance/glance/api/middleware/version_negotiation.py:70}}
Jul 31 09:20:16.187499 np0000006197 devstack@g-api.service[99740]: [pid: 99740|app: 0|req: 56/152] 127.0.0.1 () {44 vars in 1055 bytes} [Fri Jul 31 09:20:16 2026] GET /v2/schemas/image => generated 6083 bytes in 3 msecs (HTTP/1.1 200) 4 headers in 158 bytes (1 switches on core 0)
Jul 31 09:20:16.195885 np0000006197 devstack@g-api.service[99738]: DEBUG glance.api.middleware.version_negotiation [None req-9e669b43-f01a-41d9-a8db-b9cb936ad3d7 tempest-VolumeImageDependencyTests-1628712392 tempest-VolumeImageDependencyTests-1628712392-project-member] Determining version of request: GET /v2/schemas/image Accept: */* {{(pid=99738) process_request /opt/stack/glance/glance/api/middleware/version_negotiation.py:44}}
Jul 31 09:20:16.197832 np0000006197 devstack@g-api.service[99738]: DEBUG glance.api.middleware.version_negotiation [None req-9e669b43-f01a-41d9-a8db-b9cb936ad3d7 tempest-VolumeImageDependencyTests-1628712392 tempest-VolumeImageDependencyTests-1628712392-project-member] Using url versioning {{(pid=99738) process_request /opt/stack/glance/glance/api/middleware/version_negotiation.py:57}}
Jul 31 09:20:16.197832 np0000006197 devstack@g-api.service[99738]: DEBUG glance.api.middleware.version_negotiation [None req-9e669b43-f01a-41d9-a8db-b9cb936ad3d7 tempest-VolumeImageDependencyTests-1628712392 tempest-VolumeImageDependencyTests-1628712392-project-member] Matched version: v2 {{(pid=99738) process_request /opt/stack/glance/glance/api/middleware/version_negotiation.py:69}}
Jul 31 09:20:16.198076 np0000006197 devstack@g-api.service[99738]: DEBUG glance.api.middleware.version_negotiation [None req-9e669b43-f01a-41d9-a8db-b9cb936ad3d7 tempest-VolumeImageDependencyTests-1628712392 tempest-VolumeImageDependencyTests-1628712392-project-member] new path /v2/schemas/image {{(pid=99738) process_request /opt/stack/glance/glance/api/middleware/version_negotiation.py:70}}
Jul 31 09:20:16.207561 np0000006197 devstack@g-api.service[99738]: [pid: 99738|app: 0|req: 53/153] 127.0.0.1 () {44 vars in 1055 bytes} [Fri Jul 31 09:20:16 2026] GET /v2/schemas/image => generated 6083 bytes in 12 msecs (HTTP/1.1 200) 4 headers in 158 bytes (1 switches on core 0)
