Aug 06 01:49:51.732948 np0000006605 devstack@g-api.service[103322]: DEBUG glance.common.config [None req-38721a45-8139-433a-ad8c-086366f1006d None None] database.max_retries = 10 {{(pid=103322) log_opt_values /opt/stack/data/venv/lib/python3.12/site-packages/oslo_config/cfg.py:3545}}
Aug 06 01:49:51.732970 np0000006605 devstack@g-api.service[103324]: DEBUG glance.common.config [None req-0c274809-428f-4aa1-ad15-7809f6e884cb None None] healthcheck.detailed = False {{(pid=103324) log_opt_values /opt/stack/data/venv/lib/python3.12/site-packages/oslo_config/cfg.py:3545}}
Aug 06 01:49:51.732991 np0000006605 devstack@g-api.service[103325]: DEBUG glance.common.config [None req-dc9e4577-ac5f-4ff1-ba10-4dc32b0bee49 None None] barbican_service_user.timeout = None {{(pid=103325) log_opt_values /opt/stack/data/venv/lib/python3.12/site-packages/oslo_config/cfg.py:3545}}
Aug 06 01:49:51.733013 np0000006605 devstack@g-api.service[103322]: DEBUG glance.common.config [None req-38721a45-8139-433a-ad8c-086366f1006d None None] database.mysql_sql_mode = TRADITIONAL {{(pid=103322) log_opt_values /opt/stack/data/venv/lib/python3.12/site-packages/oslo_config/cfg.py:3545}}
Aug 06 01:49:51.733041 np0000006605 devstack@g-api.service[103324]: DEBUG glance.common.config [None req-0c274809-428f-4aa1-ad15-7809f6e884cb None None] healthcheck.disable_by_file_path = None {{(pid=103324) log_opt_values /opt/stack/data/venv/lib/python3.12/site-packages/oslo_config/cfg.py:3545}}
Aug 06 01:49:51.733073 np0000006605 devstack@g-api.service[103325]: DEBUG glance.common.config [None req-dc9e4577-ac5f-4ff1-ba10-4dc32b0bee49 None None] database.asyncio_connection = **** {{(pid=103325) log_opt_values /opt/stack/data/venv/lib/python3.12/site-packages/oslo_config/cfg.py:3545}}
Aug 06 01:49:51.733096 np0000006605 devstack@g-api.service[103322]: DEBUG glance.common.config [None req-38721a45-8139-433a-ad8c-086366f1006d None None] database.mysql_wsrep_sync_wait = None {{(pid=103322) log_opt_values /opt/stack/data/venv/lib/python3.12/site-packages/oslo_config/cfg.py:3545}}
Aug 06 01:49:51.733117 np0000006605 devstack@g-api.service[103324]: DEBUG glance.common.config [None req-0c274809-428f-4aa1-ad15-7809f6e884cb None None] healthcheck.ignore_proxied_requests = False {{(pid=103324) log_opt_values /opt/stack/data/venv/lib/python3.12/site-packages/oslo_config/cfg.py:3545}}
Aug 06 01:49:51.733144 np0000006605 devstack@g-api.service[103325]: DEBUG glance.common.config [None req-dc9e4577-ac5f-4ff1-ba10-4dc32b0bee49 None None] database.asyncio_slave_connection = **** {{(pid=103325) log_opt_values /opt/stack/data/venv/lib/python3.12/site-packages/oslo_config/cfg.py:3545}}
Aug 06 01:49:51.733171 np0000006605 devstack@g-api.service[103324]: DEBUG glance.common.config [None req-0c274809-428f-4aa1-ad15-7809f6e884cb None None] ******************************************************************************** {{(pid=103324) log_opt_values /opt/stack/data/venv/lib/python3.12/site-packages/oslo_config/cfg.py:3552}}
Aug 06 01:49:51.733195 np0000006605 devstack@g-api.service[103322]: DEBUG glance.common.config [None req-38721a45-8139-433a-ad8c-086366f1006d None None] database.pool_timeout = None {{(pid=103322) log_opt_values /opt/stack/data/venv/lib/python3.12/site-packages/oslo_config/cfg.py:3545}}
Aug 06 01:49:51.733218 np0000006605 devstack@g-api.service[103325]: DEBUG glance.common.config [None req-dc9e4577-ac5f-4ff1-ba10-4dc32b0bee49 None None] database.backend = sqlalchemy {{(pid=103325) log_opt_values /opt/stack/data/venv/lib/python3.12/site-packages/oslo_config/cfg.py:3545}}
Aug 06 01:49:51.733347 np0000006605 devstack@g-api.service[103324]: WSGI app 0 (mountpoint='') ready in 2 seconds on interpreter 0x7875242a4668 pid: 103324 (default app)
Aug 06 01:49:51.733368 np0000006605 devstack@g-api.service[103322]: DEBUG glance.common.config [None req-38721a45-8139-433a-ad8c-086366f1006d None None] database.retry_interval = 10 {{(pid=103322) log_opt_values /opt/stack/data/venv/lib/python3.12/site-packages/oslo_config/cfg.py:3545}}
Aug 06 01:49:51.733638 np0000006605 devstack@g-api.service[103325]: DEBUG glance.common.config [None req-dc9e4577-ac5f-4ff1-ba10-4dc32b0bee49 None None] database.connection = **** {{(pid=103325) log_opt_values /opt/stack/data/venv/lib/python3.12/site-packages/oslo_config/cfg.py:3545}}
Aug 06 01:49:51.733669 np0000006605 devstack@g-api.service[103322]: DEBUG glance.common.config [None req-38721a45-8139-433a-ad8c-086366f1006d None None] database.slave_connection = **** {{(pid=103322) log_opt_values /opt/stack/data/venv/lib/python3.12/site-packages/oslo_config/cfg.py:3545}}
Aug 06 01:49:51.733690 np0000006605 devstack@g-api.service[103325]: DEBUG glance.common.config [None req-dc9e4577-ac5f-4ff1-ba10-4dc32b0bee49 None None] database.connection_debug = 0 {{(pid=103325) log_opt_values /opt/stack/data/venv/lib/python3.12/site-packages/oslo_config/cfg.py:3545}}
Aug 06 01:49:51.733725 np0000006605 devstack@g-api.service[103322]: DEBUG glance.common.config [None req-38721a45-8139-433a-ad8c-086366f1006d None None] database.sqlite_synchronous = True {{(pid=103322) log_opt_values /opt/stack/data/venv/lib/python3.12/site-packages/oslo_config/cfg.py:3545}}
Aug 06 01:49:51.733750 np0000006605 devstack@g-api.service[103325]: DEBUG glance.common.config [None req-dc9e4577-ac5f-4ff1-ba10-4dc32b0bee49 None None] database.connection_parameters = {{(pid=103325) log_opt_values /opt/stack/data/venv/lib/python3.12/site-packages/oslo_config/cfg.py:3545}}
Aug 06 01:49:51.733770 np0000006605 devstack@g-api.service[103322]: DEBUG glance.common.config [None req-38721a45-8139-433a-ad8c-086366f1006d None None] database.synchronous_reader = True {{(pid=103322) log_opt_values /opt/stack/data/venv/lib/python3.12/site-packages/oslo_config/cfg.py:3545}}
Aug 06 01:49:51.733799 np0000006605 devstack@g-api.service[103325]: DEBUG glance.common.config [None req-dc9e4577-ac5f-4ff1-ba10-4dc32b0bee49 None None] database.connection_recycle_time = 3600 {{(pid=103325) log_opt_values /opt/stack/data/venv/lib/python3.12/site-packages/oslo_config/cfg.py:3545}}
Aug 06 01:49:51.733821 np0000006605 devstack@g-api.service[103322]: DEBUG glance.common.config [None req-38721a45-8139-433a-ad8c-086366f1006d None None] database.use_db_reconnect = False {{(pid=103322) log_opt_values /opt/stack/data/venv/lib/python3.12/site-packages/oslo_config/cfg.py:3545}}
Aug 06 01:49:51.733853 np0000006605 devstack@g-api.service[103325]: DEBUG glance.common.config [None req-dc9e4577-ac5f-4ff1-ba10-4dc32b0bee49 None None] database.connection_trace = False {{(pid=103325) log_opt_values /opt/stack/data/venv/lib/python3.12/site-packages/oslo_config/cfg.py:3545}}
Aug 06 01:49:51.733877 np0000006605 devstack@g-api.service[103322]: DEBUG glance.common.config [None req-38721a45-8139-433a-ad8c-086366f1006d None None] healthcheck.allowed_source_ranges = [] {{(pid=103322) log_opt_values /opt/stack/data/venv/lib/python3.12/site-packages/oslo_config/cfg.py:3545}}
Aug 06 01:49:51.733902 np0000006605 devstack@g-api.service[103325]: DEBUG glance.common.config [None req-dc9e4577-ac5f-4ff1-ba10-4dc32b0bee49 None None] database.db_inc_retry_interval = True {{(pid=103325) log_opt_values /opt/stack/data/venv/lib/python3.12/site-packages/oslo_config/cfg.py:3545}}
Aug 06 01:49:51.733924 np0000006605 devstack@g-api.service[103322]: DEBUG glance.common.config [None req-38721a45-8139-433a-ad8c-086366f1006d None None] healthcheck.backends = ['disable_by_file'] {{(pid=103322) log_opt_values /opt/stack/data/venv/lib/python3.12/site-packages/oslo_config/cfg.py:3545}}
Aug 06 01:49:51.733944 np0000006605 devstack@g-api.service[103325]: DEBUG glance.common.config [None req-dc9e4577-ac5f-4ff1-ba10-4dc32b0bee49 None None] database.db_max_retries = 20 {{(pid=103325) log_opt_values /opt/stack/data/venv/lib/python3.12/site-packages/oslo_config/cfg.py:3545}}
Aug 06 01:49:51.733970 np0000006605 devstack@g-api.service[103322]: DEBUG glance.common.config [None req-38721a45-8139-433a-ad8c-086366f1006d None None] healthcheck.detailed = False {{(pid=103322) log_opt_values /opt/stack/data/venv/lib/python3.12/site-packages/oslo_config/cfg.py:3545}}
Aug 06 01:49:51.733997 np0000006605 devstack@g-api.service[103325]: DEBUG glance.common.config [None req-dc9e4577-ac5f-4ff1-ba10-4dc32b0bee49 None None] database.db_max_retry_interval = 10 {{(pid=103325) log_opt_values /opt/stack/data/venv/lib/python3.12/site-packages/oslo_config/cfg.py:3545}}
Aug 06 01:49:51.734020 np0000006605 devstack@g-api.service[103322]: DEBUG glance.common.config [None req-38721a45-8139-433a-ad8c-086366f1006d None None] healthcheck.disable_by_file_path = None {{(pid=103322) log_opt_values /opt/stack/data/venv/lib/python3.12/site-packages/oslo_config/cfg.py:3545}}
Aug 06 01:49:51.734049 np0000006605 devstack@g-api.service[103325]: DEBUG glance.common.config [None req-dc9e4577-ac5f-4ff1-ba10-4dc32b0bee49 None None] database.db_retry_interval = 1 {{(pid=103325) log_opt_values /opt/stack/data/venv/lib/python3.12/site-packages/oslo_config/cfg.py:3545}}
Aug 06 01:49:51.734072 np0000006605 devstack@g-api.service[103322]: DEBUG glance.common.config [None req-38721a45-8139-433a-ad8c-086366f1006d None None] healthcheck.ignore_proxied_requests = False {{(pid=103322) log_opt_values /opt/stack/data/venv/lib/python3.12/site-packages/oslo_config/cfg.py:3545}}
Aug 06 01:49:51.734094 np0000006605 devstack@g-api.service[103325]: DEBUG glance.common.config [None req-dc9e4577-ac5f-4ff1-ba10-4dc32b0bee49 None None] database.max_overflow = 50 {{(pid=103325) log_opt_values /opt/stack/data/venv/lib/python3.12/site-packages/oslo_config/cfg.py:3545}}
Aug 06 01:49:51.734116 np0000006605 devstack@g-api.service[103322]: DEBUG glance.common.config [None req-38721a45-8139-433a-ad8c-086366f1006d None None] ******************************************************************************** {{(pid=103322) log_opt_values /opt/stack/data/venv/lib/python3.12/site-packages/oslo_config/cfg.py:3552}}
Aug 06 01:49:51.734136 np0000006605 devstack@g-api.service[103325]: DEBUG glance.common.config [None req-dc9e4577-ac5f-4ff1-ba10-4dc32b0bee49 None None] database.max_pool_size = 5 {{(pid=103325) log_opt_values /opt/stack/data/venv/lib/python3.12/site-packages/oslo_config/cfg.py:3545}}
Aug 06 01:49:51.734158 np0000006605 devstack@g-api.service[103322]: WSGI app 0 (mountpoint='') ready in 2 seconds on interpreter 0x7875242a4668 pid: 103322 (default app)
Aug 06 01:49:51.734178 np0000006605 devstack@g-api.service[103325]: DEBUG glance.common.config [None req-dc9e4577-ac5f-4ff1-ba10-4dc32b0bee49 None None] database.max_retries = 10 {{(pid=103325) log_opt_values /opt/stack/data/venv/lib/python3.12/site-packages/oslo_config/cfg.py:3545}}
Aug 06 01:49:51.734178 np0000006605 devstack@g-api.service[103325]: DEBUG glance.common.config [None req-dc9e4577-ac5f-4ff1-ba10-4dc32b0bee49 None None] database.mysql_sql_mode = TRADITIONAL {{(pid=103325) log_opt_values /opt/stack/data/venv/lib/python3.12/site-packages/oslo_config/cfg.py:3545}}
Aug 06 01:49:51.734178 np0000006605 devstack@g-api.service[103325]: DEBUG glance.common.config [None req-dc9e4577-ac5f-4ff1-ba10-4dc32b0bee49 None None] database.mysql_wsrep_sync_wait = None {{(pid=103325) log_opt_values /opt/stack/data/venv/lib/python3.12/site-packages/oslo_config/cfg.py:3545}}
Aug 06 01:49:51.734178 np0000006605 devstack@g-api.service[103325]: DEBUG glance.common.config [None req-dc9e4577-ac5f-4ff1-ba10-4dc32b0bee49 None None] database.pool_timeout = None {{(pid=103325) log_opt_values /opt/stack/data/venv/lib/python3.12/site-packages/oslo_config/cfg.py:3545}}
Aug 06 01:49:51.734178 np0000006605 devstack@g-api.service[103325]: DEBUG glance.common.config [None req-dc9e4577-ac5f-4ff1-ba10-4dc32b0bee49 None None] database.retry_interval = 10 {{(pid=103325) log_opt_values /opt/stack/data/venv/lib/python3.12/site-packages/oslo_config/cfg.py:3545}}
Aug 06 01:49:51.734178 np0000006605 devstack@g-api.service[103325]: DEBUG glance.common.config [None req-dc9e4577-ac5f-4ff1-ba10-4dc32b0bee49 None None] database.slave_connection = **** {{(pid=103325) log_opt_values /opt/stack/data/venv/lib/python3.12/site-packages/oslo_config/cfg.py:3545}}
Aug 06 01:49:51.734178 np0000006605 devstack@g-api.service[103325]: DEBUG glance.common.config [None req-dc9e4577-ac5f-4ff1-ba10-4dc32b0bee49 None None] database.sqlite_synchronous = True {{(pid=103325) log_opt_values /opt/stack/data/venv/lib/python3.12/site-packages/oslo_config/cfg.py:3545}}
Aug 06 01:49:51.734322 np0000006605 devstack@g-api.service[103325]: DEBUG glance.common.config [None req-dc9e4577-ac5f-4ff1-ba10-4dc32b0bee49 None None] database.synchronous_reader = True {{(pid=103325) log_opt_values /opt/stack/data/venv/lib/python3.12/site-packages/oslo_config/cfg.py:3545}}
Aug 06 01:49:51.734322 np0000006605 devstack@g-api.service[103325]: DEBUG glance.common.config [None req-dc9e4577-ac5f-4ff1-ba10-4dc32b0bee49 None None] database.use_db_reconnect = False {{(pid=103325) log_opt_values /opt/stack/data/venv/lib/python3.12/site-packages/oslo_config/cfg.py:3545}}
Aug 06 01:49:51.734322 np0000006605 devstack@g-api.service[103325]: DEBUG glance.common.config [None req-dc9e4577-ac5f-4ff1-ba10-4dc32b0bee49 None None] healthcheck.allowed_source_ranges = [] {{(pid=103325) log_opt_values /opt/stack/data/venv/lib/python3.12/site-packages/oslo_config/cfg.py:3545}}
Aug 06 01:49:51.734322 np0000006605 devstack@g-api.service[103325]: DEBUG glance.common.config [None req-dc9e4577-ac5f-4ff1-ba10-4dc32b0bee49 None None] healthcheck.backends = ['disable_by_file'] {{(pid=103325) log_opt_values /opt/stack/data/venv/lib/python3.12/site-packages/oslo_config/cfg.py:3545}}
Aug 06 01:49:51.734322 np0000006605 devstack@g-api.service[103325]: DEBUG glance.common.config [None req-dc9e4577-ac5f-4ff1-ba10-4dc32b0bee49 None None] healthcheck.detailed = False {{(pid=103325) log_opt_values /opt/stack/data/venv/lib/python3.12/site-packages/oslo_config/cfg.py:3545}}
Aug 06 01:49:51.734322 np0000006605 devstack@g-api.service[103325]: DEBUG glance.common.config [None req-dc9e4577-ac5f-4ff1-ba10-4dc32b0bee49 None None] healthcheck.disable_by_file_path = None {{(pid=103325) log_opt_values /opt/stack/data/venv/lib/python3.12/site-packages/oslo_config/cfg.py:3545}}
Aug 06 01:49:51.734322 np0000006605 devstack@g-api.service[103325]: DEBUG glance.common.config [None req-dc9e4577-ac5f-4ff1-ba10-4dc32b0bee49 None None] healthcheck.ignore_proxied_requests = False {{(pid=103325) log_opt_values /opt/stack/data/venv/lib/python3.12/site-packages/oslo_config/cfg.py:3545}}
Aug 06 01:49:51.734472 np0000006605 devstack@g-api.service[103325]: DEBUG glance.common.config [None req-dc9e4577-ac5f-4ff1-ba10-4dc32b0bee49 None None] ******************************************************************************** {{(pid=103325) log_opt_values /opt/stack/data/venv/lib/python3.12/site-packages/oslo_config/cfg.py:3552}}
Aug 06 01:49:51.734472 np0000006605 devstack@g-api.service[103325]: WSGI app 0 (mountpoint='') ready in 2 seconds on interpreter 0x7875242a4668 pid: 103325 (default app)
Aug 06 01:49:54.213025 np0000006605 devstack@g-api.service[103323]: DEBUG glance.api.middleware.version_negotiation [None req-a863f460-b851-4ef4-91d3-f2d7d33c5092 None None] Determining version of request: GET / Accept: application/json {{(pid=103323) process_request /opt/stack/glance/glance/api/middleware/version_negotiation.py:44}}
Aug 06 01:49:54.213326 np0000006605 devstack@g-api.service[103323]: DEBUG glance.api.middleware.version_negotiation [None req-a863f460-b851-4ef4-91d3-f2d7d33c5092 None None] Using url versioning {{(pid=103323) process_request /opt/stack/glance/glance/api/middleware/version_negotiation.py:57}}
Aug 06 01:49:54.213326 np0000006605 devstack@g-api.service[103323]: DEBUG glance.api.middleware.version_negotiation [None req-a863f460-b851-4ef4-91d3-f2d7d33c5092 None None] Unknown version. Returning version choices. {{(pid=103323) process_request /opt/stack/glance/glance/api/middleware/version_negotiation.py:64}}
Aug 06 01:49:54.213875 np0000006605 devstack@g-api.service[103323]: [pid: 103323|app: 0|req: 2/2] 127.0.0.1 () {36 vars in 569 bytes} [Thu Aug 6 01:49:54 2026] GET / => generated 1501 bytes in 1 msecs (HTTP/1.1 300) 3 headers in 106 bytes (1 switches on core 0)
Aug 06 01:49:54.225576 np0000006605 devstack@g-api.service[103324]: DEBUG glance.api.middleware.version_negotiation [None req-0c274809-428f-4aa1-ad15-7809f6e884cb None None] Determining version of request: POST /v2/images Accept: */* {{(pid=103324) process_request /opt/stack/glance/glance/api/middleware/version_negotiation.py:44}}
Aug 06 01:49:54.225838 np0000006605 devstack@g-api.service[103324]: DEBUG glance.api.middleware.version_negotiation [None req-0c274809-428f-4aa1-ad15-7809f6e884cb None None] Using url versioning {{(pid=103324) process_request /opt/stack/glance/glance/api/middleware/version_negotiation.py:57}}
Aug 06 01:49:54.226307 np0000006605 devstack@g-api.service[103324]: DEBUG glance.api.middleware.version_negotiation [None req-0c274809-428f-4aa1-ad15-7809f6e884cb None None] Matched version: v2 {{(pid=103324) process_request /opt/stack/glance/glance/api/middleware/version_negotiation.py:69}}
Aug 06 01:49:54.226411 np0000006605 devstack@g-api.service[103324]: DEBUG glance.api.middleware.version_negotiation [None req-0c274809-428f-4aa1-ad15-7809f6e884cb None None] new path /v2/images {{(pid=103324) process_request /opt/stack/glance/glance/api/middleware/version_negotiation.py:70}}
Aug 06 01:49:55.154066 np0000006605 devstack@g-api.service[103324]: [pid: 103324|app: 0|req: 1/3] 127.0.0.1 () {42 vars in 832 bytes} [Thu Aug 6 01:49:54 2026] POST /v2/images => generated 807 bytes in 929 msecs (HTTP/1.1 201) 6 headers in 315 bytes (1 switches on core 0)
Aug 06 01:49:55.162277 np0000006605 devstack@g-api.service[103322]: DEBUG glance.api.middleware.version_negotiation [None req-38721a45-8139-433a-ad8c-086366f1006d None None] Determining version of request: PUT /v2/images/d1e259be-9e00-4ceb-874b-2a2954a6e071/stage Accept: {{(pid=103322) process_request /opt/stack/glance/glance/api/middleware/version_negotiation.py:44}}
Aug 06 01:49:55.162622 np0000006605 devstack@g-api.service[103322]: DEBUG glance.api.middleware.version_negotiation [None req-38721a45-8139-433a-ad8c-086366f1006d None None] Using url versioning {{(pid=103322) process_request /opt/stack/glance/glance/api/middleware/version_negotiation.py:57}}
Aug 06 01:49:55.162860 np0000006605 devstack@g-api.service[103322]: DEBUG glance.api.middleware.version_negotiation [None req-38721a45-8139-433a-ad8c-086366f1006d None None] Matched version: v2 {{(pid=103322) process_request /opt/stack/glance/glance/api/middleware/version_negotiation.py:69}}
Aug 06 01:49:55.162983 np0000006605 devstack@g-api.service[103322]: DEBUG glance.api.middleware.version_negotiation [None req-38721a45-8139-433a-ad8c-086366f1006d None None] new path /v2/images/d1e259be-9e00-4ceb-874b-2a2954a6e071/stage {{(pid=103322) process_request /opt/stack/glance/glance/api/middleware/version_negotiation.py:70}}
Aug 06 01:49:55.734833 np0000006605 devstack@g-api.service[103322]: DEBUG glance_store.backend [None req-e6008a0b-d201-4dd7-ad52-9068f848c716 admin admin] Attempting to import store cinder {{(pid=103322) _load_store /opt/stack/data/venv/lib/python3.12/site-packages/glance_store/backend.py:215}}
Aug 06 01:49:55.734937 np0000006605 devstack@g-api.service[103322]: DEBUG glance_store.backend [None req-e6008a0b-d201-4dd7-ad52-9068f848c716 admin admin] Attempting to import store file {{(pid=103322) _load_store /opt/stack/data/venv/lib/python3.12/site-packages/glance_store/backend.py:215}}
Aug 06 01:49:55.735042 np0000006605 devstack@g-api.service[103322]: DEBUG glance_store.backend [None req-e6008a0b-d201-4dd7-ad52-9068f848c716 admin admin] Attempting to import store glance.store.cinder.Store {{(pid=103322) _load_store /opt/stack/data/venv/lib/python3.12/site-packages/glance_store/backend.py:215}}
Aug 06 01:49:55.735137 np0000006605 devstack@g-api.service[103322]: DEBUG glance_store.backend [None req-e6008a0b-d201-4dd7-ad52-9068f848c716 admin admin] Attempting to import store glance.store.filesystem.Store {{(pid=103322) _load_store /opt/stack/data/venv/lib/python3.12/site-packages/glance_store/backend.py:215}}
Aug 06 01:49:55.735230 np0000006605 devstack@g-api.service[103322]: DEBUG glance_store.backend [None req-e6008a0b-d201-4dd7-ad52-9068f848c716 admin admin] Attempting to import store glance.store.http.Store {{(pid=103322) _load_store /opt/stack/data/venv/lib/python3.12/site-packages/glance_store/backend.py:215}}
Aug 06 01:49:55.735319 np0000006605 devstack@g-api.service[103322]: DEBUG glance_store.backend [None req-e6008a0b-d201-4dd7-ad52-9068f848c716 admin admin] Attempting to import store glance.store.rbd.Store {{(pid=103322) _load_store /opt/stack/data/venv/lib/python3.12/site-packages/glance_store/backend.py:215}}
Aug 06 01:49:55.735413 np0000006605 devstack@g-api.service[103322]: DEBUG glance_store.backend [None req-e6008a0b-d201-4dd7-ad52-9068f848c716 admin admin] Attempting to import store glance.store.s3.Store {{(pid=103322) _load_store /opt/stack/data/venv/lib/python3.12/site-packages/glance_store/backend.py:215}}
Aug 06 01:49:55.735505 np0000006605 devstack@g-api.service[103322]: DEBUG glance_store.backend [None req-e6008a0b-d201-4dd7-ad52-9068f848c716 admin admin] Attempting to import store glance.store.swift.Store {{(pid=103322) _load_store /opt/stack/data/venv/lib/python3.12/site-packages/glance_store/backend.py:215}}
Aug 06 01:49:55.735597 np0000006605 devstack@g-api.service[103322]: DEBUG glance_store.backend [None req-e6008a0b-d201-4dd7-ad52-9068f848c716 admin admin] Attempting to import store glance.store.vmware_datastore.Store {{(pid=103322) _load_store /opt/stack/data/venv/lib/python3.12/site-packages/glance_store/backend.py:215}}
Aug 06 01:49:55.735710 np0000006605 devstack@g-api.service[103322]: DEBUG glance_store.backend [None req-e6008a0b-d201-4dd7-ad52-9068f848c716 admin admin] Attempting to import store http {{(pid=103322) _load_store /opt/stack/data/venv/lib/python3.12/site-packages/glance_store/backend.py:215}}
Aug 06 01:49:55.735808 np0000006605 devstack@g-api.service[103322]: DEBUG glance_store.backend [None req-e6008a0b-d201-4dd7-ad52-9068f848c716 admin admin] Attempting to import store no_conf {{(pid=103322) _load_store /opt/stack/data/venv/lib/python3.12/site-packages/glance_store/backend.py:215}}
Aug 06 01:49:55.735900 np0000006605 devstack@g-api.service[103322]: DEBUG glance_store.backend [None req-e6008a0b-d201-4dd7-ad52-9068f848c716 admin admin] Attempting to import store rbd {{(pid=103322) _load_store /opt/stack/data/venv/lib/python3.12/site-packages/glance_store/backend.py:215}}
Aug 06 01:49:55.735989 np0000006605 devstack@g-api.service[103322]: DEBUG glance_store.backend [None req-e6008a0b-d201-4dd7-ad52-9068f848c716 admin admin] Attempting to import store s3 {{(pid=103322) _load_store /opt/stack/data/venv/lib/python3.12/site-packages/glance_store/backend.py:215}}
Aug 06 01:49:55.736073 np0000006605 devstack@g-api.service[103322]: DEBUG glance_store.backend [None req-e6008a0b-d201-4dd7-ad52-9068f848c716 admin admin] Attempting to import store swift {{(pid=103322) _load_store /opt/stack/data/venv/lib/python3.12/site-packages/glance_store/backend.py:215}}
Aug 06 01:49:55.736161 np0000006605 devstack@g-api.service[103322]: DEBUG glance_store.backend [None req-e6008a0b-d201-4dd7-ad52-9068f848c716 admin admin] Attempting to import store vmware {{(pid=103322) _load_store /opt/stack/data/venv/lib/python3.12/site-packages/glance_store/backend.py:215}}
Aug 06 01:49:55.736249 np0000006605 devstack@g-api.service[103322]: DEBUG glance_store.backend [None req-e6008a0b-d201-4dd7-ad52-9068f848c716 admin admin] Registering options for group glance_store {{(pid=103322) register_opts /opt/stack/data/venv/lib/python3.12/site-packages/glance_store/backend.py:144}}
Aug 06 01:49:55.736344 np0000006605 devstack@g-api.service[103322]: DEBUG glance_store.backend [None req-e6008a0b-d201-4dd7-ad52-9068f848c716 admin admin] Registering options for group glance_store {{(pid=103322) register_opts /opt/stack/data/venv/lib/python3.12/site-packages/glance_store/backend.py:144}}
Aug 06 01:49:55.736658 np0000006605 devstack@g-api.service[103322]: DEBUG glance_store.backend [None req-e6008a0b-d201-4dd7-ad52-9068f848c716 admin admin] Attempting to import store file {{(pid=103322) _load_store /opt/stack/data/venv/lib/python3.12/site-packages/glance_store/backend.py:215}}
Aug 06 01:49:55.736999 np0000006605 devstack@g-api.service[103322]: INFO glance_store._drivers.filesystem [None req-e6008a0b-d201-4dd7-ad52-9068f848c716 admin admin] Directory to write image files does not exist (/tmp/staging/). Creating.
Aug 06 01:49:55.737218 np0000006605 devstack@g-api.service[103322]: DEBUG glance_store.capabilities [None req-e6008a0b-d201-4dd7-ad52-9068f848c716 admin admin] Store glance_store._drivers.filesystem.Store doesn't support updating dynamic storage capabilities. Please overwrite 'update_capabilities' method of the store to implement updating logics if needed. {{(pid=103322) update_capabilities /opt/stack/data/venv/lib/python3.12/site-packages/glance_store/capabilities.py:91}}
Aug 06 01:49:56.273285 np0000006605 devstack@g-api.service[103322]: DEBUG glance_store._drivers.filesystem [None req-e6008a0b-d201-4dd7-ad52-9068f848c716 admin admin] Wrote 21430272 bytes to /tmp/staging/d1e259be-9e00-4ceb-874b-2a2954a6e071 with checksum c8fc807773e5354afe61636071771906 and multihash c8fc807773e5354afe61636071771906 {{(pid=103322) add /opt/stack/data/venv/lib/python3.12/site-packages/glance_store/_drivers/filesystem.py:899}}
Aug 06 01:49:56.290725 np0000006605 devstack@g-api.service[103322]: [pid: 103322|app: 0|req: 1/4] 127.0.0.1 () {44 vars in 966 bytes} [Thu Aug 6 01:49:55 2026] PUT /v2/images/d1e259be-9e00-4ceb-874b-2a2954a6e071/stage => generated 0 bytes in 1129 msecs (HTTP/1.1 204) 4 headers in 171 bytes (1 switches on core 0)
Aug 06 01:49:56.299166 np0000006605 devstack@g-api.service[103325]: DEBUG glance.api.middleware.version_negotiation [None req-dc9e4577-ac5f-4ff1-ba10-4dc32b0bee49 None None] Determining version of request: POST /v2/images/d1e259be-9e00-4ceb-874b-2a2954a6e071/import Accept: */* {{(pid=103325) process_request /opt/stack/glance/glance/api/middleware/version_negotiation.py:44}}
Aug 06 01:49:56.299456 np0000006605 devstack@g-api.service[103325]: DEBUG glance.api.middleware.version_negotiation [None req-dc9e4577-ac5f-4ff1-ba10-4dc32b0bee49 None None] Using url versioning {{(pid=103325) process_request /opt/stack/glance/glance/api/middleware/version_negotiation.py:57}}
Aug 06 01:49:56.299773 np0000006605 devstack@g-api.service[103325]: DEBUG glance.api.middleware.version_negotiation [None req-dc9e4577-ac5f-4ff1-ba10-4dc32b0bee49 None None] Matched version: v2 {{(pid=103325) process_request /opt/stack/glance/glance/api/middleware/version_negotiation.py:69}}
Aug 06 01:49:56.299871 np0000006605 devstack@g-api.service[103325]: DEBUG glance.api.middleware.version_negotiation [None req-dc9e4577-ac5f-4ff1-ba10-4dc32b0bee49 None None] new path /v2/images/d1e259be-9e00-4ceb-874b-2a2954a6e071/import {{(pid=103325) process_request /opt/stack/glance/glance/api/middleware/version_negotiation.py:70}}
Aug 06 01:49:56.874040 np0000006605 devstack@g-api.service[103325]: DEBUG glance.domain [None req-145a43ae-f4f4-473a-9f98-6d3a4cc06b5b admin admin] Loading taskflow executor {{(pid=103325) new_task_executor /opt/stack/glance/glance/domain/__init__.py:515}}
Aug 06 01:49:57.056139 np0000006605 devstack@g-api.service[103325]: DEBUG oslo_concurrency.lockutils [None req-145a43ae-f4f4-473a-9f98-6d3a4cc06b5b admin admin] Acquiring lock "tasks_pool" by "glance.api.common.memoize..memoizer_wrapper..memoizer" {{(pid=103325) inner /opt/stack/data/venv/lib/python3.12/site-packages/oslo_concurrency/lockutils.py:512}}
Aug 06 01:49:57.056270 np0000006605 devstack@g-api.service[103325]: DEBUG oslo_concurrency.lockutils [None req-145a43ae-f4f4-473a-9f98-6d3a4cc06b5b admin admin] Lock "tasks_pool" acquired by "glance.api.common.memoize..memoizer_wrapper..memoizer" :: waited 0.001s {{(pid=103325) inner /opt/stack/data/venv/lib/python3.12/site-packages/oslo_concurrency/lockutils.py:525}}
Aug 06 01:49:57.056669 np0000006605 devstack@g-api.service[103325]: DEBUG glance.api.common [None req-145a43ae-f4f4-473a-9f98-6d3a4cc06b5b admin admin] Initializing named threadpool 'tasks_pool' {{(pid=103325) _get_thread_pool /opt/stack/glance/glance/api/common.py:242}}
Aug 06 01:49:57.057125 np0000006605 devstack@g-api.service[103325]: DEBUG glance.async_ [None req-145a43ae-f4f4-473a-9f98-6d3a4cc06b5b admin admin] Creating threadpool model 'ThreadPoolExecutor' with size 16 {{(pid=103325) __init__ /opt/stack/glance/glance/async_/__init__.py:100}}
Aug 06 01:49:57.057251 np0000006605 devstack@g-api.service[103325]: DEBUG oslo_concurrency.lockutils [None req-145a43ae-f4f4-473a-9f98-6d3a4cc06b5b admin admin] Lock "tasks_pool" "released" by "glance.api.common.memoize..memoizer_wrapper..memoizer" :: held 0.001s {{(pid=103325) inner /opt/stack/data/venv/lib/python3.12/site-packages/oslo_concurrency/lockutils.py:544}}
Aug 06 01:49:57.057357 np0000006605 devstack@g-api.service[103325]: DEBUG glance.async_ [None req-145a43ae-f4f4-473a-9f98-6d3a4cc06b5b admin admin] Spawning with ThreadPoolExecutor: >((,), {}) {{(pid=103325) spawn /opt/stack/glance/glance/async_/__init__.py:106}}
Aug 06 01:49:57.059206 np0000006605 devstack@g-api.service[103325]: [pid: 103325|app: 0|req: 1/5] 127.0.0.1 () {42 vars in 919 bytes} [Thu Aug 6 01:49:56 2026] POST /v2/images/d1e259be-9e00-4ceb-874b-2a2954a6e071/import => generated 0 bytes in 760 msecs (HTTP/1.1 202) 4 headers in 169 bytes (1 switches on core 0)
Aug 06 01:49:57.061618 np0000006605 devstack@g-api.service[103325]: INFO glance.domain [-] Task [ad6c5a7b-fe51-4a4e-b7cd-0c2d6be790d1] status changing from pending to processing
Aug 06 01:49:57.068022 np0000006605 devstack@g-api.service[103323]: DEBUG glance.api.middleware.version_negotiation [None req-a863f460-b851-4ef4-91d3-f2d7d33c5092 None None] Determining version of request: GET /v2/images/d1e259be-9e00-4ceb-874b-2a2954a6e071 Accept: */* {{(pid=103323) process_request /opt/stack/glance/glance/api/middleware/version_negotiation.py:44}}
Aug 06 01:49:57.068360 np0000006605 devstack@g-api.service[103323]: DEBUG glance.api.middleware.version_negotiation [None req-a863f460-b851-4ef4-91d3-f2d7d33c5092 None None] Using url versioning {{(pid=103323) process_request /opt/stack/glance/glance/api/middleware/version_negotiation.py:57}}
Aug 06 01:49:57.068633 np0000006605 devstack@g-api.service[103323]: DEBUG glance.api.middleware.version_negotiation [None req-a863f460-b851-4ef4-91d3-f2d7d33c5092 None None] Matched version: v2 {{(pid=103323) process_request /opt/stack/glance/glance/api/middleware/version_negotiation.py:69}}
Aug 06 01:49:57.068755 np0000006605 devstack@g-api.service[103323]: DEBUG glance.api.middleware.version_negotiation [None req-a863f460-b851-4ef4-91d3-f2d7d33c5092 None None] new path /v2/images/d1e259be-9e00-4ceb-874b-2a2954a6e071 {{(pid=103323) process_request /opt/stack/glance/glance/api/middleware/version_negotiation.py:70}}
Aug 06 01:49:57.071594 np0000006605 devstack@g-api.service[103325]: DEBUG glance.async_.taskflow_executor [-] Taskflow executor picked up the execution of task ID ad6c5a7b-fe51-4a4e-b7cd-0c2d6be790d1 of task type api_image_import {{(pid=103325) _run /opt/stack/glance/glance/async_/taskflow_executor.py:175}}
Aug 06 01:49:57.091191 np0000006605 devstack@g-api.service[103325]: DEBUG glance_store.backend [-] Attempting to import store cinder {{(pid=103325) _load_store /opt/stack/data/venv/lib/python3.12/site-packages/glance_store/backend.py:215}}
Aug 06 01:49:57.091281 np0000006605 devstack@g-api.service[103325]: DEBUG glance_store.backend [-] Attempting to import store file {{(pid=103325) _load_store /opt/stack/data/venv/lib/python3.12/site-packages/glance_store/backend.py:215}}
Aug 06 01:49:57.091367 np0000006605 devstack@g-api.service[103325]: DEBUG glance_store.backend [-] Attempting to import store glance.store.cinder.Store {{(pid=103325) _load_store /opt/stack/data/venv/lib/python3.12/site-packages/glance_store/backend.py:215}}
Aug 06 01:49:57.091434 np0000006605 devstack@g-api.service[103325]: DEBUG glance_store.backend [-] Attempting to import store glance.store.filesystem.Store {{(pid=103325) _load_store /opt/stack/data/venv/lib/python3.12/site-packages/glance_store/backend.py:215}}
Aug 06 01:49:57.091668 np0000006605 devstack@g-api.service[103325]: DEBUG glance_store.backend [-] Attempting to import store glance.store.http.Store {{(pid=103325) _load_store /opt/stack/data/venv/lib/python3.12/site-packages/glance_store/backend.py:215}}
Aug 06 01:49:57.091668 np0000006605 devstack@g-api.service[103325]: DEBUG glance_store.backend [-] Attempting to import store glance.store.rbd.Store {{(pid=103325) _load_store /opt/stack/data/venv/lib/python3.12/site-packages/glance_store/backend.py:215}}
Aug 06 01:49:57.091668 np0000006605 devstack@g-api.service[103325]: DEBUG glance_store.backend [-] Attempting to import store glance.store.s3.Store {{(pid=103325) _load_store /opt/stack/data/venv/lib/python3.12/site-packages/glance_store/backend.py:215}}
Aug 06 01:49:57.091823 np0000006605 devstack@g-api.service[103325]: DEBUG glance_store.backend [-] Attempting to import store glance.store.swift.Store {{(pid=103325) _load_store /opt/stack/data/venv/lib/python3.12/site-packages/glance_store/backend.py:215}}
Aug 06 01:49:57.091823 np0000006605 devstack@g-api.service[103325]: DEBUG glance_store.backend [-] Attempting to import store glance.store.vmware_datastore.Store {{(pid=103325) _load_store /opt/stack/data/venv/lib/python3.12/site-packages/glance_store/backend.py:215}}
Aug 06 01:49:57.091896 np0000006605 devstack@g-api.service[103325]: DEBUG glance_store.backend [-] Attempting to import store http {{(pid=103325) _load_store /opt/stack/data/venv/lib/python3.12/site-packages/glance_store/backend.py:215}}
Aug 06 01:49:57.091943 np0000006605 devstack@g-api.service[103325]: DEBUG glance_store.backend [-] Attempting to import store no_conf {{(pid=103325) _load_store /opt/stack/data/venv/lib/python3.12/site-packages/glance_store/backend.py:215}}
Aug 06 01:49:57.092109 np0000006605 devstack@g-api.service[103325]: DEBUG glance_store.backend [-] Attempting to import store rbd {{(pid=103325) _load_store /opt/stack/data/venv/lib/python3.12/site-packages/glance_store/backend.py:215}}
Aug 06 01:49:57.092109 np0000006605 devstack@g-api.service[103325]: DEBUG glance_store.backend [-] Attempting to import store s3 {{(pid=103325) _load_store /opt/stack/data/venv/lib/python3.12/site-packages/glance_store/backend.py:215}}
Aug 06 01:49:57.092175 np0000006605 devstack@g-api.service[103325]: DEBUG glance_store.backend [-] Attempting to import store swift {{(pid=103325) _load_store /opt/stack/data/venv/lib/python3.12/site-packages/glance_store/backend.py:215}}
Aug 06 01:49:57.092211 np0000006605 devstack@g-api.service[103325]: DEBUG glance_store.backend [-] Attempting to import store vmware {{(pid=103325) _load_store /opt/stack/data/venv/lib/python3.12/site-packages/glance_store/backend.py:215}}
Aug 06 01:49:57.092293 np0000006605 devstack@g-api.service[103325]: DEBUG glance_store.backend [-] Registering options for group glance_store {{(pid=103325) register_opts /opt/stack/data/venv/lib/python3.12/site-packages/glance_store/backend.py:144}}
Aug 06 01:49:57.092360 np0000006605 devstack@g-api.service[103325]: DEBUG glance_store.backend [-] Registering options for group glance_store {{(pid=103325) register_opts /opt/stack/data/venv/lib/python3.12/site-packages/glance_store/backend.py:144}}
Aug 06 01:49:57.092602 np0000006605 devstack@g-api.service[103325]: DEBUG glance_store.backend [-] Attempting to import store file {{(pid=103325) _load_store /opt/stack/data/venv/lib/python3.12/site-packages/glance_store/backend.py:215}}
Aug 06 01:49:57.092942 np0000006605 devstack@g-api.service[103325]: DEBUG glance_store.capabilities [-] Store glance_store._drivers.filesystem.Store doesn't support updating dynamic storage capabilities. Please overwrite 'update_capabilities' method of the store to implement updating logics if needed. {{(pid=103325) update_capabilities /opt/stack/data/venv/lib/python3.12/site-packages/glance_store/capabilities.py:91}}
Aug 06 01:49:57.098779 np0000006605 devstack@g-api.service[103325]: DEBUG glance.async_.flows.api_image_import [-] Image d1e259be-9e00-4ceb-874b-2a2954a6e071 os_glance_importing_to_stores= {{(pid=103325) merge_store_list /opt/stack/glance/glance/async_/flows/api_image_import.py:297}}
Aug 06 01:49:57.098851 np0000006605 devstack@g-api.service[103325]: DEBUG glance.async_.flows.api_image_import [-] Image d1e259be-9e00-4ceb-874b-2a2954a6e071 os_glance_failed_import= {{(pid=103325) merge_store_list /opt/stack/glance/glance/async_/flows/api_image_import.py:297}}
Aug 06 01:49:57.102330 np0000006605 devstack@g-api.service[103325]: DEBUG glance.async_.flows.api_image_import [-] Image d1e259be-9e00-4ceb-874b-2a2954a6e071 status changing from uploading to importing {{(pid=103325) __exit__ /opt/stack/glance/glance/async_/flows/api_image_import.py:184}}
Aug 06 01:49:57.103342 np0000006605 devstack@g-api.service[103323]: [pid: 103323|app: 0|req: 3/6] 127.0.0.1 () {38 vars in 852 bytes} [Thu Aug 6 01:49:57 2026] GET /v2/images/d1e259be-9e00-4ceb-874b-2a2954a6e071 => generated 879 bytes in 35 msecs (HTTP/1.1 200) 4 headers in 157 bytes (1 switches on core 0)
Aug 06 01:49:57.527821 np0000006605 devstack@g-api.service[103325]: DEBUG glance.async_ [-] Creating threadpool model 'ThreadPoolExecutor' with size 10 {{(pid=103325) __init__ /opt/stack/glance/glance/async_/__init__.py:100}}
Aug 06 01:49:57.540607 np0000006605 devstack@g-api.service[103325]: DEBUG glance.async_.taskflow_executor [-] Flow 'api_image_import' (4e33dc1a-f86a-4a5f-abc7-791664524b32) transitioned into state 'RUNNING' from state 'PENDING' {{(pid=103325) _flow_receiver /opt/stack/data/venv/lib/python3.12/site-packages/taskflow/listeners/logging.py:160}}
Aug 06 01:49:57.542405 np0000006605 devstack@g-api.service[103325]: DEBUG glance.async_.taskflow_executor [-] Task 'api_image_import-ImageLock-ad6c5a7b-fe51-4a4e-b7cd-0c2d6be790d1' (47fa2d7e-627d-4f9b-b391-e1f5cafc4ca2) transitioned into state 'RUNNING' from state 'PENDING' {{(pid=103325) _task_receiver /opt/stack/data/venv/lib/python3.12/site-packages/taskflow/listeners/logging.py:242}}
Aug 06 01:49:57.549231 np0000006605 devstack@g-api.service[103325]: DEBUG glance.async_.flows.api_image_import [-] Image d1e259be-9e00-4ceb-874b-2a2954a6e071 import task ad6c5a7b-fe51-4a4e-b7cd-0c2d6be790d1 lock confirmed {{(pid=103325) execute /opt/stack/glance/glance/async_/flows/api_image_import.py:497}}
Aug 06 01:49:57.549919 np0000006605 devstack@g-api.service[103325]: DEBUG glance.async_.taskflow_executor [-] Task 'api_image_import-ImageLock-ad6c5a7b-fe51-4a4e-b7cd-0c2d6be790d1' (47fa2d7e-627d-4f9b-b391-e1f5cafc4ca2) transitioned into state 'SUCCESS' from state 'RUNNING' with result 'None' {{(pid=103325) _task_receiver /opt/stack/data/venv/lib/python3.12/site-packages/taskflow/listeners/logging.py:218}}
Aug 06 01:49:57.550553 np0000006605 devstack@g-api.service[103325]: DEBUG glance.async_.taskflow_executor [-] Task 'api_image_import-ConfigureStaging-ad6c5a7b-fe51-4a4e-b7cd-0c2d6be790d1' (e532b0db-a4fc-4715-9629-68d18ff8fac2) transitioned into state 'RUNNING' from state 'PENDING' {{(pid=103325) _task_receiver /opt/stack/data/venv/lib/python3.12/site-packages/taskflow/listeners/logging.py:242}}
Aug 06 01:49:57.551231 np0000006605 devstack@g-api.service[103325]: DEBUG glance.async_.taskflow_executor [-] Task 'api_image_import-ConfigureStaging-ad6c5a7b-fe51-4a4e-b7cd-0c2d6be790d1' (e532b0db-a4fc-4715-9629-68d18ff8fac2) transitioned into state 'SUCCESS' from state 'RUNNING' with result 'file:///tmp/staging/d1e259be-9e00-4ceb-874b-2a2954a6e071' {{(pid=103325) _task_receiver /opt/stack/data/venv/lib/python3.12/site-packages/taskflow/listeners/logging.py:218}}
Aug 06 01:49:57.551864 np0000006605 devstack@g-api.service[103325]: DEBUG glance.async_.taskflow_executor [-] Task 'api_image_import--ImportToStore-ad6c5a7b-fe51-4a4e-b7cd-0c2d6be790d1' (09bea31f-2404-423d-9386-2e7387c2f2f6) transitioned into state 'RUNNING' from state 'PENDING' {{(pid=103325) _task_receiver /opt/stack/data/venv/lib/python3.12/site-packages/taskflow/listeners/logging.py:242}}
Aug 06 01:49:57.557301 np0000006605 devstack@g-api.service[103325]: INFO glance.common.scripts.image_import.main [-] Task ad6c5a7b-fe51-4a4e-b7cd-0c2d6be790d1: Got image data uri file:///tmp/staging/d1e259be-9e00-4ceb-874b-2a2954a6e071 to be imported
Aug 06 01:49:57.558628 np0000006605 devstack@g-api.service[103325]: DEBUG glance.location [-] Enabling in-flight format inspection for qcow2 {{(pid=103325) set_data /opt/stack/glance/glance/location.py:596}}
Aug 06 01:49:57.559079 np0000006605 devstack@g-api.service[103325]: DEBUG glance_store.backend [-] Attempting to import store swift {{(pid=103325) _load_store /opt/stack/data/venv/lib/python3.12/site-packages/glance_store/backend.py:215}}
Aug 06 01:49:57.560810 np0000006605 devstack@g-api.service[103325]: DEBUG glance_store.capabilities [-] Store glance_store._drivers.swift.store.SingleTenantStore doesn't support updating dynamic storage capabilities. Please overwrite 'update_capabilities' method of the store to implement updating logics if needed. {{(pid=103325) update_capabilities /opt/stack/data/venv/lib/python3.12/site-packages/glance_store/capabilities.py:91}}
Aug 06 01:49:57.560907 np0000006605 devstack@g-api.service[103325]: DEBUG glance_store.driver [-] Late loading location class glance_store._drivers.swift.store.StoreLocation {{(pid=103325) get_store_location_class /opt/stack/data/venv/lib/python3.12/site-packages/glance_store/driver.py:134}}
Aug 06 01:49:57.561010 np0000006605 devstack@g-api.service[103325]: DEBUG glance_store.location [-] Registering scheme swift+https with {'store': , 'location_class': , 'store_entry': 'swift'} {{(pid=103325) register_scheme_map /opt/stack/data/venv/lib/python3.12/site-packages/glance_store/location.py:146}}
Aug 06 01:49:57.561102 np0000006605 devstack@g-api.service[103325]: DEBUG glance_store.location [-] Registering scheme swift+https with {'store': , 'location_class': , 'store_entry': 'swift'} {{(pid=103325) register_scheme_map /opt/stack/data/venv/lib/python3.12/site-packages/glance_store/location.py:146}}
Aug 06 01:49:57.561173 np0000006605 devstack@g-api.service[103325]: DEBUG glance_store.location [-] Registering scheme swift with {'store': , 'location_class': , 'store_entry': 'swift'} {{(pid=103325) register_scheme_map /opt/stack/data/venv/lib/python3.12/site-packages/glance_store/location.py:146}}
Aug 06 01:49:57.561247 np0000006605 devstack@g-api.service[103325]: DEBUG glance_store.location [-] Registering scheme swift+https with {'store': , 'location_class': , 'store_entry': 'swift'} {{(pid=103325) register_scheme_map /opt/stack/data/venv/lib/python3.12/site-packages/glance_store/location.py:146}}
Aug 06 01:49:57.561339 np0000006605 devstack@g-api.service[103325]: DEBUG glance_store.location [-] Registering scheme swift with {'store': , 'location_class': , 'store_entry': 'swift'} {{(pid=103325) register_scheme_map /opt/stack/data/venv/lib/python3.12/site-packages/glance_store/location.py:146}}
Aug 06 01:49:57.561412 np0000006605 devstack@g-api.service[103325]: DEBUG glance_store.location [-] Registering scheme swift+http with {'store': , 'location_class': , 'store_entry': 'swift'} {{(pid=103325) register_scheme_map /opt/stack/data/venv/lib/python3.12/site-packages/glance_store/location.py:146}}
Aug 06 01:49:57.561483 np0000006605 devstack@g-api.service[103325]: DEBUG glance_store.location [-] Registering scheme swift+https with {'store': , 'location_class': , 'store_entry': 'swift'} {{(pid=103325) register_scheme_map /opt/stack/data/venv/lib/python3.12/site-packages/glance_store/location.py:146}}
Aug 06 01:49:57.561559 np0000006605 devstack@g-api.service[103325]: DEBUG glance_store.location [-] Registering scheme swift with {'store': , 'location_class': , 'store_entry': 'swift'} {{(pid=103325) register_scheme_map /opt/stack/data/venv/lib/python3.12/site-packages/glance_store/location.py:146}}
Aug 06 01:49:57.561639 np0000006605 devstack@g-api.service[103325]: DEBUG glance_store.location [-] Registering scheme swift+http with {'store': , 'location_class': , 'store_entry': 'swift'} {{(pid=103325) register_scheme_map /opt/stack/data/venv/lib/python3.12/site-packages/glance_store/location.py:146}}
Aug 06 01:49:57.561728 np0000006605 devstack@g-api.service[103325]: DEBUG glance_store.location [-] Registering scheme swift+config with {'store': , 'location_class': , 'store_entry': 'swift'} {{(pid=103325) register_scheme_map /opt/stack/data/venv/lib/python3.12/site-packages/glance_store/location.py:146}}
Aug 06 01:49:57.964636 np0000006605 devstack@g-api.service[103325]: INFO swiftclient [-] REQ: curl -i https://10.4.3.35:8080/v1/AUTH_bc4efc0670ed4f34b709b4600c4c9c5b/glance -I -H "X-Auth-Token: gAAAAABqc-hF3o0x..."
Aug 06 01:49:57.964715 np0000006605 devstack@g-api.service[103325]: INFO swiftclient [-] RESP STATUS: 404 Not Found
Aug 06 01:49:57.964869 np0000006605 devstack@g-api.service[103325]: INFO swiftclient [-] RESP HEADERS: {'Date': 'Thu, 06 Aug 2026 01:49:57 GMT', 'Server': 'Apache/2.4.58 (Ubuntu)', 'Content-Type': 'text/html; charset=UTF-8', 'X-Trans-Id': 'tx417838f2f761453cb2231-006a73e845', 'X-Openstack-Request-Id': 'tx417838f2f761453cb2231-006a73e845', 'Connection': 'close'}
Aug 06 01:49:57.965084 np0000006605 devstack@g-api.service[103325]: INFO glance_store._drivers.swift.store [-] Creating swift container glance
Aug 06 01:49:58.010646 np0000006605 devstack@g-api.service[103325]: DEBUG swiftclient [-] REQ: curl -i https://10.4.3.35:8080/v1/AUTH_bc4efc0670ed4f34b709b4600c4c9c5b/glance -X PUT -H "X-Auth-Token: gAAAAABqc-hF3o0x..." -H "Content-Length: 0" {{(pid=103325) http_log /opt/stack/data/venv/lib/python3.12/site-packages/swiftclient/client.py:160}}
Aug 06 01:49:58.010780 np0000006605 devstack@g-api.service[103325]: DEBUG swiftclient [-] RESP STATUS: 201 Created {{(pid=103325) http_log /opt/stack/data/venv/lib/python3.12/site-packages/swiftclient/client.py:161}}
Aug 06 01:49:58.010946 np0000006605 devstack@g-api.service[103325]: DEBUG swiftclient [-] RESP HEADERS: {'Date': 'Thu, 06 Aug 2026 01:49:58 GMT', 'Server': 'Apache/2.4.58 (Ubuntu)', 'Content-Type': 'text/html; charset=UTF-8', 'Content-Length': '0', 'X-Trans-Id': 'txbfd62a812c8d44b8970de-006a73e845', 'X-Openstack-Request-Id': 'txbfd62a812c8d44b8970de-006a73e845', 'Connection': 'close'} {{(pid=103325) http_log /opt/stack/data/venv/lib/python3.12/site-packages/swiftclient/client.py:162}}
Aug 06 01:49:58.011081 np0000006605 devstack@g-api.service[103325]: DEBUG glance_store._drivers.swift.store [-] Adding image object 'd1e259be-9e00-4ceb-874b-2a2954a6e071' to Swift {{(pid=103325) add /opt/stack/data/venv/lib/python3.12/site-packages/glance_store/_drivers/swift/store.py:970}}
Aug 06 01:49:58.017325 np0000006605 devstack@g-api.service[103325]: DEBUG oslo_utils.imageutils.format_inspector [-] Format inspector for vmdk does not match, excluding from consideration (Signature KDMV not found: b'QFI\xfb') {{(pid=103325) _process_chunk /opt/stack/data/venv/lib/python3.12/site-packages/oslo_utils/imageutils/format_inspector.py:1758}}
Aug 06 01:49:58.021341 np0000006605 devstack@g-api.service[103325]: DEBUG oslo_utils.imageutils.format_inspector [-] Format inspector for vhdx does not match, excluding from consideration (Region signature not found at 30000) {{(pid=103325) _process_chunk /opt/stack/data/venv/lib/python3.12/site-packages/oslo_utils/imageutils/format_inspector.py:1758}}
Aug 06 01:49:58.326482 np0000006605 devstack@g-api.service[103325]: DEBUG swiftclient [-] REQ: curl -i https://10.4.3.35:8080/v1/AUTH_bc4efc0670ed4f34b709b4600c4c9c5b/glance/d1e259be-9e00-4ceb-874b-2a2954a6e071 -X PUT -H "X-Auth-Token: gAAAAABqc-hF3o0x..." -H "Content-Length: 21430272" {{(pid=103325) http_log /opt/stack/data/venv/lib/python3.12/site-packages/swiftclient/client.py:160}}
Aug 06 01:49:58.326558 np0000006605 devstack@g-api.service[103325]: DEBUG swiftclient [-] RESP STATUS: 201 Created {{(pid=103325) http_log /opt/stack/data/venv/lib/python3.12/site-packages/swiftclient/client.py:161}}
Aug 06 01:49:58.326632 np0000006605 devstack@g-api.service[103325]: DEBUG swiftclient [-] RESP HEADERS: {'Date': 'Thu, 06 Aug 2026 01:49:58 GMT', 'Server': 'Apache/2.4.58 (Ubuntu)', 'Content-Type': 'text/html; charset=UTF-8', 'Content-Length': '0', 'Etag': 'c8fc807773e5354afe61636071771906', 'Last-Modified': 'Thu, 06 Aug 2026 01:49:59 GMT', 'X-Trans-Id': 'txf26bba4ec4b743af985f6-006a73e846', 'X-Openstack-Request-Id': 'txf26bba4ec4b743af985f6-006a73e846', 'Connection': 'close'} {{(pid=103325) http_log /opt/stack/data/venv/lib/python3.12/site-packages/swiftclient/client.py:162}}
Aug 06 01:49:58.338626 np0000006605 devstack@g-api.service[103325]: INFO glance.location [-] Image format matched and virtual size computed: 117440512
Aug 06 01:49:58.346162 np0000006605 devstack@g-api.service[103325]: DEBUG glance.async_.flows.api_image_import [-] Image d1e259be-9e00-4ceb-874b-2a2954a6e071 status changing from importing to active {{(pid=103325) __exit__ /opt/stack/glance/glance/async_/flows/api_image_import.py:184}}
Aug 06 01:49:58.365081 np0000006605 devstack@g-api.service[103325]: DEBUG glance_store.backend [-] Attempting to import store swift {{(pid=103325) _load_store /opt/stack/data/venv/lib/python3.12/site-packages/glance_store/backend.py:215}}
