Aug 04 08:02:09.954798 np0000006392 devstack@g-api.service[99723]: DEBUG swiftclient [None req-90a1c2c8-90a7-442e-be5e-2502d3a5e222 tempest-ServerBootFromVolumeStableRescueTest-657435244 tempest-ServerBootFromVolumeStableRescueTest-657435244-project-member] RESP HEADERS: {'Date': 'Tue, 04 Aug 2026 08:02:09 GMT', 'Server': 'Apache/2.4.58 (Ubuntu)', 'Content-Type': 'text/plain; charset=utf-8', 'X-Container-Object-Count': '7', 'X-Container-Bytes-Used': '109576192', 'X-Timestamp': '1785830127.09565', 'Last-Modified': 'Tue, 04 Aug 2026 07:55:28 GMT', 'Accept-Ranges': 'bytes', 'X-Storage-Policy': 'Policy-0', 'X-Container-Sharding': 'False', 'Vary': 'Accept', 'X-Trans-Id': 'tx246063c69d644bce995f8-006a719c81', 'X-Openstack-Request-Id': 'tx246063c69d644bce995f8-006a719c81', 'Connection': 'close'} {{(pid=99723) http_log /opt/stack/data/venv/lib/python3.12/site-packages/swiftclient/client.py:162}}
Aug 04 08:02:09.954798 np0000006392 devstack@g-api.service[99723]: DEBUG glance_store._drivers.swift.store [None req-90a1c2c8-90a7-442e-be5e-2502d3a5e222 tempest-ServerBootFromVolumeStableRescueTest-657435244 tempest-ServerBootFromVolumeStableRescueTest-657435244-project-member] Adding image object '9c3a71c2-2de1-4067-9752-922ed6399df6' to Swift {{(pid=99723) add /opt/stack/data/venv/lib/python3.12/site-packages/glance_store/_drivers/swift/store.py:970}}
Aug 04 08:02:09.954798 np0000006392 devstack@g-api.service[99723]: DEBUG glance_store._drivers.swift.store [None req-90a1c2c8-90a7-442e-be5e-2502d3a5e222 tempest-ServerBootFromVolumeStableRescueTest-657435244 tempest-ServerBootFromVolumeStableRescueTest-657435244-project-member] Cannot determine image size because it is either not provided in the request or chunked-transfer encoding is used. Adding image as a segmented object to Swift. {{(pid=99723) add /opt/stack/data/venv/lib/python3.12/site-packages/glance_store/_drivers/swift/store.py:994}}
Aug 04 08:02:09.960145 np0000006392 devstack@g-api.service[99723]: DEBUG oslo_utils.imageutils.format_inspector [None req-90a1c2c8-90a7-442e-be5e-2502d3a5e222 tempest-ServerBootFromVolumeStableRescueTest-657435244 tempest-ServerBootFromVolumeStableRescueTest-657435244-project-member] Format inspector for vmdk does not match, excluding from consideration (Signature KDMV not found: b'QFI\xfb') {{(pid=99723) _process_chunk /opt/stack/data/venv/lib/python3.12/site-packages/oslo_utils/imageutils/format_inspector.py:1758}}
Aug 04 08:02:09.962068 np0000006392 devstack@g-api.service[99723]: DEBUG oslo_utils.imageutils.format_inspector [None req-90a1c2c8-90a7-442e-be5e-2502d3a5e222 tempest-ServerBootFromVolumeStableRescueTest-657435244 tempest-ServerBootFromVolumeStableRescueTest-657435244-project-member] Format inspector for vhdx does not match, excluding from consideration (Region signature not found at 30000) {{(pid=99723) _process_chunk /opt/stack/data/venv/lib/python3.12/site-packages/oslo_utils/imageutils/format_inspector.py:1758}}
Aug 04 08:02:10.199852 np0000006392 devstack@g-api.service[99724]: DEBUG glance.api.middleware.version_negotiation [None req-0f3a932c-8aaf-4417-ade9-199354caad26 tempest-TestMinimumBasicScenario-830884398 tempest-TestMinimumBasicScenario-830884398-project-member] Determining version of request: GET /v2/images/135a5622-390f-433c-aeca-c6a1c6fb2a55 Accept: */* {{(pid=99724) process_request /opt/stack/glance/glance/api/middleware/version_negotiation.py:44}}
Aug 04 08:02:10.200348 np0000006392 devstack@g-api.service[99724]: DEBUG glance.api.middleware.version_negotiation [None req-0f3a932c-8aaf-4417-ade9-199354caad26 tempest-TestMinimumBasicScenario-830884398 tempest-TestMinimumBasicScenario-830884398-project-member] Using url versioning {{(pid=99724) process_request /opt/stack/glance/glance/api/middleware/version_negotiation.py:57}}
Aug 04 08:02:10.200348 np0000006392 devstack@g-api.service[99724]: DEBUG glance.api.middleware.version_negotiation [None req-0f3a932c-8aaf-4417-ade9-199354caad26 tempest-TestMinimumBasicScenario-830884398 tempest-TestMinimumBasicScenario-830884398-project-member] Matched version: v2 {{(pid=99724) process_request /opt/stack/glance/glance/api/middleware/version_negotiation.py:69}}
Aug 04 08:02:10.200348 np0000006392 devstack@g-api.service[99724]: DEBUG glance.api.middleware.version_negotiation [None req-0f3a932c-8aaf-4417-ade9-199354caad26 tempest-TestMinimumBasicScenario-830884398 tempest-TestMinimumBasicScenario-830884398-project-member] new path /v2/images/135a5622-390f-433c-aeca-c6a1c6fb2a55 {{(pid=99724) process_request /opt/stack/glance/glance/api/middleware/version_negotiation.py:70}}
Aug 04 08:02:10.212982 np0000006392 devstack@g-api.service[99724]: [pid: 99724|app: 0|req: 137/407] 127.0.0.1 () {44 vars in 1111 bytes} [Tue Aug 4 08:02:10 2026] GET /v2/images/135a5622-390f-433c-aeca-c6a1c6fb2a55 => generated 1044 bytes in 13 msecs (HTTP/1.1 200) 4 headers in 158 bytes (1 switches on core 0)
Aug 04 08:02:10.227312 np0000006392 devstack@g-api.service[99723]: DEBUG swiftclient [None req-90a1c2c8-90a7-442e-be5e-2502d3a5e222 tempest-ServerBootFromVolumeStableRescueTest-657435244 tempest-ServerBootFromVolumeStableRescueTest-657435244-project-member] REQ: curl -i https://10.4.3.72:8080/v1/AUTH_62a0cf0ed9514f9b9bd7d331a42a4690/glance/9c3a71c2-2de1-4067-9752-922ed6399df6-00001 -X PUT -H "X-Auth-Token: gAAAAABqcZyBdZc6..." {{(pid=99723) http_log /opt/stack/data/venv/lib/python3.12/site-packages/swiftclient/client.py:160}}
Aug 04 08:02:10.227530 np0000006392 devstack@g-api.service[99723]: DEBUG swiftclient [None req-90a1c2c8-90a7-442e-be5e-2502d3a5e222 tempest-ServerBootFromVolumeStableRescueTest-657435244 tempest-ServerBootFromVolumeStableRescueTest-657435244-project-member] RESP STATUS: 201 Created {{(pid=99723) http_log /opt/stack/data/venv/lib/python3.12/site-packages/swiftclient/client.py:161}}
Aug 04 08:02:10.227667 np0000006392 devstack@g-api.service[99723]: DEBUG swiftclient [None req-90a1c2c8-90a7-442e-be5e-2502d3a5e222 tempest-ServerBootFromVolumeStableRescueTest-657435244 tempest-ServerBootFromVolumeStableRescueTest-657435244-project-member] RESP HEADERS: {'Date': 'Tue, 04 Aug 2026 08:02:10 GMT', 'Server': 'Apache/2.4.58 (Ubuntu)', 'Content-Type': 'text/html; charset=UTF-8', 'Content-Length': '0', 'Etag': '4fa343ee581d8d2e78533191fd1ac3e1', 'Last-Modified': 'Tue, 04 Aug 2026 08:02:10 GMT', 'X-Trans-Id': 'tx377ec8e121d04be68da8a-006a719c81', 'X-Openstack-Request-Id': 'tx377ec8e121d04be68da8a-006a719c81', 'Connection': 'close'} {{(pid=99723) http_log /opt/stack/data/venv/lib/python3.12/site-packages/swiftclient/client.py:162}}
Aug 04 08:02:10.227795 np0000006392 devstack@g-api.service[99723]: DEBUG glance_store._drivers.swift.store [None req-90a1c2c8-90a7-442e-be5e-2502d3a5e222 tempest-ServerBootFromVolumeStableRescueTest-657435244 tempest-ServerBootFromVolumeStableRescueTest-657435244-project-member] Wrote chunk 9c3a71c2-2de1-4067-9752-922ed6399df6-00001 (1/?) of length 23527424 to Swift returning MD5 of content: 4fa343ee581d8d2e78533191fd1ac3e1 {{(pid=99723) add /opt/stack/data/venv/lib/python3.12/site-packages/glance_store/_drivers/swift/store.py:1059}}
Aug 04 08:02:10.227868 np0000006392 devstack@g-api.service[99722]: DEBUG glance.api.middleware.version_negotiation [None req-2ffd4a6f-291e-4edc-a0e0-8b67e4801c81 tempest-ServerBootFromVolumeStableRescueTest-657435244 tempest-ServerBootFromVolumeStableRescueTest-657435244-project-member] Determining version of request: GET /v2/schemas/image Accept: */* {{(pid=99722) process_request /opt/stack/glance/glance/api/middleware/version_negotiation.py:44}}
Aug 04 08:02:10.228027 np0000006392 devstack@g-api.service[99722]: DEBUG glance.api.middleware.version_negotiation [None req-2ffd4a6f-291e-4edc-a0e0-8b67e4801c81 tempest-ServerBootFromVolumeStableRescueTest-657435244 tempest-ServerBootFromVolumeStableRescueTest-657435244-project-member] Using url versioning {{(pid=99722) process_request /opt/stack/glance/glance/api/middleware/version_negotiation.py:57}}
Aug 04 08:02:10.228220 np0000006392 devstack@g-api.service[99722]: DEBUG glance.api.middleware.version_negotiation [None req-2ffd4a6f-291e-4edc-a0e0-8b67e4801c81 tempest-ServerBootFromVolumeStableRescueTest-657435244 tempest-ServerBootFromVolumeStableRescueTest-657435244-project-member] Matched version: v2 {{(pid=99722) process_request /opt/stack/glance/glance/api/middleware/version_negotiation.py:69}}
Aug 04 08:02:10.228356 np0000006392 devstack@g-api.service[99723]: DEBUG glance_store._drivers.swift.store [None req-90a1c2c8-90a7-442e-be5e-2502d3a5e222 tempest-ServerBootFromVolumeStableRescueTest-657435244 tempest-ServerBootFromVolumeStableRescueTest-657435244-project-member] Not writing zero-length chunk. {{(pid=99723) add /opt/stack/data/venv/lib/python3.12/site-packages/glance_store/_drivers/swift/store.py:1028}}
Aug 04 08:02:10.228407 np0000006392 devstack@g-api.service[99722]: DEBUG glance.api.middleware.version_negotiation [None req-2ffd4a6f-291e-4edc-a0e0-8b67e4801c81 tempest-ServerBootFromVolumeStableRescueTest-657435244 tempest-ServerBootFromVolumeStableRescueTest-657435244-project-member] new path /v2/schemas/image {{(pid=99722) process_request /opt/stack/glance/glance/api/middleware/version_negotiation.py:70}}
Aug 04 08:02:10.234077 np0000006392 devstack@g-api.service[99722]: [pid: 99722|app: 0|req: 130/408] 127.0.0.1 () {44 vars in 1051 bytes} [Tue Aug 4 08:02:10 2026] GET /v2/schemas/image => generated 6083 bytes in 6 msecs (HTTP/1.1 200) 4 headers in 158 bytes (1 switches on core 0)
Aug 04 08:02:10.247942 np0000006392 devstack@g-api.service[99724]: DEBUG glance.api.middleware.version_negotiation [None req-e8576339-0fa9-406d-abd8-4ac6c2a49914 tempest-ServerActionsV293TestJSON-618919534 tempest-ServerActionsV293TestJSON-618919534-project-member] Determining version of request: GET /v2/schemas/image Accept: */* {{(pid=99724) process_request /opt/stack/glance/glance/api/middleware/version_negotiation.py:44}}
Aug 04 08:02:10.248208 np0000006392 devstack@g-api.service[99724]: DEBUG glance.api.middleware.version_negotiation [None req-e8576339-0fa9-406d-abd8-4ac6c2a49914 tempest-ServerActionsV293TestJSON-618919534 tempest-ServerActionsV293TestJSON-618919534-project-member] Using url versioning {{(pid=99724) process_request /opt/stack/glance/glance/api/middleware/version_negotiation.py:57}}
Aug 04 08:02:10.248372 np0000006392 devstack@g-api.service[99724]: DEBUG glance.api.middleware.version_negotiation [None req-e8576339-0fa9-406d-abd8-4ac6c2a49914 tempest-ServerActionsV293TestJSON-618919534 tempest-ServerActionsV293TestJSON-618919534-project-member] Matched version: v2 {{(pid=99724) process_request /opt/stack/glance/glance/api/middleware/version_negotiation.py:69}}
Aug 04 08:02:10.248467 np0000006392 devstack@g-api.service[99724]: DEBUG glance.api.middleware.version_negotiation [None req-e8576339-0fa9-406d-abd8-4ac6c2a49914 tempest-ServerActionsV293TestJSON-618919534 tempest-ServerActionsV293TestJSON-618919534-project-member] new path /v2/schemas/image {{(pid=99724) process_request /opt/stack/glance/glance/api/middleware/version_negotiation.py:70}}
Aug 04 08:02:10.251538 np0000006392 devstack@g-api.service[99724]: [pid: 99724|app: 0|req: 138/409] 127.0.0.1 () {44 vars in 1051 bytes} [Tue Aug 4 08:02:10 2026] GET /v2/schemas/image => generated 6083 bytes in 4 msecs (HTTP/1.1 200) 4 headers in 158 bytes (1 switches on core 0)
Aug 04 08:02:10.266233 np0000006392 devstack@g-api.service[99723]: DEBUG swiftclient [None req-90a1c2c8-90a7-442e-be5e-2502d3a5e222 tempest-ServerBootFromVolumeStableRescueTest-657435244 tempest-ServerBootFromVolumeStableRescueTest-657435244-project-member] REQ: curl -i https://10.4.3.72:8080/v1/AUTH_62a0cf0ed9514f9b9bd7d331a42a4690/glance/9c3a71c2-2de1-4067-9752-922ed6399df6 -X PUT -H "X-Object-Manifest: glance/9c3a71c2-2de1-4067-9752-922ed6399df6-" -H "X-Auth-Token: gAAAAABqcZyBdZc6..." -H "Content-Length: 0" {{(pid=99723) http_log /opt/stack/data/venv/lib/python3.12/site-packages/swiftclient/client.py:160}}
Aug 04 08:02:10.266444 np0000006392 devstack@g-api.service[99723]: DEBUG swiftclient [None req-90a1c2c8-90a7-442e-be5e-2502d3a5e222 tempest-ServerBootFromVolumeStableRescueTest-657435244 tempest-ServerBootFromVolumeStableRescueTest-657435244-project-member] RESP STATUS: 201 Created {{(pid=99723) http_log /opt/stack/data/venv/lib/python3.12/site-packages/swiftclient/client.py:161}}
Aug 04 08:02:10.266574 np0000006392 devstack@g-api.service[99723]: DEBUG swiftclient [None req-90a1c2c8-90a7-442e-be5e-2502d3a5e222 tempest-ServerBootFromVolumeStableRescueTest-657435244 tempest-ServerBootFromVolumeStableRescueTest-657435244-project-member] RESP HEADERS: {'Date': 'Tue, 04 Aug 2026 08:02:10 GMT', 'Server': 'Apache/2.4.58 (Ubuntu)', 'Content-Type': 'text/html; charset=UTF-8', 'Content-Length': '0', 'Etag': 'd41d8cd98f00b204e9800998ecf8427e', 'Last-Modified': 'Tue, 04 Aug 2026 08:02:11 GMT', 'X-Trans-Id': 'tx3d75bede1b5240539b666-006a719c82', 'X-Openstack-Request-Id': 'tx3d75bede1b5240539b666-006a719c82', 'Connection': 'close'} {{(pid=99723) http_log /opt/stack/data/venv/lib/python3.12/site-packages/swiftclient/client.py:162}}
Aug 04 08:02:10.266996 np0000006392 devstack@g-api.service[99722]: DEBUG glance.api.middleware.version_negotiation [None req-e8576339-0fa9-406d-abd8-4ac6c2a49914 tempest-ServerActionsV293TestJSON-618919534 tempest-ServerActionsV293TestJSON-618919534-project-member] Determining version of request: GET /v2/images/135a5622-390f-433c-aeca-c6a1c6fb2a55 Accept: */* {{(pid=99722) process_request /opt/stack/glance/glance/api/middleware/version_negotiation.py:44}}
Aug 04 08:02:10.267126 np0000006392 devstack@g-api.service[99723]: INFO glance.location [None req-90a1c2c8-90a7-442e-be5e-2502d3a5e222 tempest-ServerBootFromVolumeStableRescueTest-657435244 tempest-ServerBootFromVolumeStableRescueTest-657435244-project-member] Image format matched and virtual size computed: 1073741824
Aug 04 08:02:10.267192 np0000006392 devstack@g-api.service[99722]: DEBUG glance.api.middleware.version_negotiation [None req-e8576339-0fa9-406d-abd8-4ac6c2a49914 tempest-ServerActionsV293TestJSON-618919534 tempest-ServerActionsV293TestJSON-618919534-project-member] Using url versioning {{(pid=99722) process_request /opt/stack/glance/glance/api/middleware/version_negotiation.py:57}}
Aug 04 08:02:10.267440 np0000006392 devstack@g-api.service[99722]: DEBUG glance.api.middleware.version_negotiation [None req-e8576339-0fa9-406d-abd8-4ac6c2a49914 tempest-ServerActionsV293TestJSON-618919534 tempest-ServerActionsV293TestJSON-618919534-project-member] Matched version: v2 {{(pid=99722) process_request /opt/stack/glance/glance/api/middleware/version_negotiation.py:69}}
Aug 04 08:02:10.267598 np0000006392 devstack@g-api.service[99722]: DEBUG glance.api.middleware.version_negotiation [None req-e8576339-0fa9-406d-abd8-4ac6c2a49914 tempest-ServerActionsV293TestJSON-618919534 tempest-ServerActionsV293TestJSON-618919534-project-member] new path /v2/images/135a5622-390f-433c-aeca-c6a1c6fb2a55 {{(pid=99722) process_request /opt/stack/glance/glance/api/middleware/version_negotiation.py:70}}
Aug 04 08:02:10.281992 np0000006392 devstack@g-api.service[99722]: [pid: 99722|app: 0|req: 131/410] 127.0.0.1 () {44 vars in 1111 bytes} [Tue Aug 4 08:02:10 2026] GET /v2/images/135a5622-390f-433c-aeca-c6a1c6fb2a55 => generated 1044 bytes in 15 msecs (HTTP/1.1 200) 4 headers in 158 bytes (1 switches on core 0)
Aug 04 08:02:10.294177 np0000006392 devstack@g-api.service[99724]: DEBUG glance.api.middleware.version_negotiation [None req-e8576339-0fa9-406d-abd8-4ac6c2a49914 tempest-ServerActionsV293TestJSON-618919534 tempest-ServerActionsV293TestJSON-618919534-project-member] Determining version of request: GET /v2/schemas/image Accept: */* {{(pid=99724) process_request /opt/stack/glance/glance/api/middleware/version_negotiation.py:44}}
Aug 04 08:02:10.294532 np0000006392 devstack@g-api.service[99724]: DEBUG glance.api.middleware.version_negotiation [None req-e8576339-0fa9-406d-abd8-4ac6c2a49914 tempest-ServerActionsV293TestJSON-618919534 tempest-ServerActionsV293TestJSON-618919534-project-member] Using url versioning {{(pid=99724) process_request /opt/stack/glance/glance/api/middleware/version_negotiation.py:57}}
Aug 04 08:02:10.294674 np0000006392 devstack@g-api.service[99724]: DEBUG glance.api.middleware.version_negotiation [None req-e8576339-0fa9-406d-abd8-4ac6c2a49914 tempest-ServerActionsV293TestJSON-618919534 tempest-ServerActionsV293TestJSON-618919534-project-member] Matched version: v2 {{(pid=99724) process_request /opt/stack/glance/glance/api/middleware/version_negotiation.py:69}}
Aug 04 08:02:10.294811 np0000006392 devstack@g-api.service[99724]: DEBUG glance.api.middleware.version_negotiation [None req-e8576339-0fa9-406d-abd8-4ac6c2a49914 tempest-ServerActionsV293TestJSON-618919534 tempest-ServerActionsV293TestJSON-618919534-project-member] new path /v2/schemas/image {{(pid=99724) process_request /opt/stack/glance/glance/api/middleware/version_negotiation.py:70}}
Aug 04 08:02:10.297700 np0000006392 devstack@g-api.service[99724]: [pid: 99724|app: 0|req: 139/411] 127.0.0.1 () {44 vars in 1051 bytes} [Tue Aug 4 08:02:10 2026] GET /v2/schemas/image => generated 6083 bytes in 3 msecs (HTTP/1.1 200) 4 headers in 158 bytes (1 switches on core 0)
Aug 04 08:02:10.308040 np0000006392 devstack@g-api.service[99722]: DEBUG glance.api.middleware.version_negotiation [None req-e8576339-0fa9-406d-abd8-4ac6c2a49914 tempest-ServerActionsV293TestJSON-618919534 tempest-ServerActionsV293TestJSON-618919534-project-member] Determining version of request: GET /v2/schemas/image Accept: */* {{(pid=99722) process_request /opt/stack/glance/glance/api/middleware/version_negotiation.py:44}}
Aug 04 08:02:10.308162 np0000006392 devstack@g-api.service[99722]: DEBUG glance.api.middleware.version_negotiation [None req-e8576339-0fa9-406d-abd8-4ac6c2a49914 tempest-ServerActionsV293TestJSON-618919534 tempest-ServerActionsV293TestJSON-618919534-project-member] Using url versioning {{(pid=99722) process_request /opt/stack/glance/glance/api/middleware/version_negotiation.py:57}}
Aug 04 08:02:10.308284 np0000006392 devstack@g-api.service[99722]: DEBUG glance.api.middleware.version_negotiation [None req-e8576339-0fa9-406d-abd8-4ac6c2a49914 tempest-ServerActionsV293TestJSON-618919534 tempest-ServerActionsV293TestJSON-618919534-project-member] Matched version: v2 {{(pid=99722) process_request /opt/stack/glance/glance/api/middleware/version_negotiation.py:69}}
Aug 04 08:02:10.308461 np0000006392 devstack@g-api.service[99722]: DEBUG glance.api.middleware.version_negotiation [None req-e8576339-0fa9-406d-abd8-4ac6c2a49914 tempest-ServerActionsV293TestJSON-618919534 tempest-ServerActionsV293TestJSON-618919534-project-member] new path /v2/schemas/image {{(pid=99722) process_request /opt/stack/glance/glance/api/middleware/version_negotiation.py:70}}
Aug 04 08:02:10.313380 np0000006392 devstack@g-api.service[99722]: [pid: 99722|app: 0|req: 132/412] 127.0.0.1 () {44 vars in 1051 bytes} [Tue Aug 4 08:02:10 2026] GET /v2/schemas/image => generated 6083 bytes in 6 msecs (HTTP/1.1 200) 4 headers in 158 bytes (1 switches on core 0)
Aug 04 08:02:10.332798 np0000006392 devstack@g-api.service[99723]: DEBUG glance_store.backend [None req-90a1c2c8-90a7-442e-be5e-2502d3a5e222 tempest-ServerBootFromVolumeStableRescueTest-657435244 tempest-ServerBootFromVolumeStableRescueTest-657435244-project-member] Attempting to import store swift {{(pid=99723) _load_store /opt/stack/data/venv/lib/python3.12/site-packages/glance_store/backend.py:215}}
Aug 04 08:02:10.337176 np0000006392 devstack@g-api.service[99723]: DEBUG glance_store.capabilities [None req-90a1c2c8-90a7-442e-be5e-2502d3a5e222 tempest-ServerBootFromVolumeStableRescueTest-657435244 tempest-ServerBootFromVolumeStableRescueTest-657435244-project-member] Store glance_store._drivers.swift.store.SingleTenantStore doesn't support updating dynamic storage capabilities. Please overwrite 'update_capabilities' method of the store to implement updating logics if needed. {{(pid=99723) update_capabilities /opt/stack/data/venv/lib/python3.12/site-packages/glance_store/capabilities.py:91}}
Aug 04 08:02:10.337368 np0000006392 devstack@g-api.service[99723]: DEBUG glance_store.driver [None req-90a1c2c8-90a7-442e-be5e-2502d3a5e222 tempest-ServerBootFromVolumeStableRescueTest-657435244 tempest-ServerBootFromVolumeStableRescueTest-657435244-project-member] Late loading location class glance_store._drivers.swift.store.StoreLocation {{(pid=99723) get_store_location_class /opt/stack/data/venv/lib/python3.12/site-packages/glance_store/driver.py:134}}
Aug 04 08:02:10.337550 np0000006392 devstack@g-api.service[99723]: DEBUG glance_store.location [None req-90a1c2c8-90a7-442e-be5e-2502d3a5e222 tempest-ServerBootFromVolumeStableRescueTest-657435244 tempest-ServerBootFromVolumeStableRescueTest-657435244-project-member] Registering scheme swift+https with {'store': , 'location_class': , 'store_entry': 'swift'} {{(pid=99723) register_scheme_map /opt/stack/data/venv/lib/python3.12/site-packages/glance_store/location.py:146}}
Aug 04 08:02:10.337698 np0000006392 devstack@g-api.service[99723]: DEBUG glance_store.location [None req-90a1c2c8-90a7-442e-be5e-2502d3a5e222 tempest-ServerBootFromVolumeStableRescueTest-657435244 tempest-ServerBootFromVolumeStableRescueTest-657435244-project-member] Registering scheme swift+https with {'store': , 'location_class': , 'store_entry': 'swift'} {{(pid=99723) register_scheme_map /opt/stack/data/venv/lib/python3.12/site-packages/glance_store/location.py:146}}
Aug 04 08:02:10.337798 np0000006392 devstack@g-api.service[99723]: DEBUG glance_store.location [None req-90a1c2c8-90a7-442e-be5e-2502d3a5e222 tempest-ServerBootFromVolumeStableRescueTest-657435244 tempest-ServerBootFromVolumeStableRescueTest-657435244-project-member] Registering scheme swift with {'store': , 'location_class': , 'store_entry': 'swift'} {{(pid=99723) register_scheme_map /opt/stack/data/venv/lib/python3.12/site-packages/glance_store/location.py:146}}
Aug 04 08:02:10.337948 np0000006392 devstack@g-api.service[99723]: DEBUG glance_store.location [None req-90a1c2c8-90a7-442e-be5e-2502d3a5e222 tempest-ServerBootFromVolumeStableRescueTest-657435244 tempest-ServerBootFromVolumeStableRescueTest-657435244-project-member] Registering scheme swift+https with {'store': , 'location_class': , 'store_entry': 'swift'} {{(pid=99723) register_scheme_map /opt/stack/data/venv/lib/python3.12/site-packages/glance_store/location.py:146}}
Aug 04 08:02:10.338040 np0000006392 devstack@g-api.service[99723]: DEBUG glance_store.location [None req-90a1c2c8-90a7-442e-be5e-2502d3a5e222 tempest-ServerBootFromVolumeStableRescueTest-657435244 tempest-ServerBootFromVolumeStableRescueTest-657435244-project-member] Registering scheme swift with {'store': , 'location_class': , 'store_entry': 'swift'} {{(pid=99723) register_scheme_map /opt/stack/data/venv/lib/python3.12/site-packages/glance_store/location.py:146}}
Aug 04 08:02:10.338154 np0000006392 devstack@g-api.service[99723]: DEBUG glance_store.location [None req-90a1c2c8-90a7-442e-be5e-2502d3a5e222 tempest-ServerBootFromVolumeStableRescueTest-657435244 tempest-ServerBootFromVolumeStableRescueTest-657435244-project-member] Registering scheme swift+http with {'store': , 'location_class': , 'store_entry': 'swift'} {{(pid=99723) register_scheme_map /opt/stack/data/venv/lib/python3.12/site-packages/glance_store/location.py:146}}
Aug 04 08:02:10.338251 np0000006392 devstack@g-api.service[99723]: DEBUG glance_store.location [None req-90a1c2c8-90a7-442e-be5e-2502d3a5e222 tempest-ServerBootFromVolumeStableRescueTest-657435244 tempest-ServerBootFromVolumeStableRescueTest-657435244-project-member] Registering scheme swift+https with {'store': , 'location_class': , 'store_entry': 'swift'} {{(pid=99723) register_scheme_map /opt/stack/data/venv/lib/python3.12/site-packages/glance_store/location.py:146}}
Aug 04 08:02:10.338551 np0000006392 devstack@g-api.service[99723]: DEBUG glance_store.location [None req-90a1c2c8-90a7-442e-be5e-2502d3a5e222 tempest-ServerBootFromVolumeStableRescueTest-657435244 tempest-ServerBootFromVolumeStableRescueTest-657435244-project-member] Registering scheme swift with {'store': , 'location_class': , 'store_entry': 'swift'} {{(pid=99723) register_scheme_map /opt/stack/data/venv/lib/python3.12/site-packages/glance_store/location.py:146}}
Aug 04 08:02:10.338551 np0000006392 devstack@g-api.service[99723]: DEBUG glance_store.location [None req-90a1c2c8-90a7-442e-be5e-2502d3a5e222 tempest-ServerBootFromVolumeStableRescueTest-657435244 tempest-ServerBootFromVolumeStableRescueTest-657435244-project-member] Registering scheme swift+http with {'store': , 'location_class': , 'store_entry': 'swift'} {{(pid=99723) register_scheme_map /opt/stack/data/venv/lib/python3.12/site-packages/glance_store/location.py:146}}
Aug 04 08:02:10.338779 np0000006392 devstack@g-api.service[99723]: DEBUG glance_store.location [None req-90a1c2c8-90a7-442e-be5e-2502d3a5e222 tempest-ServerBootFromVolumeStableRescueTest-657435244 tempest-ServerBootFromVolumeStableRescueTest-657435244-project-member] Registering scheme swift+config with {'store': , 'location_class': , 'store_entry': 'swift'} {{(pid=99723) register_scheme_map /opt/stack/data/venv/lib/python3.12/site-packages/glance_store/location.py:146}}
Aug 04 08:02:10.338779 np0000006392 devstack@g-api.service[99723]: DEBUG glance_store.backend [None req-90a1c2c8-90a7-442e-be5e-2502d3a5e222 tempest-ServerBootFromVolumeStableRescueTest-657435244 tempest-ServerBootFromVolumeStableRescueTest-657435244-project-member] Skipping store.set_acls... not implemented. {{(pid=99723) set_acls /opt/stack/data/venv/lib/python3.12/site-packages/glance_store/backend.py:507}}
Aug 04 08:02:10.345610 np0000006392 devstack@g-api.service[99723]: [pid: 99723|app: 0|req: 142/413] 127.0.0.1 () {46 vars in 1154 bytes} [Tue Aug 4 08:02:08 2026] PUT /v2/images/9c3a71c2-2de1-4067-9752-922ed6399df6/file => generated 0 bytes in 1574 msecs (HTTP/1.1 204) 4 headers in 171 bytes (1 switches on core 0)
Aug 04 08:02:10.361163 np0000006392 devstack@g-api.service[99724]: DEBUG glance.api.middleware.version_negotiation [None req-e8576339-0fa9-406d-abd8-4ac6c2a49914 tempest-ServerActionsV293TestJSON-618919534 tempest-ServerActionsV293TestJSON-618919534-project-member] Determining version of request: GET /v2/images/135a5622-390f-433c-aeca-c6a1c6fb2a55 Accept: */* {{(pid=99724) process_request /opt/stack/glance/glance/api/middleware/version_negotiation.py:44}}
Aug 04 08:02:10.361344 np0000006392 devstack@g-api.service[99724]: DEBUG glance.api.middleware.version_negotiation [None req-e8576339-0fa9-406d-abd8-4ac6c2a49914 tempest-ServerActionsV293TestJSON-618919534 tempest-ServerActionsV293TestJSON-618919534-project-member] Using url versioning {{(pid=99724) process_request /opt/stack/glance/glance/api/middleware/version_negotiation.py:57}}
Aug 04 08:02:10.361527 np0000006392 devstack@g-api.service[99724]: DEBUG glance.api.middleware.version_negotiation [None req-e8576339-0fa9-406d-abd8-4ac6c2a49914 tempest-ServerActionsV293TestJSON-618919534 tempest-ServerActionsV293TestJSON-618919534-project-member] Matched version: v2 {{(pid=99724) process_request /opt/stack/glance/glance/api/middleware/version_negotiation.py:69}}
Aug 04 08:02:10.361641 np0000006392 devstack@g-api.service[99724]: DEBUG glance.api.middleware.version_negotiation [None req-e8576339-0fa9-406d-abd8-4ac6c2a49914 tempest-ServerActionsV293TestJSON-618919534 tempest-ServerActionsV293TestJSON-618919534-project-member] new path /v2/images/135a5622-390f-433c-aeca-c6a1c6fb2a55 {{(pid=99724) process_request /opt/stack/glance/glance/api/middleware/version_negotiation.py:70}}
Aug 04 08:02:10.374855 np0000006392 devstack@g-api.service[99724]: [pid: 99724|app: 0|req: 140/414] 127.0.0.1 () {44 vars in 1111 bytes} [Tue Aug 4 08:02:10 2026] GET /v2/images/135a5622-390f-433c-aeca-c6a1c6fb2a55 => generated 1044 bytes in 14 msecs (HTTP/1.1 200) 4 headers in 158 bytes (1 switches on core 0)
Aug 04 08:02:10.383667 np0000006392 devstack@g-api.service[99722]: DEBUG glance.api.middleware.version_negotiation [None req-e8576339-0fa9-406d-abd8-4ac6c2a49914 tempest-ServerActionsV293TestJSON-618919534 tempest-ServerActionsV293TestJSON-618919534-project-member] Determining version of request: GET /v2/schemas/image Accept: */* {{(pid=99722) process_request /opt/stack/glance/glance/api/middleware/version_negotiation.py:44}}
Aug 04 08:02:10.383837 np0000006392 devstack@g-api.service[99722]: DEBUG glance.api.middleware.version_negotiation [None req-e8576339-0fa9-406d-abd8-4ac6c2a49914 tempest-ServerActionsV293TestJSON-618919534 tempest-ServerActionsV293TestJSON-618919534-project-member] Using url versioning {{(pid=99722) process_request /opt/stack/glance/glance/api/middleware/version_negotiation.py:57}}
Aug 04 08:02:10.383976 np0000006392 devstack@g-api.service[99722]: DEBUG glance.api.middleware.version_negotiation [None req-e8576339-0fa9-406d-abd8-4ac6c2a49914 tempest-ServerActionsV293TestJSON-618919534 tempest-ServerActionsV293TestJSON-618919534-project-member] Matched version: v2 {{(pid=99722) process_request /opt/stack/glance/glance/api/middleware/version_negotiation.py:69}}
Aug 04 08:02:10.384072 np0000006392 devstack@g-api.service[99722]: DEBUG glance.api.middleware.version_negotiation [None req-e8576339-0fa9-406d-abd8-4ac6c2a49914 tempest-ServerActionsV293TestJSON-618919534 tempest-ServerActionsV293TestJSON-618919534-project-member] new path /v2/schemas/image {{(pid=99722) process_request /opt/stack/glance/glance/api/middleware/version_negotiation.py:70}}
Aug 04 08:02:10.387411 np0000006392 devstack@g-api.service[99722]: [pid: 99722|app: 0|req: 133/415] 127.0.0.1 () {44 vars in 1051 bytes} [Tue Aug 4 08:02:10 2026] GET /v2/schemas/image => generated 6083 bytes in 4 msecs (HTTP/1.1 200) 4 headers in 158 bytes (1 switches on core 0)
Aug 04 08:02:10.397852 np0000006392 devstack@g-api.service[99723]: DEBUG glance.api.middleware.version_negotiation [None req-90a1c2c8-90a7-442e-be5e-2502d3a5e222 tempest-ServerBootFromVolumeStableRescueTest-657435244 tempest-ServerBootFromVolumeStableRescueTest-657435244-project-member] Determining version of request: GET /v2/images/9c3a71c2-2de1-4067-9752-922ed6399df6 Accept: */* {{(pid=99723) process_request /opt/stack/glance/glance/api/middleware/version_negotiation.py:44}}
Aug 04 08:02:10.398792 np0000006392 devstack@g-api.service[99723]: DEBUG glance.api.middleware.version_negotiation [None req-90a1c2c8-90a7-442e-be5e-2502d3a5e222 tempest-ServerBootFromVolumeStableRescueTest-657435244 tempest-ServerBootFromVolumeStableRescueTest-657435244-project-member] Using url versioning {{(pid=99723) process_request /opt/stack/glance/glance/api/middleware/version_negotiation.py:57}}
Aug 04 08:02:10.398792 np0000006392 devstack@g-api.service[99723]: DEBUG glance.api.middleware.version_negotiation [None req-90a1c2c8-90a7-442e-be5e-2502d3a5e222 tempest-ServerBootFromVolumeStableRescueTest-657435244 tempest-ServerBootFromVolumeStableRescueTest-657435244-project-member] Matched version: v2 {{(pid=99723) process_request /opt/stack/glance/glance/api/middleware/version_negotiation.py:69}}
Aug 04 08:02:10.398792 np0000006392 devstack@g-api.service[99723]: DEBUG glance.api.middleware.version_negotiation [None req-90a1c2c8-90a7-442e-be5e-2502d3a5e222 tempest-ServerBootFromVolumeStableRescueTest-657435244 tempest-ServerBootFromVolumeStableRescueTest-657435244-project-member] new path /v2/images/9c3a71c2-2de1-4067-9752-922ed6399df6 {{(pid=99723) process_request /opt/stack/glance/glance/api/middleware/version_negotiation.py:70}}
Aug 04 08:02:10.411870 np0000006392 devstack@g-api.service[99723]: [pid: 99723|app: 0|req: 143/416] 127.0.0.1 () {44 vars in 1111 bytes} [Tue Aug 4 08:02:10 2026] GET /v2/images/9c3a71c2-2de1-4067-9752-922ed6399df6 => generated 1638 bytes in 14 msecs (HTTP/1.1 200) 4 headers in 158 bytes (1 switches on core 0)
Aug 04 08:02:10.457173 np0000006392 devstack@g-api.service[99724]: DEBUG glance.api.middleware.version_negotiation [None req-e8576339-0fa9-406d-abd8-4ac6c2a49914 tempest-ServerActionsV293TestJSON-618919534 tempest-ServerActionsV293TestJSON-618919534-project-member] Determining version of request: GET /v2/schemas/image Accept: */* {{(pid=99724) process_request /opt/stack/glance/glance/api/middleware/version_negotiation.py:44}}
Aug 04 08:02:10.457474 np0000006392 devstack@g-api.service[99724]: DEBUG glance.api.middleware.version_negotiation [None req-e8576339-0fa9-406d-abd8-4ac6c2a49914 tempest-ServerActionsV293TestJSON-618919534 tempest-ServerActionsV293TestJSON-618919534-project-member] Using url versioning {{(pid=99724) process_request /opt/stack/glance/glance/api/middleware/version_negotiation.py:57}}
Aug 04 08:02:10.457690 np0000006392 devstack@g-api.service[99724]: DEBUG glance.api.middleware.version_negotiation [None req-e8576339-0fa9-406d-abd8-4ac6c2a49914 tempest-ServerActionsV293TestJSON-618919534 tempest-ServerActionsV293TestJSON-618919534-project-member] Matched version: v2 {{(pid=99724) process_request /opt/stack/glance/glance/api/middleware/version_negotiation.py:69}}
Aug 04 08:02:10.457848 np0000006392 devstack@g-api.service[99724]: DEBUG glance.api.middleware.version_negotiation [None req-e8576339-0fa9-406d-abd8-4ac6c2a49914 tempest-ServerActionsV293TestJSON-618919534 tempest-ServerActionsV293TestJSON-618919534-project-member] new path /v2/schemas/image {{(pid=99724) process_request /opt/stack/glance/glance/api/middleware/version_negotiation.py:70}}
Aug 04 08:02:10.461493 np0000006392 devstack@g-api.service[99724]: [pid: 99724|app: 0|req: 141/417] 127.0.0.1 () {44 vars in 1051 bytes} [Tue Aug 4 08:02:10 2026] GET /v2/schemas/image => generated 6083 bytes in 4 msecs (HTTP/1.1 200) 4 headers in 158 bytes (1 switches on core 0)
Aug 04 08:02:10.876064 np0000006392 devstack@g-api.service[99722]: DEBUG glance.api.middleware.version_negotiation [None req-e8576339-0fa9-406d-abd8-4ac6c2a49914 tempest-ServerActionsV293TestJSON-618919534 tempest-ServerActionsV293TestJSON-618919534-project-member] Determining version of request: GET /v2/images/9c3a71c2-2de1-4067-9752-922ed6399df6 Accept: application/json {{(pid=99722) process_request /opt/stack/glance/glance/api/middleware/version_negotiation.py:44}}
Aug 04 08:02:10.876393 np0000006392 devstack@g-api.service[99722]: DEBUG glance.api.middleware.version_negotiation [None req-e8576339-0fa9-406d-abd8-4ac6c2a49914 tempest-ServerActionsV293TestJSON-618919534 tempest-ServerActionsV293TestJSON-618919534-project-member] Using url versioning {{(pid=99722) process_request /opt/stack/glance/glance/api/middleware/version_negotiation.py:57}}
Aug 04 08:02:10.876570 np0000006392 devstack@g-api.service[99722]: DEBUG glance.api.middleware.version_negotiation [None req-e8576339-0fa9-406d-abd8-4ac6c2a49914 tempest-ServerActionsV293TestJSON-618919534 tempest-ServerActionsV293TestJSON-618919534-project-member] Matched version: v2 {{(pid=99722) process_request /opt/stack/glance/glance/api/middleware/version_negotiation.py:69}}
Aug 04 08:02:10.876748 np0000006392 devstack@g-api.service[99722]: DEBUG glance.api.middleware.version_negotiation [None req-e8576339-0fa9-406d-abd8-4ac6c2a49914 tempest-ServerActionsV293TestJSON-618919534 tempest-ServerActionsV293TestJSON-618919534-project-member] new path /v2/images/9c3a71c2-2de1-4067-9752-922ed6399df6 {{(pid=99722) process_request /opt/stack/glance/glance/api/middleware/version_negotiation.py:70}}
Aug 04 08:02:10.890846 np0000006392 devstack@g-api.service[99722]: [pid: 99722|app: 0|req: 134/418] 127.0.0.1 () {40 vars in 834 bytes} [Tue Aug 4 08:02:10 2026] GET /v2/images/9c3a71c2-2de1-4067-9752-922ed6399df6 => generated 1638 bytes in 15 msecs (HTTP/1.1 200) 4 headers in 158 bytes (1 switches on core 0)
Aug 04 08:02:10.895668 np0000006392 devstack@g-api.service[99723]: DEBUG glance.api.middleware.version_negotiation [None req-90a1c2c8-90a7-442e-be5e-2502d3a5e222 tempest-ServerBootFromVolumeStableRescueTest-657435244 tempest-ServerBootFromVolumeStableRescueTest-657435244-project-member] Determining version of request: GET /versions Accept: */* {{(pid=99723) process_request /opt/stack/glance/glance/api/middleware/version_negotiation.py:44}}
Aug 04 08:02:10.896260 np0000006392 devstack@g-api.service[99723]: [pid: 99723|app: 0|req: 144/419] 127.0.0.1 () {44 vars in 1035 bytes} [Tue Aug 4 08:02:10 2026] GET /versions => generated 1501 bytes in 2 msecs (HTTP/1.1 200) 3 headers in 92 bytes (1 switches on core 0)
Aug 04 08:02:10.901860 np0000006392 devstack@g-api.service[99724]: DEBUG glance.api.middleware.version_negotiation [None req-90a1c2c8-90a7-442e-be5e-2502d3a5e222 tempest-ServerBootFromVolumeStableRescueTest-657435244 tempest-ServerBootFromVolumeStableRescueTest-657435244-project-member] Determining version of request: GET /v2/images/9c3a71c2-2de1-4067-9752-922ed6399df6 Accept: application/json {{(pid=99724) process_request /opt/stack/glance/glance/api/middleware/version_negotiation.py:44}}
Aug 04 08:02:10.901860 np0000006392 devstack@g-api.service[99724]: DEBUG glance.api.middleware.version_negotiation [None req-90a1c2c8-90a7-442e-be5e-2502d3a5e222 tempest-ServerBootFromVolumeStableRescueTest-657435244 tempest-ServerBootFromVolumeStableRescueTest-657435244-project-member] Using url versioning {{(pid=99724) process_request /opt/stack/glance/glance/api/middleware/version_negotiation.py:57}}
Aug 04 08:02:10.902267 np0000006392 devstack@g-api.service[99724]: DEBUG glance.api.middleware.version_negotiation [None req-90a1c2c8-90a7-442e-be5e-2502d3a5e222 tempest-ServerBootFromVolumeStableRescueTest-657435244 tempest-ServerBootFromVolumeStableRescueTest-657435244-project-member] Matched version: v2 {{(pid=99724) process_request /opt/stack/glance/glance/api/middleware/version_negotiation.py:69}}
Aug 04 08:02:10.902480 np0000006392 devstack@g-api.service[99724]: DEBUG glance.api.middleware.version_negotiation [None req-90a1c2c8-90a7-442e-be5e-2502d3a5e222 tempest-ServerBootFromVolumeStableRescueTest-657435244 tempest-ServerBootFromVolumeStableRescueTest-657435244-project-member] new path /v2/images/9c3a71c2-2de1-4067-9752-922ed6399df6 {{(pid=99724) process_request /opt/stack/glance/glance/api/middleware/version_negotiation.py:70}}
Aug 04 08:02:10.904644 np0000006392 devstack@g-api.service[99722]: DEBUG glance.api.middleware.version_negotiation [None req-32e5bbf8-b9af-4519-aa3e-acfd87d12218 tempest-ServerBootFromVolumeStableRescueTest-657435244 tempest-ServerBootFromVolumeStableRescueTest-657435244-project-member] Determining version of request: GET /v2/images/135a5622-390f-433c-aeca-c6a1c6fb2a55/locations Accept: */* {{(pid=99722) process_request /opt/stack/glance/glance/api/middleware/version_negotiation.py:44}}
Aug 04 08:02:10.904855 np0000006392 devstack@g-api.service[99722]: DEBUG glance.api.middleware.version_negotiation [None req-32e5bbf8-b9af-4519-aa3e-acfd87d12218 tempest-ServerBootFromVolumeStableRescueTest-657435244 tempest-ServerBootFromVolumeStableRescueTest-657435244-project-member] Using url versioning {{(pid=99722) process_request /opt/stack/glance/glance/api/middleware/version_negotiation.py:57}}
Aug 04 08:02:10.905208 np0000006392 devstack@g-api.service[99722]: DEBUG glance.api.middleware.version_negotiation [None req-32e5bbf8-b9af-4519-aa3e-acfd87d12218 tempest-ServerBootFromVolumeStableRescueTest-657435244 tempest-ServerBootFromVolumeStableRescueTest-657435244-project-member] Matched version: v2 {{(pid=99722) process_request /opt/stack/glance/glance/api/middleware/version_negotiation.py:69}}
Aug 04 08:02:10.905208 np0000006392 devstack@g-api.service[99722]: DEBUG glance.api.middleware.version_negotiation [None req-32e5bbf8-b9af-4519-aa3e-acfd87d12218 tempest-ServerBootFromVolumeStableRescueTest-657435244 tempest-ServerBootFromVolumeStableRescueTest-657435244-project-member] new path /v2/images/135a5622-390f-433c-aeca-c6a1c6fb2a55/locations {{(pid=99722) process_request /opt/stack/glance/glance/api/middleware/version_negotiation.py:70}}
Aug 04 08:02:10.920235 np0000006392 devstack@g-api.service[99724]: [pid: 99724|app: 0|req: 142/420] 127.0.0.1 () {40 vars in 834 bytes} [Tue Aug 4 08:02:10 2026] GET /v2/images/9c3a71c2-2de1-4067-9752-922ed6399df6 => generated 1638 bytes in 19 msecs (HTTP/1.1 200) 4 headers in 158 bytes (1 switches on core 0)
Aug 04 08:02:10.955875 np0000006392 devstack@g-api.service[99722]: [pid: 99722|app: 0|req: 135/421] 127.0.0.1 () {44 vars in 1131 bytes} [Tue Aug 4 08:02:10 2026] GET /v2/images/135a5622-390f-433c-aeca-c6a1c6fb2a55/locations => generated 92 bytes in 51 msecs (HTTP/1.1 200) 4 headers in 156 bytes (1 switches on core 0)
Aug 04 08:02:10.967739 np0000006392 devstack@g-api.service[99723]: DEBUG glance.api.middleware.version_negotiation [None req-90a1c2c8-90a7-442e-be5e-2502d3a5e222 tempest-ServerBootFromVolumeStableRescueTest-657435244 tempest-ServerBootFromVolumeStableRescueTest-657435244-project-member] Determining version of request: GET /v2/images/135a5622-390f-433c-aeca-c6a1c6fb2a55 Accept: */* {{(pid=99723) process_request /opt/stack/glance/glance/api/middleware/version_negotiation.py:44}}
Aug 04 08:02:10.967965 np0000006392 devstack@g-api.service[99723]: DEBUG glance.api.middleware.version_negotiation [None req-90a1c2c8-90a7-442e-be5e-2502d3a5e222 tempest-ServerBootFromVolumeStableRescueTest-657435244 tempest-ServerBootFromVolumeStableRescueTest-657435244-project-member] Using url versioning {{(pid=99723) process_request /opt/stack/glance/glance/api/middleware/version_negotiation.py:57}}
Aug 04 08:02:10.968147 np0000006392 devstack@g-api.service[99723]: DEBUG glance.api.middleware.version_negotiation [None req-90a1c2c8-90a7-442e-be5e-2502d3a5e222 tempest-ServerBootFromVolumeStableRescueTest-657435244 tempest-ServerBootFromVolumeStableRescueTest-657435244-project-member] Matched version: v2 {{(pid=99723) process_request /opt/stack/glance/glance/api/middleware/version_negotiation.py:69}}
Aug 04 08:02:10.968285 np0000006392 devstack@g-api.service[99723]: DEBUG glance.api.middleware.version_negotiation [None req-90a1c2c8-90a7-442e-be5e-2502d3a5e222 tempest-ServerBootFromVolumeStableRescueTest-657435244 tempest-ServerBootFromVolumeStableRescueTest-657435244-project-member] new path /v2/images/135a5622-390f-433c-aeca-c6a1c6fb2a55 {{(pid=99723) process_request /opt/stack/glance/glance/api/middleware/version_negotiation.py:70}}
Aug 04 08:02:10.988632 np0000006392 devstack@g-api.service[99723]: [pid: 99723|app: 0|req: 145/422] 127.0.0.1 () {44 vars in 1111 bytes} [Tue Aug 4 08:02:10 2026] GET /v2/images/135a5622-390f-433c-aeca-c6a1c6fb2a55 => generated 1044 bytes in 21 msecs (HTTP/1.1 200) 4 headers in 158 bytes (1 switches on core 0)
Aug 04 08:02:10.997137 np0000006392 devstack@g-api.service[99724]: DEBUG glance.api.middleware.version_negotiation [None req-bf566243-909f-4d87-9e77-3aa27af7eba2 tempest-ServerBootFromVolumeStableRescueTest-657435244 tempest-ServerBootFromVolumeStableRescueTest-657435244-project-member] Determining version of request: GET /v2/schemas/image Accept: */* {{(pid=99724) process_request /opt/stack/glance/glance/api/middleware/version_negotiation.py:44}}
Aug 04 08:02:10.997279 np0000006392 devstack@g-api.service[99724]: DEBUG glance.api.middleware.version_negotiation [None req-bf566243-909f-4d87-9e77-3aa27af7eba2 tempest-ServerBootFromVolumeStableRescueTest-657435244 tempest-ServerBootFromVolumeStableRescueTest-657435244-project-member] Using url versioning {{(pid=99724) process_request /opt/stack/glance/glance/api/middleware/version_negotiation.py:57}}
Aug 04 08:02:10.997472 np0000006392 devstack@g-api.service[99724]: DEBUG glance.api.middleware.version_negotiation [None req-bf566243-909f-4d87-9e77-3aa27af7eba2 tempest-ServerBootFromVolumeStableRescueTest-657435244 tempest-ServerBootFromVolumeStableRescueTest-657435244-project-member] Matched version: v2 {{(pid=99724) process_request /opt/stack/glance/glance/api/middleware/version_negotiation.py:69}}
Aug 04 08:02:10.997598 np0000006392 devstack@g-api.service[99724]: DEBUG glance.api.middleware.version_negotiation [None req-bf566243-909f-4d87-9e77-3aa27af7eba2 tempest-ServerBootFromVolumeStableRescueTest-657435244 tempest-ServerBootFromVolumeStableRescueTest-657435244-project-member] new path /v2/schemas/image {{(pid=99724) process_request /opt/stack/glance/glance/api/middleware/version_negotiation.py:70}}
Aug 04 08:02:11.000382 np0000006392 devstack@g-api.service[99724]: [pid: 99724|app: 0|req: 143/423] 127.0.0.1 () {44 vars in 1051 bytes} [Tue Aug 4 08:02:10 2026] GET /v2/schemas/image => generated 6083 bytes in 3 msecs (HTTP/1.1 200) 4 headers in 158 bytes (1 switches on core 0)
Aug 04 08:02:11.010002 np0000006392 devstack@g-api.service[99722]: DEBUG glance.api.middleware.version_negotiation [None req-e8576339-0fa9-406d-abd8-4ac6c2a49914 service glance] Determining version of request: GET /v2/schemas/image Accept: */* {{(pid=99722) process_request /opt/stack/glance/glance/api/middleware/version_negotiation.py:44}}
Aug 04 08:02:11.010124 np0000006392 devstack@g-api.service[99722]: DEBUG glance.api.middleware.version_negotiation [None req-e8576339-0fa9-406d-abd8-4ac6c2a49914 service glance] Using url versioning {{(pid=99722) process_request /opt/stack/glance/glance/api/middleware/version_negotiation.py:57}}
Aug 04 08:02:11.010231 np0000006392 devstack@g-api.service[99722]: DEBUG glance.api.middleware.version_negotiation [None req-e8576339-0fa9-406d-abd8-4ac6c2a49914 service glance] Matched version: v2 {{(pid=99722) process_request /opt/stack/glance/glance/api/middleware/version_negotiation.py:69}}
Aug 04 08:02:11.010351 np0000006392 devstack@g-api.service[99722]: DEBUG glance.api.middleware.version_negotiation [None req-e8576339-0fa9-406d-abd8-4ac6c2a49914 service glance] new path /v2/schemas/image {{(pid=99722) process_request /opt/stack/glance/glance/api/middleware/version_negotiation.py:70}}
Aug 04 08:02:11.015150 np0000006392 devstack@g-api.service[99722]: [pid: 99722|app: 0|req: 136/424] 127.0.0.1 () {44 vars in 1051 bytes} [Tue Aug 4 08:02:11 2026] GET /v2/schemas/image => generated 6083 bytes in 5 msecs (HTTP/1.1 200) 4 headers in 158 bytes (1 switches on core 0)
Aug 04 08:02:11.342186 np0000006392 devstack@g-api.service[99723]: DEBUG glance.api.middleware.version_negotiation [None req-e8576339-0fa9-406d-abd8-4ac6c2a49914 tempest-ServerActionsV293TestJSON-618919534 tempest-ServerActionsV293TestJSON-618919534-project-member] Determining version of request: GET /v2/images/135a5622-390f-433c-aeca-c6a1c6fb2a55 Accept: */* {{(pid=99723) process_request /opt/stack/glance/glance/api/middleware/version_negotiation.py:44}}
Aug 04 08:02:11.342440 np0000006392 devstack@g-api.service[99723]: DEBUG glance.api.middleware.version_negotiation [None req-e8576339-0fa9-406d-abd8-4ac6c2a49914 tempest-ServerActionsV293TestJSON-618919534 tempest-ServerActionsV293TestJSON-618919534-project-member] Using url versioning {{(pid=99723) process_request /opt/stack/glance/glance/api/middleware/version_negotiation.py:57}}
Aug 04 08:02:11.342698 np0000006392 devstack@g-api.service[99723]: DEBUG glance.api.middleware.version_negotiation [None req-e8576339-0fa9-406d-abd8-4ac6c2a49914 tempest-ServerActionsV293TestJSON-618919534 tempest-ServerActionsV293TestJSON-618919534-project-member] Matched version: v2 {{(pid=99723) process_request /opt/stack/glance/glance/api/middleware/version_negotiation.py:69}}
Aug 04 08:02:11.342844 np0000006392 devstack@g-api.service[99723]: DEBUG glance.api.middleware.version_negotiation [None req-e8576339-0fa9-406d-abd8-4ac6c2a49914 tempest-ServerActionsV293TestJSON-618919534 tempest-ServerActionsV293TestJSON-618919534-project-member] new path /v2/images/135a5622-390f-433c-aeca-c6a1c6fb2a55 {{(pid=99723) process_request /opt/stack/glance/glance/api/middleware/version_negotiation.py:70}}
Aug 04 08:02:11.352473 np0000006392 devstack@g-api.service[99723]: [pid: 99723|app: 0|req: 146/425] 127.0.0.1 () {44 vars in 1111 bytes} [Tue Aug 4 08:02:11 2026] GET /v2/images/135a5622-390f-433c-aeca-c6a1c6fb2a55 => generated 1044 bytes in 10 msecs (HTTP/1.1 200) 4 headers in 158 bytes (1 switches on core 0)
Aug 04 08:02:11.387808 np0000006392 devstack@g-api.service[99724]: DEBUG glance.api.middleware.version_negotiation [None req-e8576339-0fa9-406d-abd8-4ac6c2a49914 tempest-ServerActionsV293TestJSON-618919534 tempest-ServerActionsV293TestJSON-618919534-project-member] Determining version of request: GET /v2/schemas/image Accept: */* {{(pid=99724) process_request /opt/stack/glance/glance/api/middleware/version_negotiation.py:44}}
Aug 04 08:02:11.388202 np0000006392 devstack@g-api.service[99724]: DEBUG glance.api.middleware.version_negotiation [None req-e8576339-0fa9-406d-abd8-4ac6c2a49914 tempest-ServerActionsV293TestJSON-618919534 tempest-ServerActionsV293TestJSON-618919534-project-member] Using url versioning {{(pid=99724) process_request /opt/stack/glance/glance/api/middleware/version_negotiation.py:57}}
Aug 04 08:02:11.388202 np0000006392 devstack@g-api.service[99724]: DEBUG glance.api.middleware.version_negotiation [None req-e8576339-0fa9-406d-abd8-4ac6c2a49914 tempest-ServerActionsV293TestJSON-618919534 tempest-ServerActionsV293TestJSON-618919534-project-member] Matched version: v2 {{(pid=99724) process_request /opt/stack/glance/glance/api/middleware/version_negotiation.py:69}}
Aug 04 08:02:11.388202 np0000006392 devstack@g-api.service[99724]: DEBUG glance.api.middleware.version_negotiation [None req-e8576339-0fa9-406d-abd8-4ac6c2a49914 tempest-ServerActionsV293TestJSON-618919534 tempest-ServerActionsV293TestJSON-618919534-project-member] new path /v2/schemas/image {{(pid=99724) process_request /opt/stack/glance/glance/api/middleware/version_negotiation.py:70}}
