Jul 28 06:58:41.036513 np0000005957 nova-scheduler[93328]: DEBUG cotyledon.oslo_config_glue [-] oslo_messaging_rabbit.rabbit_quorum_max_memory_bytes = 0 {{(pid=93328) log_opt_values /opt/stack/data/venv/lib/python3.12/site-packages/oslo_config/cfg.py:3253}}
Jul 28 06:58:41.036513 np0000005957 nova-scheduler[93328]: DEBUG cotyledon.oslo_config_glue [-] oslo_messaging_rabbit.rabbit_quorum_max_memory_length = 0 {{(pid=93328) log_opt_values /opt/stack/data/venv/lib/python3.12/site-packages/oslo_config/cfg.py:3253}}
Jul 28 06:58:41.036513 np0000005957 nova-scheduler[93328]: DEBUG cotyledon.oslo_config_glue [-] oslo_messaging_rabbit.rabbit_quorum_queue = False {{(pid=93328) log_opt_values /opt/stack/data/venv/lib/python3.12/site-packages/oslo_config/cfg.py:3253}}
Jul 28 06:58:41.036513 np0000005957 nova-scheduler[93328]: DEBUG cotyledon.oslo_config_glue [-] oslo_messaging_rabbit.rabbit_retry_backoff = 2 {{(pid=93328) log_opt_values /opt/stack/data/venv/lib/python3.12/site-packages/oslo_config/cfg.py:3253}}
Jul 28 06:58:41.036513 np0000005957 nova-scheduler[93328]: DEBUG cotyledon.oslo_config_glue [-] oslo_messaging_rabbit.rabbit_retry_interval = 1 {{(pid=93328) log_opt_values /opt/stack/data/venv/lib/python3.12/site-packages/oslo_config/cfg.py:3253}}
Jul 28 06:58:41.036513 np0000005957 nova-scheduler[93328]: DEBUG cotyledon.oslo_config_glue [-] oslo_messaging_rabbit.rabbit_stream_fanout = False {{(pid=93328) log_opt_values /opt/stack/data/venv/lib/python3.12/site-packages/oslo_config/cfg.py:3253}}
Jul 28 06:58:41.036671 np0000005957 nova-scheduler[93328]: DEBUG cotyledon.oslo_config_glue [-] oslo_messaging_rabbit.rabbit_transient_queues_ttl = 1800 {{(pid=93328) log_opt_values /opt/stack/data/venv/lib/python3.12/site-packages/oslo_config/cfg.py:3253}}
Jul 28 06:58:41.036671 np0000005957 nova-scheduler[93328]: DEBUG cotyledon.oslo_config_glue [-] oslo_messaging_rabbit.rabbit_transient_quorum_queue = False {{(pid=93328) log_opt_values /opt/stack/data/venv/lib/python3.12/site-packages/oslo_config/cfg.py:3253}}
Jul 28 06:58:41.036671 np0000005957 nova-scheduler[93328]: DEBUG cotyledon.oslo_config_glue [-] oslo_messaging_rabbit.rpc_conn_pool_size = 30 {{(pid=93328) log_opt_values /opt/stack/data/venv/lib/python3.12/site-packages/oslo_config/cfg.py:3253}}
Jul 28 06:58:41.036671 np0000005957 nova-scheduler[93328]: DEBUG cotyledon.oslo_config_glue [-] oslo_messaging_rabbit.ssl = False {{(pid=93328) log_opt_values /opt/stack/data/venv/lib/python3.12/site-packages/oslo_config/cfg.py:3253}}
Jul 28 06:58:41.036671 np0000005957 nova-scheduler[93328]: DEBUG cotyledon.oslo_config_glue [-] oslo_messaging_rabbit.ssl_ca_file = {{(pid=93328) log_opt_values /opt/stack/data/venv/lib/python3.12/site-packages/oslo_config/cfg.py:3253}}
Jul 28 06:58:41.036671 np0000005957 nova-scheduler[93328]: DEBUG cotyledon.oslo_config_glue [-] oslo_messaging_rabbit.ssl_cert_file = {{(pid=93328) log_opt_values /opt/stack/data/venv/lib/python3.12/site-packages/oslo_config/cfg.py:3253}}
Jul 28 06:58:41.036671 np0000005957 nova-scheduler[93328]: DEBUG cotyledon.oslo_config_glue [-] oslo_messaging_rabbit.ssl_enforce_fips_mode = False {{(pid=93328) log_opt_values /opt/stack/data/venv/lib/python3.12/site-packages/oslo_config/cfg.py:3253}}
Jul 28 06:58:41.036671 np0000005957 nova-scheduler[93328]: DEBUG cotyledon.oslo_config_glue [-] oslo_messaging_rabbit.ssl_enforce_hostname_verification = True {{(pid=93328) log_opt_values /opt/stack/data/venv/lib/python3.12/site-packages/oslo_config/cfg.py:3253}}
Jul 28 06:58:41.036671 np0000005957 nova-scheduler[93328]: DEBUG cotyledon.oslo_config_glue [-] oslo_messaging_rabbit.ssl_key_file = {{(pid=93328) log_opt_values /opt/stack/data/venv/lib/python3.12/site-packages/oslo_config/cfg.py:3253}}
Jul 28 06:58:41.036888 np0000005957 nova-scheduler[93328]: DEBUG cotyledon.oslo_config_glue [-] oslo_messaging_rabbit.ssl_version = {{(pid=93328) log_opt_values /opt/stack/data/venv/lib/python3.12/site-packages/oslo_config/cfg.py:3253}}
Jul 28 06:58:41.036888 np0000005957 nova-scheduler[93328]: DEBUG cotyledon.oslo_config_glue [-] oslo_messaging_rabbit.use_queue_manager = False {{(pid=93328) log_opt_values /opt/stack/data/venv/lib/python3.12/site-packages/oslo_config/cfg.py:3253}}
Jul 28 06:58:41.036888 np0000005957 nova-scheduler[93328]: DEBUG cotyledon.oslo_config_glue [-] oslo_messaging_notifications.driver = ['messagingv2'] {{(pid=93328) log_opt_values /opt/stack/data/venv/lib/python3.12/site-packages/oslo_config/cfg.py:3253}}
Jul 28 06:58:41.036888 np0000005957 nova-scheduler[93328]: DEBUG cotyledon.oslo_config_glue [-] oslo_messaging_notifications.retry = -1 {{(pid=93328) log_opt_values /opt/stack/data/venv/lib/python3.12/site-packages/oslo_config/cfg.py:3253}}
Jul 28 06:58:41.036888 np0000005957 nova-scheduler[93328]: DEBUG cotyledon.oslo_config_glue [-] oslo_messaging_notifications.topics = ['notifications'] {{(pid=93328) log_opt_values /opt/stack/data/venv/lib/python3.12/site-packages/oslo_config/cfg.py:3253}}
Jul 28 06:58:41.036888 np0000005957 nova-scheduler[93328]: DEBUG cotyledon.oslo_config_glue [-] oslo_messaging_notifications.transport_url = **** {{(pid=93328) log_opt_values /opt/stack/data/venv/lib/python3.12/site-packages/oslo_config/cfg.py:3253}}
Jul 28 06:58:41.036888 np0000005957 nova-scheduler[93328]: DEBUG cotyledon.oslo_config_glue [-] oslo_limit.auth_section = None {{(pid=93328) log_opt_values /opt/stack/data/venv/lib/python3.12/site-packages/oslo_config/cfg.py:3253}}
Jul 28 06:58:41.036888 np0000005957 nova-scheduler[93328]: DEBUG cotyledon.oslo_config_glue [-] oslo_limit.auth_type = None {{(pid=93328) log_opt_values /opt/stack/data/venv/lib/python3.12/site-packages/oslo_config/cfg.py:3253}}
Jul 28 06:58:41.036888 np0000005957 nova-scheduler[93328]: DEBUG cotyledon.oslo_config_glue [-] oslo_limit.cafile = None {{(pid=93328) log_opt_values /opt/stack/data/venv/lib/python3.12/site-packages/oslo_config/cfg.py:3253}}
Jul 28 06:58:41.037091 np0000005957 nova-scheduler[93328]: DEBUG cotyledon.oslo_config_glue [-] oslo_limit.certfile = None {{(pid=93328) log_opt_values /opt/stack/data/venv/lib/python3.12/site-packages/oslo_config/cfg.py:3253}}
Jul 28 06:58:41.037091 np0000005957 nova-scheduler[93328]: DEBUG cotyledon.oslo_config_glue [-] oslo_limit.collect_timing = False {{(pid=93328) log_opt_values /opt/stack/data/venv/lib/python3.12/site-packages/oslo_config/cfg.py:3253}}
Jul 28 06:58:41.037091 np0000005957 nova-scheduler[93328]: DEBUG cotyledon.oslo_config_glue [-] oslo_limit.connect_retries = None {{(pid=93328) log_opt_values /opt/stack/data/venv/lib/python3.12/site-packages/oslo_config/cfg.py:3253}}
Jul 28 06:58:41.037091 np0000005957 nova-scheduler[93328]: DEBUG cotyledon.oslo_config_glue [-] oslo_limit.connect_retry_delay = None {{(pid=93328) log_opt_values /opt/stack/data/venv/lib/python3.12/site-packages/oslo_config/cfg.py:3253}}
Jul 28 06:58:41.037091 np0000005957 nova-scheduler[93328]: DEBUG cotyledon.oslo_config_glue [-] oslo_limit.endpoint_id = None {{(pid=93328) log_opt_values /opt/stack/data/venv/lib/python3.12/site-packages/oslo_config/cfg.py:3253}}
Jul 28 06:58:41.037091 np0000005957 nova-scheduler[93328]: DEBUG cotyledon.oslo_config_glue [-] oslo_limit.endpoint_interface = public {{(pid=93328) log_opt_values /opt/stack/data/venv/lib/python3.12/site-packages/oslo_config/cfg.py:3253}}
Jul 28 06:58:41.037091 np0000005957 nova-scheduler[93328]: DEBUG cotyledon.oslo_config_glue [-] oslo_limit.endpoint_override = None {{(pid=93328) log_opt_values /opt/stack/data/venv/lib/python3.12/site-packages/oslo_config/cfg.py:3253}}
Jul 28 06:58:41.037091 np0000005957 nova-scheduler[93328]: DEBUG cotyledon.oslo_config_glue [-] oslo_limit.endpoint_region_name = None {{(pid=93328) log_opt_values /opt/stack/data/venv/lib/python3.12/site-packages/oslo_config/cfg.py:3253}}
Jul 28 06:58:41.037091 np0000005957 nova-scheduler[93328]: DEBUG cotyledon.oslo_config_glue [-] oslo_limit.endpoint_service_name = None {{(pid=93328) log_opt_values /opt/stack/data/venv/lib/python3.12/site-packages/oslo_config/cfg.py:3253}}
Jul 28 06:58:41.037333 np0000005957 nova-scheduler[93328]: DEBUG cotyledon.oslo_config_glue [-] oslo_limit.endpoint_service_type = None {{(pid=93328) log_opt_values /opt/stack/data/venv/lib/python3.12/site-packages/oslo_config/cfg.py:3253}}
Jul 28 06:58:41.037333 np0000005957 nova-scheduler[93328]: DEBUG cotyledon.oslo_config_glue [-] oslo_limit.insecure = False {{(pid=93328) log_opt_values /opt/stack/data/venv/lib/python3.12/site-packages/oslo_config/cfg.py:3253}}
Jul 28 06:58:41.037333 np0000005957 nova-scheduler[93328]: DEBUG cotyledon.oslo_config_glue [-] oslo_limit.keyfile = None {{(pid=93328) log_opt_values /opt/stack/data/venv/lib/python3.12/site-packages/oslo_config/cfg.py:3253}}
Jul 28 06:58:41.037333 np0000005957 nova-scheduler[93328]: DEBUG cotyledon.oslo_config_glue [-] oslo_limit.max_version = None {{(pid=93328) log_opt_values /opt/stack/data/venv/lib/python3.12/site-packages/oslo_config/cfg.py:3253}}
Jul 28 06:58:41.037333 np0000005957 nova-scheduler[93328]: DEBUG cotyledon.oslo_config_glue [-] oslo_limit.min_version = None {{(pid=93328) log_opt_values /opt/stack/data/venv/lib/python3.12/site-packages/oslo_config/cfg.py:3253}}
Jul 28 06:58:41.037333 np0000005957 nova-scheduler[93328]: DEBUG cotyledon.oslo_config_glue [-] oslo_limit.region_name = None {{(pid=93328) log_opt_values /opt/stack/data/venv/lib/python3.12/site-packages/oslo_config/cfg.py:3253}}
Jul 28 06:58:41.037333 np0000005957 nova-scheduler[93328]: DEBUG cotyledon.oslo_config_glue [-] oslo_limit.retriable_status_codes = None {{(pid=93328) log_opt_values /opt/stack/data/venv/lib/python3.12/site-packages/oslo_config/cfg.py:3253}}
Jul 28 06:58:41.037333 np0000005957 nova-scheduler[93328]: DEBUG cotyledon.oslo_config_glue [-] oslo_limit.service_name = None {{(pid=93328) log_opt_values /opt/stack/data/venv/lib/python3.12/site-packages/oslo_config/cfg.py:3253}}
Jul 28 06:58:41.037333 np0000005957 nova-scheduler[93328]: DEBUG cotyledon.oslo_config_glue [-] oslo_limit.service_type = None {{(pid=93328) log_opt_values /opt/stack/data/venv/lib/python3.12/site-packages/oslo_config/cfg.py:3253}}
Jul 28 06:58:41.037540 np0000005957 nova-scheduler[93328]: DEBUG cotyledon.oslo_config_glue [-] oslo_limit.split_loggers = False {{(pid=93328) log_opt_values /opt/stack/data/venv/lib/python3.12/site-packages/oslo_config/cfg.py:3253}}
Jul 28 06:58:41.037540 np0000005957 nova-scheduler[93328]: DEBUG cotyledon.oslo_config_glue [-] oslo_limit.status_code_retries = None {{(pid=93328) log_opt_values /opt/stack/data/venv/lib/python3.12/site-packages/oslo_config/cfg.py:3253}}
Jul 28 06:58:41.037540 np0000005957 nova-scheduler[93328]: DEBUG cotyledon.oslo_config_glue [-] oslo_limit.status_code_retry_delay = None {{(pid=93328) log_opt_values /opt/stack/data/venv/lib/python3.12/site-packages/oslo_config/cfg.py:3253}}
Jul 28 06:58:41.037540 np0000005957 nova-scheduler[93328]: DEBUG cotyledon.oslo_config_glue [-] oslo_limit.timeout = None {{(pid=93328) log_opt_values /opt/stack/data/venv/lib/python3.12/site-packages/oslo_config/cfg.py:3253}}
Jul 28 06:58:41.037540 np0000005957 nova-scheduler[93328]: DEBUG cotyledon.oslo_config_glue [-] oslo_limit.valid_interfaces = None {{(pid=93328) log_opt_values /opt/stack/data/venv/lib/python3.12/site-packages/oslo_config/cfg.py:3253}}
Jul 28 06:58:41.037540 np0000005957 nova-scheduler[93328]: DEBUG cotyledon.oslo_config_glue [-] oslo_limit.version = None {{(pid=93328) log_opt_values /opt/stack/data/venv/lib/python3.12/site-packages/oslo_config/cfg.py:3253}}
Jul 28 06:58:41.037540 np0000005957 nova-scheduler[93328]: DEBUG cotyledon.oslo_config_glue [-] oslo_reports.file_event_handler = None {{(pid=93328) log_opt_values /opt/stack/data/venv/lib/python3.12/site-packages/oslo_config/cfg.py:3253}}
Jul 28 06:58:41.037540 np0000005957 nova-scheduler[93328]: DEBUG cotyledon.oslo_config_glue [-] oslo_reports.file_event_handler_interval = 1 {{(pid=93328) log_opt_values /opt/stack/data/venv/lib/python3.12/site-packages/oslo_config/cfg.py:3253}}
Jul 28 06:58:41.037540 np0000005957 nova-scheduler[93328]: DEBUG cotyledon.oslo_config_glue [-] oslo_reports.log_dir = None {{(pid=93328) log_opt_values /opt/stack/data/venv/lib/python3.12/site-packages/oslo_config/cfg.py:3253}}
Jul 28 06:58:41.037736 np0000005957 nova-scheduler[93328]: DEBUG cotyledon.oslo_config_glue [-] ******************************************************************************** {{(pid=93328) log_opt_values /opt/stack/data/venv/lib/python3.12/site-packages/oslo_config/cfg.py:3260}}
Jul 28 06:58:41.037736 np0000005957 nova-scheduler[93328]: DEBUG cotyledon._service_worker [-] Run service ServiceWrapper(2) [93328] {{(pid=93328) wait_forever /opt/stack/data/venv/lib/python3.12/site-packages/cotyledon/_service_worker.py:218}}
Jul 28 06:58:41.037736 np0000005957 nova-scheduler[93328]: INFO nova.service [-] Starting scheduler node (version 33.1.0)
Jul 28 06:58:41.037736 np0000005957 nova-scheduler[93328]: INFO dbcounter [None req-78880156-22a6-45cd-8ff1-f28e9d445e24 None None] Registered counter for database nova_cell0
Jul 28 06:58:41.037836 np0000005957 nova-scheduler[93324]: DEBUG oslo_db.sqlalchemy.engines [None req-6a763445-4eac-4ad6-902f-c48776f35f65 None None] MySQL server mode set to STRICT_TRANS_TABLES,STRICT_ALL_TABLES,NO_ZERO_IN_DATE,NO_ZERO_DATE,ERROR_FOR_DIVISION_BY_ZERO,TRADITIONAL,NO_ENGINE_SUBSTITUTION {{(pid=93324) _check_effective_sql_mode /opt/stack/data/venv/lib/python3.12/site-packages/oslo_db/sqlalchemy/engines.py:325}}
Jul 28 06:58:41.043652 np0000005957 nova-scheduler[93326]: DEBUG oslo_db.sqlalchemy.engines [None req-6493d5a8-6c58-423e-aa6a-8167c54e81d5 None None] MySQL server mode set to STRICT_TRANS_TABLES,STRICT_ALL_TABLES,NO_ZERO_IN_DATE,NO_ZERO_DATE,ERROR_FOR_DIVISION_BY_ZERO,TRADITIONAL,NO_ENGINE_SUBSTITUTION {{(pid=93326) _check_effective_sql_mode /opt/stack/data/venv/lib/python3.12/site-packages/oslo_db/sqlalchemy/engines.py:325}}
Jul 28 06:58:41.043817 np0000005957 nova-scheduler[93324]: DEBUG dbcounter [-] [93324] Writer thread running {{(pid=93324) stat_writer /opt/stack/data/venv/lib/python3.12/site-packages/dbcounter.py:102}}
Jul 28 06:58:41.052649 np0000005957 nova-scheduler[93326]: DEBUG dbcounter [-] [93326] Writer thread running {{(pid=93326) stat_writer /opt/stack/data/venv/lib/python3.12/site-packages/dbcounter.py:102}}
Jul 28 06:58:41.053785 np0000005957 nova-scheduler[93328]: DEBUG oslo_db.sqlalchemy.engines [None req-78880156-22a6-45cd-8ff1-f28e9d445e24 None None] MySQL server mode set to STRICT_TRANS_TABLES,STRICT_ALL_TABLES,NO_ZERO_IN_DATE,NO_ZERO_DATE,ERROR_FOR_DIVISION_BY_ZERO,TRADITIONAL,NO_ENGINE_SUBSTITUTION {{(pid=93328) _check_effective_sql_mode /opt/stack/data/venv/lib/python3.12/site-packages/oslo_db/sqlalchemy/engines.py:325}}
Jul 28 06:58:41.059893 np0000005957 nova-scheduler[93324]: DEBUG nova.service [None req-6a763445-4eac-4ad6-902f-c48776f35f65 None None] Creating RPC server for service: nova-scheduler on topic: scheduler {{(pid=93324) start /opt/stack/nova/nova/service.py:196}}
Jul 28 06:58:41.062442 np0000005957 nova-scheduler[93328]: DEBUG dbcounter [-] [93328] Writer thread running {{(pid=93328) stat_writer /opt/stack/data/venv/lib/python3.12/site-packages/dbcounter.py:102}}
Jul 28 06:58:41.065128 np0000005957 nova-scheduler[93328]: DEBUG nova.service [None req-78880156-22a6-45cd-8ff1-f28e9d445e24 None None] Creating RPC server for service: nova-scheduler on topic: scheduler {{(pid=93328) start /opt/stack/nova/nova/service.py:196}}
Jul 28 06:58:41.066013 np0000005957 nova-scheduler[93326]: DEBUG nova.service [None req-6493d5a8-6c58-423e-aa6a-8167c54e81d5 None None] Creating RPC server for service: nova-scheduler on topic: scheduler {{(pid=93326) start /opt/stack/nova/nova/service.py:196}}
Jul 28 06:58:41.085905 np0000005957 nova-scheduler[93324]: DEBUG nova.service [None req-6a763445-4eac-4ad6-902f-c48776f35f65 None None] Join ServiceGroup membership for this service scheduler {{(pid=93324) start /opt/stack/nova/nova/service.py:222}}
Jul 28 06:58:41.086160 np0000005957 nova-scheduler[93324]: DEBUG nova.servicegroup.drivers.db [None req-6a763445-4eac-4ad6-902f-c48776f35f65 None None] DB_Driver: join new ServiceGroup member np0000005957 to the scheduler group, service = {{(pid=93324) join /opt/stack/nova/nova/servicegroup/drivers/db.py:44}}
Jul 28 06:58:41.090975 np0000005957 nova-scheduler[93328]: DEBUG nova.service [None req-78880156-22a6-45cd-8ff1-f28e9d445e24 None None] Join ServiceGroup membership for this service scheduler {{(pid=93328) start /opt/stack/nova/nova/service.py:222}}
Jul 28 06:58:41.091447 np0000005957 nova-scheduler[93328]: DEBUG nova.servicegroup.drivers.db [None req-78880156-22a6-45cd-8ff1-f28e9d445e24 None None] DB_Driver: join new ServiceGroup member np0000005957 to the scheduler group, service = {{(pid=93328) join /opt/stack/nova/nova/servicegroup/drivers/db.py:44}}
Jul 28 06:58:41.092988 np0000005957 nova-scheduler[93326]: DEBUG nova.service [None req-6493d5a8-6c58-423e-aa6a-8167c54e81d5 None None] Join ServiceGroup membership for this service scheduler {{(pid=93326) start /opt/stack/nova/nova/service.py:222}}
Jul 28 06:58:41.093160 np0000005957 nova-scheduler[93326]: DEBUG nova.servicegroup.drivers.db [None req-6493d5a8-6c58-423e-aa6a-8167c54e81d5 None None] DB_Driver: join new ServiceGroup member np0000005957 to the scheduler group, service = {{(pid=93326) join /opt/stack/nova/nova/servicegroup/drivers/db.py:44}}
Jul 28 06:58:41.095061 np0000005957 nova-scheduler[93326]: DEBUG oslo.service.backend._threading.loopingcall [None req-4bd5e6aa-d12d-4371-b8bd-dbff3eedf487 None None] Dynamic interval looping call 'nova.service.Service.periodic_tasks' sleeping for 60.00 seconds {{(pid=93326) _run_loop /opt/stack/data/venv/lib/python3.12/site-packages/oslo_service/backend/_threading/loopingcall.py:125}}
Jul 28 06:58:46.098964 np0000005957 nova-scheduler[93324]: DEBUG oslo.service.backend._threading.loopingcall [-] Fixed interval looping call 'nova.servicegroup.drivers.db.DbDriver._report_state' sleeping for 119.99 seconds {{(pid=93324) _run_loop /opt/stack/data/venv/lib/python3.12/site-packages/oslo_service/backend/_threading/loopingcall.py:125}}
Jul 28 06:58:46.101933 np0000005957 nova-scheduler[93326]: DEBUG oslo.service.backend._threading.loopingcall [-] Fixed interval looping call 'nova.servicegroup.drivers.db.DbDriver._report_state' sleeping for 119.99 seconds {{(pid=93326) _run_loop /opt/stack/data/venv/lib/python3.12/site-packages/oslo_service/backend/_threading/loopingcall.py:125}}
Jul 28 06:58:46.102811 np0000005957 nova-scheduler[93328]: DEBUG oslo.service.backend._threading.loopingcall [-] Fixed interval looping call 'nova.servicegroup.drivers.db.DbDriver._report_state' sleeping for 119.99 seconds {{(pid=93328) _run_loop /opt/stack/data/venv/lib/python3.12/site-packages/oslo_service/backend/_threading/loopingcall.py:125}}
Jul 28 06:58:49.674174 np0000005957 nova-scheduler[92104]: DEBUG dbcounter [-] [92104] Writing DB stats nova_api:SELECT=3 {{(pid=92104) stat_writer /opt/stack/data/venv/lib/python3.12/site-packages/dbcounter.py:115}}
Jul 28 06:58:49.798668 np0000005957 nova-scheduler[92104]: DEBUG dbcounter [-] [92104] Writing DB stats nova_cell0:SELECT=1 {{(pid=92104) stat_writer /opt/stack/data/venv/lib/python3.12/site-packages/dbcounter.py:115}}
Jul 28 06:58:49.803826 np0000005957 nova-scheduler[92104]: DEBUG dbcounter [-] [92104] Writing DB stats nova_cell1:SELECT=1 {{(pid=92104) stat_writer /opt/stack/data/venv/lib/python3.12/site-packages/dbcounter.py:115}}
Jul 28 06:58:56.094198 np0000005957 nova-scheduler[93324]: DEBUG dbcounter [-] [93324] Writing DB stats nova_cell0:SELECT=4,nova_cell0:INSERT=1,nova_cell0:UPDATE=1 {{(pid=93324) stat_writer /opt/stack/data/venv/lib/python3.12/site-packages/dbcounter.py:115}}
Jul 28 06:58:56.100030 np0000005957 nova-scheduler[93328]: DEBUG dbcounter [-] [93328] Writing DB stats nova_cell0:SELECT=3 {{(pid=93328) stat_writer /opt/stack/data/venv/lib/python3.12/site-packages/dbcounter.py:115}}
Jul 28 06:58:56.100301 np0000005957 nova-scheduler[93326]: DEBUG dbcounter [-] [93326] Writing DB stats nova_cell0:SELECT=5,nova_cell0:INSERT=1 {{(pid=93326) stat_writer /opt/stack/data/venv/lib/python3.12/site-packages/dbcounter.py:115}}
Jul 28 06:59:07.094020 np0000005957 nova-scheduler[93328]: DEBUG oslo.service.backend._threading.loopingcall [None req-efa794e1-5040-48bf-8f86-9fc7e6eea1ea None None] Dynamic interval looping call 'nova.service.Service.periodic_tasks' sleeping for 60.00 seconds {{(pid=93328) _run_loop /opt/stack/data/venv/lib/python3.12/site-packages/oslo_service/backend/_threading/loopingcall.py:125}}
Jul 28 06:59:11.088849 np0000005957 nova-scheduler[93324]: DEBUG oslo.service.backend._threading.loopingcall [None req-52b77196-883c-40bf-a715-414538e3335c None None] Dynamic interval looping call 'nova.service.Service.periodic_tasks' sleeping for 60.00 seconds {{(pid=93324) _run_loop /opt/stack/data/venv/lib/python3.12/site-packages/oslo_service/backend/_threading/loopingcall.py:125}}
Jul 28 06:59:41.095563 np0000005957 nova-scheduler[93326]: DEBUG oslo.service.backend._threading.loopingcall [None req-4bd5e6aa-d12d-4371-b8bd-dbff3eedf487 None None] Dynamic interval looping call 'nova.service.Service.periodic_tasks' sleeping for 60.00 seconds {{(pid=93326) _run_loop /opt/stack/data/venv/lib/python3.12/site-packages/oslo_service/backend/_threading/loopingcall.py:125}}
Jul 28 07:00:07.094490 np0000005957 nova-scheduler[93328]: DEBUG oslo.service.backend._threading.loopingcall [None req-efa794e1-5040-48bf-8f86-9fc7e6eea1ea None None] Dynamic interval looping call 'nova.service.Service.periodic_tasks' sleeping for 60.00 seconds {{(pid=93328) _run_loop /opt/stack/data/venv/lib/python3.12/site-packages/oslo_service/backend/_threading/loopingcall.py:125}}
Jul 28 07:00:11.089410 np0000005957 nova-scheduler[93324]: DEBUG oslo.service.backend._threading.loopingcall [None req-52b77196-883c-40bf-a715-414538e3335c None None] Dynamic interval looping call 'nova.service.Service.periodic_tasks' sleeping for 60.00 seconds {{(pid=93324) _run_loop /opt/stack/data/venv/lib/python3.12/site-packages/oslo_service/backend/_threading/loopingcall.py:125}}
Jul 28 07:00:41.096928 np0000005957 nova-scheduler[93326]: DEBUG oslo.service.backend._threading.loopingcall [None req-4bd5e6aa-d12d-4371-b8bd-dbff3eedf487 None None] Dynamic interval looping call 'nova.service.Service.periodic_tasks' sleeping for 60.00 seconds {{(pid=93326) _run_loop /opt/stack/data/venv/lib/python3.12/site-packages/oslo_service/backend/_threading/loopingcall.py:125}}
Jul 28 07:00:46.103024 np0000005957 nova-scheduler[93324]: DEBUG oslo.service.backend._threading.loopingcall [-] Fixed interval looping call 'nova.servicegroup.drivers.db.DbDriver._report_state' sleeping for 119.99 seconds {{(pid=93324) _run_loop /opt/stack/data/venv/lib/python3.12/site-packages/oslo_service/backend/_threading/loopingcall.py:125}}
Jul 28 07:00:46.103698 np0000005957 nova-scheduler[93328]: DEBUG oslo.service.backend._threading.loopingcall [-] Fixed interval looping call 'nova.servicegroup.drivers.db.DbDriver._report_state' sleeping for 119.99 seconds {{(pid=93328) _run_loop /opt/stack/data/venv/lib/python3.12/site-packages/oslo_service/backend/_threading/loopingcall.py:125}}
Jul 28 07:00:46.105046 np0000005957 nova-scheduler[93326]: DEBUG oslo.service.backend._threading.loopingcall [-] Fixed interval looping call 'nova.servicegroup.drivers.db.DbDriver._report_state' sleeping for 119.99 seconds {{(pid=93326) _run_loop /opt/stack/data/venv/lib/python3.12/site-packages/oslo_service/backend/_threading/loopingcall.py:125}}
Jul 28 07:00:52.893403 np0000005957 nova-scheduler[93324]: DEBUG nova.scheduler.manager [None req-49e61594-8eab-44c3-bfb0-20db16f7dd68 tempest-DeleteServersTestJSON-479760395 tempest-DeleteServersTestJSON-479760395-project-member] Starting to schedule for instances: ['f07d9365-1274-43b0-be42-19481046d095'] {{(pid=93324) select_destinations /opt/stack/nova/nova/scheduler/manager.py:209}}
Jul 28 07:00:52.893862 np0000005957 nova-scheduler[93324]: DEBUG nova.scheduler.request_filter [None req-49e61594-8eab-44c3-bfb0-20db16f7dd68 tempest-DeleteServersTestJSON-479760395 tempest-DeleteServersTestJSON-479760395-project-member] compute_status_filter request filter added forbidden trait COMPUTE_STATUS_DISABLED {{(pid=93324) compute_status_filter /opt/stack/nova/nova/scheduler/request_filter.py:253}}
Jul 28 07:00:52.894007 np0000005957 nova-scheduler[93324]: DEBUG nova.scheduler.request_filter [None req-49e61594-8eab-44c3-bfb0-20db16f7dd68 tempest-DeleteServersTestJSON-479760395 tempest-DeleteServersTestJSON-479760395-project-member] Request filter 'compute_status_filter' took 0.0 seconds {{(pid=93324) wrapper /opt/stack/nova/nova/scheduler/request_filter.py:46}}
Jul 28 07:00:52.894246 np0000005957 nova-scheduler[93324]: DEBUG nova.scheduler.request_filter [None req-49e61594-8eab-44c3-bfb0-20db16f7dd68 tempest-DeleteServersTestJSON-479760395 tempest-DeleteServersTestJSON-479760395-project-member] Request filter 'accelerators_filter' took 0.0 seconds {{(pid=93324) wrapper /opt/stack/nova/nova/scheduler/request_filter.py:46}}
Jul 28 07:00:52.895056 np0000005957 nova-scheduler[93324]: DEBUG nova.scheduler.request_filter [None req-49e61594-8eab-44c3-bfb0-20db16f7dd68 tempest-DeleteServersTestJSON-479760395 tempest-DeleteServersTestJSON-479760395-project-member] Request filter 'packed_virtqueue_filter' took 0.0 seconds {{(pid=93324) wrapper /opt/stack/nova/nova/scheduler/request_filter.py:46}}
Jul 28 07:00:52.895386 np0000005957 nova-scheduler[93324]: DEBUG nova.scheduler.request_filter [None req-49e61594-8eab-44c3-bfb0-20db16f7dd68 tempest-DeleteServersTestJSON-479760395 tempest-DeleteServersTestJSON-479760395-project-member] Request filter 'remote_managed_ports_filter' took 0.0 seconds {{(pid=93324) wrapper /opt/stack/nova/nova/scheduler/request_filter.py:46}}
Jul 28 07:00:52.895581 np0000005957 nova-scheduler[93324]: DEBUG nova.scheduler.request_filter [None req-49e61594-8eab-44c3-bfb0-20db16f7dd68 tempest-DeleteServersTestJSON-479760395 tempest-DeleteServersTestJSON-479760395-project-member] ephemeral_encryption_filter skipped {{(pid=93324) ephemeral_encryption_filter /opt/stack/nova/nova/scheduler/request_filter.py:426}}
Jul 28 07:00:52.895817 np0000005957 nova-scheduler[93324]: DEBUG nova.scheduler.request_filter [None req-49e61594-8eab-44c3-bfb0-20db16f7dd68 tempest-DeleteServersTestJSON-479760395 tempest-DeleteServersTestJSON-479760395-project-member] virtio_sound_filter skipped {{(pid=93324) virtio_sound_filter /opt/stack/nova/nova/scheduler/request_filter.py:460}}
Jul 28 07:00:52.896011 np0000005957 nova-scheduler[93324]: DEBUG nova.scheduler.request_filter [None req-49e61594-8eab-44c3-bfb0-20db16f7dd68 tempest-DeleteServersTestJSON-479760395 tempest-DeleteServersTestJSON-479760395-project-member] tpm_secret_security_filter skipped {{(pid=93324) tpm_secret_security_filter /opt/stack/nova/nova/scheduler/request_filter.py:477}}
Jul 28 07:00:53.376639 np0000005957 nova-scheduler[93324]: INFO nova.utils [None req-49e61594-8eab-44c3-bfb0-20db16f7dd68 tempest-DeleteServersTestJSON-479760395 tempest-DeleteServersTestJSON-479760395-project-member] The cell worker thread pool ForkProcess-1.cell_worker is initialized
Jul 28 07:00:53.377361 np0000005957 nova-scheduler[93324]: DEBUG oslo_concurrency.lockutils [None req-49e61594-8eab-44c3-bfb0-20db16f7dd68 tempest-DeleteServersTestJSON-479760395 tempest-DeleteServersTestJSON-479760395-project-member] Acquiring lock "b15a7d12-1c59-4855-81f7-27e301c2b691" by "nova.context.set_target_cell..get_or_set_cached_cell_and_set_connections" {{(pid=93324) inner /opt/stack/data/venv/lib/python3.12/site-packages/oslo_concurrency/lockutils.py:512}}
Jul 28 07:00:53.377832 np0000005957 nova-scheduler[93324]: DEBUG oslo_concurrency.lockutils [None req-49e61594-8eab-44c3-bfb0-20db16f7dd68 tempest-DeleteServersTestJSON-479760395 tempest-DeleteServersTestJSON-479760395-project-member] Lock "b15a7d12-1c59-4855-81f7-27e301c2b691" acquired by "nova.context.set_target_cell..get_or_set_cached_cell_and_set_connections" :: waited 0.001s {{(pid=93324) inner /opt/stack/data/venv/lib/python3.12/site-packages/oslo_concurrency/lockutils.py:525}}
Jul 28 07:00:53.379901 np0000005957 nova-scheduler[93324]: DEBUG oslo_concurrency.lockutils [None req-49e61594-8eab-44c3-bfb0-20db16f7dd68 tempest-DeleteServersTestJSON-479760395 tempest-DeleteServersTestJSON-479760395-project-member] Lock "b15a7d12-1c59-4855-81f7-27e301c2b691" "released" by "nova.context.set_target_cell..get_or_set_cached_cell_and_set_connections" :: held 0.002s {{(pid=93324) inner /opt/stack/data/venv/lib/python3.12/site-packages/oslo_concurrency/lockutils.py:544}}
Jul 28 07:00:53.383773 np0000005957 nova-scheduler[93324]: INFO dbcounter [None req-49e61594-8eab-44c3-bfb0-20db16f7dd68 tempest-DeleteServersTestJSON-479760395 tempest-DeleteServersTestJSON-479760395-project-member] Registered counter for database nova_cell1
Jul 28 07:00:53.420689 np0000005957 nova-scheduler[93324]: DEBUG oslo_db.sqlalchemy.engines [None req-49e61594-8eab-44c3-bfb0-20db16f7dd68 tempest-DeleteServersTestJSON-479760395 tempest-DeleteServersTestJSON-479760395-project-member] MySQL server mode set to STRICT_TRANS_TABLES,STRICT_ALL_TABLES,NO_ZERO_IN_DATE,NO_ZERO_DATE,ERROR_FOR_DIVISION_BY_ZERO,TRADITIONAL,NO_ENGINE_SUBSTITUTION {{(pid=93324) _check_effective_sql_mode /opt/stack/data/venv/lib/python3.12/site-packages/oslo_db/sqlalchemy/engines.py:325}}
Jul 28 07:00:53.425523 np0000005957 nova-scheduler[93324]: DEBUG dbcounter [-] [93324] Writer thread running {{(pid=93324) stat_writer /opt/stack/data/venv/lib/python3.12/site-packages/dbcounter.py:102}}
Jul 28 07:00:53.436290 np0000005957 nova-scheduler[93324]: DEBUG oslo_db.sqlalchemy.engines [None req-49e61594-8eab-44c3-bfb0-20db16f7dd68 tempest-DeleteServersTestJSON-479760395 tempest-DeleteServersTestJSON-479760395-project-member] Parent process 92104 forked (93324) with an open database connection, which is being discarded and recreated. {{(pid=93324) checkout /opt/stack/data/venv/lib/python3.12/site-packages/oslo_db/sqlalchemy/engines.py:402}}
Jul 28 07:00:53.481997 np0000005957 nova-scheduler[93324]: DEBUG dbcounter [-] [93324] Writer thread running {{(pid=93324) stat_writer /opt/stack/data/venv/lib/python3.12/site-packages/dbcounter.py:102}}
Jul 28 07:00:53.485225 np0000005957 nova-scheduler[93324]: DEBUG oslo_concurrency.lockutils [None req-49e61594-8eab-44c3-bfb0-20db16f7dd68 tempest-DeleteServersTestJSON-479760395 tempest-DeleteServersTestJSON-479760395-project-member] Acquiring lock "b15a7d12-1c59-4855-81f7-27e301c2b691" by "nova.context.set_target_cell..get_or_set_cached_cell_and_set_connections" {{(pid=93324) inner /opt/stack/data/venv/lib/python3.12/site-packages/oslo_concurrency/lockutils.py:512}}
Jul 28 07:00:53.485225 np0000005957 nova-scheduler[93324]: DEBUG oslo_concurrency.lockutils [None req-49e61594-8eab-44c3-bfb0-20db16f7dd68 tempest-DeleteServersTestJSON-479760395 tempest-DeleteServersTestJSON-479760395-project-member] Lock "b15a7d12-1c59-4855-81f7-27e301c2b691" acquired by "nova.context.set_target_cell..get_or_set_cached_cell_and_set_connections" :: waited 0.000s {{(pid=93324) inner /opt/stack/data/venv/lib/python3.12/site-packages/oslo_concurrency/lockutils.py:525}}
Jul 28 07:00:53.485225 np0000005957 nova-scheduler[93324]: DEBUG oslo_concurrency.lockutils [None req-49e61594-8eab-44c3-bfb0-20db16f7dd68 tempest-DeleteServersTestJSON-479760395 tempest-DeleteServersTestJSON-479760395-project-member] Lock "b15a7d12-1c59-4855-81f7-27e301c2b691" "released" by "nova.context.set_target_cell..get_or_set_cached_cell_and_set_connections" :: held 0.000s {{(pid=93324) inner /opt/stack/data/venv/lib/python3.12/site-packages/oslo_concurrency/lockutils.py:544}}
Jul 28 07:00:53.488708 np0000005957 nova-scheduler[93324]: DEBUG oslo_concurrency.lockutils [None req-49e61594-8eab-44c3-bfb0-20db16f7dd68 tempest-DeleteServersTestJSON-479760395 tempest-DeleteServersTestJSON-479760395-project-member] Acquiring lock "np0000005957-np0000005957" by "nova.scheduler.host_manager.HostState.update.._locked_update" {{(pid=93324) inner /opt/stack/data/venv/lib/python3.12/site-packages/oslo_concurrency/lockutils.py:512}}
Jul 28 07:00:53.488871 np0000005957 nova-scheduler[93324]: DEBUG oslo_concurrency.lockutils [None req-49e61594-8eab-44c3-bfb0-20db16f7dd68 tempest-DeleteServersTestJSON-479760395 tempest-DeleteServersTestJSON-479760395-project-member] Lock "np0000005957-np0000005957" acquired by "nova.scheduler.host_manager.HostState.update.._locked_update" :: waited 0.000s {{(pid=93324) inner /opt/stack/data/venv/lib/python3.12/site-packages/oslo_concurrency/lockutils.py:525}}
Jul 28 07:00:53.489749 np0000005957 nova-scheduler[93324]: DEBUG nova.scheduler.host_manager [None req-49e61594-8eab-44c3-bfb0-20db16f7dd68 tempest-DeleteServersTestJSON-479760395 tempest-DeleteServersTestJSON-479760395-project-member] Update host state from compute node: ComputeNode(cpu_allocation_ratio=4.0,cpu_info='{"arch": "x86_64", "model": "EPYC-Milan", "vendor": "AMD", "topology": {"cells": 1, "sockets": 16, "cores": 1, "threads": 1}, "maxphysaddr": {"mode": "emulate", "bits": 40}, "features": ["lfence-always-serializing", "clzero", "no-nested-data-bp", "ibpb", "bmi2", "clflush", "lahf_lm", "adx", "sep", "clwb", "rdseed", "pku", "syscall", "wbnoinvd", "xsavec", "fma", "spec-ctrl", "popcnt", "sse4.2", "null-sel-clr-base", "sse4a", "cr8legacy", "sse", "tsc-scale", "smap", "pae", "xsaveerptr", "svm", "ibrs", "rdtscp", "umip", "nx", "sse2", "tsc-deadline", "pse", "fpu", "sse4.1", "mmxext", "mtrr", "hypervisor", "ssse3", "stibp", "sha-ni", "flushbyasid", "topoext", "tsc_adjust", "erms", "cmov", "v-vmsave-vmload", "msr", "lm", "lbrv", "pcid", "pfthreshold", "x2apic", "apic", "rdctl-no", "avx", "clflushopt", "arat", "cmp_legacy", "pat", "xsaves", "pdpe1gb", "mca", "fxsr_opt", "abm", "pge", "amd-stibp", "vaes", "pse36", "vgif", "fsgsbase", "misalignsse", "xsave", "pni", "pschange-mc-no", "3dnowprefetch", "rdrand", "tsc", "amd-ssbd", "arch-capabilities", "cx8", "amd-psfd", "fsrm", "virt-ssbd", "bmi1", "de", "xsaveopt", "pclmuldq", "cx16", "rdpid", "stibp-always-on", "ssbd", "svme-addr-chk", "vpclmulqdq", "xgetbv1", "perfctr_core", "avx2", "gds-no", "mmx", "osvw", "vme", "movbe", "aes", "mds-no", "fxsr", "npt", "nrip-save", "vmcb-clean", "mce", "pause-filter", "invpcid", "skip-l1dfl-vmentry", "smep", "f16c"]}',created_at=2026-07-28T06:59:01Z,current_workload=0,deleted=False,deleted_at=None,disk_allocation_ratio=1.0,disk_available_least=73,free_disk_gb=95,free_ram_mb=62765,host='np0000005957',host_ip=10.4.3.218,hypervisor_hostname='np0000005957',hypervisor_type='QEMU',hypervisor_version=8002002,id=1,local_gb=95,local_gb_used=0,mapped=1,memory_mb=63277,memory_mb_used=512,metrics='[]',numa_topology='{"nova_object.name": "NUMATopology", "nova_object.namespace": "nova", "nova_object.version": "1.2", "nova_object.data": {"cells": [{"nova_object.name": "NUMACell", "nova_object.namespace": "nova", "nova_object.version": "1.5", "nova_object.data": {"id": 0, "cpuset": [0, 1, 2, 3, 4, 5, 6, 7, 8, 9, 10, 11, 12, 13, 14, 15], "pcpuset": [0, 1, 2, 3, 4, 5, 6, 7, 8, 9, 10, 11, 12, 13, 14, 15], "memory": 63277, "cpu_usage": 0, "memory_usage": 0, "pinned_cpus": [], "siblings": [[6], [12], [2], [15], [5], [11], [8], [14], [4], [1], [7], [10], [0], [13], [3], [9]], "mempages": [{"nova_object.name": "NUMAPagesTopology", "nova_object.namespace": "nova", "nova_object.version": "1.1", "nova_object.data": {"size_kb": 4, "total": 16177928, "used": 0, "reserved": 0}, "nova_object.changes": ["reserved", "total", "used", "size_kb"]}, {"nova_object.name": "NUMAPagesTopology", "nova_object.namespace": "nova", "nova_object.version": "1.1", "nova_object.data": {"size_kb": 2048, "total": 41, "used": 0, "reserved": 0}, "nova_object.changes": ["reserved", "total", "used", "size_kb"]}, {"nova_object.name": "NUMAPagesTopology", "nova_object.namespace": "nova", "nova_object.version": "1.1", "nova_object.data": {"size_kb": 1048576, "total": 0, "used": 0, "reserved": 0}, "nova_object.changes": ["reserved", "total", "used", "size_kb"]}], "network_metadata": {"nova_object.name": "NetworkMetadata", "nova_object.namespace": "nova", "nova_object.version": "1.0", "nova_object.data": {"physnets": [], "tunneled": false}, "nova_object.changes": ["physnets", "tunneled"]}, "socket": null}, "nova_object.changes": ["siblings", "pcpuset", "pinned_cpus", "memory", "mempages", "cpuset", "memory_usage", "id", "network_metadata", "socket", "cpu_usage"]}]}, "nova_object.changes": ["cells"]}',pci_device_pools=PciDevicePoolList,ram_allocation_ratio=1.0,running_vms=0,service_id=2,stats={failed_builds='0',uptime=' 07:00:49 up 13 min, 2 users, load average: 2.51, 1.79, 0.98
Jul 28 07:00:53.489749 np0000005957 nova-scheduler[93324]: '},supported_hv_specs=[HVSpec,HVSpec,HVSpec,HVSpec,HVSpec,HVSpec,HVSpec,HVSpec,HVSpec,HVSpec,HVSpec,HVSpec,HVSpec,HVSpec,HVSpec,HVSpec,HVSpec,HVSpec,HVSpec,HVSpec,HVSpec,HVSpec,HVSpec,HVSpec,HVSpec],updated_at=2026-07-28T07:00:50Z,uuid=2fd2ec02-acf4-4fa6-b03c-ff98d56001b7,vcpus=16,vcpus_used=0) {{(pid=93324) _locked_update /opt/stack/nova/nova/scheduler/host_manager.py:168}}
Jul 28 07:00:53.490759 np0000005957 nova-scheduler[93324]: DEBUG nova.scheduler.host_manager [None req-49e61594-8eab-44c3-bfb0-20db16f7dd68 tempest-DeleteServersTestJSON-479760395 tempest-DeleteServersTestJSON-479760395-project-member] Update host state with aggregates: [] {{(pid=93324) _locked_update /opt/stack/nova/nova/scheduler/host_manager.py:171}}
Jul 28 07:00:53.490759 np0000005957 nova-scheduler[93324]: DEBUG nova.scheduler.host_manager [None req-49e61594-8eab-44c3-bfb0-20db16f7dd68 tempest-DeleteServersTestJSON-479760395 tempest-DeleteServersTestJSON-479760395-project-member] Update host state with service dict: {'id': 2, 'uuid': 'a0fd4192-afdb-4872-9a22-5488e5278ad0', 'host': 'np0000005957', 'binary': 'nova-compute', 'topic': 'compute', 'report_count': 1, 'disabled': False, 'disabled_reason': None, 'last_seen_up': datetime.datetime(2026, 7, 28, 6, 59, 8, tzinfo=datetime.timezone.utc), 'forced_down': False, 'version': 72, 'created_at': datetime.datetime(2026, 7, 28, 6, 59, 1, tzinfo=datetime.timezone.utc), 'updated_at': datetime.datetime(2026, 7, 28, 6, 59, 8, tzinfo=datetime.timezone.utc), 'deleted_at': None, 'deleted': False} {{(pid=93324) _locked_update /opt/stack/nova/nova/scheduler/host_manager.py:174}}
Jul 28 07:00:53.490928 np0000005957 nova-scheduler[93324]: DEBUG nova.scheduler.host_manager [None req-49e61594-8eab-44c3-bfb0-20db16f7dd68 tempest-DeleteServersTestJSON-479760395 tempest-DeleteServersTestJSON-479760395-project-member] Update host state with instances: [] {{(pid=93324) _locked_update /opt/stack/nova/nova/scheduler/host_manager.py:177}}
Jul 28 07:00:53.490994 np0000005957 nova-scheduler[93324]: DEBUG oslo_concurrency.lockutils [None req-49e61594-8eab-44c3-bfb0-20db16f7dd68 tempest-DeleteServersTestJSON-479760395 tempest-DeleteServersTestJSON-479760395-project-member] Lock "np0000005957-np0000005957" "released" by "nova.scheduler.host_manager.HostState.update.._locked_update" :: held 0.002s {{(pid=93324) inner /opt/stack/data/venv/lib/python3.12/site-packages/oslo_concurrency/lockutils.py:544}}
Jul 28 07:00:53.491373 np0000005957 nova-scheduler[93324]: DEBUG nova.filters [None req-49e61594-8eab-44c3-bfb0-20db16f7dd68 tempest-DeleteServersTestJSON-479760395 tempest-DeleteServersTestJSON-479760395-project-member] Starting with 1 host(s) {{(pid=93324) get_filtered_objects /opt/stack/nova/nova/filters.py:70}}
Jul 28 07:00:53.491569 np0000005957 nova-scheduler[93324]: DEBUG nova.filters [None req-49e61594-8eab-44c3-bfb0-20db16f7dd68 tempest-DeleteServersTestJSON-479760395 tempest-DeleteServersTestJSON-479760395-project-member] Filter ComputeFilter returned 1 host(s) {{(pid=93324) get_filtered_objects /opt/stack/nova/nova/filters.py:102}}
Jul 28 07:00:53.491694 np0000005957 nova-scheduler[93324]: DEBUG nova.filters [None req-49e61594-8eab-44c3-bfb0-20db16f7dd68 tempest-DeleteServersTestJSON-479760395 tempest-DeleteServersTestJSON-479760395-project-member] Filter ComputeCapabilitiesFilter returned 1 host(s) {{(pid=93324) get_filtered_objects /opt/stack/nova/nova/filters.py:102}}
Jul 28 07:00:53.491917 np0000005957 nova-scheduler[93324]: DEBUG nova.filters [None req-49e61594-8eab-44c3-bfb0-20db16f7dd68 tempest-DeleteServersTestJSON-479760395 tempest-DeleteServersTestJSON-479760395-project-member] Filter ImagePropertiesFilter returned 1 host(s) {{(pid=93324) get_filtered_objects /opt/stack/nova/nova/filters.py:102}}
Jul 28 07:00:53.492080 np0000005957 nova-scheduler[93324]: DEBUG nova.filters [None req-49e61594-8eab-44c3-bfb0-20db16f7dd68 tempest-DeleteServersTestJSON-479760395 tempest-DeleteServersTestJSON-479760395-project-member] Filter ServerGroupAntiAffinityFilter returned 1 host(s) {{(pid=93324) get_filtered_objects /opt/stack/nova/nova/filters.py:102}}
Jul 28 07:00:53.492204 np0000005957 nova-scheduler[93324]: DEBUG nova.filters [None req-49e61594-8eab-44c3-bfb0-20db16f7dd68 tempest-DeleteServersTestJSON-479760395 tempest-DeleteServersTestJSON-479760395-project-member] Filter ServerGroupAffinityFilter returned 1 host(s) {{(pid=93324) get_filtered_objects /opt/stack/nova/nova/filters.py:102}}
Jul 28 07:00:53.492336 np0000005957 nova-scheduler[93324]: DEBUG nova.filters [None req-49e61594-8eab-44c3-bfb0-20db16f7dd68 tempest-DeleteServersTestJSON-479760395 tempest-DeleteServersTestJSON-479760395-project-member] Filter SameHostFilter returned 1 host(s) {{(pid=93324) get_filtered_objects /opt/stack/nova/nova/filters.py:102}}
Jul 28 07:00:53.492530 np0000005957 nova-scheduler[93324]: DEBUG nova.filters [None req-49e61594-8eab-44c3-bfb0-20db16f7dd68 tempest-DeleteServersTestJSON-479760395 tempest-DeleteServersTestJSON-479760395-project-member] Filter DifferentHostFilter returned 1 host(s) {{(pid=93324) get_filtered_objects /opt/stack/nova/nova/filters.py:102}}
Jul 28 07:00:53.492581 np0000005957 nova-scheduler[93324]: DEBUG nova.scheduler.manager [None req-49e61594-8eab-44c3-bfb0-20db16f7dd68 tempest-DeleteServersTestJSON-479760395 tempest-DeleteServersTestJSON-479760395-project-member] Filtered [(np0000005957, np0000005957) ram: 62765MB disk: 74752MB io_ops: 0 instances: 0, allocation_candidates: 1] {{(pid=93324) _get_sorted_hosts /opt/stack/nova/nova/scheduler/manager.py:742}}
Jul 28 07:00:53.492859 np0000005957 nova-scheduler[93324]: DEBUG nova.scheduler.manager [None req-49e61594-8eab-44c3-bfb0-20db16f7dd68 tempest-DeleteServersTestJSON-479760395 tempest-DeleteServersTestJSON-479760395-project-member] Weighed [WeighedHost [host: (np0000005957, np0000005957) ram: 62765MB disk: 74752MB io_ops: 0 instances: 0, allocation_candidates: 1, weight: 0.0]] {{(pid=93324) _get_sorted_hosts /opt/stack/nova/nova/scheduler/manager.py:764}}
Jul 28 07:00:53.492974 np0000005957 nova-scheduler[93324]: DEBUG nova.scheduler.utils [None req-49e61594-8eab-44c3-bfb0-20db16f7dd68 tempest-DeleteServersTestJSON-479760395 tempest-DeleteServersTestJSON-479760395-project-member] Attempting to claim resources in the placement API for instance f07d9365-1274-43b0-be42-19481046d095 {{(pid=93324) claim_resources /opt/stack/nova/nova/scheduler/utils.py:1345}}
Jul 28 07:00:53.637639 np0000005957 nova-scheduler[93324]: DEBUG nova.scheduler.manager [None req-49e61594-8eab-44c3-bfb0-20db16f7dd68 tempest-DeleteServersTestJSON-479760395 tempest-DeleteServersTestJSON-479760395-project-member] [instance: f07d9365-1274-43b0-be42-19481046d095] Selected host: (np0000005957, np0000005957) ram: 62765MB disk: 74752MB io_ops: 0 instances: 0, allocation_candidates: 1 {{(pid=93324) _consume_selected_host /opt/stack/nova/nova/scheduler/manager.py:624}}
Jul 28 07:00:53.637897 np0000005957 nova-scheduler[93324]: DEBUG oslo_concurrency.lockutils [None req-49e61594-8eab-44c3-bfb0-20db16f7dd68 tempest-DeleteServersTestJSON-479760395 tempest-DeleteServersTestJSON-479760395-project-member] Acquiring lock "np0000005957-np0000005957" by "nova.scheduler.host_manager.HostState.consume_from_request.._locked" {{(pid=93324) inner /opt/stack/data/venv/lib/python3.12/site-packages/oslo_concurrency/lockutils.py:512}}
Jul 28 07:00:53.638041 np0000005957 nova-scheduler[93324]: DEBUG oslo_concurrency.lockutils [None req-49e61594-8eab-44c3-bfb0-20db16f7dd68 tempest-DeleteServersTestJSON-479760395 tempest-DeleteServersTestJSON-479760395-project-member] Lock "np0000005957-np0000005957" acquired by "nova.scheduler.host_manager.HostState.consume_from_request.._locked" :: waited 0.000s {{(pid=93324) inner /opt/stack/data/venv/lib/python3.12/site-packages/oslo_concurrency/lockutils.py:525}}
Jul 28 07:00:53.638216 np0000005957 nova-scheduler[93324]: DEBUG oslo_concurrency.lockutils [None req-49e61594-8eab-44c3-bfb0-20db16f7dd68 tempest-DeleteServersTestJSON-479760395 tempest-DeleteServersTestJSON-479760395-project-member] Lock "np0000005957-np0000005957" "released" by "nova.scheduler.host_manager.HostState.consume_from_request.._locked" :: held 0.000s {{(pid=93324) inner /opt/stack/data/venv/lib/python3.12/site-packages/oslo_concurrency/lockutils.py:544}}
Jul 28 07:00:56.097135 np0000005957 nova-scheduler[93324]: DEBUG dbcounter [-] [93324] Writing DB stats nova_cell0:SELECT=1,nova_cell0:UPDATE=1 {{(pid=93324) stat_writer /opt/stack/data/venv/lib/python3.12/site-packages/dbcounter.py:115}}
Jul 28 07:00:56.099232 np0000005957 nova-scheduler[93328]: DEBUG dbcounter [-] [93328] Writing DB stats nova_cell0:SELECT=1,nova_cell0:UPDATE=1 {{(pid=93328) stat_writer /opt/stack/data/venv/lib/python3.12/site-packages/dbcounter.py:115}}
Jul 28 07:00:56.102751 np0000005957 nova-scheduler[93326]: DEBUG dbcounter [-] [93326] Writing DB stats nova_cell0:SELECT=1,nova_cell0:UPDATE=1 {{(pid=93326) stat_writer /opt/stack/data/venv/lib/python3.12/site-packages/dbcounter.py:115}}
Jul 28 07:00:59.278129 np0000005957 nova-scheduler[93328]: DEBUG nova.scheduler.manager [None req-c2e2560a-9c3a-4dd4-bddc-c354e7f0d4c0 tempest-ServerActionsTestOtherB-595713839 tempest-ServerActionsTestOtherB-595713839-project-member] Starting to schedule for instances: ['7eb1b3cb-deae-480f-b935-d46a1e065167'] {{(pid=93328) select_destinations /opt/stack/nova/nova/scheduler/manager.py:209}}
Jul 28 07:00:59.278129 np0000005957 nova-scheduler[93328]: DEBUG nova.scheduler.request_filter [None req-c2e2560a-9c3a-4dd4-bddc-c354e7f0d4c0 tempest-ServerActionsTestOtherB-595713839 tempest-ServerActionsTestOtherB-595713839-project-member] compute_status_filter request filter added forbidden trait COMPUTE_STATUS_DISABLED {{(pid=93328) compute_status_filter /opt/stack/nova/nova/scheduler/request_filter.py:253}}
Jul 28 07:00:59.278560 np0000005957 nova-scheduler[93328]: DEBUG nova.scheduler.request_filter [None req-c2e2560a-9c3a-4dd4-bddc-c354e7f0d4c0 tempest-ServerActionsTestOtherB-595713839 tempest-ServerActionsTestOtherB-595713839-project-member] Request filter 'compute_status_filter' took 0.0 seconds {{(pid=93328) wrapper /opt/stack/nova/nova/scheduler/request_filter.py:46}}
Jul 28 07:00:59.278560 np0000005957 nova-scheduler[93328]: DEBUG nova.scheduler.request_filter [None req-c2e2560a-9c3a-4dd4-bddc-c354e7f0d4c0 tempest-ServerActionsTestOtherB-595713839 tempest-ServerActionsTestOtherB-595713839-project-member] Request filter 'accelerators_filter' took 0.0 seconds {{(pid=93328) wrapper /opt/stack/nova/nova/scheduler/request_filter.py:46}}
Jul 28 07:00:59.278664 np0000005957 nova-scheduler[93328]: DEBUG nova.scheduler.request_filter [None req-c2e2560a-9c3a-4dd4-bddc-c354e7f0d4c0 tempest-ServerActionsTestOtherB-595713839 tempest-ServerActionsTestOtherB-595713839-project-member] Request filter 'packed_virtqueue_filter' took 0.0 seconds {{(pid=93328) wrapper /opt/stack/nova/nova/scheduler/request_filter.py:46}}
Jul 28 07:00:59.278956 np0000005957 nova-scheduler[93328]: DEBUG nova.scheduler.request_filter [None req-c2e2560a-9c3a-4dd4-bddc-c354e7f0d4c0 tempest-ServerActionsTestOtherB-595713839 tempest-ServerActionsTestOtherB-595713839-project-member] Request filter 'remote_managed_ports_filter' took 0.0 seconds {{(pid=93328) wrapper /opt/stack/nova/nova/scheduler/request_filter.py:46}}
Jul 28 07:00:59.279111 np0000005957 nova-scheduler[93328]: DEBUG nova.scheduler.request_filter [None req-c2e2560a-9c3a-4dd4-bddc-c354e7f0d4c0 tempest-ServerActionsTestOtherB-595713839 tempest-ServerActionsTestOtherB-595713839-project-member] ephemeral_encryption_filter skipped {{(pid=93328) ephemeral_encryption_filter /opt/stack/nova/nova/scheduler/request_filter.py:426}}
Jul 28 07:00:59.279539 np0000005957 nova-scheduler[93328]: DEBUG nova.scheduler.request_filter [None req-c2e2560a-9c3a-4dd4-bddc-c354e7f0d4c0 tempest-ServerActionsTestOtherB-595713839 tempest-ServerActionsTestOtherB-595713839-project-member] virtio_sound_filter skipped {{(pid=93328) virtio_sound_filter /opt/stack/nova/nova/scheduler/request_filter.py:460}}
Jul 28 07:00:59.279684 np0000005957 nova-scheduler[93328]: DEBUG nova.scheduler.request_filter [None req-c2e2560a-9c3a-4dd4-bddc-c354e7f0d4c0 tempest-ServerActionsTestOtherB-595713839 tempest-ServerActionsTestOtherB-595713839-project-member] tpm_secret_security_filter skipped {{(pid=93328) tpm_secret_security_filter /opt/stack/nova/nova/scheduler/request_filter.py:477}}
Jul 28 07:00:59.397338 np0000005957 nova-scheduler[93328]: INFO nova.utils [None req-c2e2560a-9c3a-4dd4-bddc-c354e7f0d4c0 tempest-ServerActionsTestOtherB-595713839 tempest-ServerActionsTestOtherB-595713839-project-member] The cell worker thread pool ForkProcess-3.cell_worker is initialized
