Jul 04 17:14:51.413731 np0000004514 systemd[1]: Starting devstack@n-api-meta.service - Devstack devstack@n-api-meta.service...
Jul 04 17:14:51.418928 np0000004514 devstack@n-api-meta.service[95718]: [uWSGI] getting INI configuration from /etc/nova/nova-metadata-uwsgi.ini
Jul 04 17:14:51.421138 np0000004514 devstack@n-api-meta.service[95718]: *** Starting uWSGI 2.0.24-debian (64bit) on [Sat Jul 4 17:14:51 2026] ***
Jul 04 17:14:51.421138 np0000004514 devstack@n-api-meta.service[95718]: compiled with version: 13.2.0 on 17 April 2024 16:23:48
Jul 04 17:14:51.421138 np0000004514 devstack@n-api-meta.service[95718]: os: Linux-6.8.0-100-generic #100-Ubuntu SMP PREEMPT_DYNAMIC Tue Jan 13 16:40:06 UTC 2026
Jul 04 17:14:51.421138 np0000004514 devstack@n-api-meta.service[95718]: nodename: np0000004514
Jul 04 17:14:51.421138 np0000004514 devstack@n-api-meta.service[95718]: machine: x86_64
Jul 04 17:14:51.421138 np0000004514 devstack@n-api-meta.service[95718]: clock source: unix
Jul 04 17:14:51.421138 np0000004514 devstack@n-api-meta.service[95718]: pcre jit disabled
Jul 04 17:14:51.421138 np0000004514 devstack@n-api-meta.service[95718]: detected number of CPU cores: 16
Jul 04 17:14:51.421138 np0000004514 devstack@n-api-meta.service[95718]: current working directory: /
Jul 04 17:14:51.421138 np0000004514 devstack@n-api-meta.service[95718]: detected binary path: /usr/bin/uwsgi-core
Jul 04 17:14:51.421138 np0000004514 devstack@n-api-meta.service[95718]: your processes number limit is 257052
Jul 04 17:14:51.421138 np0000004514 devstack@n-api-meta.service[95718]: your memory page size is 4096 bytes
Jul 04 17:14:51.421138 np0000004514 devstack@n-api-meta.service[95718]: detected max file descriptor number: 2048
Jul 04 17:14:51.421138 np0000004514 devstack@n-api-meta.service[95718]: lock engine: pthread robust mutexes
Jul 04 17:14:51.421580 np0000004514 devstack@n-api-meta.service[95718]: thunder lock: enabled
Jul 04 17:14:51.421580 np0000004514 devstack@n-api-meta.service[95718]: uWSGI http bound on 0.0.0.0:8775 fd 5
Jul 04 17:14:51.421580 np0000004514 devstack@n-api-meta.service[95718]: uwsgi socket 0 bound to TCP address 127.0.0.1:34711 (port auto-assigned) fd 4
Jul 04 17:14:51.421791 np0000004514 devstack@n-api-meta.service[95718]: Python version: 3.12.3 (main, Mar 23 2026, 19:04:32) [GCC 13.3.0]
Jul 04 17:14:51.421791 np0000004514 devstack@n-api-meta.service[95718]: PEP 405 virtualenv detected: /opt/stack/data/venv
Jul 04 17:14:51.421791 np0000004514 devstack@n-api-meta.service[95718]: Set PythonHome to /opt/stack/data/venv
Jul 04 17:14:51.453041 np0000004514 devstack@n-api-meta.service[95718]: Python main interpreter initialized at 0x79c7dc0a3668
Jul 04 17:14:51.453041 np0000004514 devstack@n-api-meta.service[95718]: python threads support enabled
Jul 04 17:14:51.453041 np0000004514 devstack@n-api-meta.service[95718]: your server socket listen backlog is limited to 100 connections
Jul 04 17:14:51.453041 np0000004514 devstack@n-api-meta.service[95718]: your mercy for graceful operations on workers is 80 seconds
Jul 04 17:14:51.453556 np0000004514 devstack@n-api-meta.service[95718]: mapped 671795 bytes (656 KB) for 4 cores
Jul 04 17:14:51.453731 np0000004514 devstack@n-api-meta.service[95718]: *** Operational MODE: preforking ***
Jul 04 17:14:51.453872 np0000004514 devstack@n-api-meta.service[95718]: *** uWSGI is running in multiple interpreter mode ***
Jul 04 17:14:51.453872 np0000004514 devstack@n-api-meta.service[95718]: spawned uWSGI master process (pid: 95718)
Jul 04 17:14:51.454094 np0000004514 systemd[1]: Started devstack@n-api-meta.service - Devstack devstack@n-api-meta.service.
Jul 04 17:14:51.454387 np0000004514 devstack@n-api-meta.service[95718]: spawned uWSGI worker 1 (pid: 95721, cores: 1)
Jul 04 17:14:51.454867 np0000004514 devstack@n-api-meta.service[95718]: spawned uWSGI worker 2 (pid: 95722, cores: 1)
Jul 04 17:14:51.455306 np0000004514 devstack@n-api-meta.service[95718]: spawned uWSGI worker 3 (pid: 95723, cores: 1)
Jul 04 17:14:51.455764 np0000004514 devstack@n-api-meta.service[95718]: spawned uWSGI worker 4 (pid: 95724, cores: 1)
Jul 04 17:14:51.456197 np0000004514 devstack@n-api-meta.service[95718]: spawned uWSGI http 1 (pid: 95725)
Jul 04 17:14:51.456197 np0000004514 devstack@n-api-meta.service[95718]: running "unix_signal:15 gracefully_kill_them_all" (master-start)...
Jul 04 17:14:53.066427 np0000004514 devstack@n-api-meta.service[95724]: INFO dbcounter [None req-056239e7-abbc-4b8b-b3c9-4248e55250ab None None] Registered counter for database nova_api
Jul 04 17:14:53.093139 np0000004514 devstack@n-api-meta.service[95723]: INFO dbcounter [None req-90054a66-17a1-4c7c-a7f1-064c9c045c8d None None] Registered counter for database nova_api
Jul 04 17:14:53.108572 np0000004514 devstack@n-api-meta.service[95724]: DEBUG oslo_db.sqlalchemy.engines [None req-056239e7-abbc-4b8b-b3c9-4248e55250ab None None] MySQL server mode set to STRICT_TRANS_TABLES,STRICT_ALL_TABLES,NO_ZERO_IN_DATE,NO_ZERO_DATE,ERROR_FOR_DIVISION_BY_ZERO,TRADITIONAL,NO_ENGINE_SUBSTITUTION {{(pid=95724) _check_effective_sql_mode /opt/stack/data/venv/lib/python3.12/site-packages/oslo_db/sqlalchemy/engines.py:325}}
Jul 04 17:14:53.127017 np0000004514 devstack@n-api-meta.service[95722]: INFO dbcounter [None req-728ca132-f103-47c7-a896-71b51e863e2b None None] Registered counter for database nova_api
Jul 04 17:14:53.137058 np0000004514 devstack@n-api-meta.service[95723]: DEBUG oslo_db.sqlalchemy.engines [None req-90054a66-17a1-4c7c-a7f1-064c9c045c8d None None] MySQL server mode set to STRICT_TRANS_TABLES,STRICT_ALL_TABLES,NO_ZERO_IN_DATE,NO_ZERO_DATE,ERROR_FOR_DIVISION_BY_ZERO,TRADITIONAL,NO_ENGINE_SUBSTITUTION {{(pid=95723) _check_effective_sql_mode /opt/stack/data/venv/lib/python3.12/site-packages/oslo_db/sqlalchemy/engines.py:325}}
Jul 04 17:14:53.137188 np0000004514 devstack@n-api-meta.service[95724]: DEBUG dbcounter [-] [95724] Writer thread running {{(pid=95724) stat_writer /opt/stack/data/venv/lib/python3.12/site-packages/dbcounter.py:102}}
Jul 04 17:14:53.140055 np0000004514 devstack@n-api-meta.service[95724]: DEBUG nova.context [None req-056239e7-abbc-4b8b-b3c9-4248e55250ab None None] Found 2 cells: 00000000-0000-0000-0000-000000000000(cell0),2bdc1a83-2d46-435f-b656-c902894ffded(cell1) {{(pid=95724) load_cells /opt/stack/nova/nova/context.py:509}}
Jul 04 17:14:53.140284 np0000004514 devstack@n-api-meta.service[95724]: INFO nova.utils [None req-056239e7-abbc-4b8b-b3c9-4248e55250ab None None] The cell worker thread pool MainProcess.cell_worker is initialized
Jul 04 17:14:53.141875 np0000004514 devstack@n-api-meta.service[95724]: DEBUG oslo_concurrency.lockutils [None req-056239e7-abbc-4b8b-b3c9-4248e55250ab None None] Acquiring lock "00000000-0000-0000-0000-000000000000" by "nova.context.set_target_cell..get_or_set_cached_cell_and_set_connections" {{(pid=95724) inner /opt/stack/data/venv/lib/python3.12/site-packages/oslo_concurrency/lockutils.py:511}}
Jul 04 17:14:53.142055 np0000004514 devstack@n-api-meta.service[95724]: DEBUG oslo_concurrency.lockutils [None req-056239e7-abbc-4b8b-b3c9-4248e55250ab None None] Lock "00000000-0000-0000-0000-000000000000" acquired by "nova.context.set_target_cell..get_or_set_cached_cell_and_set_connections" :: waited 0.000s {{(pid=95724) inner /opt/stack/data/venv/lib/python3.12/site-packages/oslo_concurrency/lockutils.py:524}}
Jul 04 17:14:53.142391 np0000004514 devstack@n-api-meta.service[95724]: DEBUG oslo_concurrency.lockutils [None req-056239e7-abbc-4b8b-b3c9-4248e55250ab None None] Lock "00000000-0000-0000-0000-000000000000" "released" by "nova.context.set_target_cell..get_or_set_cached_cell_and_set_connections" :: held 0.000s {{(pid=95724) inner /opt/stack/data/venv/lib/python3.12/site-packages/oslo_concurrency/lockutils.py:543}}
Jul 04 17:14:53.142966 np0000004514 devstack@n-api-meta.service[95724]: DEBUG oslo_concurrency.lockutils [None req-056239e7-abbc-4b8b-b3c9-4248e55250ab None None] Acquiring lock "2bdc1a83-2d46-435f-b656-c902894ffded" by "nova.context.set_target_cell..get_or_set_cached_cell_and_set_connections" {{(pid=95724) inner /opt/stack/data/venv/lib/python3.12/site-packages/oslo_concurrency/lockutils.py:511}}
Jul 04 17:14:53.143128 np0000004514 devstack@n-api-meta.service[95724]: DEBUG oslo_concurrency.lockutils [None req-056239e7-abbc-4b8b-b3c9-4248e55250ab None None] Lock "2bdc1a83-2d46-435f-b656-c902894ffded" acquired by "nova.context.set_target_cell..get_or_set_cached_cell_and_set_connections" :: waited 0.000s {{(pid=95724) inner /opt/stack/data/venv/lib/python3.12/site-packages/oslo_concurrency/lockutils.py:524}}
Jul 04 17:14:53.143943 np0000004514 devstack@n-api-meta.service[95724]: DEBUG oslo_concurrency.lockutils [None req-056239e7-abbc-4b8b-b3c9-4248e55250ab None None] Lock "2bdc1a83-2d46-435f-b656-c902894ffded" "released" by "nova.context.set_target_cell..get_or_set_cached_cell_and_set_connections" :: held 0.001s {{(pid=95724) inner /opt/stack/data/venv/lib/python3.12/site-packages/oslo_concurrency/lockutils.py:543}}
Jul 04 17:14:53.145546 np0000004514 devstack@n-api-meta.service[95724]: INFO dbcounter [None req-056239e7-abbc-4b8b-b3c9-4248e55250ab None None] Registered counter for database nova_cell0
Jul 04 17:14:53.147836 np0000004514 devstack@n-api-meta.service[95724]: INFO dbcounter [None req-056239e7-abbc-4b8b-b3c9-4248e55250ab None None] Registered counter for database nova_cell1
Jul 04 17:14:53.156762 np0000004514 devstack@n-api-meta.service[95721]: INFO dbcounter [None req-519c7888-81f7-4cf7-af38-6c20fd0a5a25 None None] Registered counter for database nova_api
Jul 04 17:14:53.166126 np0000004514 devstack@n-api-meta.service[95723]: DEBUG dbcounter [-] [95723] Writer thread running {{(pid=95723) stat_writer /opt/stack/data/venv/lib/python3.12/site-packages/dbcounter.py:102}}
Jul 04 17:14:53.169792 np0000004514 devstack@n-api-meta.service[95723]: DEBUG nova.context [None req-90054a66-17a1-4c7c-a7f1-064c9c045c8d None None] Found 2 cells: 00000000-0000-0000-0000-000000000000(cell0),2bdc1a83-2d46-435f-b656-c902894ffded(cell1) {{(pid=95723) load_cells /opt/stack/nova/nova/context.py:509}}
Jul 04 17:14:53.169941 np0000004514 devstack@n-api-meta.service[95722]: DEBUG oslo_db.sqlalchemy.engines [None req-728ca132-f103-47c7-a896-71b51e863e2b None None] MySQL server mode set to STRICT_TRANS_TABLES,STRICT_ALL_TABLES,NO_ZERO_IN_DATE,NO_ZERO_DATE,ERROR_FOR_DIVISION_BY_ZERO,TRADITIONAL,NO_ENGINE_SUBSTITUTION {{(pid=95722) _check_effective_sql_mode /opt/stack/data/venv/lib/python3.12/site-packages/oslo_db/sqlalchemy/engines.py:325}}
Jul 04 17:14:53.170008 np0000004514 devstack@n-api-meta.service[95723]: INFO nova.utils [None req-90054a66-17a1-4c7c-a7f1-064c9c045c8d None None] The cell worker thread pool MainProcess.cell_worker is initialized
Jul 04 17:14:53.170840 np0000004514 devstack@n-api-meta.service[95723]: DEBUG oslo_concurrency.lockutils [None req-90054a66-17a1-4c7c-a7f1-064c9c045c8d None None] Acquiring lock "00000000-0000-0000-0000-000000000000" by "nova.context.set_target_cell..get_or_set_cached_cell_and_set_connections" {{(pid=95723) inner /opt/stack/data/venv/lib/python3.12/site-packages/oslo_concurrency/lockutils.py:511}}
Jul 04 17:14:53.171011 np0000004514 devstack@n-api-meta.service[95723]: DEBUG oslo_concurrency.lockutils [None req-90054a66-17a1-4c7c-a7f1-064c9c045c8d None None] Lock "00000000-0000-0000-0000-000000000000" acquired by "nova.context.set_target_cell..get_or_set_cached_cell_and_set_connections" :: waited 0.000s {{(pid=95723) inner /opt/stack/data/venv/lib/python3.12/site-packages/oslo_concurrency/lockutils.py:524}}
Jul 04 17:14:53.171434 np0000004514 devstack@n-api-meta.service[95723]: DEBUG oslo_concurrency.lockutils [None req-90054a66-17a1-4c7c-a7f1-064c9c045c8d None None] Lock "00000000-0000-0000-0000-000000000000" "released" by "nova.context.set_target_cell..get_or_set_cached_cell_and_set_connections" :: held 0.000s {{(pid=95723) inner /opt/stack/data/venv/lib/python3.12/site-packages/oslo_concurrency/lockutils.py:543}}
Jul 04 17:14:53.172005 np0000004514 devstack@n-api-meta.service[95723]: DEBUG oslo_concurrency.lockutils [None req-90054a66-17a1-4c7c-a7f1-064c9c045c8d None None] Acquiring lock "2bdc1a83-2d46-435f-b656-c902894ffded" by "nova.context.set_target_cell..get_or_set_cached_cell_and_set_connections" {{(pid=95723) inner /opt/stack/data/venv/lib/python3.12/site-packages/oslo_concurrency/lockutils.py:511}}
Jul 04 17:14:53.173311 np0000004514 devstack@n-api-meta.service[95723]: INFO dbcounter [None req-90054a66-17a1-4c7c-a7f1-064c9c045c8d None None] Registered counter for database nova_cell0
Jul 04 17:14:53.174439 np0000004514 devstack@n-api-meta.service[95723]: DEBUG oslo_concurrency.lockutils [None req-90054a66-17a1-4c7c-a7f1-064c9c045c8d None None] Lock "2bdc1a83-2d46-435f-b656-c902894ffded" acquired by "nova.context.set_target_cell..get_or_set_cached_cell_and_set_connections" :: waited 0.001s {{(pid=95723) inner /opt/stack/data/venv/lib/python3.12/site-packages/oslo_concurrency/lockutils.py:524}}
Jul 04 17:14:53.175986 np0000004514 devstack@n-api-meta.service[95723]: DEBUG oslo_concurrency.lockutils [None req-90054a66-17a1-4c7c-a7f1-064c9c045c8d None None] Lock "2bdc1a83-2d46-435f-b656-c902894ffded" "released" by "nova.context.set_target_cell..get_or_set_cached_cell_and_set_connections" :: held 0.002s {{(pid=95723) inner /opt/stack/data/venv/lib/python3.12/site-packages/oslo_concurrency/lockutils.py:543}}
Jul 04 17:14:53.177828 np0000004514 devstack@n-api-meta.service[95723]: INFO dbcounter [None req-90054a66-17a1-4c7c-a7f1-064c9c045c8d None None] Registered counter for database nova_cell1
Jul 04 17:14:53.198615 np0000004514 devstack@n-api-meta.service[95722]: DEBUG dbcounter [-] [95722] Writer thread running {{(pid=95722) stat_writer /opt/stack/data/venv/lib/python3.12/site-packages/dbcounter.py:102}}
Jul 04 17:14:53.200898 np0000004514 devstack@n-api-meta.service[95721]: DEBUG oslo_db.sqlalchemy.engines [None req-519c7888-81f7-4cf7-af38-6c20fd0a5a25 None None] MySQL server mode set to STRICT_TRANS_TABLES,STRICT_ALL_TABLES,NO_ZERO_IN_DATE,NO_ZERO_DATE,ERROR_FOR_DIVISION_BY_ZERO,TRADITIONAL,NO_ENGINE_SUBSTITUTION {{(pid=95721) _check_effective_sql_mode /opt/stack/data/venv/lib/python3.12/site-packages/oslo_db/sqlalchemy/engines.py:325}}
Jul 04 17:14:53.201014 np0000004514 devstack@n-api-meta.service[95722]: DEBUG nova.context [None req-728ca132-f103-47c7-a896-71b51e863e2b None None] Found 2 cells: 00000000-0000-0000-0000-000000000000(cell0),2bdc1a83-2d46-435f-b656-c902894ffded(cell1) {{(pid=95722) load_cells /opt/stack/nova/nova/context.py:509}}
Jul 04 17:14:53.201174 np0000004514 devstack@n-api-meta.service[95722]: INFO nova.utils [None req-728ca132-f103-47c7-a896-71b51e863e2b None None] The cell worker thread pool MainProcess.cell_worker is initialized
Jul 04 17:14:53.202944 np0000004514 devstack@n-api-meta.service[95722]: DEBUG oslo_concurrency.lockutils [None req-728ca132-f103-47c7-a896-71b51e863e2b None None] Acquiring lock "00000000-0000-0000-0000-000000000000" by "nova.context.set_target_cell..get_or_set_cached_cell_and_set_connections" {{(pid=95722) inner /opt/stack/data/venv/lib/python3.12/site-packages/oslo_concurrency/lockutils.py:511}}
Jul 04 17:14:53.203122 np0000004514 devstack@n-api-meta.service[95722]: DEBUG oslo_concurrency.lockutils [None req-728ca132-f103-47c7-a896-71b51e863e2b None None] Lock "00000000-0000-0000-0000-000000000000" acquired by "nova.context.set_target_cell..get_or_set_cached_cell_and_set_connections" :: waited 0.000s {{(pid=95722) inner /opt/stack/data/venv/lib/python3.12/site-packages/oslo_concurrency/lockutils.py:524}}
Jul 04 17:14:53.203505 np0000004514 devstack@n-api-meta.service[95722]: DEBUG oslo_concurrency.lockutils [None req-728ca132-f103-47c7-a896-71b51e863e2b None None] Lock "00000000-0000-0000-0000-000000000000" "released" by "nova.context.set_target_cell..get_or_set_cached_cell_and_set_connections" :: held 0.000s {{(pid=95722) inner /opt/stack/data/venv/lib/python3.12/site-packages/oslo_concurrency/lockutils.py:543}}
Jul 04 17:14:53.207684 np0000004514 devstack@n-api-meta.service[95722]: DEBUG oslo_concurrency.lockutils [None req-728ca132-f103-47c7-a896-71b51e863e2b None None] Acquiring lock "2bdc1a83-2d46-435f-b656-c902894ffded" by "nova.context.set_target_cell..get_or_set_cached_cell_and_set_connections" {{(pid=95722) inner /opt/stack/data/venv/lib/python3.12/site-packages/oslo_concurrency/lockutils.py:511}}
Jul 04 17:14:53.207684 np0000004514 devstack@n-api-meta.service[95722]: DEBUG oslo_concurrency.lockutils [None req-728ca132-f103-47c7-a896-71b51e863e2b None None] Lock "2bdc1a83-2d46-435f-b656-c902894ffded" acquired by "nova.context.set_target_cell..get_or_set_cached_cell_and_set_connections" :: waited 0.000s {{(pid=95722) inner /opt/stack/data/venv/lib/python3.12/site-packages/oslo_concurrency/lockutils.py:524}}
Jul 04 17:14:53.207815 np0000004514 devstack@n-api-meta.service[95724]: DEBUG oslo_db.sqlalchemy.engines [None req-056239e7-abbc-4b8b-b3c9-4248e55250ab None None] MySQL server mode set to STRICT_TRANS_TABLES,STRICT_ALL_TABLES,NO_ZERO_IN_DATE,NO_ZERO_DATE,ERROR_FOR_DIVISION_BY_ZERO,TRADITIONAL,NO_ENGINE_SUBSTITUTION {{(pid=95724) _check_effective_sql_mode /opt/stack/data/venv/lib/python3.12/site-packages/oslo_db/sqlalchemy/engines.py:325}}
Jul 04 17:14:53.207861 np0000004514 devstack@n-api-meta.service[95722]: DEBUG oslo_concurrency.lockutils [None req-728ca132-f103-47c7-a896-71b51e863e2b None None] Lock "2bdc1a83-2d46-435f-b656-c902894ffded" "released" by "nova.context.set_target_cell..get_or_set_cached_cell_and_set_connections" :: held 0.001s {{(pid=95722) inner /opt/stack/data/venv/lib/python3.12/site-packages/oslo_concurrency/lockutils.py:543}}
Jul 04 17:14:53.207861 np0000004514 devstack@n-api-meta.service[95722]: INFO dbcounter [None req-728ca132-f103-47c7-a896-71b51e863e2b None None] Registered counter for database nova_cell0
Jul 04 17:14:53.208643 np0000004514 devstack@n-api-meta.service[95724]: DEBUG oslo_db.sqlalchemy.engines [None req-056239e7-abbc-4b8b-b3c9-4248e55250ab None None] MySQL server mode set to STRICT_TRANS_TABLES,STRICT_ALL_TABLES,NO_ZERO_IN_DATE,NO_ZERO_DATE,ERROR_FOR_DIVISION_BY_ZERO,TRADITIONAL,NO_ENGINE_SUBSTITUTION {{(pid=95724) _check_effective_sql_mode /opt/stack/data/venv/lib/python3.12/site-packages/oslo_db/sqlalchemy/engines.py:325}}
Jul 04 17:14:53.209255 np0000004514 devstack@n-api-meta.service[95722]: INFO dbcounter [None req-728ca132-f103-47c7-a896-71b51e863e2b None None] Registered counter for database nova_cell1
Jul 04 17:14:53.228783 np0000004514 devstack@n-api-meta.service[95723]: DEBUG oslo_db.sqlalchemy.engines [None req-90054a66-17a1-4c7c-a7f1-064c9c045c8d None None] MySQL server mode set to STRICT_TRANS_TABLES,STRICT_ALL_TABLES,NO_ZERO_IN_DATE,NO_ZERO_DATE,ERROR_FOR_DIVISION_BY_ZERO,TRADITIONAL,NO_ENGINE_SUBSTITUTION {{(pid=95723) _check_effective_sql_mode /opt/stack/data/venv/lib/python3.12/site-packages/oslo_db/sqlalchemy/engines.py:325}}
Jul 04 17:14:53.229952 np0000004514 devstack@n-api-meta.service[95721]: DEBUG dbcounter [-] [95721] Writer thread running {{(pid=95721) stat_writer /opt/stack/data/venv/lib/python3.12/site-packages/dbcounter.py:102}}
Jul 04 17:14:53.232290 np0000004514 devstack@n-api-meta.service[95721]: DEBUG nova.context [None req-519c7888-81f7-4cf7-af38-6c20fd0a5a25 None None] Found 2 cells: 00000000-0000-0000-0000-000000000000(cell0),2bdc1a83-2d46-435f-b656-c902894ffded(cell1) {{(pid=95721) load_cells /opt/stack/nova/nova/context.py:509}}
Jul 04 17:14:53.232556 np0000004514 devstack@n-api-meta.service[95721]: INFO nova.utils [None req-519c7888-81f7-4cf7-af38-6c20fd0a5a25 None None] The cell worker thread pool MainProcess.cell_worker is initialized
Jul 04 17:14:53.233824 np0000004514 devstack@n-api-meta.service[95723]: DEBUG oslo_db.sqlalchemy.engines [None req-90054a66-17a1-4c7c-a7f1-064c9c045c8d None None] MySQL server mode set to STRICT_TRANS_TABLES,STRICT_ALL_TABLES,NO_ZERO_IN_DATE,NO_ZERO_DATE,ERROR_FOR_DIVISION_BY_ZERO,TRADITIONAL,NO_ENGINE_SUBSTITUTION {{(pid=95723) _check_effective_sql_mode /opt/stack/data/venv/lib/python3.12/site-packages/oslo_db/sqlalchemy/engines.py:325}}
Jul 04 17:14:53.234234 np0000004514 devstack@n-api-meta.service[95721]: DEBUG oslo_concurrency.lockutils [None req-519c7888-81f7-4cf7-af38-6c20fd0a5a25 None None] Acquiring lock "00000000-0000-0000-0000-000000000000" by "nova.context.set_target_cell..get_or_set_cached_cell_and_set_connections" {{(pid=95721) inner /opt/stack/data/venv/lib/python3.12/site-packages/oslo_concurrency/lockutils.py:511}}
Jul 04 17:14:53.234403 np0000004514 devstack@n-api-meta.service[95721]: DEBUG oslo_concurrency.lockutils [None req-519c7888-81f7-4cf7-af38-6c20fd0a5a25 None None] Lock "00000000-0000-0000-0000-000000000000" acquired by "nova.context.set_target_cell..get_or_set_cached_cell_and_set_connections" :: waited 0.000s {{(pid=95721) inner /opt/stack/data/venv/lib/python3.12/site-packages/oslo_concurrency/lockutils.py:524}}
Jul 04 17:14:53.234794 np0000004514 devstack@n-api-meta.service[95721]: DEBUG oslo_concurrency.lockutils [None req-519c7888-81f7-4cf7-af38-6c20fd0a5a25 None None] Lock "00000000-0000-0000-0000-000000000000" "released" by "nova.context.set_target_cell..get_or_set_cached_cell_and_set_connections" :: held 0.000s {{(pid=95721) inner /opt/stack/data/venv/lib/python3.12/site-packages/oslo_concurrency/lockutils.py:543}}
Jul 04 17:14:53.235377 np0000004514 devstack@n-api-meta.service[95721]: DEBUG oslo_concurrency.lockutils [None req-519c7888-81f7-4cf7-af38-6c20fd0a5a25 None None] Acquiring lock "2bdc1a83-2d46-435f-b656-c902894ffded" by "nova.context.set_target_cell..get_or_set_cached_cell_and_set_connections" {{(pid=95721) inner /opt/stack/data/venv/lib/python3.12/site-packages/oslo_concurrency/lockutils.py:511}}
Jul 04 17:14:53.236940 np0000004514 devstack@n-api-meta.service[95721]: INFO dbcounter [None req-519c7888-81f7-4cf7-af38-6c20fd0a5a25 None None] Registered counter for database nova_cell0
Jul 04 17:14:53.238089 np0000004514 devstack@n-api-meta.service[95721]: DEBUG oslo_concurrency.lockutils [None req-519c7888-81f7-4cf7-af38-6c20fd0a5a25 None None] Lock "2bdc1a83-2d46-435f-b656-c902894ffded" acquired by "nova.context.set_target_cell..get_or_set_cached_cell_and_set_connections" :: waited 0.001s {{(pid=95721) inner /opt/stack/data/venv/lib/python3.12/site-packages/oslo_concurrency/lockutils.py:524}}
Jul 04 17:14:53.239360 np0000004514 devstack@n-api-meta.service[95721]: DEBUG oslo_concurrency.lockutils [None req-519c7888-81f7-4cf7-af38-6c20fd0a5a25 None None] Lock "2bdc1a83-2d46-435f-b656-c902894ffded" "released" by "nova.context.set_target_cell..get_or_set_cached_cell_and_set_connections" :: held 0.002s {{(pid=95721) inner /opt/stack/data/venv/lib/python3.12/site-packages/oslo_concurrency/lockutils.py:543}}
Jul 04 17:14:53.240950 np0000004514 devstack@n-api-meta.service[95721]: INFO dbcounter [None req-519c7888-81f7-4cf7-af38-6c20fd0a5a25 None None] Registered counter for database nova_cell1
Jul 04 17:14:53.268675 np0000004514 devstack@n-api-meta.service[95722]: DEBUG oslo_db.sqlalchemy.engines [None req-728ca132-f103-47c7-a896-71b51e863e2b None None] MySQL server mode set to STRICT_TRANS_TABLES,STRICT_ALL_TABLES,NO_ZERO_IN_DATE,NO_ZERO_DATE,ERROR_FOR_DIVISION_BY_ZERO,TRADITIONAL,NO_ENGINE_SUBSTITUTION {{(pid=95722) _check_effective_sql_mode /opt/stack/data/venv/lib/python3.12/site-packages/oslo_db/sqlalchemy/engines.py:325}}
Jul 04 17:14:53.272737 np0000004514 devstack@n-api-meta.service[95722]: DEBUG oslo_db.sqlalchemy.engines [None req-728ca132-f103-47c7-a896-71b51e863e2b None None] MySQL server mode set to STRICT_TRANS_TABLES,STRICT_ALL_TABLES,NO_ZERO_IN_DATE,NO_ZERO_DATE,ERROR_FOR_DIVISION_BY_ZERO,TRADITIONAL,NO_ENGINE_SUBSTITUTION {{(pid=95722) _check_effective_sql_mode /opt/stack/data/venv/lib/python3.12/site-packages/oslo_db/sqlalchemy/engines.py:325}}
Jul 04 17:14:53.286563 np0000004514 devstack@n-api-meta.service[95724]: DEBUG dbcounter [-] [95724] Writer thread running {{(pid=95724) stat_writer /opt/stack/data/venv/lib/python3.12/site-packages/dbcounter.py:102}}
Jul 04 17:14:53.292447 np0000004514 devstack@n-api-meta.service[95724]: DEBUG dbcounter [-] [95724] Writer thread running {{(pid=95724) stat_writer /opt/stack/data/venv/lib/python3.12/site-packages/dbcounter.py:102}}
Jul 04 17:14:53.292905 np0000004514 devstack@n-api-meta.service[95721]: DEBUG oslo_db.sqlalchemy.engines [None req-519c7888-81f7-4cf7-af38-6c20fd0a5a25 None None] MySQL server mode set to STRICT_TRANS_TABLES,STRICT_ALL_TABLES,NO_ZERO_IN_DATE,NO_ZERO_DATE,ERROR_FOR_DIVISION_BY_ZERO,TRADITIONAL,NO_ENGINE_SUBSTITUTION {{(pid=95721) _check_effective_sql_mode /opt/stack/data/venv/lib/python3.12/site-packages/oslo_db/sqlalchemy/engines.py:325}}
Jul 04 17:14:53.293673 np0000004514 devstack@n-api-meta.service[95724]: INFO dbcounter [None req-056239e7-abbc-4b8b-b3c9-4248e55250ab None None] Registered counter for database nova_cell0
Jul 04 17:14:53.297461 np0000004514 devstack@n-api-meta.service[95721]: DEBUG oslo_db.sqlalchemy.engines [None req-519c7888-81f7-4cf7-af38-6c20fd0a5a25 None None] MySQL server mode set to STRICT_TRANS_TABLES,STRICT_ALL_TABLES,NO_ZERO_IN_DATE,NO_ZERO_DATE,ERROR_FOR_DIVISION_BY_ZERO,TRADITIONAL,NO_ENGINE_SUBSTITUTION {{(pid=95721) _check_effective_sql_mode /opt/stack/data/venv/lib/python3.12/site-packages/oslo_db/sqlalchemy/engines.py:325}}
Jul 04 17:14:53.315764 np0000004514 devstack@n-api-meta.service[95723]: DEBUG dbcounter [-] [95723] Writer thread running {{(pid=95723) stat_writer /opt/stack/data/venv/lib/python3.12/site-packages/dbcounter.py:102}}
Jul 04 17:14:53.319632 np0000004514 devstack@n-api-meta.service[95723]: DEBUG dbcounter [-] [95723] Writer thread running {{(pid=95723) stat_writer /opt/stack/data/venv/lib/python3.12/site-packages/dbcounter.py:102}}
Jul 04 17:14:53.322968 np0000004514 devstack@n-api-meta.service[95723]: INFO dbcounter [None req-90054a66-17a1-4c7c-a7f1-064c9c045c8d None None] Registered counter for database nova_cell0
Jul 04 17:14:53.330669 np0000004514 devstack@n-api-meta.service[95724]: DEBUG oslo_db.sqlalchemy.engines [None req-056239e7-abbc-4b8b-b3c9-4248e55250ab None None] MySQL server mode set to STRICT_TRANS_TABLES,STRICT_ALL_TABLES,NO_ZERO_IN_DATE,NO_ZERO_DATE,ERROR_FOR_DIVISION_BY_ZERO,TRADITIONAL,NO_ENGINE_SUBSTITUTION {{(pid=95724) _check_effective_sql_mode /opt/stack/data/venv/lib/python3.12/site-packages/oslo_db/sqlalchemy/engines.py:325}}
Jul 04 17:14:53.336693 np0000004514 devstack@n-api-meta.service[95724]: DEBUG dbcounter [-] [95724] Writer thread running {{(pid=95724) stat_writer /opt/stack/data/venv/lib/python3.12/site-packages/dbcounter.py:102}}
Jul 04 17:14:53.353225 np0000004514 devstack@n-api-meta.service[95722]: DEBUG dbcounter [-] [95722] Writer thread running {{(pid=95722) stat_writer /opt/stack/data/venv/lib/python3.12/site-packages/dbcounter.py:102}}
Jul 04 17:14:53.356969 np0000004514 devstack@n-api-meta.service[95722]: DEBUG dbcounter [-] [95722] Writer thread running {{(pid=95722) stat_writer /opt/stack/data/venv/lib/python3.12/site-packages/dbcounter.py:102}}
Jul 04 17:14:53.357615 np0000004514 devstack@n-api-meta.service[95723]: DEBUG oslo_db.sqlalchemy.engines [None req-90054a66-17a1-4c7c-a7f1-064c9c045c8d None None] MySQL server mode set to STRICT_TRANS_TABLES,STRICT_ALL_TABLES,NO_ZERO_IN_DATE,NO_ZERO_DATE,ERROR_FOR_DIVISION_BY_ZERO,TRADITIONAL,NO_ENGINE_SUBSTITUTION {{(pid=95723) _check_effective_sql_mode /opt/stack/data/venv/lib/python3.12/site-packages/oslo_db/sqlalchemy/engines.py:325}}
Jul 04 17:14:53.360060 np0000004514 devstack@n-api-meta.service[95722]: INFO dbcounter [None req-728ca132-f103-47c7-a896-71b51e863e2b None None] Registered counter for database nova_cell0
Jul 04 17:14:53.363139 np0000004514 devstack@n-api-meta.service[95723]: DEBUG dbcounter [-] [95723] Writer thread running {{(pid=95723) stat_writer /opt/stack/data/venv/lib/python3.12/site-packages/dbcounter.py:102}}
Jul 04 17:14:53.373140 np0000004514 devstack@n-api-meta.service[95724]: WARNING nova.api.metadata.handler [None req-056239e7-abbc-4b8b-b3c9-4248e55250ab None None] metadata_proxy_shared_secret is not configured, the metadata information returned by the proxy cannot be trusted
Jul 04 17:14:53.374508 np0000004514 devstack@n-api-meta.service[95724]: DEBUG nova.api.openstack.wsgi_app [None req-056239e7-abbc-4b8b-b3c9-4248e55250ab None None] ******************************************************************************** {{(pid=95724) log_opt_values /opt/stack/data/venv/lib/python3.12/site-packages/oslo_config/cfg.py:3226}}
Jul 04 17:14:53.374629 np0000004514 devstack@n-api-meta.service[95724]: DEBUG nova.api.openstack.wsgi_app [None req-056239e7-abbc-4b8b-b3c9-4248e55250ab None None] Configuration options gathered from: {{(pid=95724) log_opt_values /opt/stack/data/venv/lib/python3.12/site-packages/oslo_config/cfg.py:3227}}
Jul 04 17:14:53.374748 np0000004514 devstack@n-api-meta.service[95724]: DEBUG nova.api.openstack.wsgi_app [None req-056239e7-abbc-4b8b-b3c9-4248e55250ab None None] command line args: [] {{(pid=95724) log_opt_values /opt/stack/data/venv/lib/python3.12/site-packages/oslo_config/cfg.py:3228}}
Jul 04 17:14:53.374902 np0000004514 devstack@n-api-meta.service[95724]: DEBUG nova.api.openstack.wsgi_app [None req-056239e7-abbc-4b8b-b3c9-4248e55250ab None None] config files: ['/etc/nova/api-paste.ini', '/etc/nova/nova.conf'] {{(pid=95724) log_opt_values /opt/stack/data/venv/lib/python3.12/site-packages/oslo_config/cfg.py:3229}}
Jul 04 17:14:53.374997 np0000004514 devstack@n-api-meta.service[95724]: DEBUG nova.api.openstack.wsgi_app [None req-056239e7-abbc-4b8b-b3c9-4248e55250ab None None] ================================================================================ {{(pid=95724) log_opt_values /opt/stack/data/venv/lib/python3.12/site-packages/oslo_config/cfg.py:3234}}
Jul 04 17:14:53.375158 np0000004514 devstack@n-api-meta.service[95724]: DEBUG nova.api.openstack.wsgi_app [None req-056239e7-abbc-4b8b-b3c9-4248e55250ab None None] allow_resize_to_same_host = True {{(pid=95724) log_opt_values /opt/stack/data/venv/lib/python3.12/site-packages/oslo_config/cfg.py:3242}}
Jul 04 17:14:53.375279 np0000004514 devstack@n-api-meta.service[95724]: DEBUG nova.api.openstack.wsgi_app [None req-056239e7-abbc-4b8b-b3c9-4248e55250ab None None] arq_binding_timeout = 300 {{(pid=95724) log_opt_values /opt/stack/data/venv/lib/python3.12/site-packages/oslo_config/cfg.py:3242}}
Jul 04 17:14:53.375402 np0000004514 devstack@n-api-meta.service[95724]: DEBUG nova.api.openstack.wsgi_app [None req-056239e7-abbc-4b8b-b3c9-4248e55250ab None None] block_device_allocate_retries = 60 {{(pid=95724) log_opt_values /opt/stack/data/venv/lib/python3.12/site-packages/oslo_config/cfg.py:3242}}
Jul 04 17:14:53.375571 np0000004514 devstack@n-api-meta.service[95724]: DEBUG nova.api.openstack.wsgi_app [None req-056239e7-abbc-4b8b-b3c9-4248e55250ab None None] block_device_allocate_retries_interval = 3 {{(pid=95724) log_opt_values /opt/stack/data/venv/lib/python3.12/site-packages/oslo_config/cfg.py:3242}}
Jul 04 17:14:53.375694 np0000004514 devstack@n-api-meta.service[95724]: DEBUG nova.api.openstack.wsgi_app [None req-056239e7-abbc-4b8b-b3c9-4248e55250ab None None] cell_worker_thread_pool_size = 5 {{(pid=95724) log_opt_values /opt/stack/data/venv/lib/python3.12/site-packages/oslo_config/cfg.py:3242}}
Jul 04 17:14:53.375833 np0000004514 devstack@n-api-meta.service[95724]: DEBUG nova.api.openstack.wsgi_app [None req-056239e7-abbc-4b8b-b3c9-4248e55250ab None None] cert = self.pem {{(pid=95724) log_opt_values /opt/stack/data/venv/lib/python3.12/site-packages/oslo_config/cfg.py:3242}}
Jul 04 17:14:53.376445 np0000004514 devstack@n-api-meta.service[95724]: DEBUG nova.api.openstack.wsgi_app [None req-056239e7-abbc-4b8b-b3c9-4248e55250ab None None] compute_driver = libvirt.LibvirtDriver {{(pid=95724) log_opt_values /opt/stack/data/venv/lib/python3.12/site-packages/oslo_config/cfg.py:3242}}
Jul 04 17:14:53.376445 np0000004514 devstack@n-api-meta.service[95724]: DEBUG nova.api.openstack.wsgi_app [None req-056239e7-abbc-4b8b-b3c9-4248e55250ab None None] compute_monitors = [] {{(pid=95724) log_opt_values /opt/stack/data/venv/lib/python3.12/site-packages/oslo_config/cfg.py:3242}}
Jul 04 17:14:53.376445 np0000004514 devstack@n-api-meta.service[95724]: DEBUG nova.api.openstack.wsgi_app [None req-056239e7-abbc-4b8b-b3c9-4248e55250ab None None] config_dir = [] {{(pid=95724) log_opt_values /opt/stack/data/venv/lib/python3.12/site-packages/oslo_config/cfg.py:3242}}
Jul 04 17:14:53.376445 np0000004514 devstack@n-api-meta.service[95724]: DEBUG nova.api.openstack.wsgi_app [None req-056239e7-abbc-4b8b-b3c9-4248e55250ab None None] config_drive_format = iso9660 {{(pid=95724) log_opt_values /opt/stack/data/venv/lib/python3.12/site-packages/oslo_config/cfg.py:3242}}
Jul 04 17:14:53.376445 np0000004514 devstack@n-api-meta.service[95724]: DEBUG nova.api.openstack.wsgi_app [None req-056239e7-abbc-4b8b-b3c9-4248e55250ab None None] config_file = ['/etc/nova/api-paste.ini', '/etc/nova/nova.conf'] {{(pid=95724) log_opt_values /opt/stack/data/venv/lib/python3.12/site-packages/oslo_config/cfg.py:3242}}
Jul 04 17:14:53.376590 np0000004514 devstack@n-api-meta.service[95724]: DEBUG nova.api.openstack.wsgi_app [None req-056239e7-abbc-4b8b-b3c9-4248e55250ab None None] config_source = [] {{(pid=95724) log_opt_values /opt/stack/data/venv/lib/python3.12/site-packages/oslo_config/cfg.py:3242}}
Jul 04 17:14:53.376702 np0000004514 devstack@n-api-meta.service[95724]: DEBUG nova.api.openstack.wsgi_app [None req-056239e7-abbc-4b8b-b3c9-4248e55250ab None None] console_host = np0000004514 {{(pid=95724) log_opt_values /opt/stack/data/venv/lib/python3.12/site-packages/oslo_config/cfg.py:3242}}
Jul 04 17:14:53.376836 np0000004514 devstack@n-api-meta.service[95724]: DEBUG nova.api.openstack.wsgi_app [None req-056239e7-abbc-4b8b-b3c9-4248e55250ab None None] control_exchange = nova {{(pid=95724) log_opt_values /opt/stack/data/venv/lib/python3.12/site-packages/oslo_config/cfg.py:3242}}
Jul 04 17:14:53.376952 np0000004514 devstack@n-api-meta.service[95724]: DEBUG nova.api.openstack.wsgi_app [None req-056239e7-abbc-4b8b-b3c9-4248e55250ab None None] cpu_allocation_ratio = None {{(pid=95724) log_opt_values /opt/stack/data/venv/lib/python3.12/site-packages/oslo_config/cfg.py:3242}}
Jul 04 17:14:53.377065 np0000004514 devstack@n-api-meta.service[95724]: DEBUG nova.api.openstack.wsgi_app [None req-056239e7-abbc-4b8b-b3c9-4248e55250ab None None] daemon = False {{(pid=95724) log_opt_values /opt/stack/data/venv/lib/python3.12/site-packages/oslo_config/cfg.py:3242}}
Jul 04 17:14:53.377187 np0000004514 devstack@n-api-meta.service[95724]: DEBUG nova.api.openstack.wsgi_app [None req-056239e7-abbc-4b8b-b3c9-4248e55250ab None None] debug = True {{(pid=95724) log_opt_values /opt/stack/data/venv/lib/python3.12/site-packages/oslo_config/cfg.py:3242}}
Jul 04 17:14:53.377300 np0000004514 devstack@n-api-meta.service[95724]: DEBUG nova.api.openstack.wsgi_app [None req-056239e7-abbc-4b8b-b3c9-4248e55250ab None None] default_access_ip_network_name = None {{(pid=95724) log_opt_values /opt/stack/data/venv/lib/python3.12/site-packages/oslo_config/cfg.py:3242}}
Jul 04 17:14:53.377442 np0000004514 devstack@n-api-meta.service[95724]: DEBUG nova.api.openstack.wsgi_app [None req-056239e7-abbc-4b8b-b3c9-4248e55250ab None None] default_availability_zone = nova {{(pid=95724) log_opt_values /opt/stack/data/venv/lib/python3.12/site-packages/oslo_config/cfg.py:3242}}
Jul 04 17:14:53.377575 np0000004514 devstack@n-api-meta.service[95724]: DEBUG nova.api.openstack.wsgi_app [None req-056239e7-abbc-4b8b-b3c9-4248e55250ab None None] default_ephemeral_format = ext4 {{(pid=95724) log_opt_values /opt/stack/data/venv/lib/python3.12/site-packages/oslo_config/cfg.py:3242}}
Jul 04 17:14:53.377690 np0000004514 devstack@n-api-meta.service[95724]: DEBUG nova.api.openstack.wsgi_app [None req-056239e7-abbc-4b8b-b3c9-4248e55250ab None None] default_green_pool_size = 1000 {{(pid=95724) log_opt_values /opt/stack/data/venv/lib/python3.12/site-packages/oslo_config/cfg.py:3242}}
Jul 04 17:14:53.377878 np0000004514 devstack@n-api-meta.service[95724]: DEBUG nova.api.openstack.wsgi_app [None req-056239e7-abbc-4b8b-b3c9-4248e55250ab None None] default_log_levels = ['amqp=WARN', 'boto=WARN', 'sqlalchemy=WARN', 'suds=INFO', 'oslo.messaging=INFO', 'oslo_messaging=INFO', 'iso8601=WARN', 'requests.packages.urllib3.connectionpool=WARN', 'urllib3.connectionpool=WARN', 'websocket=WARN', 'requests.packages.urllib3.util.retry=WARN', 'urllib3.util.retry=WARN', 'keystonemiddleware=WARN', 'routes.middleware=WARN', 'stevedore=WARN', 'taskflow=WARN', 'keystoneauth=WARN', 'oslo.cache=INFO', 'oslo_policy=INFO', 'dogpile.core.dogpile=INFO', 'glanceclient=WARN', 'oslo.privsep.daemon=INFO'] {{(pid=95724) log_opt_values /opt/stack/data/venv/lib/python3.12/site-packages/oslo_config/cfg.py:3242}}
Jul 04 17:14:53.377991 np0000004514 devstack@n-api-meta.service[95724]: DEBUG nova.api.openstack.wsgi_app [None req-056239e7-abbc-4b8b-b3c9-4248e55250ab None None] default_schedule_zone = None {{(pid=95724) log_opt_values /opt/stack/data/venv/lib/python3.12/site-packages/oslo_config/cfg.py:3242}}
Jul 04 17:14:53.378102 np0000004514 devstack@n-api-meta.service[95724]: DEBUG nova.api.openstack.wsgi_app [None req-056239e7-abbc-4b8b-b3c9-4248e55250ab None None] default_thread_pool_size = 10 {{(pid=95724) log_opt_values /opt/stack/data/venv/lib/python3.12/site-packages/oslo_config/cfg.py:3242}}
Jul 04 17:14:53.378213 np0000004514 devstack@n-api-meta.service[95724]: DEBUG nova.api.openstack.wsgi_app [None req-056239e7-abbc-4b8b-b3c9-4248e55250ab None None] disk_allocation_ratio = None {{(pid=95724) log_opt_values /opt/stack/data/venv/lib/python3.12/site-packages/oslo_config/cfg.py:3242}}
Jul 04 17:14:53.378332 np0000004514 devstack@n-api-meta.service[95724]: DEBUG nova.api.openstack.wsgi_app [None req-056239e7-abbc-4b8b-b3c9-4248e55250ab None None] enable_new_services = True {{(pid=95724) log_opt_values /opt/stack/data/venv/lib/python3.12/site-packages/oslo_config/cfg.py:3242}}
Jul 04 17:14:53.378478 np0000004514 devstack@n-api-meta.service[95724]: DEBUG nova.api.openstack.wsgi_app [None req-056239e7-abbc-4b8b-b3c9-4248e55250ab None None] flat_injected = False {{(pid=95724) log_opt_values /opt/stack/data/venv/lib/python3.12/site-packages/oslo_config/cfg.py:3242}}
Jul 04 17:14:53.378603 np0000004514 devstack@n-api-meta.service[95724]: DEBUG nova.api.openstack.wsgi_app [None req-056239e7-abbc-4b8b-b3c9-4248e55250ab None None] force_config_drive = True {{(pid=95724) log_opt_values /opt/stack/data/venv/lib/python3.12/site-packages/oslo_config/cfg.py:3242}}
Jul 04 17:14:53.378716 np0000004514 devstack@n-api-meta.service[95724]: DEBUG nova.api.openstack.wsgi_app [None req-056239e7-abbc-4b8b-b3c9-4248e55250ab None None] force_raw_images = True {{(pid=95724) log_opt_values /opt/stack/data/venv/lib/python3.12/site-packages/oslo_config/cfg.py:3242}}
Jul 04 17:14:53.378852 np0000004514 devstack@n-api-meta.service[95724]: DEBUG nova.api.openstack.wsgi_app [None req-056239e7-abbc-4b8b-b3c9-4248e55250ab None None] graceful_shutdown_timeout = 5 {{(pid=95724) log_opt_values /opt/stack/data/venv/lib/python3.12/site-packages/oslo_config/cfg.py:3242}}
Jul 04 17:14:53.379424 np0000004514 devstack@n-api-meta.service[95724]: DEBUG nova.api.openstack.wsgi_app [None req-056239e7-abbc-4b8b-b3c9-4248e55250ab None None] heal_instance_info_cache_interval = -1 {{(pid=95724) log_opt_values /opt/stack/data/venv/lib/python3.12/site-packages/oslo_config/cfg.py:3242}}
Jul 04 17:14:53.379424 np0000004514 devstack@n-api-meta.service[95724]: DEBUG nova.api.openstack.wsgi_app [None req-056239e7-abbc-4b8b-b3c9-4248e55250ab None None] host = np0000004514 {{(pid=95724) log_opt_values /opt/stack/data/venv/lib/python3.12/site-packages/oslo_config/cfg.py:3242}}
Jul 04 17:14:53.379424 np0000004514 devstack@n-api-meta.service[95724]: DEBUG nova.api.openstack.wsgi_app [None req-056239e7-abbc-4b8b-b3c9-4248e55250ab None None] initial_cpu_allocation_ratio = 4.0 {{(pid=95724) log_opt_values /opt/stack/data/venv/lib/python3.12/site-packages/oslo_config/cfg.py:3242}}
Jul 04 17:14:53.379424 np0000004514 devstack@n-api-meta.service[95724]: DEBUG nova.api.openstack.wsgi_app [None req-056239e7-abbc-4b8b-b3c9-4248e55250ab None None] initial_disk_allocation_ratio = 1.0 {{(pid=95724) log_opt_values /opt/stack/data/venv/lib/python3.12/site-packages/oslo_config/cfg.py:3242}}
Jul 04 17:14:53.379547 np0000004514 devstack@n-api-meta.service[95724]: DEBUG nova.api.openstack.wsgi_app [None req-056239e7-abbc-4b8b-b3c9-4248e55250ab None None] initial_ram_allocation_ratio = 1.0 {{(pid=95724) log_opt_values /opt/stack/data/venv/lib/python3.12/site-packages/oslo_config/cfg.py:3242}}
Jul 04 17:14:53.379709 np0000004514 devstack@n-api-meta.service[95724]: DEBUG nova.api.openstack.wsgi_app [None req-056239e7-abbc-4b8b-b3c9-4248e55250ab None None] injected_network_template = /opt/stack/nova/nova/virt/interfaces.template {{(pid=95724) log_opt_values /opt/stack/data/venv/lib/python3.12/site-packages/oslo_config/cfg.py:3242}}
Jul 04 17:14:53.379843 np0000004514 devstack@n-api-meta.service[95724]: DEBUG nova.api.openstack.wsgi_app [None req-056239e7-abbc-4b8b-b3c9-4248e55250ab None None] instance_build_timeout = 0 {{(pid=95724) log_opt_values /opt/stack/data/venv/lib/python3.12/site-packages/oslo_config/cfg.py:3242}}
Jul 04 17:14:53.379960 np0000004514 devstack@n-api-meta.service[95724]: DEBUG nova.api.openstack.wsgi_app [None req-056239e7-abbc-4b8b-b3c9-4248e55250ab None None] instance_delete_interval = 300 {{(pid=95724) log_opt_values /opt/stack/data/venv/lib/python3.12/site-packages/oslo_config/cfg.py:3242}}
Jul 04 17:14:53.380079 np0000004514 devstack@n-api-meta.service[95724]: DEBUG nova.api.openstack.wsgi_app [None req-056239e7-abbc-4b8b-b3c9-4248e55250ab None None] instance_format = [instance: %(uuid)s] {{(pid=95724) log_opt_values /opt/stack/data/venv/lib/python3.12/site-packages/oslo_config/cfg.py:3242}}
Jul 04 17:14:53.380197 np0000004514 devstack@n-api-meta.service[95724]: DEBUG nova.api.openstack.wsgi_app [None req-056239e7-abbc-4b8b-b3c9-4248e55250ab None None] instance_name_template = instance-%08x {{(pid=95724) log_opt_values /opt/stack/data/venv/lib/python3.12/site-packages/oslo_config/cfg.py:3242}}
Jul 04 17:14:53.380308 np0000004514 devstack@n-api-meta.service[95724]: DEBUG nova.api.openstack.wsgi_app [None req-056239e7-abbc-4b8b-b3c9-4248e55250ab None None] instance_usage_audit = False {{(pid=95724) log_opt_values /opt/stack/data/venv/lib/python3.12/site-packages/oslo_config/cfg.py:3242}}
Jul 04 17:14:53.380455 np0000004514 devstack@n-api-meta.service[95724]: DEBUG nova.api.openstack.wsgi_app [None req-056239e7-abbc-4b8b-b3c9-4248e55250ab None None] instance_usage_audit_period = month {{(pid=95724) log_opt_values /opt/stack/data/venv/lib/python3.12/site-packages/oslo_config/cfg.py:3242}}
Jul 04 17:14:53.380579 np0000004514 devstack@n-api-meta.service[95724]: DEBUG nova.api.openstack.wsgi_app [None req-056239e7-abbc-4b8b-b3c9-4248e55250ab None None] instance_uuid_format = [instance: %(uuid)s] {{(pid=95724) log_opt_values /opt/stack/data/venv/lib/python3.12/site-packages/oslo_config/cfg.py:3242}}
Jul 04 17:14:53.380699 np0000004514 devstack@n-api-meta.service[95724]: DEBUG nova.api.openstack.wsgi_app [None req-056239e7-abbc-4b8b-b3c9-4248e55250ab None None] instances_path = /opt/stack/data/nova/instances {{(pid=95724) log_opt_values /opt/stack/data/venv/lib/python3.12/site-packages/oslo_config/cfg.py:3242}}
Jul 04 17:14:53.380830 np0000004514 devstack@n-api-meta.service[95724]: DEBUG nova.api.openstack.wsgi_app [None req-056239e7-abbc-4b8b-b3c9-4248e55250ab None None] internal_service_availability_zone = internal {{(pid=95724) log_opt_values /opt/stack/data/venv/lib/python3.12/site-packages/oslo_config/cfg.py:3242}}
Jul 04 17:14:53.380942 np0000004514 devstack@n-api-meta.service[95724]: DEBUG nova.api.openstack.wsgi_app [None req-056239e7-abbc-4b8b-b3c9-4248e55250ab None None] key = None {{(pid=95724) log_opt_values /opt/stack/data/venv/lib/python3.12/site-packages/oslo_config/cfg.py:3242}}
Jul 04 17:14:53.381055 np0000004514 devstack@n-api-meta.service[95724]: DEBUG nova.api.openstack.wsgi_app [None req-056239e7-abbc-4b8b-b3c9-4248e55250ab None None] live_migration_retry_count = 30 {{(pid=95724) log_opt_values /opt/stack/data/venv/lib/python3.12/site-packages/oslo_config/cfg.py:3242}}
Jul 04 17:14:53.381177 np0000004514 devstack@n-api-meta.service[95724]: DEBUG nova.api.openstack.wsgi_app [None req-056239e7-abbc-4b8b-b3c9-4248e55250ab None None] log_color = False {{(pid=95724) log_opt_values /opt/stack/data/venv/lib/python3.12/site-packages/oslo_config/cfg.py:3242}}
Jul 04 17:14:53.381292 np0000004514 devstack@n-api-meta.service[95724]: DEBUG nova.api.openstack.wsgi_app [None req-056239e7-abbc-4b8b-b3c9-4248e55250ab None None] log_config_append = None {{(pid=95724) log_opt_values /opt/stack/data/venv/lib/python3.12/site-packages/oslo_config/cfg.py:3242}}
Jul 04 17:14:53.381436 np0000004514 devstack@n-api-meta.service[95724]: DEBUG nova.api.openstack.wsgi_app [None req-056239e7-abbc-4b8b-b3c9-4248e55250ab None None] log_date_format = %Y-%m-%d %H:%M:%S {{(pid=95724) log_opt_values /opt/stack/data/venv/lib/python3.12/site-packages/oslo_config/cfg.py:3242}}
Jul 04 17:14:53.381590 np0000004514 devstack@n-api-meta.service[95724]: DEBUG nova.api.openstack.wsgi_app [None req-056239e7-abbc-4b8b-b3c9-4248e55250ab None None] log_dir = None {{(pid=95724) log_opt_values /opt/stack/data/venv/lib/python3.12/site-packages/oslo_config/cfg.py:3242}}
Jul 04 17:14:53.381708 np0000004514 devstack@n-api-meta.service[95724]: DEBUG nova.api.openstack.wsgi_app [None req-056239e7-abbc-4b8b-b3c9-4248e55250ab None None] log_file = None {{(pid=95724) log_opt_values /opt/stack/data/venv/lib/python3.12/site-packages/oslo_config/cfg.py:3242}}
Jul 04 17:14:53.381812 np0000004514 devstack@n-api-meta.service[95724]: DEBUG nova.api.openstack.wsgi_app [None req-056239e7-abbc-4b8b-b3c9-4248e55250ab None None] log_options = True {{(pid=95724) log_opt_values /opt/stack/data/venv/lib/python3.12/site-packages/oslo_config/cfg.py:3242}}
Jul 04 17:14:53.381927 np0000004514 devstack@n-api-meta.service[95724]: DEBUG nova.api.openstack.wsgi_app [None req-056239e7-abbc-4b8b-b3c9-4248e55250ab None None] log_rotate_interval = 1 {{(pid=95724) log_opt_values /opt/stack/data/venv/lib/python3.12/site-packages/oslo_config/cfg.py:3242}}
Jul 04 17:14:53.382082 np0000004514 devstack@n-api-meta.service[95724]: DEBUG nova.api.openstack.wsgi_app [None req-056239e7-abbc-4b8b-b3c9-4248e55250ab None None] log_rotate_interval_type = days {{(pid=95724) log_opt_values /opt/stack/data/venv/lib/python3.12/site-packages/oslo_config/cfg.py:3242}}
Jul 04 17:14:53.382511 np0000004514 devstack@n-api-meta.service[95724]: DEBUG nova.api.openstack.wsgi_app [None req-056239e7-abbc-4b8b-b3c9-4248e55250ab None None] log_rotation_type = none {{(pid=95724) log_opt_values /opt/stack/data/venv/lib/python3.12/site-packages/oslo_config/cfg.py:3242}}
Jul 04 17:14:53.382511 np0000004514 devstack@n-api-meta.service[95724]: DEBUG nova.api.openstack.wsgi_app [None req-056239e7-abbc-4b8b-b3c9-4248e55250ab None None] logging_context_format_string = %(color)s%(levelname)s %(name)s [%(global_request_id)s %(request_id)s %(project_name)s %(user_name)s%(color)s] %(instance)s%(color)s%(message)s {{(pid=95724) log_opt_values /opt/stack/data/venv/lib/python3.12/site-packages/oslo_config/cfg.py:3242}}
Jul 04 17:14:53.382511 np0000004514 devstack@n-api-meta.service[95724]: DEBUG nova.api.openstack.wsgi_app [None req-056239e7-abbc-4b8b-b3c9-4248e55250ab None None] logging_debug_format_suffix = {{(pid=%(process)d) %(funcName)s %(pathname)s:%(lineno)d}} {{(pid=95724) log_opt_values /opt/stack/data/venv/lib/python3.12/site-packages/oslo_config/cfg.py:3242}}
Jul 04 17:14:53.382511 np0000004514 devstack@n-api-meta.service[95724]: DEBUG nova.api.openstack.wsgi_app [None req-056239e7-abbc-4b8b-b3c9-4248e55250ab None None] logging_default_format_string = %(color)s%(levelname)s %(name)s [-%(color)s] %(instance)s%(color)s%(message)s {{(pid=95724) log_opt_values /opt/stack/data/venv/lib/python3.12/site-packages/oslo_config/cfg.py:3242}}
Jul 04 17:14:53.382628 np0000004514 devstack@n-api-meta.service[95724]: DEBUG nova.api.openstack.wsgi_app [None req-056239e7-abbc-4b8b-b3c9-4248e55250ab None None] logging_exception_prefix = ERROR %(name)s %(instance)s {{(pid=95724) log_opt_values /opt/stack/data/venv/lib/python3.12/site-packages/oslo_config/cfg.py:3242}}
Jul 04 17:14:53.382709 np0000004514 devstack@n-api-meta.service[95724]: DEBUG nova.api.openstack.wsgi_app [None req-056239e7-abbc-4b8b-b3c9-4248e55250ab None None] logging_user_identity_format = %(user)s %(project)s %(domain)s %(system_scope)s %(user_domain)s %(project_domain)s {{(pid=95724) log_opt_values /opt/stack/data/venv/lib/python3.12/site-packages/oslo_config/cfg.py:3242}}
Jul 04 17:14:53.382839 np0000004514 devstack@n-api-meta.service[95724]: DEBUG nova.api.openstack.wsgi_app [None req-056239e7-abbc-4b8b-b3c9-4248e55250ab None None] long_rpc_timeout = 1800 {{(pid=95724) log_opt_values /opt/stack/data/venv/lib/python3.12/site-packages/oslo_config/cfg.py:3242}}
Jul 04 17:14:53.382951 np0000004514 devstack@n-api-meta.service[95724]: DEBUG nova.api.openstack.wsgi_app [None req-056239e7-abbc-4b8b-b3c9-4248e55250ab None None] manager_shutdown_timeout = 160 {{(pid=95724) log_opt_values /opt/stack/data/venv/lib/python3.12/site-packages/oslo_config/cfg.py:3242}}
Jul 04 17:14:53.383062 np0000004514 devstack@n-api-meta.service[95724]: DEBUG nova.api.openstack.wsgi_app [None req-056239e7-abbc-4b8b-b3c9-4248e55250ab None None] max_concurrent_builds = 10 {{(pid=95724) log_opt_values /opt/stack/data/venv/lib/python3.12/site-packages/oslo_config/cfg.py:3242}}
