Jul 04 17:14:58.036629 np0000004514 nova-conductor[98737]: DEBUG cotyledon.oslo_config_glue [-] profiler.hmac_keys = **** {{(pid=98737) log_opt_values /opt/stack/data/venv/lib/python3.12/site-packages/oslo_config/cfg.py:3253}}
Jul 04 17:14:58.036629 np0000004514 nova-conductor[98737]: DEBUG cotyledon.oslo_config_glue [-] profiler.sentinel_service_name = mymaster {{(pid=98737) log_opt_values /opt/stack/data/venv/lib/python3.12/site-packages/oslo_config/cfg.py:3253}}
Jul 04 17:14:58.036629 np0000004514 nova-conductor[98737]: DEBUG cotyledon.oslo_config_glue [-] profiler.socket_timeout = 0.1 {{(pid=98737) log_opt_values /opt/stack/data/venv/lib/python3.12/site-packages/oslo_config/cfg.py:3253}}
Jul 04 17:14:58.036629 np0000004514 nova-conductor[98737]: DEBUG cotyledon.oslo_config_glue [-] profiler.trace_requests = False {{(pid=98737) log_opt_values /opt/stack/data/venv/lib/python3.12/site-packages/oslo_config/cfg.py:3253}}
Jul 04 17:14:58.036629 np0000004514 nova-conductor[98737]: DEBUG cotyledon.oslo_config_glue [-] profiler.trace_sqlalchemy = False {{(pid=98737) log_opt_values /opt/stack/data/venv/lib/python3.12/site-packages/oslo_config/cfg.py:3253}}
Jul 04 17:14:58.036629 np0000004514 nova-conductor[98737]: DEBUG cotyledon.oslo_config_glue [-] profiler_jaeger.process_tags = {} {{(pid=98737) log_opt_values /opt/stack/data/venv/lib/python3.12/site-packages/oslo_config/cfg.py:3253}}
Jul 04 17:14:58.036629 np0000004514 nova-conductor[98737]: DEBUG cotyledon.oslo_config_glue [-] profiler_jaeger.service_name_prefix = None {{(pid=98737) log_opt_values /opt/stack/data/venv/lib/python3.12/site-packages/oslo_config/cfg.py:3253}}
Jul 04 17:14:58.036629 np0000004514 nova-conductor[98737]: DEBUG cotyledon.oslo_config_glue [-] profiler_otlp.service_name_prefix = None {{(pid=98737) log_opt_values /opt/stack/data/venv/lib/python3.12/site-packages/oslo_config/cfg.py:3253}}
Jul 04 17:14:58.036831 np0000004514 nova-conductor[98737]: DEBUG cotyledon.oslo_config_glue [-] oslo_messaging_rabbit.amqp_auto_delete = False {{(pid=98737) log_opt_values /opt/stack/data/venv/lib/python3.12/site-packages/oslo_config/cfg.py:3253}}
Jul 04 17:14:58.036855 np0000004514 nova-conductor[98710]: DEBUG oslo_db.sqlalchemy.engines [None req-e483baeb-79b7-49a3-9aa7-8cabb5311d7b None None] MySQL server mode set to STRICT_TRANS_TABLES,STRICT_ALL_TABLES,NO_ZERO_IN_DATE,NO_ZERO_DATE,ERROR_FOR_DIVISION_BY_ZERO,TRADITIONAL,NO_ENGINE_SUBSTITUTION {{(pid=98710) _check_effective_sql_mode /opt/stack/data/venv/lib/python3.12/site-packages/oslo_db/sqlalchemy/engines.py:325}}
Jul 04 17:14:58.036885 np0000004514 nova-conductor[98737]: DEBUG cotyledon.oslo_config_glue [-] oslo_messaging_rabbit.amqp_durable_queues = False {{(pid=98737) log_opt_values /opt/stack/data/venv/lib/python3.12/site-packages/oslo_config/cfg.py:3253}}
Jul 04 17:14:58.036885 np0000004514 nova-conductor[98737]: DEBUG cotyledon.oslo_config_glue [-] oslo_messaging_rabbit.conn_pool_min_size = 2 {{(pid=98737) log_opt_values /opt/stack/data/venv/lib/python3.12/site-packages/oslo_config/cfg.py:3253}}
Jul 04 17:14:58.036885 np0000004514 nova-conductor[98737]: DEBUG cotyledon.oslo_config_glue [-] oslo_messaging_rabbit.conn_pool_ttl = 1200 {{(pid=98737) log_opt_values /opt/stack/data/venv/lib/python3.12/site-packages/oslo_config/cfg.py:3253}}
Jul 04 17:14:58.036885 np0000004514 nova-conductor[98737]: DEBUG cotyledon.oslo_config_glue [-] oslo_messaging_rabbit.direct_mandatory_flag = True {{(pid=98737) log_opt_values /opt/stack/data/venv/lib/python3.12/site-packages/oslo_config/cfg.py:3253}}
Jul 04 17:14:58.036885 np0000004514 nova-conductor[98737]: DEBUG cotyledon.oslo_config_glue [-] oslo_messaging_rabbit.enable_cancel_on_failover = False {{(pid=98737) log_opt_values /opt/stack/data/venv/lib/python3.12/site-packages/oslo_config/cfg.py:3253}}
Jul 04 17:14:58.036885 np0000004514 nova-conductor[98737]: DEBUG cotyledon.oslo_config_glue [-] oslo_messaging_rabbit.heartbeat_rate = 3 {{(pid=98737) log_opt_values /opt/stack/data/venv/lib/python3.12/site-packages/oslo_config/cfg.py:3253}}
Jul 04 17:14:58.036885 np0000004514 nova-conductor[98737]: DEBUG cotyledon.oslo_config_glue [-] oslo_messaging_rabbit.heartbeat_timeout_threshold = 60 {{(pid=98737) log_opt_values /opt/stack/data/venv/lib/python3.12/site-packages/oslo_config/cfg.py:3253}}
Jul 04 17:14:58.036885 np0000004514 nova-conductor[98737]: DEBUG cotyledon.oslo_config_glue [-] oslo_messaging_rabbit.hostname = np0000004514 {{(pid=98737) log_opt_values /opt/stack/data/venv/lib/python3.12/site-packages/oslo_config/cfg.py:3253}}
Jul 04 17:14:58.036885 np0000004514 nova-conductor[98737]: DEBUG cotyledon.oslo_config_glue [-] oslo_messaging_rabbit.kombu_compression = None {{(pid=98737) log_opt_values /opt/stack/data/venv/lib/python3.12/site-packages/oslo_config/cfg.py:3253}}
Jul 04 17:14:58.037047 np0000004514 nova-conductor[98737]: DEBUG cotyledon.oslo_config_glue [-] oslo_messaging_rabbit.kombu_failover_strategy = round-robin {{(pid=98737) log_opt_values /opt/stack/data/venv/lib/python3.12/site-packages/oslo_config/cfg.py:3253}}
Jul 04 17:14:58.037047 np0000004514 nova-conductor[98737]: DEBUG cotyledon.oslo_config_glue [-] oslo_messaging_rabbit.kombu_missing_consumer_retry_timeout = 60 {{(pid=98737) log_opt_values /opt/stack/data/venv/lib/python3.12/site-packages/oslo_config/cfg.py:3253}}
Jul 04 17:14:58.037047 np0000004514 nova-conductor[98737]: DEBUG cotyledon.oslo_config_glue [-] oslo_messaging_rabbit.kombu_reconnect_delay = 1.0 {{(pid=98737) log_opt_values /opt/stack/data/venv/lib/python3.12/site-packages/oslo_config/cfg.py:3253}}
Jul 04 17:14:58.037047 np0000004514 nova-conductor[98737]: DEBUG cotyledon.oslo_config_glue [-] oslo_messaging_rabbit.kombu_reconnect_splay = 0.0 {{(pid=98737) log_opt_values /opt/stack/data/venv/lib/python3.12/site-packages/oslo_config/cfg.py:3253}}
Jul 04 17:14:58.037047 np0000004514 nova-conductor[98737]: DEBUG cotyledon.oslo_config_glue [-] oslo_messaging_rabbit.processname = nova-conductor {{(pid=98737) log_opt_values /opt/stack/data/venv/lib/python3.12/site-packages/oslo_config/cfg.py:3253}}
Jul 04 17:14:58.037047 np0000004514 nova-conductor[98737]: DEBUG cotyledon.oslo_config_glue [-] oslo_messaging_rabbit.rabbit_ha_queues = False {{(pid=98737) log_opt_values /opt/stack/data/venv/lib/python3.12/site-packages/oslo_config/cfg.py:3253}}
Jul 04 17:14:58.037047 np0000004514 nova-conductor[98737]: DEBUG cotyledon.oslo_config_glue [-] oslo_messaging_rabbit.rabbit_interval_max = 30 {{(pid=98737) log_opt_values /opt/stack/data/venv/lib/python3.12/site-packages/oslo_config/cfg.py:3253}}
Jul 04 17:14:58.037047 np0000004514 nova-conductor[98737]: DEBUG cotyledon.oslo_config_glue [-] oslo_messaging_rabbit.rabbit_login_method = AMQPLAIN {{(pid=98737) log_opt_values /opt/stack/data/venv/lib/python3.12/site-packages/oslo_config/cfg.py:3253}}
Jul 04 17:14:58.037203 np0000004514 nova-conductor[98737]: DEBUG cotyledon.oslo_config_glue [-] oslo_messaging_rabbit.rabbit_qos_prefetch_count = 0 {{(pid=98737) log_opt_values /opt/stack/data/venv/lib/python3.12/site-packages/oslo_config/cfg.py:3253}}
Jul 04 17:14:58.037203 np0000004514 nova-conductor[98737]: DEBUG cotyledon.oslo_config_glue [-] oslo_messaging_rabbit.rabbit_quorum_delivery_limit = 0 {{(pid=98737) log_opt_values /opt/stack/data/venv/lib/python3.12/site-packages/oslo_config/cfg.py:3253}}
Jul 04 17:14:58.037203 np0000004514 nova-conductor[98737]: DEBUG cotyledon.oslo_config_glue [-] oslo_messaging_rabbit.rabbit_quorum_max_memory_bytes = 0 {{(pid=98737) log_opt_values /opt/stack/data/venv/lib/python3.12/site-packages/oslo_config/cfg.py:3253}}
Jul 04 17:14:58.037203 np0000004514 nova-conductor[98737]: DEBUG cotyledon.oslo_config_glue [-] oslo_messaging_rabbit.rabbit_quorum_max_memory_length = 0 {{(pid=98737) log_opt_values /opt/stack/data/venv/lib/python3.12/site-packages/oslo_config/cfg.py:3253}}
Jul 04 17:14:58.037203 np0000004514 nova-conductor[98737]: DEBUG cotyledon.oslo_config_glue [-] oslo_messaging_rabbit.rabbit_quorum_queue = False {{(pid=98737) log_opt_values /opt/stack/data/venv/lib/python3.12/site-packages/oslo_config/cfg.py:3253}}
Jul 04 17:14:58.037203 np0000004514 nova-conductor[98737]: DEBUG cotyledon.oslo_config_glue [-] oslo_messaging_rabbit.rabbit_retry_backoff = 2 {{(pid=98737) log_opt_values /opt/stack/data/venv/lib/python3.12/site-packages/oslo_config/cfg.py:3253}}
Jul 04 17:14:58.037203 np0000004514 nova-conductor[98737]: DEBUG cotyledon.oslo_config_glue [-] oslo_messaging_rabbit.rabbit_retry_interval = 1 {{(pid=98737) log_opt_values /opt/stack/data/venv/lib/python3.12/site-packages/oslo_config/cfg.py:3253}}
Jul 04 17:14:58.037203 np0000004514 nova-conductor[98737]: DEBUG cotyledon.oslo_config_glue [-] oslo_messaging_rabbit.rabbit_stream_fanout = False {{(pid=98737) log_opt_values /opt/stack/data/venv/lib/python3.12/site-packages/oslo_config/cfg.py:3253}}
Jul 04 17:14:58.037358 np0000004514 nova-conductor[98737]: DEBUG cotyledon.oslo_config_glue [-] oslo_messaging_rabbit.rabbit_transient_queues_ttl = 1800 {{(pid=98737) log_opt_values /opt/stack/data/venv/lib/python3.12/site-packages/oslo_config/cfg.py:3253}}
Jul 04 17:14:58.037358 np0000004514 nova-conductor[98737]: DEBUG cotyledon.oslo_config_glue [-] oslo_messaging_rabbit.rabbit_transient_quorum_queue = False {{(pid=98737) log_opt_values /opt/stack/data/venv/lib/python3.12/site-packages/oslo_config/cfg.py:3253}}
Jul 04 17:14:58.037358 np0000004514 nova-conductor[98737]: DEBUG cotyledon.oslo_config_glue [-] oslo_messaging_rabbit.rpc_conn_pool_size = 30 {{(pid=98737) log_opt_values /opt/stack/data/venv/lib/python3.12/site-packages/oslo_config/cfg.py:3253}}
Jul 04 17:14:58.037358 np0000004514 nova-conductor[98737]: DEBUG cotyledon.oslo_config_glue [-] oslo_messaging_rabbit.ssl = False {{(pid=98737) log_opt_values /opt/stack/data/venv/lib/python3.12/site-packages/oslo_config/cfg.py:3253}}
Jul 04 17:14:58.037358 np0000004514 nova-conductor[98737]: DEBUG cotyledon.oslo_config_glue [-] oslo_messaging_rabbit.ssl_ca_file = {{(pid=98737) log_opt_values /opt/stack/data/venv/lib/python3.12/site-packages/oslo_config/cfg.py:3253}}
Jul 04 17:14:58.037358 np0000004514 nova-conductor[98737]: DEBUG cotyledon.oslo_config_glue [-] oslo_messaging_rabbit.ssl_cert_file = {{(pid=98737) log_opt_values /opt/stack/data/venv/lib/python3.12/site-packages/oslo_config/cfg.py:3253}}
Jul 04 17:14:58.037358 np0000004514 nova-conductor[98737]: DEBUG cotyledon.oslo_config_glue [-] oslo_messaging_rabbit.ssl_enforce_fips_mode = False {{(pid=98737) log_opt_values /opt/stack/data/venv/lib/python3.12/site-packages/oslo_config/cfg.py:3253}}
Jul 04 17:14:58.037358 np0000004514 nova-conductor[98737]: DEBUG cotyledon.oslo_config_glue [-] oslo_messaging_rabbit.ssl_enforce_hostname_verification = True {{(pid=98737) log_opt_values /opt/stack/data/venv/lib/python3.12/site-packages/oslo_config/cfg.py:3253}}
Jul 04 17:14:58.037358 np0000004514 nova-conductor[98737]: DEBUG cotyledon.oslo_config_glue [-] oslo_messaging_rabbit.ssl_key_file = {{(pid=98737) log_opt_values /opt/stack/data/venv/lib/python3.12/site-packages/oslo_config/cfg.py:3253}}
Jul 04 17:14:58.037542 np0000004514 nova-conductor[98737]: DEBUG cotyledon.oslo_config_glue [-] oslo_messaging_rabbit.ssl_version = {{(pid=98737) log_opt_values /opt/stack/data/venv/lib/python3.12/site-packages/oslo_config/cfg.py:3253}}
Jul 04 17:14:58.037542 np0000004514 nova-conductor[98737]: DEBUG cotyledon.oslo_config_glue [-] oslo_messaging_rabbit.use_queue_manager = False {{(pid=98737) log_opt_values /opt/stack/data/venv/lib/python3.12/site-packages/oslo_config/cfg.py:3253}}
Jul 04 17:14:58.037542 np0000004514 nova-conductor[98737]: DEBUG cotyledon.oslo_config_glue [-] oslo_messaging_notifications.driver = ['messagingv2'] {{(pid=98737) log_opt_values /opt/stack/data/venv/lib/python3.12/site-packages/oslo_config/cfg.py:3253}}
Jul 04 17:14:58.037542 np0000004514 nova-conductor[98737]: DEBUG cotyledon.oslo_config_glue [-] oslo_messaging_notifications.retry = -1 {{(pid=98737) log_opt_values /opt/stack/data/venv/lib/python3.12/site-packages/oslo_config/cfg.py:3253}}
Jul 04 17:14:58.037542 np0000004514 nova-conductor[98737]: DEBUG cotyledon.oslo_config_glue [-] oslo_messaging_notifications.topics = ['notifications'] {{(pid=98737) log_opt_values /opt/stack/data/venv/lib/python3.12/site-packages/oslo_config/cfg.py:3253}}
Jul 04 17:14:58.037542 np0000004514 nova-conductor[98737]: DEBUG cotyledon.oslo_config_glue [-] oslo_messaging_notifications.transport_url = **** {{(pid=98737) log_opt_values /opt/stack/data/venv/lib/python3.12/site-packages/oslo_config/cfg.py:3253}}
Jul 04 17:14:58.037542 np0000004514 nova-conductor[98737]: DEBUG cotyledon.oslo_config_glue [-] oslo_limit.auth_section = None {{(pid=98737) log_opt_values /opt/stack/data/venv/lib/python3.12/site-packages/oslo_config/cfg.py:3253}}
Jul 04 17:14:58.037542 np0000004514 nova-conductor[98737]: DEBUG cotyledon.oslo_config_glue [-] oslo_limit.auth_type = None {{(pid=98737) log_opt_values /opt/stack/data/venv/lib/python3.12/site-packages/oslo_config/cfg.py:3253}}
Jul 04 17:14:58.037542 np0000004514 nova-conductor[98737]: DEBUG cotyledon.oslo_config_glue [-] oslo_limit.cafile = None {{(pid=98737) log_opt_values /opt/stack/data/venv/lib/python3.12/site-packages/oslo_config/cfg.py:3253}}
Jul 04 17:14:58.037718 np0000004514 nova-conductor[98737]: DEBUG cotyledon.oslo_config_glue [-] oslo_limit.certfile = None {{(pid=98737) log_opt_values /opt/stack/data/venv/lib/python3.12/site-packages/oslo_config/cfg.py:3253}}
Jul 04 17:14:58.037718 np0000004514 nova-conductor[98737]: DEBUG cotyledon.oslo_config_glue [-] oslo_limit.collect_timing = False {{(pid=98737) log_opt_values /opt/stack/data/venv/lib/python3.12/site-packages/oslo_config/cfg.py:3253}}
Jul 04 17:14:58.037718 np0000004514 nova-conductor[98737]: DEBUG cotyledon.oslo_config_glue [-] oslo_limit.connect_retries = None {{(pid=98737) log_opt_values /opt/stack/data/venv/lib/python3.12/site-packages/oslo_config/cfg.py:3253}}
Jul 04 17:14:58.037718 np0000004514 nova-conductor[98737]: DEBUG cotyledon.oslo_config_glue [-] oslo_limit.connect_retry_delay = None {{(pid=98737) log_opt_values /opt/stack/data/venv/lib/python3.12/site-packages/oslo_config/cfg.py:3253}}
Jul 04 17:14:58.037718 np0000004514 nova-conductor[98737]: DEBUG cotyledon.oslo_config_glue [-] oslo_limit.endpoint_id = None {{(pid=98737) log_opt_values /opt/stack/data/venv/lib/python3.12/site-packages/oslo_config/cfg.py:3253}}
Jul 04 17:14:58.037718 np0000004514 nova-conductor[98737]: DEBUG cotyledon.oslo_config_glue [-] oslo_limit.endpoint_interface = public {{(pid=98737) log_opt_values /opt/stack/data/venv/lib/python3.12/site-packages/oslo_config/cfg.py:3253}}
Jul 04 17:14:58.037718 np0000004514 nova-conductor[98737]: DEBUG cotyledon.oslo_config_glue [-] oslo_limit.endpoint_override = None {{(pid=98737) log_opt_values /opt/stack/data/venv/lib/python3.12/site-packages/oslo_config/cfg.py:3253}}
Jul 04 17:14:58.037718 np0000004514 nova-conductor[98737]: DEBUG cotyledon.oslo_config_glue [-] oslo_limit.endpoint_region_name = None {{(pid=98737) log_opt_values /opt/stack/data/venv/lib/python3.12/site-packages/oslo_config/cfg.py:3253}}
Jul 04 17:14:58.037718 np0000004514 nova-conductor[98737]: DEBUG cotyledon.oslo_config_glue [-] oslo_limit.endpoint_service_name = None {{(pid=98737) log_opt_values /opt/stack/data/venv/lib/python3.12/site-packages/oslo_config/cfg.py:3253}}
Jul 04 17:14:58.037906 np0000004514 nova-conductor[98737]: DEBUG cotyledon.oslo_config_glue [-] oslo_limit.endpoint_service_type = None {{(pid=98737) log_opt_values /opt/stack/data/venv/lib/python3.12/site-packages/oslo_config/cfg.py:3253}}
Jul 04 17:14:58.037906 np0000004514 nova-conductor[98737]: DEBUG cotyledon.oslo_config_glue [-] oslo_limit.insecure = False {{(pid=98737) log_opt_values /opt/stack/data/venv/lib/python3.12/site-packages/oslo_config/cfg.py:3253}}
Jul 04 17:14:58.037906 np0000004514 nova-conductor[98737]: DEBUG cotyledon.oslo_config_glue [-] oslo_limit.keyfile = None {{(pid=98737) log_opt_values /opt/stack/data/venv/lib/python3.12/site-packages/oslo_config/cfg.py:3253}}
Jul 04 17:14:58.037906 np0000004514 nova-conductor[98737]: DEBUG cotyledon.oslo_config_glue [-] oslo_limit.max_version = None {{(pid=98737) log_opt_values /opt/stack/data/venv/lib/python3.12/site-packages/oslo_config/cfg.py:3253}}
Jul 04 17:14:58.037906 np0000004514 nova-conductor[98737]: DEBUG cotyledon.oslo_config_glue [-] oslo_limit.min_version = None {{(pid=98737) log_opt_values /opt/stack/data/venv/lib/python3.12/site-packages/oslo_config/cfg.py:3253}}
Jul 04 17:14:58.037906 np0000004514 nova-conductor[98737]: DEBUG cotyledon.oslo_config_glue [-] oslo_limit.region_name = None {{(pid=98737) log_opt_values /opt/stack/data/venv/lib/python3.12/site-packages/oslo_config/cfg.py:3253}}
Jul 04 17:14:58.037906 np0000004514 nova-conductor[98737]: DEBUG cotyledon.oslo_config_glue [-] oslo_limit.retriable_status_codes = None {{(pid=98737) log_opt_values /opt/stack/data/venv/lib/python3.12/site-packages/oslo_config/cfg.py:3253}}
Jul 04 17:14:58.037906 np0000004514 nova-conductor[98737]: DEBUG cotyledon.oslo_config_glue [-] oslo_limit.service_name = None {{(pid=98737) log_opt_values /opt/stack/data/venv/lib/python3.12/site-packages/oslo_config/cfg.py:3253}}
Jul 04 17:14:58.037906 np0000004514 nova-conductor[98737]: DEBUG cotyledon.oslo_config_glue [-] oslo_limit.service_type = None {{(pid=98737) log_opt_values /opt/stack/data/venv/lib/python3.12/site-packages/oslo_config/cfg.py:3253}}
Jul 04 17:14:58.038081 np0000004514 nova-conductor[98737]: DEBUG cotyledon.oslo_config_glue [-] oslo_limit.split_loggers = False {{(pid=98737) log_opt_values /opt/stack/data/venv/lib/python3.12/site-packages/oslo_config/cfg.py:3253}}
Jul 04 17:14:58.038081 np0000004514 nova-conductor[98737]: DEBUG cotyledon.oslo_config_glue [-] oslo_limit.status_code_retries = None {{(pid=98737) log_opt_values /opt/stack/data/venv/lib/python3.12/site-packages/oslo_config/cfg.py:3253}}
Jul 04 17:14:58.038081 np0000004514 nova-conductor[98737]: DEBUG cotyledon.oslo_config_glue [-] oslo_limit.status_code_retry_delay = None {{(pid=98737) log_opt_values /opt/stack/data/venv/lib/python3.12/site-packages/oslo_config/cfg.py:3253}}
Jul 04 17:14:58.038081 np0000004514 nova-conductor[98737]: DEBUG cotyledon.oslo_config_glue [-] oslo_limit.timeout = None {{(pid=98737) log_opt_values /opt/stack/data/venv/lib/python3.12/site-packages/oslo_config/cfg.py:3253}}
Jul 04 17:14:58.038081 np0000004514 nova-conductor[98737]: DEBUG cotyledon.oslo_config_glue [-] oslo_limit.valid_interfaces = None {{(pid=98737) log_opt_values /opt/stack/data/venv/lib/python3.12/site-packages/oslo_config/cfg.py:3253}}
Jul 04 17:14:58.038081 np0000004514 nova-conductor[98737]: DEBUG cotyledon.oslo_config_glue [-] oslo_limit.version = None {{(pid=98737) log_opt_values /opt/stack/data/venv/lib/python3.12/site-packages/oslo_config/cfg.py:3253}}
Jul 04 17:14:58.038081 np0000004514 nova-conductor[98737]: DEBUG cotyledon.oslo_config_glue [-] oslo_reports.file_event_handler = None {{(pid=98737) log_opt_values /opt/stack/data/venv/lib/python3.12/site-packages/oslo_config/cfg.py:3253}}
Jul 04 17:14:58.038081 np0000004514 nova-conductor[98737]: DEBUG cotyledon.oslo_config_glue [-] oslo_reports.file_event_handler_interval = 1 {{(pid=98737) log_opt_values /opt/stack/data/venv/lib/python3.12/site-packages/oslo_config/cfg.py:3253}}
Jul 04 17:14:58.038081 np0000004514 nova-conductor[98737]: DEBUG cotyledon.oslo_config_glue [-] oslo_reports.log_dir = None {{(pid=98737) log_opt_values /opt/stack/data/venv/lib/python3.12/site-packages/oslo_config/cfg.py:3253}}
Jul 04 17:14:58.038244 np0000004514 nova-conductor[98737]: DEBUG cotyledon.oslo_config_glue [-] ******************************************************************************** {{(pid=98737) log_opt_values /opt/stack/data/venv/lib/python3.12/site-packages/oslo_config/cfg.py:3260}}
Jul 04 17:14:58.038244 np0000004514 nova-conductor[98737]: DEBUG cotyledon._service_worker [-] Run service ServiceWrapper(3) [98737] {{(pid=98737) wait_forever /opt/stack/data/venv/lib/python3.12/site-packages/cotyledon/_service_worker.py:218}}
Jul 04 17:14:58.038244 np0000004514 nova-conductor[98737]: INFO nova.service [-] Starting conductor node (version 33.1.0)
Jul 04 17:14:58.038305 np0000004514 nova-conductor[98714]: DEBUG oslo_db.sqlalchemy.engines [None req-49ecb768-714c-47d5-9fa4-cea926e4ad79 None None] MySQL server mode set to STRICT_TRANS_TABLES,STRICT_ALL_TABLES,NO_ZERO_IN_DATE,NO_ZERO_DATE,ERROR_FOR_DIVISION_BY_ZERO,TRADITIONAL,NO_ENGINE_SUBSTITUTION {{(pid=98714) _check_effective_sql_mode /opt/stack/data/venv/lib/python3.12/site-packages/oslo_db/sqlalchemy/engines.py:325}}
Jul 04 17:14:58.038332 np0000004514 nova-conductor[98710]: DEBUG dbcounter [-] [98710] Writer thread running {{(pid=98710) stat_writer /opt/stack/data/venv/lib/python3.12/site-packages/dbcounter.py:102}}
Jul 04 17:14:58.038358 np0000004514 nova-conductor[98737]: INFO dbcounter [None req-9b1ca26b-2e97-4f13-9ac0-8204808fae02 None None] Registered counter for database nova_cell0
Jul 04 17:14:58.038381 np0000004514 nova-conductor[98714]: DEBUG dbcounter [-] [98714] Writer thread running {{(pid=98714) stat_writer /opt/stack/data/venv/lib/python3.12/site-packages/dbcounter.py:102}}
Jul 04 17:14:58.038403 np0000004514 nova-conductor[98726]: DEBUG oslo_db.sqlalchemy.engines [None req-ad7bd5d6-9184-43d3-9b26-d48745b14c3f None None] MySQL server mode set to STRICT_TRANS_TABLES,STRICT_ALL_TABLES,NO_ZERO_IN_DATE,NO_ZERO_DATE,ERROR_FOR_DIVISION_BY_ZERO,TRADITIONAL,NO_ENGINE_SUBSTITUTION {{(pid=98726) _check_effective_sql_mode /opt/stack/data/venv/lib/python3.12/site-packages/oslo_db/sqlalchemy/engines.py:325}}
Jul 04 17:14:58.038455 np0000004514 nova-conductor[98710]: DEBUG nova.service [None req-e483baeb-79b7-49a3-9aa7-8cabb5311d7b None None] Creating RPC server for service: nova-conductor on topic: conductor {{(pid=98710) start /opt/stack/nova/nova/service.py:196}}
Jul 04 17:14:58.038483 np0000004514 nova-conductor[98726]: DEBUG dbcounter [-] [98726] Writer thread running {{(pid=98726) stat_writer /opt/stack/data/venv/lib/python3.12/site-packages/dbcounter.py:102}}
Jul 04 17:14:58.039692 np0000004514 nova-conductor[98714]: DEBUG nova.service [None req-49ecb768-714c-47d5-9fa4-cea926e4ad79 None None] Creating RPC server for service: nova-conductor on topic: conductor {{(pid=98714) start /opt/stack/nova/nova/service.py:196}}
Jul 04 17:14:58.041623 np0000004514 nova-conductor[98726]: DEBUG nova.service [None req-ad7bd5d6-9184-43d3-9b26-d48745b14c3f None None] Creating RPC server for service: nova-conductor on topic: conductor {{(pid=98726) start /opt/stack/nova/nova/service.py:196}}
Jul 04 17:14:58.052390 np0000004514 nova-conductor[98710]: DEBUG nova.service [None req-e483baeb-79b7-49a3-9aa7-8cabb5311d7b None None] Join ServiceGroup membership for this service conductor {{(pid=98710) start /opt/stack/nova/nova/service.py:222}}
Jul 04 17:14:58.052859 np0000004514 nova-conductor[98710]: DEBUG nova.servicegroup.drivers.db [None req-e483baeb-79b7-49a3-9aa7-8cabb5311d7b None None] DB_Driver: join new ServiceGroup member np0000004514 to the conductor group, service = {{(pid=98710) join /opt/stack/nova/nova/servicegroup/drivers/db.py:44}}
Jul 04 17:14:58.056260 np0000004514 nova-conductor[98714]: DEBUG nova.service [None req-49ecb768-714c-47d5-9fa4-cea926e4ad79 None None] Join ServiceGroup membership for this service conductor {{(pid=98714) start /opt/stack/nova/nova/service.py:222}}
Jul 04 17:14:58.056466 np0000004514 nova-conductor[98714]: DEBUG nova.servicegroup.drivers.db [None req-49ecb768-714c-47d5-9fa4-cea926e4ad79 None None] DB_Driver: join new ServiceGroup member np0000004514 to the conductor group, service = {{(pid=98714) join /opt/stack/nova/nova/servicegroup/drivers/db.py:44}}
Jul 04 17:14:58.059200 np0000004514 nova-conductor[98726]: DEBUG nova.service [None req-ad7bd5d6-9184-43d3-9b26-d48745b14c3f None None] Join ServiceGroup membership for this service conductor {{(pid=98726) start /opt/stack/nova/nova/service.py:222}}
Jul 04 17:14:58.059531 np0000004514 nova-conductor[98726]: DEBUG nova.servicegroup.drivers.db [None req-ad7bd5d6-9184-43d3-9b26-d48745b14c3f None None] DB_Driver: join new ServiceGroup member np0000004514 to the conductor group, service = {{(pid=98726) join /opt/stack/nova/nova/servicegroup/drivers/db.py:44}}
Jul 04 17:14:58.075078 np0000004514 nova-conductor[98737]: DEBUG oslo_db.sqlalchemy.engines [None req-9b1ca26b-2e97-4f13-9ac0-8204808fae02 None None] MySQL server mode set to STRICT_TRANS_TABLES,STRICT_ALL_TABLES,NO_ZERO_IN_DATE,NO_ZERO_DATE,ERROR_FOR_DIVISION_BY_ZERO,TRADITIONAL,NO_ENGINE_SUBSTITUTION {{(pid=98737) _check_effective_sql_mode /opt/stack/data/venv/lib/python3.12/site-packages/oslo_db/sqlalchemy/engines.py:325}}
Jul 04 17:14:58.085482 np0000004514 nova-conductor[98737]: DEBUG dbcounter [-] [98737] Writer thread running {{(pid=98737) stat_writer /opt/stack/data/venv/lib/python3.12/site-packages/dbcounter.py:102}}
Jul 04 17:14:58.088125 np0000004514 nova-conductor[98737]: DEBUG nova.service [None req-9b1ca26b-2e97-4f13-9ac0-8204808fae02 None None] Creating RPC server for service: nova-conductor on topic: conductor {{(pid=98737) start /opt/stack/nova/nova/service.py:196}}
Jul 04 17:14:58.104052 np0000004514 nova-conductor[98737]: DEBUG nova.service [None req-9b1ca26b-2e97-4f13-9ac0-8204808fae02 None None] Join ServiceGroup membership for this service conductor {{(pid=98737) start /opt/stack/nova/nova/service.py:222}}
Jul 04 17:14:58.104211 np0000004514 nova-conductor[98737]: DEBUG nova.servicegroup.drivers.db [None req-9b1ca26b-2e97-4f13-9ac0-8204808fae02 None None] DB_Driver: join new ServiceGroup member np0000004514 to the conductor group, service = {{(pid=98737) join /opt/stack/nova/nova/servicegroup/drivers/db.py:44}}
Jul 04 17:15:00.055434 np0000004514 nova-conductor[98710]: DEBUG oslo.service.backend._threading.loopingcall [None req-0dd4fb5a-e5bd-4242-b879-e1b8a9cd781b None None] Dynamic interval looping call 'nova.service.Service.periodic_tasks' sleeping for 60.00 seconds {{(pid=98710) _run_loop /opt/stack/data/venv/lib/python3.12/site-packages/oslo_service/backend/_threading/loopingcall.py:125}}
Jul 04 17:15:03.072336 np0000004514 nova-conductor[98714]: DEBUG oslo.service.backend._threading.loopingcall [-] Fixed interval looping call 'nova.servicegroup.drivers.db.DbDriver._report_state' sleeping for 119.99 seconds {{(pid=98714) _run_loop /opt/stack/data/venv/lib/python3.12/site-packages/oslo_service/backend/_threading/loopingcall.py:125}}
Jul 04 17:15:03.072733 np0000004514 nova-conductor[98710]: DEBUG oslo.service.backend._threading.loopingcall [-] Fixed interval looping call 'nova.servicegroup.drivers.db.DbDriver._report_state' sleeping for 119.98 seconds {{(pid=98710) _run_loop /opt/stack/data/venv/lib/python3.12/site-packages/oslo_service/backend/_threading/loopingcall.py:125}}
Jul 04 17:15:03.076146 np0000004514 nova-conductor[98726]: DEBUG oslo.service.backend._threading.loopingcall [-] Fixed interval looping call 'nova.servicegroup.drivers.db.DbDriver._report_state' sleeping for 119.99 seconds {{(pid=98726) _run_loop /opt/stack/data/venv/lib/python3.12/site-packages/oslo_service/backend/_threading/loopingcall.py:125}}
Jul 04 17:15:03.117871 np0000004514 nova-conductor[98737]: DEBUG oslo.service.backend._threading.loopingcall [-] Fixed interval looping call 'nova.servicegroup.drivers.db.DbDriver._report_state' sleeping for 119.99 seconds {{(pid=98737) _run_loop /opt/stack/data/venv/lib/python3.12/site-packages/oslo_service/backend/_threading/loopingcall.py:125}}
Jul 04 17:15:06.623498 np0000004514 nova-conductor[97238]: DEBUG dbcounter [-] [97238] Writing DB stats nova_api:SELECT=1 {{(pid=97238) stat_writer /opt/stack/data/venv/lib/python3.12/site-packages/dbcounter.py:115}}
Jul 04 17:15:06.748709 np0000004514 nova-conductor[97238]: DEBUG dbcounter [-] [97238] Writing DB stats nova_cell0:SELECT=1 {{(pid=97238) stat_writer /opt/stack/data/venv/lib/python3.12/site-packages/dbcounter.py:115}}
Jul 04 17:15:06.759669 np0000004514 nova-conductor[97238]: DEBUG dbcounter [-] [97238] Writing DB stats nova_cell1:SELECT=1 {{(pid=97238) stat_writer /opt/stack/data/venv/lib/python3.12/site-packages/dbcounter.py:115}}
Jul 04 17:15:08.105870 np0000004514 nova-conductor[98737]: DEBUG oslo.service.backend._threading.loopingcall [None req-9cf10436-f7a5-4d4e-860f-30bb8ebdaabe None None] Dynamic interval looping call 'nova.service.Service.periodic_tasks' sleeping for 60.00 seconds {{(pid=98737) _run_loop /opt/stack/data/venv/lib/python3.12/site-packages/oslo_service/backend/_threading/loopingcall.py:125}}
Jul 04 17:15:13.063721 np0000004514 nova-conductor[98714]: DEBUG dbcounter [-] [98714] Writing DB stats nova_cell0:SELECT=4,nova_cell0:INSERT=1,nova_cell0:UPDATE=1 {{(pid=98714) stat_writer /opt/stack/data/venv/lib/python3.12/site-packages/dbcounter.py:115}}
Jul 04 17:15:13.065701 np0000004514 nova-conductor[98710]: DEBUG dbcounter [-] [98710] Writing DB stats nova_cell0:SELECT=4,nova_cell0:INSERT=1,nova_cell0:UPDATE=1 {{(pid=98710) stat_writer /opt/stack/data/venv/lib/python3.12/site-packages/dbcounter.py:115}}
Jul 04 17:15:13.073444 np0000004514 nova-conductor[98726]: DEBUG dbcounter [-] [98726] Writing DB stats nova_cell0:SELECT=3,nova_cell0:UPDATE=1 {{(pid=98726) stat_writer /opt/stack/data/venv/lib/python3.12/site-packages/dbcounter.py:115}}
Jul 04 17:15:13.114716 np0000004514 nova-conductor[98737]: DEBUG dbcounter [-] [98737] Writing DB stats nova_cell0:SELECT=3 {{(pid=98737) stat_writer /opt/stack/data/venv/lib/python3.12/site-packages/dbcounter.py:115}}
Jul 04 17:15:16.062011 np0000004514 nova-conductor[98726]: DEBUG oslo.service.backend._threading.loopingcall [None req-54befc19-f2e4-462a-8efe-33ffc08561c7 None None] Dynamic interval looping call 'nova.service.Service.periodic_tasks' sleeping for 60.00 seconds {{(pid=98726) _run_loop /opt/stack/data/venv/lib/python3.12/site-packages/oslo_service/backend/_threading/loopingcall.py:125}}
Jul 04 17:15:57.058961 np0000004514 nova-conductor[98714]: DEBUG oslo.service.backend._threading.loopingcall [None req-e8ae838a-04ec-4a9d-a7d4-c0a56b02914a None None] Dynamic interval looping call 'nova.service.Service.periodic_tasks' sleeping for 60.00 seconds {{(pid=98714) _run_loop /opt/stack/data/venv/lib/python3.12/site-packages/oslo_service/backend/_threading/loopingcall.py:125}}
Jul 04 17:16:00.055986 np0000004514 nova-conductor[98710]: DEBUG oslo.service.backend._threading.loopingcall [None req-0dd4fb5a-e5bd-4242-b879-e1b8a9cd781b None None] Dynamic interval looping call 'nova.service.Service.periodic_tasks' sleeping for 60.00 seconds {{(pid=98710) _run_loop /opt/stack/data/venv/lib/python3.12/site-packages/oslo_service/backend/_threading/loopingcall.py:125}}
Jul 04 17:16:08.106503 np0000004514 nova-conductor[98737]: DEBUG oslo.service.backend._threading.loopingcall [None req-9cf10436-f7a5-4d4e-860f-30bb8ebdaabe None None] Dynamic interval looping call 'nova.service.Service.periodic_tasks' sleeping for 60.00 seconds {{(pid=98737) _run_loop /opt/stack/data/venv/lib/python3.12/site-packages/oslo_service/backend/_threading/loopingcall.py:125}}
Jul 04 17:16:16.062638 np0000004514 nova-conductor[98726]: DEBUG oslo.service.backend._threading.loopingcall [None req-54befc19-f2e4-462a-8efe-33ffc08561c7 None None] Dynamic interval looping call 'nova.service.Service.periodic_tasks' sleeping for 60.00 seconds {{(pid=98726) _run_loop /opt/stack/data/venv/lib/python3.12/site-packages/oslo_service/backend/_threading/loopingcall.py:125}}