Jul 30 16:13:59.559606 np0000006149 devstack@g-api.service[100203]: DEBUG glance_store.location [-] Registering scheme swift with {'store': , 'location_class': , 'store_entry': 'swift'} {{(pid=100203) register_scheme_map /opt/stack/data/venv/lib/python3.12/site-packages/glance_store/location.py:146}}
Jul 30 16:13:59.559638 np0000006149 devstack@g-api.service[100202]: DEBUG glance_store.location [-] Registering scheme swift+https with {'store': , 'location_class': , 'store_entry': 'swift'} {{(pid=100202) register_scheme_map /opt/stack/data/venv/lib/python3.12/site-packages/glance_store/location.py:146}}
Jul 30 16:13:59.559665 np0000006149 devstack@g-api.service[100201]: DEBUG glance_store.location [-] Registering scheme swift+http with {'store': , 'location_class': , 'store_entry': 'swift'} {{(pid=100201) register_scheme_map /opt/stack/data/venv/lib/python3.12/site-packages/glance_store/location.py:146}}
Jul 30 16:13:59.559697 np0000006149 devstack@g-api.service[100203]: DEBUG glance_store.location [-] Registering scheme swift+https with {'store': , 'location_class': , 'store_entry': 'swift'} {{(pid=100203) register_scheme_map /opt/stack/data/venv/lib/python3.12/site-packages/glance_store/location.py:146}}
Jul 30 16:13:59.559724 np0000006149 devstack@g-api.service[100202]: DEBUG glance_store.location [-] Registering scheme swift+https with {'store': , 'location_class': , 'store_entry': 'swift'} {{(pid=100202) register_scheme_map /opt/stack/data/venv/lib/python3.12/site-packages/glance_store/location.py:146}}
Jul 30 16:13:59.559750 np0000006149 devstack@g-api.service[100201]: DEBUG glance_store.location [-] Registering scheme swift+https with {'store': , 'location_class': , 'store_entry': 'swift'} {{(pid=100201) register_scheme_map /opt/stack/data/venv/lib/python3.12/site-packages/glance_store/location.py:146}}
Jul 30 16:13:59.559776 np0000006149 devstack@g-api.service[100203]: DEBUG glance_store.location [-] Registering scheme swift with {'store': , 'location_class': , 'store_entry': 'swift'} {{(pid=100203) register_scheme_map /opt/stack/data/venv/lib/python3.12/site-packages/glance_store/location.py:146}}
Jul 30 16:13:59.559803 np0000006149 devstack@g-api.service[100201]: DEBUG glance_store.location [-] Registering scheme swift with {'store': , 'location_class': , 'store_entry': 'swift'} {{(pid=100201) register_scheme_map /opt/stack/data/venv/lib/python3.12/site-packages/glance_store/location.py:146}}
Jul 30 16:13:59.559828 np0000006149 devstack@g-api.service[100202]: DEBUG glance_store.location [-] Registering scheme swift with {'store': , 'location_class': , 'store_entry': 'swift'} {{(pid=100202) register_scheme_map /opt/stack/data/venv/lib/python3.12/site-packages/glance_store/location.py:146}}
Jul 30 16:13:59.559854 np0000006149 devstack@g-api.service[100203]: DEBUG glance_store.location [-] Registering scheme swift+http with {'store': , 'location_class': , 'store_entry': 'swift'} {{(pid=100203) register_scheme_map /opt/stack/data/venv/lib/python3.12/site-packages/glance_store/location.py:146}}
Jul 30 16:13:59.559881 np0000006149 devstack@g-api.service[100201]: DEBUG glance_store.location [-] Registering scheme swift+http with {'store': , 'location_class': , 'store_entry': 'swift'} {{(pid=100201) register_scheme_map /opt/stack/data/venv/lib/python3.12/site-packages/glance_store/location.py:146}}
Jul 30 16:13:59.559912 np0000006149 devstack@g-api.service[100202]: DEBUG glance_store.location [-] Registering scheme swift+https with {'store': , 'location_class': , 'store_entry': 'swift'} {{(pid=100202) register_scheme_map /opt/stack/data/venv/lib/python3.12/site-packages/glance_store/location.py:146}}
Jul 30 16:13:59.559951 np0000006149 devstack@g-api.service[100203]: DEBUG glance_store.location [-] Registering scheme swift+https with {'store': , 'location_class': , 'store_entry': 'swift'} {{(pid=100203) register_scheme_map /opt/stack/data/venv/lib/python3.12/site-packages/glance_store/location.py:146}}
Jul 30 16:13:59.559976 np0000006149 devstack@g-api.service[100201]: DEBUG glance_store.location [-] Registering scheme swift+config with {'store': , 'location_class': , 'store_entry': 'swift'} {{(pid=100201) register_scheme_map /opt/stack/data/venv/lib/python3.12/site-packages/glance_store/location.py:146}}
Jul 30 16:13:59.560002 np0000006149 devstack@g-api.service[100203]: DEBUG glance_store.location [-] Registering scheme swift with {'store': , 'location_class': , 'store_entry': 'swift'} {{(pid=100203) register_scheme_map /opt/stack/data/venv/lib/python3.12/site-packages/glance_store/location.py:146}}
Jul 30 16:13:59.560028 np0000006149 devstack@g-api.service[100202]: DEBUG glance_store.location [-] Registering scheme swift with {'store': , 'location_class': , 'store_entry': 'swift'} {{(pid=100202) register_scheme_map /opt/stack/data/venv/lib/python3.12/site-packages/glance_store/location.py:146}}
Jul 30 16:13:59.560064 np0000006149 devstack@g-api.service[100203]: DEBUG glance_store.location [-] Registering scheme swift+http with {'store': , 'location_class': , 'store_entry': 'swift'} {{(pid=100203) register_scheme_map /opt/stack/data/venv/lib/python3.12/site-packages/glance_store/location.py:146}}
Jul 30 16:13:59.560091 np0000006149 devstack@g-api.service[100202]: DEBUG glance_store.location [-] Registering scheme swift+http with {'store': , 'location_class': , 'store_entry': 'swift'} {{(pid=100202) register_scheme_map /opt/stack/data/venv/lib/python3.12/site-packages/glance_store/location.py:146}}
Jul 30 16:13:59.560117 np0000006149 devstack@g-api.service[100203]: DEBUG glance_store.location [-] Registering scheme swift+config with {'store': , 'location_class': , 'store_entry': 'swift'} {{(pid=100203) register_scheme_map /opt/stack/data/venv/lib/python3.12/site-packages/glance_store/location.py:146}}
Jul 30 16:13:59.560145 np0000006149 devstack@g-api.service[100202]: DEBUG glance_store.location [-] Registering scheme swift+https with {'store': , 'location_class': , 'store_entry': 'swift'} {{(pid=100202) register_scheme_map /opt/stack/data/venv/lib/python3.12/site-packages/glance_store/location.py:146}}
Jul 30 16:13:59.560145 np0000006149 devstack@g-api.service[100202]: DEBUG glance_store.location [-] Registering scheme swift with {'store': , 'location_class': , 'store_entry': 'swift'} {{(pid=100202) register_scheme_map /opt/stack/data/venv/lib/python3.12/site-packages/glance_store/location.py:146}}
Jul 30 16:13:59.560222 np0000006149 devstack@g-api.service[100201]: DEBUG glance.sqlite_migration [-] SQLite caching database not located, skipping migration {{(pid=100201) get_db_path /opt/stack/glance/glance/sqlite_migration.py:68}}
Jul 30 16:13:59.560256 np0000006149 devstack@g-api.service[100202]: DEBUG glance_store.location [-] Registering scheme swift+http with {'store': , 'location_class': , 'store_entry': 'swift'} {{(pid=100202) register_scheme_map /opt/stack/data/venv/lib/python3.12/site-packages/glance_store/location.py:146}}
Jul 30 16:13:59.560256 np0000006149 devstack@g-api.service[100202]: DEBUG glance_store.location [-] Registering scheme swift+config with {'store': , 'location_class': , 'store_entry': 'swift'} {{(pid=100202) register_scheme_map /opt/stack/data/venv/lib/python3.12/site-packages/glance_store/location.py:146}}
Jul 30 16:13:59.560308 np0000006149 devstack@g-api.service[100203]: DEBUG glance.sqlite_migration [-] SQLite caching database not located, skipping migration {{(pid=100203) get_db_path /opt/stack/glance/glance/sqlite_migration.py:68}}
Jul 30 16:13:59.560335 np0000006149 devstack@g-api.service[100201]: WARNING glance.common.wsgi_app [-] Import methods are enabled but staging directory /tmp/staging/ does not exist; Imports will fail!
Jul 30 16:13:59.560364 np0000006149 devstack@g-api.service[100202]: DEBUG glance.sqlite_migration [-] SQLite caching database not located, skipping migration {{(pid=100202) get_db_path /opt/stack/glance/glance/sqlite_migration.py:68}}
Jul 30 16:13:59.560395 np0000006149 devstack@g-api.service[100203]: WARNING glance.common.wsgi_app [-] Import methods are enabled but staging directory /tmp/staging/ does not exist; Imports will fail!
Jul 30 16:13:59.560421 np0000006149 devstack@g-api.service[100202]: WARNING glance.common.wsgi_app [-] Import methods are enabled but staging directory /tmp/staging/ does not exist; Imports will fail!
Jul 30 16:13:59.682761 np0000006149 devstack@g-api.service[100201]: DEBUG glance.common.config [None req-a60d4c3e-102e-429a-abed-330ea96880e1 None None] Loading glance-api-keystone+cachemanagement from /etc/glance/glance-api-paste.ini {{(pid=100201) load_paste_app /opt/stack/glance/glance/common/config.py:765}}
Jul 30 16:13:59.689032 np0000006149 devstack@g-api.service[100203]: DEBUG glance.common.config [None req-adcaf8f6-3150-4e89-8e29-4a5ba8b498a6 None None] Loading glance-api-keystone+cachemanagement from /etc/glance/glance-api-paste.ini {{(pid=100203) load_paste_app /opt/stack/glance/glance/common/config.py:765}}
Jul 30 16:13:59.693334 np0000006149 devstack@g-api.service[100202]: DEBUG glance.common.config [None req-8ca8f6fd-6dc1-413a-8c4d-4920a7672009 None None] Loading glance-api-keystone+cachemanagement from /etc/glance/glance-api-paste.ini {{(pid=100202) load_paste_app /opt/stack/glance/glance/common/config.py:765}}
Jul 30 16:14:00.275476 np0000006149 devstack@g-api.service[100202]: INFO glance.image_cache [None req-8ca8f6fd-6dc1-413a-8c4d-4920a7672009 None None] Image cache loaded driver 'centralized_db'.
Jul 30 16:14:00.276854 np0000006149 devstack@g-api.service[100201]: INFO glance.image_cache [None req-a60d4c3e-102e-429a-abed-330ea96880e1 None None] Image cache loaded driver 'centralized_db'.
Jul 30 16:14:00.307890 np0000006149 devstack@g-api.service[100203]: INFO glance.image_cache [None req-adcaf8f6-3150-4e89-8e29-4a5ba8b498a6 None None] Image cache loaded driver 'centralized_db'.
Jul 30 16:14:00.320176 np0000006149 devstack@g-api.service[100202]: INFO dbcounter [None req-8ca8f6fd-6dc1-413a-8c4d-4920a7672009 None None] Registered counter for database glance
Jul 30 16:14:00.330271 np0000006149 devstack@g-api.service[100201]: INFO dbcounter [None req-a60d4c3e-102e-429a-abed-330ea96880e1 None None] Registered counter for database glance
Jul 30 16:14:00.356378 np0000006149 devstack@g-api.service[100203]: INFO dbcounter [None req-adcaf8f6-3150-4e89-8e29-4a5ba8b498a6 None None] Registered counter for database glance
Jul 30 16:14:00.359409 np0000006149 devstack@g-api.service[100202]: DEBUG oslo_db.sqlalchemy.engines [None req-8ca8f6fd-6dc1-413a-8c4d-4920a7672009 None None] MySQL server mode set to STRICT_TRANS_TABLES,STRICT_ALL_TABLES,NO_ZERO_IN_DATE,NO_ZERO_DATE,ERROR_FOR_DIVISION_BY_ZERO,TRADITIONAL,NO_ENGINE_SUBSTITUTION {{(pid=100202) _check_effective_sql_mode /opt/stack/data/venv/lib/python3.12/site-packages/oslo_db/sqlalchemy/engines.py:325}}
Jul 30 16:14:00.368734 np0000006149 devstack@g-api.service[100201]: DEBUG oslo_db.sqlalchemy.engines [None req-a60d4c3e-102e-429a-abed-330ea96880e1 None None] MySQL server mode set to STRICT_TRANS_TABLES,STRICT_ALL_TABLES,NO_ZERO_IN_DATE,NO_ZERO_DATE,ERROR_FOR_DIVISION_BY_ZERO,TRADITIONAL,NO_ENGINE_SUBSTITUTION {{(pid=100201) _check_effective_sql_mode /opt/stack/data/venv/lib/python3.12/site-packages/oslo_db/sqlalchemy/engines.py:325}}
Jul 30 16:14:00.380661 np0000006149 devstack@g-api.service[100202]: DEBUG dbcounter [-] [100202] Writer thread running {{(pid=100202) stat_writer /opt/stack/data/venv/lib/python3.12/site-packages/dbcounter.py:102}}
Jul 30 16:14:00.390198 np0000006149 devstack@g-api.service[100201]: DEBUG dbcounter [-] [100201] Writer thread running {{(pid=100201) stat_writer /opt/stack/data/venv/lib/python3.12/site-packages/dbcounter.py:102}}
Jul 30 16:14:00.392589 np0000006149 devstack@g-api.service[100202]: INFO glance.image_cache [None req-8ca8f6fd-6dc1-413a-8c4d-4920a7672009 None None] Image cache loaded driver 'centralized_db'.
Jul 30 16:14:00.393079 np0000006149 devstack@g-api.service[100201]: DEBUG glance.image_cache.drivers.centralized_db [None req-a60d4c3e-102e-429a-abed-330ea96880e1 None None] Node reference is already recorded, ignoring it {{(pid=100201) configure /opt/stack/glance/glance/image_cache/drivers/centralized_db.py:71}}
Jul 30 16:14:00.395625 np0000006149 devstack@g-api.service[100203]: DEBUG oslo_db.sqlalchemy.engines [None req-adcaf8f6-3150-4e89-8e29-4a5ba8b498a6 None None] MySQL server mode set to STRICT_TRANS_TABLES,STRICT_ALL_TABLES,NO_ZERO_IN_DATE,NO_ZERO_DATE,ERROR_FOR_DIVISION_BY_ZERO,TRADITIONAL,NO_ENGINE_SUBSTITUTION {{(pid=100203) _check_effective_sql_mode /opt/stack/data/venv/lib/python3.12/site-packages/oslo_db/sqlalchemy/engines.py:325}}
Jul 30 16:14:00.399719 np0000006149 devstack@g-api.service[100202]: DEBUG glance.image_cache.drivers.centralized_db [None req-8ca8f6fd-6dc1-413a-8c4d-4920a7672009 None None] Node reference is already recorded, ignoring it {{(pid=100202) configure /opt/stack/glance/glance/image_cache/drivers/centralized_db.py:71}}
Jul 30 16:14:00.417437 np0000006149 devstack@g-api.service[100203]: DEBUG dbcounter [-] [100203] Writer thread running {{(pid=100203) stat_writer /opt/stack/data/venv/lib/python3.12/site-packages/dbcounter.py:102}}
Jul 30 16:14:00.420572 np0000006149 devstack@g-api.service[100203]: DEBUG glance.image_cache.drivers.centralized_db [None req-adcaf8f6-3150-4e89-8e29-4a5ba8b498a6 None None] Node reference is already recorded, ignoring it {{(pid=100203) configure /opt/stack/glance/glance/image_cache/drivers/centralized_db.py:71}}
Jul 30 16:14:00.428578 np0000006149 devstack@g-api.service[100203]: INFO glance.image_cache [None req-adcaf8f6-3150-4e89-8e29-4a5ba8b498a6 None None] Image cache loaded driver 'centralized_db'.
Jul 30 16:14:00.494869 np0000006149 devstack@g-api.service[100202]: DEBUG glance.api.v2.cached_images [None req-8ca8f6fd-6dc1-413a-8c4d-4920a7672009 None None] Started cache worker thread {{(pid=100202) __init__ /opt/stack/glance/glance/api/v2/cached_images.py:71}}
Jul 30 16:14:00.495692 np0000006149 devstack@g-api.service[100202]: INFO glance.image_cache [None req-8ca8f6fd-6dc1-413a-8c4d-4920a7672009 None None] Image cache loaded driver 'centralized_db'.
Jul 30 16:14:00.495912 np0000006149 devstack@g-api.service[100201]: INFO glance.image_cache [None req-a60d4c3e-102e-429a-abed-330ea96880e1 None None] Image cache loaded driver 'centralized_db'.
Jul 30 16:14:00.502468 np0000006149 devstack@g-api.service[100202]: DEBUG glance.image_cache.drivers.centralized_db [None req-8ca8f6fd-6dc1-413a-8c4d-4920a7672009 None None] Node reference is already recorded, ignoring it {{(pid=100202) configure /opt/stack/glance/glance/image_cache/drivers/centralized_db.py:71}}
Jul 30 16:14:00.504364 np0000006149 devstack@g-api.service[100201]: DEBUG glance.image_cache.drivers.centralized_db [None req-a60d4c3e-102e-429a-abed-330ea96880e1 None None] Node reference is already recorded, ignoring it {{(pid=100201) configure /opt/stack/glance/glance/image_cache/drivers/centralized_db.py:71}}
Jul 30 16:14:00.506778 np0000006149 devstack@g-api.service[100202]: INFO glance.api.middleware.cache_manage [None req-8ca8f6fd-6dc1-413a-8c4d-4920a7672009 None None] Initialized image cache management middleware
Jul 30 16:14:00.506911 np0000006149 devstack@g-api.service[100202]: INFO glance.image_cache [None req-8ca8f6fd-6dc1-413a-8c4d-4920a7672009 None None] Image cache loaded driver 'centralized_db'.
Jul 30 16:14:00.509599 np0000006149 devstack@g-api.service[100201]: DEBUG glance.api.v2.cached_images [None req-a60d4c3e-102e-429a-abed-330ea96880e1 None None] Started cache worker thread {{(pid=100201) __init__ /opt/stack/glance/glance/api/v2/cached_images.py:71}}
Jul 30 16:14:00.510398 np0000006149 devstack@g-api.service[100201]: INFO glance.image_cache [None req-a60d4c3e-102e-429a-abed-330ea96880e1 None None] Image cache loaded driver 'centralized_db'.
Jul 30 16:14:00.513750 np0000006149 devstack@g-api.service[100202]: DEBUG glance.image_cache.drivers.centralized_db [None req-8ca8f6fd-6dc1-413a-8c4d-4920a7672009 None None] Node reference is already recorded, ignoring it {{(pid=100202) configure /opt/stack/glance/glance/image_cache/drivers/centralized_db.py:71}}
Jul 30 16:14:00.516842 np0000006149 devstack@g-api.service[100201]: DEBUG glance.image_cache.drivers.centralized_db [None req-a60d4c3e-102e-429a-abed-330ea96880e1 None None] Node reference is already recorded, ignoring it {{(pid=100201) configure /opt/stack/glance/glance/image_cache/drivers/centralized_db.py:71}}
Jul 30 16:14:00.517939 np0000006149 devstack@g-api.service[100202]: INFO glance.api.middleware.cache [None req-8ca8f6fd-6dc1-413a-8c4d-4920a7672009 None None] Initialized image cache middleware
Jul 30 16:14:00.521390 np0000006149 devstack@g-api.service[100201]: INFO glance.api.middleware.cache_manage [None req-a60d4c3e-102e-429a-abed-330ea96880e1 None None] Initialized image cache management middleware
Jul 30 16:14:00.521523 np0000006149 devstack@g-api.service[100201]: INFO glance.image_cache [None req-a60d4c3e-102e-429a-abed-330ea96880e1 None None] Image cache loaded driver 'centralized_db'.
Jul 30 16:14:00.526704 np0000006149 devstack@g-api.service[100203]: DEBUG glance.image_cache.drivers.centralized_db [None req-adcaf8f6-3150-4e89-8e29-4a5ba8b498a6 None None] Node reference is already recorded, ignoring it {{(pid=100203) configure /opt/stack/glance/glance/image_cache/drivers/centralized_db.py:71}}
Jul 30 16:14:00.529125 np0000006149 devstack@g-api.service[100202]: DEBUG glance.common.config [None req-8ca8f6fd-6dc1-413a-8c4d-4920a7672009 None None] ******************************************************************************** {{(pid=100202) log_opt_values /opt/stack/data/venv/lib/python3.12/site-packages/oslo_config/cfg.py:3226}}
Jul 30 16:14:00.529228 np0000006149 devstack@g-api.service[100202]: DEBUG glance.common.config [None req-8ca8f6fd-6dc1-413a-8c4d-4920a7672009 None None] Configuration options gathered from: {{(pid=100202) log_opt_values /opt/stack/data/venv/lib/python3.12/site-packages/oslo_config/cfg.py:3227}}
Jul 30 16:14:00.529525 np0000006149 devstack@g-api.service[100202]: DEBUG glance.common.config [None req-8ca8f6fd-6dc1-413a-8c4d-4920a7672009 None None] command line args: [] {{(pid=100202) log_opt_values /opt/stack/data/venv/lib/python3.12/site-packages/oslo_config/cfg.py:3228}}
Jul 30 16:14:00.529587 np0000006149 devstack@g-api.service[100201]: DEBUG glance.image_cache.drivers.centralized_db [None req-a60d4c3e-102e-429a-abed-330ea96880e1 None None] Node reference is already recorded, ignoring it {{(pid=100201) configure /opt/stack/glance/glance/image_cache/drivers/centralized_db.py:71}}
Jul 30 16:14:00.529651 np0000006149 devstack@g-api.service[100202]: DEBUG glance.common.config [None req-8ca8f6fd-6dc1-413a-8c4d-4920a7672009 None None] config files: ['/etc/glance/glance-image-import.conf', '/etc/glance/glance-api.conf'] {{(pid=100202) log_opt_values /opt/stack/data/venv/lib/python3.12/site-packages/oslo_config/cfg.py:3229}}
Jul 30 16:14:00.529725 np0000006149 devstack@g-api.service[100202]: DEBUG glance.common.config [None req-8ca8f6fd-6dc1-413a-8c4d-4920a7672009 None None] ================================================================================ {{(pid=100202) log_opt_values /opt/stack/data/venv/lib/python3.12/site-packages/oslo_config/cfg.py:3234}}
Jul 30 16:14:00.529837 np0000006149 devstack@g-api.service[100202]: DEBUG glance.common.config [None req-8ca8f6fd-6dc1-413a-8c4d-4920a7672009 None None] allow_anonymous_access = False {{(pid=100202) log_opt_values /opt/stack/data/venv/lib/python3.12/site-packages/oslo_config/cfg.py:3242}}
Jul 30 16:14:00.529951 np0000006149 devstack@g-api.service[100202]: DEBUG glance.common.config [None req-8ca8f6fd-6dc1-413a-8c4d-4920a7672009 None None] api_limit_max = 1000 {{(pid=100202) log_opt_values /opt/stack/data/venv/lib/python3.12/site-packages/oslo_config/cfg.py:3242}}
Jul 30 16:14:00.530054 np0000006149 devstack@g-api.service[100202]: DEBUG glance.common.config [None req-8ca8f6fd-6dc1-413a-8c4d-4920a7672009 None None] config_dir = [] {{(pid=100202) log_opt_values /opt/stack/data/venv/lib/python3.12/site-packages/oslo_config/cfg.py:3242}}
Jul 30 16:14:00.530127 np0000006149 devstack@g-api.service[100202]: DEBUG glance.common.config [None req-8ca8f6fd-6dc1-413a-8c4d-4920a7672009 None None] config_file = ['/etc/glance/glance-image-import.conf', '/etc/glance/glance-api.conf'] {{(pid=100202) log_opt_values /opt/stack/data/venv/lib/python3.12/site-packages/oslo_config/cfg.py:3242}}
Jul 30 16:14:00.530237 np0000006149 devstack@g-api.service[100202]: DEBUG glance.common.config [None req-8ca8f6fd-6dc1-413a-8c4d-4920a7672009 None None] config_source = [] {{(pid=100202) log_opt_values /opt/stack/data/venv/lib/python3.12/site-packages/oslo_config/cfg.py:3242}}
Jul 30 16:14:00.530333 np0000006149 devstack@g-api.service[100202]: DEBUG glance.common.config [None req-8ca8f6fd-6dc1-413a-8c4d-4920a7672009 None None] control_exchange = glance {{(pid=100202) log_opt_values /opt/stack/data/venv/lib/python3.12/site-packages/oslo_config/cfg.py:3242}}
Jul 30 16:14:00.530417 np0000006149 devstack@g-api.service[100202]: DEBUG glance.common.config [None req-8ca8f6fd-6dc1-413a-8c4d-4920a7672009 None None] debug = True {{(pid=100202) log_opt_values /opt/stack/data/venv/lib/python3.12/site-packages/oslo_config/cfg.py:3242}}
Jul 30 16:14:00.530603 np0000006149 devstack@g-api.service[100202]: DEBUG glance.common.config [None req-8ca8f6fd-6dc1-413a-8c4d-4920a7672009 None None] default_log_levels = ['amqp=WARN', 'boto=WARN', 'sqlalchemy=WARN', 'suds=INFO', 'oslo.messaging=INFO', 'oslo_messaging=INFO', 'iso8601=WARN', 'requests.packages.urllib3.connectionpool=WARN', 'urllib3.connectionpool=WARN', 'websocket=WARN', 'requests.packages.urllib3.util.retry=WARN', 'urllib3.util.retry=WARN', 'keystonemiddleware=WARN', 'routes.middleware=WARN', 'stevedore=WARN', 'taskflow=WARN', 'keystoneauth=WARN', 'oslo.cache=INFO', 'oslo_policy=INFO', 'dogpile.core.dogpile=INFO'] {{(pid=100202) log_opt_values /opt/stack/data/venv/lib/python3.12/site-packages/oslo_config/cfg.py:3242}}
Jul 30 16:14:00.530694 np0000006149 devstack@g-api.service[100202]: DEBUG glance.common.config [None req-8ca8f6fd-6dc1-413a-8c4d-4920a7672009 None None] default_publisher_id = image.localhost {{(pid=100202) log_opt_values /opt/stack/data/venv/lib/python3.12/site-packages/oslo_config/cfg.py:3242}}
Jul 30 16:14:00.530789 np0000006149 devstack@g-api.service[100202]: DEBUG glance.common.config [None req-8ca8f6fd-6dc1-413a-8c4d-4920a7672009 None None] delayed_delete = False {{(pid=100202) log_opt_values /opt/stack/data/venv/lib/python3.12/site-packages/oslo_config/cfg.py:3242}}
Jul 30 16:14:00.530886 np0000006149 devstack@g-api.service[100202]: DEBUG glance.common.config [None req-8ca8f6fd-6dc1-413a-8c4d-4920a7672009 None None] digest_algorithm = sha256 {{(pid=100202) log_opt_values /opt/stack/data/venv/lib/python3.12/site-packages/oslo_config/cfg.py:3242}}
Jul 30 16:14:00.530998 np0000006149 devstack@g-api.service[100202]: DEBUG glance.common.config [None req-8ca8f6fd-6dc1-413a-8c4d-4920a7672009 None None] disabled_notifications = [] {{(pid=100202) log_opt_values /opt/stack/data/venv/lib/python3.12/site-packages/oslo_config/cfg.py:3242}}
Jul 30 16:14:00.531089 np0000006149 devstack@g-api.service[100202]: DEBUG glance.common.config [None req-8ca8f6fd-6dc1-413a-8c4d-4920a7672009 None None] do_secure_hash = True {{(pid=100202) log_opt_values /opt/stack/data/venv/lib/python3.12/site-packages/oslo_config/cfg.py:3242}}
Jul 30 16:14:00.531184 np0000006149 devstack@g-api.service[100202]: DEBUG glance.common.config [None req-8ca8f6fd-6dc1-413a-8c4d-4920a7672009 None None] enabled_backends = None {{(pid=100202) log_opt_values /opt/stack/data/venv/lib/python3.12/site-packages/oslo_config/cfg.py:3242}}
Jul 30 16:14:00.531298 np0000006149 devstack@g-api.service[100203]: DEBUG glance.api.v2.cached_images [None req-adcaf8f6-3150-4e89-8e29-4a5ba8b498a6 None None] Started cache worker thread {{(pid=100203) __init__ /opt/stack/glance/glance/api/v2/cached_images.py:71}}
Jul 30 16:14:00.531340 np0000006149 devstack@g-api.service[100202]: DEBUG glance.common.config [None req-8ca8f6fd-6dc1-413a-8c4d-4920a7672009 None None] enabled_import_methods = ['glance-direct', 'web-download', 'copy-image'] {{(pid=100202) log_opt_values /opt/stack/data/venv/lib/python3.12/site-packages/oslo_config/cfg.py:3242}}
Jul 30 16:14:00.531383 np0000006149 devstack@g-api.service[100202]: DEBUG glance.common.config [None req-8ca8f6fd-6dc1-413a-8c4d-4920a7672009 None None] fatal_deprecations = False {{(pid=100202) log_opt_values /opt/stack/data/venv/lib/python3.12/site-packages/oslo_config/cfg.py:3242}}
Jul 30 16:14:00.531498 np0000006149 devstack@g-api.service[100202]: DEBUG glance.common.config [None req-8ca8f6fd-6dc1-413a-8c4d-4920a7672009 None None] hashing_algorithm = sha512 {{(pid=100202) log_opt_values /opt/stack/data/venv/lib/python3.12/site-packages/oslo_config/cfg.py:3242}}
Jul 30 16:14:00.531587 np0000006149 devstack@g-api.service[100202]: DEBUG glance.common.config [None req-8ca8f6fd-6dc1-413a-8c4d-4920a7672009 None None] http_retries = 3 {{(pid=100202) log_opt_values /opt/stack/data/venv/lib/python3.12/site-packages/oslo_config/cfg.py:3242}}
Jul 30 16:14:00.531683 np0000006149 devstack@g-api.service[100202]: DEBUG glance.common.config [None req-8ca8f6fd-6dc1-413a-8c4d-4920a7672009 None None] image_cache_dir = /opt/stack/data/glance/cache/ {{(pid=100202) log_opt_values /opt/stack/data/venv/lib/python3.12/site-packages/oslo_config/cfg.py:3242}}
Jul 30 16:14:00.531778 np0000006149 devstack@g-api.service[100202]: DEBUG glance.common.config [None req-8ca8f6fd-6dc1-413a-8c4d-4920a7672009 None None] image_cache_driver = centralized_db {{(pid=100202) log_opt_values /opt/stack/data/venv/lib/python3.12/site-packages/oslo_config/cfg.py:3242}}
Jul 30 16:14:00.531870 np0000006149 devstack@g-api.service[100202]: DEBUG glance.common.config [None req-8ca8f6fd-6dc1-413a-8c4d-4920a7672009 None None] image_cache_max_size = 10737418240 {{(pid=100202) log_opt_values /opt/stack/data/venv/lib/python3.12/site-packages/oslo_config/cfg.py:3242}}
Jul 30 16:14:00.531915 np0000006149 devstack@g-api.service[100203]: INFO glance.image_cache [None req-adcaf8f6-3150-4e89-8e29-4a5ba8b498a6 None None] Image cache loaded driver 'centralized_db'.
Jul 30 16:14:00.531985 np0000006149 devstack@g-api.service[100202]: DEBUG glance.common.config [None req-8ca8f6fd-6dc1-413a-8c4d-4920a7672009 None None] image_cache_sqlite_db = cache.db {{(pid=100202) log_opt_values /opt/stack/data/venv/lib/python3.12/site-packages/oslo_config/cfg.py:3242}}
Jul 30 16:14:00.532078 np0000006149 devstack@g-api.service[100202]: DEBUG glance.common.config [None req-8ca8f6fd-6dc1-413a-8c4d-4920a7672009 None None] image_cache_stall_time = 86400 {{(pid=100202) log_opt_values /opt/stack/data/venv/lib/python3.12/site-packages/oslo_config/cfg.py:3242}}
Jul 30 16:14:00.532167 np0000006149 devstack@g-api.service[100202]: DEBUG glance.common.config [None req-8ca8f6fd-6dc1-413a-8c4d-4920a7672009 None None] image_location_quota = 10 {{(pid=100202) log_opt_values /opt/stack/data/venv/lib/python3.12/site-packages/oslo_config/cfg.py:3242}}
Jul 30 16:14:00.532272 np0000006149 devstack@g-api.service[100202]: DEBUG glance.common.config [None req-8ca8f6fd-6dc1-413a-8c4d-4920a7672009 None None] image_member_quota = 128 {{(pid=100202) log_opt_values /opt/stack/data/venv/lib/python3.12/site-packages/oslo_config/cfg.py:3242}}
Jul 30 16:14:00.532361 np0000006149 devstack@g-api.service[100202]: DEBUG glance.common.config [None req-8ca8f6fd-6dc1-413a-8c4d-4920a7672009 None None] image_property_quota = 128 {{(pid=100202) log_opt_values /opt/stack/data/venv/lib/python3.12/site-packages/oslo_config/cfg.py:3242}}
Jul 30 16:14:00.532471 np0000006149 devstack@g-api.service[100202]: DEBUG glance.common.config [None req-8ca8f6fd-6dc1-413a-8c4d-4920a7672009 None None] image_size_cap = 1099511627776 {{(pid=100202) log_opt_values /opt/stack/data/venv/lib/python3.12/site-packages/oslo_config/cfg.py:3242}}
Jul 30 16:14:00.532586 np0000006149 devstack@g-api.service[100202]: DEBUG glance.common.config [None req-8ca8f6fd-6dc1-413a-8c4d-4920a7672009 None None] image_tag_quota = 128 {{(pid=100202) log_opt_values /opt/stack/data/venv/lib/python3.12/site-packages/oslo_config/cfg.py:3242}}
Jul 30 16:14:00.532864 np0000006149 devstack@g-api.service[100202]: DEBUG glance.common.config [None req-8ca8f6fd-6dc1-413a-8c4d-4920a7672009 None None] instance_format = [instance: %(uuid)s] {{(pid=100202) log_opt_values /opt/stack/data/venv/lib/python3.12/site-packages/oslo_config/cfg.py:3242}}
Jul 30 16:14:00.532864 np0000006149 devstack@g-api.service[100202]: DEBUG glance.common.config [None req-8ca8f6fd-6dc1-413a-8c4d-4920a7672009 None None] instance_uuid_format = [instance: %(uuid)s] {{(pid=100202) log_opt_values /opt/stack/data/venv/lib/python3.12/site-packages/oslo_config/cfg.py:3242}}
Jul 30 16:14:00.532864 np0000006149 devstack@g-api.service[100202]: DEBUG glance.common.config [None req-8ca8f6fd-6dc1-413a-8c4d-4920a7672009 None None] limit_param_default = 25 {{(pid=100202) log_opt_values /opt/stack/data/venv/lib/python3.12/site-packages/oslo_config/cfg.py:3242}}
Jul 30 16:14:00.532990 np0000006149 devstack@g-api.service[100202]: DEBUG glance.common.config [None req-8ca8f6fd-6dc1-413a-8c4d-4920a7672009 None None] log_color = False {{(pid=100202) log_opt_values /opt/stack/data/venv/lib/python3.12/site-packages/oslo_config/cfg.py:3242}}
Jul 30 16:14:00.533067 np0000006149 devstack@g-api.service[100202]: DEBUG glance.common.config [None req-8ca8f6fd-6dc1-413a-8c4d-4920a7672009 None None] log_config_append = None {{(pid=100202) log_opt_values /opt/stack/data/venv/lib/python3.12/site-packages/oslo_config/cfg.py:3242}}
Jul 30 16:14:00.533162 np0000006149 devstack@g-api.service[100202]: DEBUG glance.common.config [None req-8ca8f6fd-6dc1-413a-8c4d-4920a7672009 None None] log_date_format = %Y-%m-%d %H:%M:%S {{(pid=100202) log_opt_values /opt/stack/data/venv/lib/python3.12/site-packages/oslo_config/cfg.py:3242}}
Jul 30 16:14:00.533267 np0000006149 devstack@g-api.service[100202]: DEBUG glance.common.config [None req-8ca8f6fd-6dc1-413a-8c4d-4920a7672009 None None] log_dir = None {{(pid=100202) log_opt_values /opt/stack/data/venv/lib/python3.12/site-packages/oslo_config/cfg.py:3242}}
Jul 30 16:14:00.533357 np0000006149 devstack@g-api.service[100202]: DEBUG glance.common.config [None req-8ca8f6fd-6dc1-413a-8c4d-4920a7672009 None None] log_file = None {{(pid=100202) log_opt_values /opt/stack/data/venv/lib/python3.12/site-packages/oslo_config/cfg.py:3242}}
Jul 30 16:14:00.533458 np0000006149 devstack@g-api.service[100202]: DEBUG glance.common.config [None req-8ca8f6fd-6dc1-413a-8c4d-4920a7672009 None None] log_rotate_interval = 1 {{(pid=100202) log_opt_values /opt/stack/data/venv/lib/python3.12/site-packages/oslo_config/cfg.py:3242}}
Jul 30 16:14:00.533561 np0000006149 devstack@g-api.service[100202]: DEBUG glance.common.config [None req-8ca8f6fd-6dc1-413a-8c4d-4920a7672009 None None] log_rotate_interval_type = days {{(pid=100202) log_opt_values /opt/stack/data/venv/lib/python3.12/site-packages/oslo_config/cfg.py:3242}}
Jul 30 16:14:00.533656 np0000006149 devstack@g-api.service[100202]: DEBUG glance.common.config [None req-8ca8f6fd-6dc1-413a-8c4d-4920a7672009 None None] log_rotation_type = none {{(pid=100202) log_opt_values /opt/stack/data/venv/lib/python3.12/site-packages/oslo_config/cfg.py:3242}}
Jul 30 16:14:00.533730 np0000006149 devstack@g-api.service[100202]: DEBUG glance.common.config [None req-8ca8f6fd-6dc1-413a-8c4d-4920a7672009 None None] logging_context_format_string = %(color)s%(levelname)s %(name)s [%(global_request_id)s %(request_id)s %(project_name)s %(user_name)s%(color)s] %(instance)s%(color)s%(message)s {{(pid=100202) log_opt_values /opt/stack/data/venv/lib/python3.12/site-packages/oslo_config/cfg.py:3242}}
Jul 30 16:14:00.533802 np0000006149 devstack@g-api.service[100202]: DEBUG glance.common.config [None req-8ca8f6fd-6dc1-413a-8c4d-4920a7672009 None None] logging_debug_format_suffix = {{(pid=%(process)d) %(funcName)s %(pathname)s:%(lineno)d}} {{(pid=100202) log_opt_values /opt/stack/data/venv/lib/python3.12/site-packages/oslo_config/cfg.py:3242}}
Jul 30 16:14:00.533886 np0000006149 devstack@g-api.service[100201]: INFO glance.api.middleware.cache [None req-a60d4c3e-102e-429a-abed-330ea96880e1 None None] Initialized image cache middleware
Jul 30 16:14:00.533939 np0000006149 devstack@g-api.service[100202]: DEBUG glance.common.config [None req-8ca8f6fd-6dc1-413a-8c4d-4920a7672009 None None] logging_default_format_string = %(color)s%(levelname)s %(name)s [-%(color)s] %(instance)s%(color)s%(message)s {{(pid=100202) log_opt_values /opt/stack/data/venv/lib/python3.12/site-packages/oslo_config/cfg.py:3242}}
Jul 30 16:14:00.534008 np0000006149 devstack@g-api.service[100202]: DEBUG glance.common.config [None req-8ca8f6fd-6dc1-413a-8c4d-4920a7672009 None None] logging_exception_prefix = ERROR %(name)s %(instance)s {{(pid=100202) log_opt_values /opt/stack/data/venv/lib/python3.12/site-packages/oslo_config/cfg.py:3242}}
Jul 30 16:14:00.534074 np0000006149 devstack@g-api.service[100202]: DEBUG glance.common.config [None req-8ca8f6fd-6dc1-413a-8c4d-4920a7672009 None None] logging_user_identity_format = %(user)s %(project)s %(domain)s %(system_scope)s %(user_domain)s %(project_domain)s {{(pid=100202) log_opt_values /opt/stack/data/venv/lib/python3.12/site-packages/oslo_config/cfg.py:3242}}
Jul 30 16:14:00.534166 np0000006149 devstack@g-api.service[100202]: DEBUG glance.common.config [None req-8ca8f6fd-6dc1-413a-8c4d-4920a7672009 None None] max_logfile_count = 30 {{(pid=100202) log_opt_values /opt/stack/data/venv/lib/python3.12/site-packages/oslo_config/cfg.py:3242}}
Jul 30 16:14:00.534270 np0000006149 devstack@g-api.service[100202]: DEBUG glance.common.config [None req-8ca8f6fd-6dc1-413a-8c4d-4920a7672009 None None] max_logfile_size_mb = 200 {{(pid=100202) log_opt_values /opt/stack/data/venv/lib/python3.12/site-packages/oslo_config/cfg.py:3242}}
Jul 30 16:14:00.534424 np0000006149 devstack@g-api.service[100202]: DEBUG glance.common.config [None req-8ca8f6fd-6dc1-413a-8c4d-4920a7672009 None None] max_request_id_length = 64 {{(pid=100202) log_opt_values /opt/stack/data/venv/lib/python3.12/site-packages/oslo_config/cfg.py:3242}}
Jul 30 16:14:00.534479 np0000006149 devstack@g-api.service[100202]: DEBUG glance.common.config [None req-8ca8f6fd-6dc1-413a-8c4d-4920a7672009 None None] metadata_encryption_key = **** {{(pid=100202) log_opt_values /opt/stack/data/venv/lib/python3.12/site-packages/oslo_config/cfg.py:3242}}
Jul 30 16:14:00.534577 np0000006149 devstack@g-api.service[100202]: DEBUG glance.common.config [None req-8ca8f6fd-6dc1-413a-8c4d-4920a7672009 None None] node_staging_uri = file:///tmp/staging/ {{(pid=100202) log_opt_values /opt/stack/data/venv/lib/python3.12/site-packages/oslo_config/cfg.py:3242}}
Jul 30 16:14:00.534669 np0000006149 devstack@g-api.service[100202]: DEBUG glance.common.config [None req-8ca8f6fd-6dc1-413a-8c4d-4920a7672009 None None] property_protection_file = None {{(pid=100202) log_opt_values /opt/stack/data/venv/lib/python3.12/site-packages/oslo_config/cfg.py:3242}}
Jul 30 16:14:00.534764 np0000006149 devstack@g-api.service[100202]: DEBUG glance.common.config [None req-8ca8f6fd-6dc1-413a-8c4d-4920a7672009 None None] property_protection_rule_format = roles {{(pid=100202) log_opt_values /opt/stack/data/venv/lib/python3.12/site-packages/oslo_config/cfg.py:3242}}
Jul 30 16:14:00.534858 np0000006149 devstack@g-api.service[100202]: DEBUG glance.common.config [None req-8ca8f6fd-6dc1-413a-8c4d-4920a7672009 None None] public_endpoint = https://10.4.3.124/image {{(pid=100202) log_opt_values /opt/stack/data/venv/lib/python3.12/site-packages/oslo_config/cfg.py:3242}}
Jul 30 16:14:00.534963 np0000006149 devstack@g-api.service[100202]: DEBUG glance.common.config [None req-8ca8f6fd-6dc1-413a-8c4d-4920a7672009 None None] publish_errors = False {{(pid=100202) log_opt_values /opt/stack/data/venv/lib/python3.12/site-packages/oslo_config/cfg.py:3242}}
Jul 30 16:14:00.535057 np0000006149 devstack@g-api.service[100202]: DEBUG glance.common.config [None req-8ca8f6fd-6dc1-413a-8c4d-4920a7672009 None None] pydev_worker_debug_host = None {{(pid=100202) log_opt_values /opt/stack/data/venv/lib/python3.12/site-packages/oslo_config/cfg.py:3242}}
Jul 30 16:14:00.535154 np0000006149 devstack@g-api.service[100202]: DEBUG glance.common.config [None req-8ca8f6fd-6dc1-413a-8c4d-4920a7672009 None None] pydev_worker_debug_port = 5678 {{(pid=100202) log_opt_values /opt/stack/data/venv/lib/python3.12/site-packages/oslo_config/cfg.py:3242}}
Jul 30 16:14:00.535255 np0000006149 devstack@g-api.service[100202]: DEBUG glance.common.config [None req-8ca8f6fd-6dc1-413a-8c4d-4920a7672009 None None] rate_limit_burst = 0 {{(pid=100202) log_opt_values /opt/stack/data/venv/lib/python3.12/site-packages/oslo_config/cfg.py:3242}}
Jul 30 16:14:00.535350 np0000006149 devstack@g-api.service[100202]: DEBUG glance.common.config [None req-8ca8f6fd-6dc1-413a-8c4d-4920a7672009 None None] rate_limit_except_level = CRITICAL {{(pid=100202) log_opt_values /opt/stack/data/venv/lib/python3.12/site-packages/oslo_config/cfg.py:3242}}
Jul 30 16:14:00.535439 np0000006149 devstack@g-api.service[100202]: DEBUG glance.common.config [None req-8ca8f6fd-6dc1-413a-8c4d-4920a7672009 None None] rate_limit_interval = 0 {{(pid=100202) log_opt_values /opt/stack/data/venv/lib/python3.12/site-packages/oslo_config/cfg.py:3242}}
Jul 30 16:14:00.535543 np0000006149 devstack@g-api.service[100202]: DEBUG glance.common.config [None req-8ca8f6fd-6dc1-413a-8c4d-4920a7672009 None None] scrub_pool_size = 1 {{(pid=100202) log_opt_values /opt/stack/data/venv/lib/python3.12/site-packages/oslo_config/cfg.py:3242}}
Jul 30 16:14:00.535633 np0000006149 devstack@g-api.service[100202]: DEBUG glance.common.config [None req-8ca8f6fd-6dc1-413a-8c4d-4920a7672009 None None] scrub_time = 0 {{(pid=100202) log_opt_values /opt/stack/data/venv/lib/python3.12/site-packages/oslo_config/cfg.py:3242}}
Jul 30 16:14:00.535717 np0000006149 devstack@g-api.service[100202]: DEBUG glance.common.config [None req-8ca8f6fd-6dc1-413a-8c4d-4920a7672009 None None] shell_completion = None {{(pid=100202) log_opt_values /opt/stack/data/venv/lib/python3.12/site-packages/oslo_config/cfg.py:3242}}
Jul 30 16:14:00.535813 np0000006149 devstack@g-api.service[100202]: DEBUG glance.common.config [None req-8ca8f6fd-6dc1-413a-8c4d-4920a7672009 None None] show_image_direct_url = False {{(pid=100202) log_opt_values /opt/stack/data/venv/lib/python3.12/site-packages/oslo_config/cfg.py:3242}}
Jul 30 16:14:00.536107 np0000006149 devstack@g-api.service[100202]: WARNING oslo_config.cfg [None req-8ca8f6fd-6dc1-413a-8c4d-4920a7672009 None None] Deprecated: Option "show_multiple_locations" from group "DEFAULT" is deprecated for removal (Use of this option, deprecated since Newton, is a security risk and will be removed once we figure out a way to satisfy those use cases that currently require it. An earlier announcement that the same functionality can be achieved with greater granularity by using policies is incorrect. You cannot work around this option via policy configuration at the present time, though that is the direction we believe the fix will take. Please keep an eye on the Glance release notes to stay up to date on progress in addressing this issue.). Its value may be silently ignored in the future.
Jul 30 16:14:00.536207 np0000006149 devstack@g-api.service[100202]: DEBUG glance.common.config [None req-8ca8f6fd-6dc1-413a-8c4d-4920a7672009 None None] show_multiple_locations = False {{(pid=100202) log_opt_values /opt/stack/data/venv/lib/python3.12/site-packages/oslo_config/cfg.py:3242}}
Jul 30 16:14:00.536252 np0000006149 devstack@g-api.service[100202]: DEBUG glance.common.config [None req-8ca8f6fd-6dc1-413a-8c4d-4920a7672009 None None] syslog_log_facility = LOG_USER {{(pid=100202) log_opt_values /opt/stack/data/venv/lib/python3.12/site-packages/oslo_config/cfg.py:3242}}
Jul 30 16:14:00.536341 np0000006149 devstack@g-api.service[100202]: DEBUG glance.common.config [None req-8ca8f6fd-6dc1-413a-8c4d-4920a7672009 None None] transport_url = **** {{(pid=100202) log_opt_values /opt/stack/data/venv/lib/python3.12/site-packages/oslo_config/cfg.py:3242}}
Jul 30 16:14:00.536429 np0000006149 devstack@g-api.service[100202]: DEBUG glance.common.config [None req-8ca8f6fd-6dc1-413a-8c4d-4920a7672009 None None] use_journal = False {{(pid=100202) log_opt_values /opt/stack/data/venv/lib/python3.12/site-packages/oslo_config/cfg.py:3242}}
Jul 30 16:14:00.536534 np0000006149 devstack@g-api.service[100202]: DEBUG glance.common.config [None req-8ca8f6fd-6dc1-413a-8c4d-4920a7672009 None None] use_json = False {{(pid=100202) log_opt_values /opt/stack/data/venv/lib/python3.12/site-packages/oslo_config/cfg.py:3242}}
Jul 30 16:14:00.536631 np0000006149 devstack@g-api.service[100202]: DEBUG glance.common.config [None req-8ca8f6fd-6dc1-413a-8c4d-4920a7672009 None None] use_keystone_limits = True {{(pid=100202) log_opt_values /opt/stack/data/venv/lib/python3.12/site-packages/oslo_config/cfg.py:3242}}
Jul 30 16:14:00.536722 np0000006149 devstack@g-api.service[100202]: DEBUG glance.common.config [None req-8ca8f6fd-6dc1-413a-8c4d-4920a7672009 None None] use_stderr = False {{(pid=100202) log_opt_values /opt/stack/data/venv/lib/python3.12/site-packages/oslo_config/cfg.py:3242}}
Jul 30 16:14:00.536815 np0000006149 devstack@g-api.service[100202]: DEBUG glance.common.config [None req-8ca8f6fd-6dc1-413a-8c4d-4920a7672009 None None] use_syslog = False {{(pid=100202) log_opt_values /opt/stack/data/venv/lib/python3.12/site-packages/oslo_config/cfg.py:3242}}
Jul 30 16:14:00.536908 np0000006149 devstack@g-api.service[100202]: DEBUG glance.common.config [None req-8ca8f6fd-6dc1-413a-8c4d-4920a7672009 None None] user_storage_quota = 0 {{(pid=100202) log_opt_values /opt/stack/data/venv/lib/python3.12/site-packages/oslo_config/cfg.py:3242}}
Jul 30 16:14:00.537327 np0000006149 devstack@g-api.service[100202]: DEBUG glance.common.config [None req-8ca8f6fd-6dc1-413a-8c4d-4920a7672009 None None] worker_self_reference_url = http://127.0.0.1:60999 {{(pid=100202) log_opt_values /opt/stack/data/venv/lib/python3.12/site-packages/oslo_config/cfg.py:3242}}
Jul 30 16:14:00.537327 np0000006149 devstack@g-api.service[100202]: DEBUG glance.common.config [None req-8ca8f6fd-6dc1-413a-8c4d-4920a7672009 None None] oslo_concurrency.disable_process_locking = False {{(pid=100202) log_opt_values /opt/stack/data/venv/lib/python3.12/site-packages/oslo_config/cfg.py:3253}}
Jul 30 16:14:00.537327 np0000006149 devstack@g-api.service[100202]: DEBUG glance.common.config [None req-8ca8f6fd-6dc1-413a-8c4d-4920a7672009 None None] oslo_concurrency.lock_path = /opt/stack/data/glance/locks {{(pid=100202) log_opt_values /opt/stack/data/venv/lib/python3.12/site-packages/oslo_config/cfg.py:3253}}
Jul 30 16:14:00.537327 np0000006149 devstack@g-api.service[100202]: DEBUG glance.common.config [None req-8ca8f6fd-6dc1-413a-8c4d-4920a7672009 None None] oslo_middleware.enable_proxy_headers_parsing = False {{(pid=100202) log_opt_values /opt/stack/data/venv/lib/python3.12/site-packages/oslo_config/cfg.py:3253}}
Jul 30 16:14:00.537476 np0000006149 devstack@g-api.service[100202]: DEBUG glance.common.config [None req-8ca8f6fd-6dc1-413a-8c4d-4920a7672009 None None] oslo_middleware.http_basic_auth_user_file = /etc/htpasswd {{(pid=100202) log_opt_values /opt/stack/data/venv/lib/python3.12/site-packages/oslo_config/cfg.py:3253}}
Jul 30 16:14:00.537526 np0000006149 devstack@g-api.service[100202]: DEBUG glance.common.config [None req-8ca8f6fd-6dc1-413a-8c4d-4920a7672009 None None] paste_deploy.config_file = None {{(pid=100202) log_opt_values /opt/stack/data/venv/lib/python3.12/site-packages/oslo_config/cfg.py:3253}}
Jul 30 16:14:00.537609 np0000006149 devstack@g-api.service[100202]: DEBUG glance.common.config [None req-8ca8f6fd-6dc1-413a-8c4d-4920a7672009 None None] paste_deploy.flavor = keystone+cachemanagement {{(pid=100202) log_opt_values /opt/stack/data/venv/lib/python3.12/site-packages/oslo_config/cfg.py:3253}}
Jul 30 16:14:00.538035 np0000006149 devstack@g-api.service[100202]: DEBUG glance.common.config [None req-8ca8f6fd-6dc1-413a-8c4d-4920a7672009 None None] image_format.container_formats = ['ami', 'ari', 'aki', 'bare', 'ovf', 'ova', 'docker', 'compressed'] {{(pid=100202) log_opt_values /opt/stack/data/venv/lib/python3.12/site-packages/oslo_config/cfg.py:3253}}
Jul 30 16:14:00.538035 np0000006149 devstack@g-api.service[100202]: DEBUG glance.common.config [None req-8ca8f6fd-6dc1-413a-8c4d-4920a7672009 None None] image_format.disk_formats = ['ami', 'ari', 'aki', 'vhd', 'vhdx', 'vmdk', 'raw', 'qcow2', 'vdi', 'iso', 'ploop'] {{(pid=100202) log_opt_values /opt/stack/data/venv/lib/python3.12/site-packages/oslo_config/cfg.py:3253}}
Jul 30 16:14:00.538035 np0000006149 devstack@g-api.service[100202]: DEBUG glance.common.config [None req-8ca8f6fd-6dc1-413a-8c4d-4920a7672009 None None] image_format.gpt_safety_checks_nonfatal = [] {{(pid=100202) log_opt_values /opt/stack/data/venv/lib/python3.12/site-packages/oslo_config/cfg.py:3253}}
Jul 30 16:14:00.538144 np0000006149 devstack@g-api.service[100202]: DEBUG glance.common.config [None req-8ca8f6fd-6dc1-413a-8c4d-4920a7672009 None None] image_format.require_image_format_match = True {{(pid=100202) log_opt_values /opt/stack/data/venv/lib/python3.12/site-packages/oslo_config/cfg.py:3253}}
Jul 30 16:14:00.538239 np0000006149 devstack@g-api.service[100202]: DEBUG glance.common.config [None req-8ca8f6fd-6dc1-413a-8c4d-4920a7672009 None None] image_format.vmdk_allowed_types = ['streamOptimized', 'monolithicSparse'] {{(pid=100202) log_opt_values /opt/stack/data/venv/lib/python3.12/site-packages/oslo_config/cfg.py:3253}}
Jul 30 16:14:00.538343 np0000006149 devstack@g-api.service[100203]: DEBUG glance.image_cache.drivers.centralized_db [None req-adcaf8f6-3150-4e89-8e29-4a5ba8b498a6 None None] Node reference is already recorded, ignoring it {{(pid=100203) configure /opt/stack/glance/glance/image_cache/drivers/centralized_db.py:71}}
Jul 30 16:14:00.538386 np0000006149 devstack@g-api.service[100202]: DEBUG glance.common.config [None req-8ca8f6fd-6dc1-413a-8c4d-4920a7672009 None None] task.task_executor = taskflow {{(pid=100202) log_opt_values /opt/stack/data/venv/lib/python3.12/site-packages/oslo_config/cfg.py:3253}}
Jul 30 16:14:00.538435 np0000006149 devstack@g-api.service[100202]: DEBUG glance.common.config [None req-8ca8f6fd-6dc1-413a-8c4d-4920a7672009 None None] task.task_time_to_live = 48 {{(pid=100202) log_opt_values /opt/stack/data/venv/lib/python3.12/site-packages/oslo_config/cfg.py:3253}}
Jul 30 16:14:00.538533 np0000006149 devstack@g-api.service[100202]: DEBUG glance.common.config [None req-8ca8f6fd-6dc1-413a-8c4d-4920a7672009 None None] task.work_dir = None {{(pid=100202) log_opt_values /opt/stack/data/venv/lib/python3.12/site-packages/oslo_config/cfg.py:3253}}
Jul 30 16:14:00.538645 np0000006149 devstack@g-api.service[100202]: DEBUG glance.common.config [None req-8ca8f6fd-6dc1-413a-8c4d-4920a7672009 None None] wsgi.python_interpreter = /opt/stack/data/venv/bin/python3 {{(pid=100202) log_opt_values /opt/stack/data/venv/lib/python3.12/site-packages/oslo_config/cfg.py:3253}}
Jul 30 16:14:00.538738 np0000006149 devstack@g-api.service[100202]: DEBUG glance.common.config [None req-8ca8f6fd-6dc1-413a-8c4d-4920a7672009 None None] wsgi.task_pool_threads = 16 {{(pid=100202) log_opt_values /opt/stack/data/venv/lib/python3.12/site-packages/oslo_config/cfg.py:3253}}
Jul 30 16:14:00.538836 np0000006149 devstack@g-api.service[100202]: DEBUG glance.common.config [None req-8ca8f6fd-6dc1-413a-8c4d-4920a7672009 None None] import_filtering_opts.allowed_hosts = [] {{(pid=100202) log_opt_values /opt/stack/data/venv/lib/python3.12/site-packages/oslo_config/cfg.py:3253}}
Jul 30 16:14:00.538946 np0000006149 devstack@g-api.service[100202]: DEBUG glance.common.config [None req-8ca8f6fd-6dc1-413a-8c4d-4920a7672009 None None] import_filtering_opts.allowed_ports = [80, 443] {{(pid=100202) log_opt_values /opt/stack/data/venv/lib/python3.12/site-packages/oslo_config/cfg.py:3253}}
Jul 30 16:14:00.539054 np0000006149 devstack@g-api.service[100202]: DEBUG glance.common.config [None req-8ca8f6fd-6dc1-413a-8c4d-4920a7672009 None None] import_filtering_opts.allowed_schemes = ['http', 'https'] {{(pid=100202) log_opt_values /opt/stack/data/venv/lib/python3.12/site-packages/oslo_config/cfg.py:3253}}
Jul 30 16:14:00.539172 np0000006149 devstack@g-api.service[100202]: DEBUG glance.common.config [None req-8ca8f6fd-6dc1-413a-8c4d-4920a7672009 None None] import_filtering_opts.disallowed_hosts = [] {{(pid=100202) log_opt_values /opt/stack/data/venv/lib/python3.12/site-packages/oslo_config/cfg.py:3253}}
Jul 30 16:14:00.539280 np0000006149 devstack@g-api.service[100202]: DEBUG glance.common.config [None req-8ca8f6fd-6dc1-413a-8c4d-4920a7672009 None None] import_filtering_opts.disallowed_ports = [] {{(pid=100202) log_opt_values /opt/stack/data/venv/lib/python3.12/site-packages/oslo_config/cfg.py:3253}}
Jul 30 16:14:00.539373 np0000006149 devstack@g-api.service[100202]: DEBUG glance.common.config [None req-8ca8f6fd-6dc1-413a-8c4d-4920a7672009 None None] import_filtering_opts.disallowed_schemes = [] {{(pid=100202) log_opt_values /opt/stack/data/venv/lib/python3.12/site-packages/oslo_config/cfg.py:3253}}
Jul 30 16:14:00.539474 np0000006149 devstack@g-api.service[100202]: DEBUG glance.common.config [None req-8ca8f6fd-6dc1-413a-8c4d-4920a7672009 None None] oslo_messaging_metrics.metrics_buffer_size = 1000 {{(pid=100202) log_opt_values /opt/stack/data/venv/lib/python3.12/site-packages/oslo_config/cfg.py:3253}}
