Jul 30 16:13:38.747977 np0000006149 nova-scheduler[93865]: DEBUG cotyledon.oslo_config_glue [-] oslo_messaging_rabbit.rabbit_quorum_delivery_limit = 0 {{(pid=93865) log_opt_values /opt/stack/data/venv/lib/python3.12/site-packages/oslo_config/cfg.py:3253}}
Jul 30 16:13:38.747977 np0000006149 nova-scheduler[93865]: DEBUG cotyledon.oslo_config_glue [-] oslo_messaging_rabbit.rabbit_quorum_max_memory_bytes = 0 {{(pid=93865) log_opt_values /opt/stack/data/venv/lib/python3.12/site-packages/oslo_config/cfg.py:3253}}
Jul 30 16:13:38.747977 np0000006149 nova-scheduler[93865]: DEBUG cotyledon.oslo_config_glue [-] oslo_messaging_rabbit.rabbit_quorum_max_memory_length = 0 {{(pid=93865) log_opt_values /opt/stack/data/venv/lib/python3.12/site-packages/oslo_config/cfg.py:3253}}
Jul 30 16:13:38.747977 np0000006149 nova-scheduler[93865]: DEBUG cotyledon.oslo_config_glue [-] oslo_messaging_rabbit.rabbit_quorum_queue = False {{(pid=93865) log_opt_values /opt/stack/data/venv/lib/python3.12/site-packages/oslo_config/cfg.py:3253}}
Jul 30 16:13:38.747977 np0000006149 nova-scheduler[93865]: DEBUG cotyledon.oslo_config_glue [-] oslo_messaging_rabbit.rabbit_retry_backoff = 2 {{(pid=93865) log_opt_values /opt/stack/data/venv/lib/python3.12/site-packages/oslo_config/cfg.py:3253}}
Jul 30 16:13:38.747977 np0000006149 nova-scheduler[93865]: DEBUG cotyledon.oslo_config_glue [-] oslo_messaging_rabbit.rabbit_retry_interval = 1 {{(pid=93865) log_opt_values /opt/stack/data/venv/lib/python3.12/site-packages/oslo_config/cfg.py:3253}}
Jul 30 16:13:38.747977 np0000006149 nova-scheduler[93865]: DEBUG cotyledon.oslo_config_glue [-] oslo_messaging_rabbit.rabbit_stream_fanout = False {{(pid=93865) log_opt_values /opt/stack/data/venv/lib/python3.12/site-packages/oslo_config/cfg.py:3253}}
Jul 30 16:13:38.748147 np0000006149 nova-scheduler[93865]: DEBUG cotyledon.oslo_config_glue [-] oslo_messaging_rabbit.rabbit_transient_queues_ttl = 1800 {{(pid=93865) log_opt_values /opt/stack/data/venv/lib/python3.12/site-packages/oslo_config/cfg.py:3253}}
Jul 30 16:13:38.748147 np0000006149 nova-scheduler[93865]: DEBUG cotyledon.oslo_config_glue [-] oslo_messaging_rabbit.rabbit_transient_quorum_queue = False {{(pid=93865) log_opt_values /opt/stack/data/venv/lib/python3.12/site-packages/oslo_config/cfg.py:3253}}
Jul 30 16:13:38.748147 np0000006149 nova-scheduler[93865]: DEBUG cotyledon.oslo_config_glue [-] oslo_messaging_rabbit.rpc_conn_pool_size = 30 {{(pid=93865) log_opt_values /opt/stack/data/venv/lib/python3.12/site-packages/oslo_config/cfg.py:3253}}
Jul 30 16:13:38.748147 np0000006149 nova-scheduler[93865]: DEBUG cotyledon.oslo_config_glue [-] oslo_messaging_rabbit.ssl = False {{(pid=93865) log_opt_values /opt/stack/data/venv/lib/python3.12/site-packages/oslo_config/cfg.py:3253}}
Jul 30 16:13:38.748147 np0000006149 nova-scheduler[93865]: DEBUG cotyledon.oslo_config_glue [-] oslo_messaging_rabbit.ssl_ca_file = {{(pid=93865) log_opt_values /opt/stack/data/venv/lib/python3.12/site-packages/oslo_config/cfg.py:3253}}
Jul 30 16:13:38.748147 np0000006149 nova-scheduler[93865]: DEBUG cotyledon.oslo_config_glue [-] oslo_messaging_rabbit.ssl_cert_file = {{(pid=93865) log_opt_values /opt/stack/data/venv/lib/python3.12/site-packages/oslo_config/cfg.py:3253}}
Jul 30 16:13:38.748147 np0000006149 nova-scheduler[93865]: DEBUG cotyledon.oslo_config_glue [-] oslo_messaging_rabbit.ssl_enforce_fips_mode = False {{(pid=93865) log_opt_values /opt/stack/data/venv/lib/python3.12/site-packages/oslo_config/cfg.py:3253}}
Jul 30 16:13:38.748147 np0000006149 nova-scheduler[93865]: DEBUG cotyledon.oslo_config_glue [-] oslo_messaging_rabbit.ssl_enforce_hostname_verification = True {{(pid=93865) log_opt_values /opt/stack/data/venv/lib/python3.12/site-packages/oslo_config/cfg.py:3253}}
Jul 30 16:13:38.748147 np0000006149 nova-scheduler[93865]: DEBUG cotyledon.oslo_config_glue [-] oslo_messaging_rabbit.ssl_key_file = {{(pid=93865) log_opt_values /opt/stack/data/venv/lib/python3.12/site-packages/oslo_config/cfg.py:3253}}
Jul 30 16:13:38.748342 np0000006149 nova-scheduler[93865]: DEBUG cotyledon.oslo_config_glue [-] oslo_messaging_rabbit.ssl_version = {{(pid=93865) log_opt_values /opt/stack/data/venv/lib/python3.12/site-packages/oslo_config/cfg.py:3253}}
Jul 30 16:13:38.748342 np0000006149 nova-scheduler[93865]: DEBUG cotyledon.oslo_config_glue [-] oslo_messaging_rabbit.use_queue_manager = False {{(pid=93865) log_opt_values /opt/stack/data/venv/lib/python3.12/site-packages/oslo_config/cfg.py:3253}}
Jul 30 16:13:38.748342 np0000006149 nova-scheduler[93865]: DEBUG cotyledon.oslo_config_glue [-] oslo_messaging_notifications.driver = ['messagingv2'] {{(pid=93865) log_opt_values /opt/stack/data/venv/lib/python3.12/site-packages/oslo_config/cfg.py:3253}}
Jul 30 16:13:38.748342 np0000006149 nova-scheduler[93865]: DEBUG cotyledon.oslo_config_glue [-] oslo_messaging_notifications.retry = -1 {{(pid=93865) log_opt_values /opt/stack/data/venv/lib/python3.12/site-packages/oslo_config/cfg.py:3253}}
Jul 30 16:13:38.748342 np0000006149 nova-scheduler[93865]: DEBUG cotyledon.oslo_config_glue [-] oslo_messaging_notifications.topics = ['notifications'] {{(pid=93865) log_opt_values /opt/stack/data/venv/lib/python3.12/site-packages/oslo_config/cfg.py:3253}}
Jul 30 16:13:38.748342 np0000006149 nova-scheduler[93865]: DEBUG cotyledon.oslo_config_glue [-] oslo_messaging_notifications.transport_url = **** {{(pid=93865) log_opt_values /opt/stack/data/venv/lib/python3.12/site-packages/oslo_config/cfg.py:3253}}
Jul 30 16:13:38.748342 np0000006149 nova-scheduler[93865]: DEBUG cotyledon.oslo_config_glue [-] oslo_limit.auth_section = None {{(pid=93865) log_opt_values /opt/stack/data/venv/lib/python3.12/site-packages/oslo_config/cfg.py:3253}}
Jul 30 16:13:38.748342 np0000006149 nova-scheduler[93865]: DEBUG cotyledon.oslo_config_glue [-] oslo_limit.auth_type = None {{(pid=93865) log_opt_values /opt/stack/data/venv/lib/python3.12/site-packages/oslo_config/cfg.py:3253}}
Jul 30 16:13:38.748342 np0000006149 nova-scheduler[93865]: DEBUG cotyledon.oslo_config_glue [-] oslo_limit.cafile = None {{(pid=93865) log_opt_values /opt/stack/data/venv/lib/python3.12/site-packages/oslo_config/cfg.py:3253}}
Jul 30 16:13:38.748531 np0000006149 nova-scheduler[93865]: DEBUG cotyledon.oslo_config_glue [-] oslo_limit.certfile = None {{(pid=93865) log_opt_values /opt/stack/data/venv/lib/python3.12/site-packages/oslo_config/cfg.py:3253}}
Jul 30 16:13:38.748531 np0000006149 nova-scheduler[93865]: DEBUG cotyledon.oslo_config_glue [-] oslo_limit.collect_timing = False {{(pid=93865) log_opt_values /opt/stack/data/venv/lib/python3.12/site-packages/oslo_config/cfg.py:3253}}
Jul 30 16:13:38.748531 np0000006149 nova-scheduler[93865]: DEBUG cotyledon.oslo_config_glue [-] oslo_limit.connect_retries = None {{(pid=93865) log_opt_values /opt/stack/data/venv/lib/python3.12/site-packages/oslo_config/cfg.py:3253}}
Jul 30 16:13:38.748531 np0000006149 nova-scheduler[93865]: DEBUG cotyledon.oslo_config_glue [-] oslo_limit.connect_retry_delay = None {{(pid=93865) log_opt_values /opt/stack/data/venv/lib/python3.12/site-packages/oslo_config/cfg.py:3253}}
Jul 30 16:13:38.748531 np0000006149 nova-scheduler[93865]: DEBUG cotyledon.oslo_config_glue [-] oslo_limit.endpoint_id = None {{(pid=93865) log_opt_values /opt/stack/data/venv/lib/python3.12/site-packages/oslo_config/cfg.py:3253}}
Jul 30 16:13:38.748531 np0000006149 nova-scheduler[93865]: DEBUG cotyledon.oslo_config_glue [-] oslo_limit.endpoint_interface = public {{(pid=93865) log_opt_values /opt/stack/data/venv/lib/python3.12/site-packages/oslo_config/cfg.py:3253}}
Jul 30 16:13:38.748531 np0000006149 nova-scheduler[93865]: DEBUG cotyledon.oslo_config_glue [-] oslo_limit.endpoint_override = None {{(pid=93865) log_opt_values /opt/stack/data/venv/lib/python3.12/site-packages/oslo_config/cfg.py:3253}}
Jul 30 16:13:38.748531 np0000006149 nova-scheduler[93865]: DEBUG cotyledon.oslo_config_glue [-] oslo_limit.endpoint_region_name = None {{(pid=93865) log_opt_values /opt/stack/data/venv/lib/python3.12/site-packages/oslo_config/cfg.py:3253}}
Jul 30 16:13:38.748531 np0000006149 nova-scheduler[93865]: DEBUG cotyledon.oslo_config_glue [-] oslo_limit.endpoint_service_name = None {{(pid=93865) log_opt_values /opt/stack/data/venv/lib/python3.12/site-packages/oslo_config/cfg.py:3253}}
Jul 30 16:13:38.748718 np0000006149 nova-scheduler[93865]: DEBUG cotyledon.oslo_config_glue [-] oslo_limit.endpoint_service_type = None {{(pid=93865) log_opt_values /opt/stack/data/venv/lib/python3.12/site-packages/oslo_config/cfg.py:3253}}
Jul 30 16:13:38.748718 np0000006149 nova-scheduler[93865]: DEBUG cotyledon.oslo_config_glue [-] oslo_limit.insecure = False {{(pid=93865) log_opt_values /opt/stack/data/venv/lib/python3.12/site-packages/oslo_config/cfg.py:3253}}
Jul 30 16:13:38.748718 np0000006149 nova-scheduler[93865]: DEBUG cotyledon.oslo_config_glue [-] oslo_limit.keyfile = None {{(pid=93865) log_opt_values /opt/stack/data/venv/lib/python3.12/site-packages/oslo_config/cfg.py:3253}}
Jul 30 16:13:38.748718 np0000006149 nova-scheduler[93865]: DEBUG cotyledon.oslo_config_glue [-] oslo_limit.max_version = None {{(pid=93865) log_opt_values /opt/stack/data/venv/lib/python3.12/site-packages/oslo_config/cfg.py:3253}}
Jul 30 16:13:38.748718 np0000006149 nova-scheduler[93865]: DEBUG cotyledon.oslo_config_glue [-] oslo_limit.min_version = None {{(pid=93865) log_opt_values /opt/stack/data/venv/lib/python3.12/site-packages/oslo_config/cfg.py:3253}}
Jul 30 16:13:38.748718 np0000006149 nova-scheduler[93865]: DEBUG cotyledon.oslo_config_glue [-] oslo_limit.region_name = None {{(pid=93865) log_opt_values /opt/stack/data/venv/lib/python3.12/site-packages/oslo_config/cfg.py:3253}}
Jul 30 16:13:38.748718 np0000006149 nova-scheduler[93865]: DEBUG cotyledon.oslo_config_glue [-] oslo_limit.retriable_status_codes = None {{(pid=93865) log_opt_values /opt/stack/data/venv/lib/python3.12/site-packages/oslo_config/cfg.py:3253}}
Jul 30 16:13:38.748718 np0000006149 nova-scheduler[93865]: DEBUG cotyledon.oslo_config_glue [-] oslo_limit.service_name = None {{(pid=93865) log_opt_values /opt/stack/data/venv/lib/python3.12/site-packages/oslo_config/cfg.py:3253}}
Jul 30 16:13:38.748718 np0000006149 nova-scheduler[93865]: DEBUG cotyledon.oslo_config_glue [-] oslo_limit.service_type = None {{(pid=93865) log_opt_values /opt/stack/data/venv/lib/python3.12/site-packages/oslo_config/cfg.py:3253}}
Jul 30 16:13:38.748944 np0000006149 nova-scheduler[93865]: DEBUG cotyledon.oslo_config_glue [-] oslo_limit.split_loggers = False {{(pid=93865) log_opt_values /opt/stack/data/venv/lib/python3.12/site-packages/oslo_config/cfg.py:3253}}
Jul 30 16:13:38.748944 np0000006149 nova-scheduler[93865]: DEBUG cotyledon.oslo_config_glue [-] oslo_limit.status_code_retries = None {{(pid=93865) log_opt_values /opt/stack/data/venv/lib/python3.12/site-packages/oslo_config/cfg.py:3253}}
Jul 30 16:13:38.748944 np0000006149 nova-scheduler[93865]: DEBUG cotyledon.oslo_config_glue [-] oslo_limit.status_code_retry_delay = None {{(pid=93865) log_opt_values /opt/stack/data/venv/lib/python3.12/site-packages/oslo_config/cfg.py:3253}}
Jul 30 16:13:38.748944 np0000006149 nova-scheduler[93865]: DEBUG cotyledon.oslo_config_glue [-] oslo_limit.timeout = None {{(pid=93865) log_opt_values /opt/stack/data/venv/lib/python3.12/site-packages/oslo_config/cfg.py:3253}}
Jul 30 16:13:38.748944 np0000006149 nova-scheduler[93865]: DEBUG cotyledon.oslo_config_glue [-] oslo_limit.valid_interfaces = None {{(pid=93865) log_opt_values /opt/stack/data/venv/lib/python3.12/site-packages/oslo_config/cfg.py:3253}}
Jul 30 16:13:38.748944 np0000006149 nova-scheduler[93865]: DEBUG cotyledon.oslo_config_glue [-] oslo_limit.version = None {{(pid=93865) log_opt_values /opt/stack/data/venv/lib/python3.12/site-packages/oslo_config/cfg.py:3253}}
Jul 30 16:13:38.748944 np0000006149 nova-scheduler[93865]: DEBUG cotyledon.oslo_config_glue [-] oslo_reports.file_event_handler = None {{(pid=93865) log_opt_values /opt/stack/data/venv/lib/python3.12/site-packages/oslo_config/cfg.py:3253}}
Jul 30 16:13:38.748944 np0000006149 nova-scheduler[93865]: DEBUG cotyledon.oslo_config_glue [-] oslo_reports.file_event_handler_interval = 1 {{(pid=93865) log_opt_values /opt/stack/data/venv/lib/python3.12/site-packages/oslo_config/cfg.py:3253}}
Jul 30 16:13:38.748944 np0000006149 nova-scheduler[93865]: DEBUG cotyledon.oslo_config_glue [-] oslo_reports.log_dir = None {{(pid=93865) log_opt_values /opt/stack/data/venv/lib/python3.12/site-packages/oslo_config/cfg.py:3253}}
Jul 30 16:13:38.749150 np0000006149 nova-scheduler[93865]: DEBUG cotyledon.oslo_config_glue [-] ******************************************************************************** {{(pid=93865) log_opt_values /opt/stack/data/venv/lib/python3.12/site-packages/oslo_config/cfg.py:3260}}
Jul 30 16:13:38.749150 np0000006149 nova-scheduler[93865]: DEBUG cotyledon._service_worker [-] Run service ServiceWrapper(2) [93865] {{(pid=93865) wait_forever /opt/stack/data/venv/lib/python3.12/site-packages/cotyledon/_service_worker.py:218}}
Jul 30 16:13:38.749150 np0000006149 nova-scheduler[93865]: INFO nova.service [-] Starting scheduler node (version 33.1.0)
Jul 30 16:13:38.749150 np0000006149 nova-scheduler[93865]: INFO dbcounter [None req-c7e27554-20b2-461b-8eac-7c4bcd248b75 None None] Registered counter for database nova_cell0
Jul 30 16:13:38.749251 np0000006149 nova-scheduler[93861]: DEBUG oslo_db.sqlalchemy.engines [None req-ea163263-b15b-45df-8128-3b5d93951859 None None] MySQL server mode set to STRICT_TRANS_TABLES,STRICT_ALL_TABLES,NO_ZERO_IN_DATE,NO_ZERO_DATE,ERROR_FOR_DIVISION_BY_ZERO,TRADITIONAL,NO_ENGINE_SUBSTITUTION {{(pid=93861) _check_effective_sql_mode /opt/stack/data/venv/lib/python3.12/site-packages/oslo_db/sqlalchemy/engines.py:325}}
Jul 30 16:13:38.749279 np0000006149 nova-scheduler[93865]: DEBUG oslo_db.sqlalchemy.engines [None req-c7e27554-20b2-461b-8eac-7c4bcd248b75 None None] MySQL server mode set to STRICT_TRANS_TABLES,STRICT_ALL_TABLES,NO_ZERO_IN_DATE,NO_ZERO_DATE,ERROR_FOR_DIVISION_BY_ZERO,TRADITIONAL,NO_ENGINE_SUBSTITUTION {{(pid=93865) _check_effective_sql_mode /opt/stack/data/venv/lib/python3.12/site-packages/oslo_db/sqlalchemy/engines.py:325}}
Jul 30 16:13:38.757297 np0000006149 nova-scheduler[93863]: DEBUG oslo_db.sqlalchemy.engines [None req-277b3ed2-13db-40fd-930a-53f0e610b581 None None] MySQL server mode set to STRICT_TRANS_TABLES,STRICT_ALL_TABLES,NO_ZERO_IN_DATE,NO_ZERO_DATE,ERROR_FOR_DIVISION_BY_ZERO,TRADITIONAL,NO_ENGINE_SUBSTITUTION {{(pid=93863) _check_effective_sql_mode /opt/stack/data/venv/lib/python3.12/site-packages/oslo_db/sqlalchemy/engines.py:325}}
Jul 30 16:13:38.760383 np0000006149 nova-scheduler[93861]: DEBUG dbcounter [-] [93861] Writer thread running {{(pid=93861) stat_writer /opt/stack/data/venv/lib/python3.12/site-packages/dbcounter.py:102}}
Jul 30 16:13:38.767130 np0000006149 nova-scheduler[93865]: DEBUG dbcounter [-] [93865] Writer thread running {{(pid=93865) stat_writer /opt/stack/data/venv/lib/python3.12/site-packages/dbcounter.py:102}}
Jul 30 16:13:38.772634 np0000006149 nova-scheduler[93863]: DEBUG dbcounter [-] [93863] Writer thread running {{(pid=93863) stat_writer /opt/stack/data/venv/lib/python3.12/site-packages/dbcounter.py:102}}
Jul 30 16:13:38.779911 np0000006149 nova-scheduler[93861]: DEBUG nova.service [None req-ea163263-b15b-45df-8128-3b5d93951859 None None] Creating RPC server for service: nova-scheduler on topic: scheduler {{(pid=93861) start /opt/stack/nova/nova/service.py:196}}
Jul 30 16:13:38.795350 np0000006149 nova-scheduler[93863]: DEBUG nova.service [None req-277b3ed2-13db-40fd-930a-53f0e610b581 None None] Creating RPC server for service: nova-scheduler on topic: scheduler {{(pid=93863) start /opt/stack/nova/nova/service.py:196}}
Jul 30 16:13:38.796053 np0000006149 nova-scheduler[93865]: DEBUG nova.service [None req-c7e27554-20b2-461b-8eac-7c4bcd248b75 None None] Creating RPC server for service: nova-scheduler on topic: scheduler {{(pid=93865) start /opt/stack/nova/nova/service.py:196}}
Jul 30 16:13:38.807775 np0000006149 nova-scheduler[93861]: DEBUG nova.service [None req-ea163263-b15b-45df-8128-3b5d93951859 None None] Join ServiceGroup membership for this service scheduler {{(pid=93861) start /opt/stack/nova/nova/service.py:222}}
Jul 30 16:13:38.809960 np0000006149 nova-scheduler[93861]: DEBUG nova.servicegroup.drivers.db [None req-ea163263-b15b-45df-8128-3b5d93951859 None None] DB_Driver: join new ServiceGroup member np0000006149 to the scheduler group, service = {{(pid=93861) join /opt/stack/nova/nova/servicegroup/drivers/db.py:44}}
Jul 30 16:13:38.813944 np0000006149 nova-scheduler[93863]: DEBUG nova.service [None req-277b3ed2-13db-40fd-930a-53f0e610b581 None None] Join ServiceGroup membership for this service scheduler {{(pid=93863) start /opt/stack/nova/nova/service.py:222}}
Jul 30 16:13:38.813944 np0000006149 nova-scheduler[93863]: DEBUG nova.servicegroup.drivers.db [None req-277b3ed2-13db-40fd-930a-53f0e610b581 None None] DB_Driver: join new ServiceGroup member np0000006149 to the scheduler group, service = {{(pid=93863) join /opt/stack/nova/nova/servicegroup/drivers/db.py:44}}
Jul 30 16:13:38.824830 np0000006149 nova-scheduler[93865]: DEBUG nova.service [None req-c7e27554-20b2-461b-8eac-7c4bcd248b75 None None] Join ServiceGroup membership for this service scheduler {{(pid=93865) start /opt/stack/nova/nova/service.py:222}}
Jul 30 16:13:38.825937 np0000006149 nova-scheduler[93865]: DEBUG nova.servicegroup.drivers.db [None req-c7e27554-20b2-461b-8eac-7c4bcd248b75 None None] DB_Driver: join new ServiceGroup member np0000006149 to the scheduler group, service = {{(pid=93865) join /opt/stack/nova/nova/servicegroup/drivers/db.py:44}}
Jul 30 16:13:43.821985 np0000006149 nova-scheduler[93861]: DEBUG oslo.service.backend._threading.loopingcall [-] Fixed interval looping call 'nova.servicegroup.drivers.db.DbDriver._report_state' sleeping for 119.99 seconds {{(pid=93861) _run_loop /opt/stack/data/venv/lib/python3.12/site-packages/oslo_service/backend/_threading/loopingcall.py:125}}
Jul 30 16:13:43.822599 np0000006149 nova-scheduler[93863]: DEBUG oslo.service.backend._threading.loopingcall [-] Fixed interval looping call 'nova.servicegroup.drivers.db.DbDriver._report_state' sleeping for 119.99 seconds {{(pid=93863) _run_loop /opt/stack/data/venv/lib/python3.12/site-packages/oslo_service/backend/_threading/loopingcall.py:125}}
Jul 30 16:13:43.832608 np0000006149 nova-scheduler[93865]: DEBUG oslo.service.backend._threading.loopingcall [-] Fixed interval looping call 'nova.servicegroup.drivers.db.DbDriver._report_state' sleeping for 119.99 seconds {{(pid=93865) _run_loop /opt/stack/data/venv/lib/python3.12/site-packages/oslo_service/backend/_threading/loopingcall.py:125}}
Jul 30 16:13:47.371909 np0000006149 nova-scheduler[92657]: DEBUG dbcounter [-] [92657] Writing DB stats nova_api:SELECT=3 {{(pid=92657) stat_writer /opt/stack/data/venv/lib/python3.12/site-packages/dbcounter.py:115}}
Jul 30 16:13:47.492352 np0000006149 nova-scheduler[92657]: DEBUG dbcounter [-] [92657] Writing DB stats nova_cell1:SELECT=1 {{(pid=92657) stat_writer /opt/stack/data/venv/lib/python3.12/site-packages/dbcounter.py:115}}
Jul 30 16:13:47.497859 np0000006149 nova-scheduler[92657]: DEBUG dbcounter [-] [92657] Writing DB stats nova_cell0:SELECT=1 {{(pid=92657) stat_writer /opt/stack/data/venv/lib/python3.12/site-packages/dbcounter.py:115}}
Jul 30 16:13:52.810214 np0000006149 nova-scheduler[93861]: DEBUG oslo.service.backend._threading.loopingcall [None req-1875a1b8-734d-4f76-9621-9d8165cfa7ba None None] Dynamic interval looping call 'nova.service.Service.periodic_tasks' sleeping for 60.00 seconds {{(pid=93861) _run_loop /opt/stack/data/venv/lib/python3.12/site-packages/oslo_service/backend/_threading/loopingcall.py:125}}
Jul 30 16:13:53.816973 np0000006149 nova-scheduler[93861]: DEBUG dbcounter [-] [93861] Writing DB stats nova_cell0:SELECT=4,nova_cell0:INSERT=1,nova_cell0:UPDATE=1 {{(pid=93861) stat_writer /opt/stack/data/venv/lib/python3.12/site-packages/dbcounter.py:115}}
Jul 30 16:13:53.822166 np0000006149 nova-scheduler[93863]: DEBUG dbcounter [-] [93863] Writing DB stats nova_cell0:SELECT=4,nova_cell0:INSERT=1,nova_cell0:UPDATE=1 {{(pid=93863) stat_writer /opt/stack/data/venv/lib/python3.12/site-packages/dbcounter.py:115}}
Jul 30 16:13:53.831945 np0000006149 nova-scheduler[93865]: DEBUG dbcounter [-] [93865] Writing DB stats nova_cell0:SELECT=5,nova_cell0:INSERT=1 {{(pid=93865) stat_writer /opt/stack/data/venv/lib/python3.12/site-packages/dbcounter.py:115}}
Jul 30 16:14:25.815531 np0000006149 nova-scheduler[93863]: DEBUG oslo.service.backend._threading.loopingcall [None req-10094b11-a006-481e-a962-01eb4dc90276 None None] Dynamic interval looping call 'nova.service.Service.periodic_tasks' sleeping for 60.00 seconds {{(pid=93863) _run_loop /opt/stack/data/venv/lib/python3.12/site-packages/oslo_service/backend/_threading/loopingcall.py:125}}
Jul 30 16:14:29.827596 np0000006149 nova-scheduler[93865]: DEBUG oslo.service.backend._threading.loopingcall [None req-9263e140-bdbf-4501-8ea2-3e002b2a8280 None None] Dynamic interval looping call 'nova.service.Service.periodic_tasks' sleeping for 60.00 seconds {{(pid=93865) _run_loop /opt/stack/data/venv/lib/python3.12/site-packages/oslo_service/backend/_threading/loopingcall.py:125}}
Jul 30 16:14:52.810670 np0000006149 nova-scheduler[93861]: DEBUG oslo.service.backend._threading.loopingcall [None req-1875a1b8-734d-4f76-9621-9d8165cfa7ba None None] Dynamic interval looping call 'nova.service.Service.periodic_tasks' sleeping for 60.00 seconds {{(pid=93861) _run_loop /opt/stack/data/venv/lib/python3.12/site-packages/oslo_service/backend/_threading/loopingcall.py:125}}
Jul 30 16:15:25.816088 np0000006149 nova-scheduler[93863]: DEBUG oslo.service.backend._threading.loopingcall [None req-10094b11-a006-481e-a962-01eb4dc90276 None None] Dynamic interval looping call 'nova.service.Service.periodic_tasks' sleeping for 60.00 seconds {{(pid=93863) _run_loop /opt/stack/data/venv/lib/python3.12/site-packages/oslo_service/backend/_threading/loopingcall.py:125}}
Jul 30 16:15:29.828235 np0000006149 nova-scheduler[93865]: DEBUG oslo.service.backend._threading.loopingcall [None req-9263e140-bdbf-4501-8ea2-3e002b2a8280 None None] Dynamic interval looping call 'nova.service.Service.periodic_tasks' sleeping for 60.00 seconds {{(pid=93865) _run_loop /opt/stack/data/venv/lib/python3.12/site-packages/oslo_service/backend/_threading/loopingcall.py:125}}
Jul 30 16:15:43.831585 np0000006149 nova-scheduler[93861]: DEBUG oslo.service.backend._threading.loopingcall [-] Fixed interval looping call 'nova.servicegroup.drivers.db.DbDriver._report_state' sleeping for 119.98 seconds {{(pid=93861) _run_loop /opt/stack/data/venv/lib/python3.12/site-packages/oslo_service/backend/_threading/loopingcall.py:125}}
Jul 30 16:15:43.832193 np0000006149 nova-scheduler[93863]: DEBUG oslo.service.backend._threading.loopingcall [-] Fixed interval looping call 'nova.servicegroup.drivers.db.DbDriver._report_state' sleeping for 119.98 seconds {{(pid=93863) _run_loop /opt/stack/data/venv/lib/python3.12/site-packages/oslo_service/backend/_threading/loopingcall.py:125}}
Jul 30 16:15:43.834433 np0000006149 nova-scheduler[93865]: DEBUG oslo.service.backend._threading.loopingcall [-] Fixed interval looping call 'nova.servicegroup.drivers.db.DbDriver._report_state' sleeping for 119.99 seconds {{(pid=93865) _run_loop /opt/stack/data/venv/lib/python3.12/site-packages/oslo_service/backend/_threading/loopingcall.py:125}}
Jul 30 16:15:52.811348 np0000006149 nova-scheduler[93861]: DEBUG oslo.service.backend._threading.loopingcall [None req-1875a1b8-734d-4f76-9621-9d8165cfa7ba None None] Dynamic interval looping call 'nova.service.Service.periodic_tasks' sleeping for 60.00 seconds {{(pid=93861) _run_loop /opt/stack/data/venv/lib/python3.12/site-packages/oslo_service/backend/_threading/loopingcall.py:125}}
Jul 30 16:15:53.815246 np0000006149 nova-scheduler[93861]: DEBUG dbcounter [-] [93861] Writing DB stats nova_cell0:SELECT=1,nova_cell0:UPDATE=1 {{(pid=93861) stat_writer /opt/stack/data/venv/lib/python3.12/site-packages/dbcounter.py:115}}
Jul 30 16:15:53.818703 np0000006149 nova-scheduler[93863]: DEBUG dbcounter [-] [93863] Writing DB stats nova_cell0:SELECT=1,nova_cell0:UPDATE=1 {{(pid=93863) stat_writer /opt/stack/data/venv/lib/python3.12/site-packages/dbcounter.py:115}}
Jul 30 16:15:53.830976 np0000006149 nova-scheduler[93865]: DEBUG dbcounter [-] [93865] Writing DB stats nova_cell0:SELECT=1,nova_cell0:UPDATE=1 {{(pid=93865) stat_writer /opt/stack/data/venv/lib/python3.12/site-packages/dbcounter.py:115}}
Jul 30 16:16:08.380122 np0000006149 nova-scheduler[93861]: DEBUG nova.scheduler.manager [None req-25c80dbd-796b-4979-8068-c1fc0a4d001b tempest-ServerRescueNegativeTestJSON-1731264473 tempest-ServerRescueNegativeTestJSON-1731264473-project-member] Starting to schedule for instances: ['f8aa9770-c0d5-4c42-af74-c0c7b2d4ac41'] {{(pid=93861) select_destinations /opt/stack/nova/nova/scheduler/manager.py:209}}
Jul 30 16:16:08.380776 np0000006149 nova-scheduler[93861]: DEBUG nova.scheduler.request_filter [None req-25c80dbd-796b-4979-8068-c1fc0a4d001b tempest-ServerRescueNegativeTestJSON-1731264473 tempest-ServerRescueNegativeTestJSON-1731264473-project-member] compute_status_filter request filter added forbidden trait COMPUTE_STATUS_DISABLED {{(pid=93861) compute_status_filter /opt/stack/nova/nova/scheduler/request_filter.py:253}}
Jul 30 16:16:08.380891 np0000006149 nova-scheduler[93861]: DEBUG nova.scheduler.request_filter [None req-25c80dbd-796b-4979-8068-c1fc0a4d001b tempest-ServerRescueNegativeTestJSON-1731264473 tempest-ServerRescueNegativeTestJSON-1731264473-project-member] Request filter 'compute_status_filter' took 0.0 seconds {{(pid=93861) wrapper /opt/stack/nova/nova/scheduler/request_filter.py:46}}
Jul 30 16:16:08.381107 np0000006149 nova-scheduler[93861]: DEBUG nova.scheduler.request_filter [None req-25c80dbd-796b-4979-8068-c1fc0a4d001b tempest-ServerRescueNegativeTestJSON-1731264473 tempest-ServerRescueNegativeTestJSON-1731264473-project-member] Request filter 'accelerators_filter' took 0.0 seconds {{(pid=93861) wrapper /opt/stack/nova/nova/scheduler/request_filter.py:46}}
Jul 30 16:16:08.382612 np0000006149 nova-scheduler[93861]: DEBUG nova.scheduler.request_filter [None req-25c80dbd-796b-4979-8068-c1fc0a4d001b tempest-ServerRescueNegativeTestJSON-1731264473 tempest-ServerRescueNegativeTestJSON-1731264473-project-member] Request filter 'packed_virtqueue_filter' took 0.0 seconds {{(pid=93861) wrapper /opt/stack/nova/nova/scheduler/request_filter.py:46}}
Jul 30 16:16:08.382612 np0000006149 nova-scheduler[93861]: DEBUG nova.scheduler.request_filter [None req-25c80dbd-796b-4979-8068-c1fc0a4d001b tempest-ServerRescueNegativeTestJSON-1731264473 tempest-ServerRescueNegativeTestJSON-1731264473-project-member] Request filter 'remote_managed_ports_filter' took 0.0 seconds {{(pid=93861) wrapper /opt/stack/nova/nova/scheduler/request_filter.py:46}}
Jul 30 16:16:08.382612 np0000006149 nova-scheduler[93861]: DEBUG nova.scheduler.request_filter [None req-25c80dbd-796b-4979-8068-c1fc0a4d001b tempest-ServerRescueNegativeTestJSON-1731264473 tempest-ServerRescueNegativeTestJSON-1731264473-project-member] ephemeral_encryption_filter skipped {{(pid=93861) ephemeral_encryption_filter /opt/stack/nova/nova/scheduler/request_filter.py:426}}
Jul 30 16:16:08.382612 np0000006149 nova-scheduler[93861]: DEBUG nova.scheduler.request_filter [None req-25c80dbd-796b-4979-8068-c1fc0a4d001b tempest-ServerRescueNegativeTestJSON-1731264473 tempest-ServerRescueNegativeTestJSON-1731264473-project-member] virtio_sound_filter skipped {{(pid=93861) virtio_sound_filter /opt/stack/nova/nova/scheduler/request_filter.py:460}}
Jul 30 16:16:08.382612 np0000006149 nova-scheduler[93861]: DEBUG nova.scheduler.request_filter [None req-25c80dbd-796b-4979-8068-c1fc0a4d001b tempest-ServerRescueNegativeTestJSON-1731264473 tempest-ServerRescueNegativeTestJSON-1731264473-project-member] tpm_secret_security_filter skipped {{(pid=93861) tpm_secret_security_filter /opt/stack/nova/nova/scheduler/request_filter.py:477}}
Jul 30 16:16:08.893696 np0000006149 nova-scheduler[93861]: INFO nova.utils [None req-25c80dbd-796b-4979-8068-c1fc0a4d001b tempest-ServerRescueNegativeTestJSON-1731264473 tempest-ServerRescueNegativeTestJSON-1731264473-project-member] The cell worker thread pool ForkProcess-1.cell_worker is initialized
Jul 30 16:16:08.894183 np0000006149 nova-scheduler[93861]: DEBUG oslo_concurrency.lockutils [None req-25c80dbd-796b-4979-8068-c1fc0a4d001b tempest-ServerRescueNegativeTestJSON-1731264473 tempest-ServerRescueNegativeTestJSON-1731264473-project-member] Acquiring lock "e6fc70e5-6ace-46f6-948e-0c97235de180" by "nova.context.set_target_cell..get_or_set_cached_cell_and_set_connections" {{(pid=93861) inner /opt/stack/data/venv/lib/python3.12/site-packages/oslo_concurrency/lockutils.py:512}}
Jul 30 16:16:08.894447 np0000006149 nova-scheduler[93861]: DEBUG oslo_concurrency.lockutils [None req-25c80dbd-796b-4979-8068-c1fc0a4d001b tempest-ServerRescueNegativeTestJSON-1731264473 tempest-ServerRescueNegativeTestJSON-1731264473-project-member] Lock "e6fc70e5-6ace-46f6-948e-0c97235de180" acquired by "nova.context.set_target_cell..get_or_set_cached_cell_and_set_connections" :: waited 0.000s {{(pid=93861) inner /opt/stack/data/venv/lib/python3.12/site-packages/oslo_concurrency/lockutils.py:525}}
Jul 30 16:16:08.896265 np0000006149 nova-scheduler[93861]: DEBUG oslo_concurrency.lockutils [None req-25c80dbd-796b-4979-8068-c1fc0a4d001b tempest-ServerRescueNegativeTestJSON-1731264473 tempest-ServerRescueNegativeTestJSON-1731264473-project-member] Lock "e6fc70e5-6ace-46f6-948e-0c97235de180" "released" by "nova.context.set_target_cell..get_or_set_cached_cell_and_set_connections" :: held 0.002s {{(pid=93861) inner /opt/stack/data/venv/lib/python3.12/site-packages/oslo_concurrency/lockutils.py:544}}
Jul 30 16:16:08.898366 np0000006149 nova-scheduler[93861]: INFO dbcounter [None req-25c80dbd-796b-4979-8068-c1fc0a4d001b tempest-ServerRescueNegativeTestJSON-1731264473 tempest-ServerRescueNegativeTestJSON-1731264473-project-member] Registered counter for database nova_cell1
Jul 30 16:16:08.927858 np0000006149 nova-scheduler[93861]: DEBUG oslo_db.sqlalchemy.engines [None req-25c80dbd-796b-4979-8068-c1fc0a4d001b tempest-ServerRescueNegativeTestJSON-1731264473 tempest-ServerRescueNegativeTestJSON-1731264473-project-member] MySQL server mode set to STRICT_TRANS_TABLES,STRICT_ALL_TABLES,NO_ZERO_IN_DATE,NO_ZERO_DATE,ERROR_FOR_DIVISION_BY_ZERO,TRADITIONAL,NO_ENGINE_SUBSTITUTION {{(pid=93861) _check_effective_sql_mode /opt/stack/data/venv/lib/python3.12/site-packages/oslo_db/sqlalchemy/engines.py:325}}
Jul 30 16:16:08.932836 np0000006149 nova-scheduler[93861]: DEBUG dbcounter [-] [93861] Writer thread running {{(pid=93861) stat_writer /opt/stack/data/venv/lib/python3.12/site-packages/dbcounter.py:102}}
Jul 30 16:16:08.943395 np0000006149 nova-scheduler[93861]: DEBUG oslo_db.sqlalchemy.engines [None req-25c80dbd-796b-4979-8068-c1fc0a4d001b tempest-ServerRescueNegativeTestJSON-1731264473 tempest-ServerRescueNegativeTestJSON-1731264473-project-member] Parent process 92657 forked (93861) with an open database connection, which is being discarded and recreated. {{(pid=93861) checkout /opt/stack/data/venv/lib/python3.12/site-packages/oslo_db/sqlalchemy/engines.py:402}}
Jul 30 16:16:08.986187 np0000006149 nova-scheduler[93861]: DEBUG dbcounter [-] [93861] Writer thread running {{(pid=93861) stat_writer /opt/stack/data/venv/lib/python3.12/site-packages/dbcounter.py:102}}
Jul 30 16:16:08.988885 np0000006149 nova-scheduler[93861]: DEBUG oslo_concurrency.lockutils [None req-25c80dbd-796b-4979-8068-c1fc0a4d001b tempest-ServerRescueNegativeTestJSON-1731264473 tempest-ServerRescueNegativeTestJSON-1731264473-project-member] Acquiring lock "e6fc70e5-6ace-46f6-948e-0c97235de180" by "nova.context.set_target_cell..get_or_set_cached_cell_and_set_connections" {{(pid=93861) inner /opt/stack/data/venv/lib/python3.12/site-packages/oslo_concurrency/lockutils.py:512}}
Jul 30 16:16:08.989041 np0000006149 nova-scheduler[93861]: DEBUG oslo_concurrency.lockutils [None req-25c80dbd-796b-4979-8068-c1fc0a4d001b tempest-ServerRescueNegativeTestJSON-1731264473 tempest-ServerRescueNegativeTestJSON-1731264473-project-member] Lock "e6fc70e5-6ace-46f6-948e-0c97235de180" acquired by "nova.context.set_target_cell..get_or_set_cached_cell_and_set_connections" :: waited 0.000s {{(pid=93861) inner /opt/stack/data/venv/lib/python3.12/site-packages/oslo_concurrency/lockutils.py:525}}
Jul 30 16:16:08.989143 np0000006149 nova-scheduler[93861]: DEBUG oslo_concurrency.lockutils [None req-25c80dbd-796b-4979-8068-c1fc0a4d001b tempest-ServerRescueNegativeTestJSON-1731264473 tempest-ServerRescueNegativeTestJSON-1731264473-project-member] Lock "e6fc70e5-6ace-46f6-948e-0c97235de180" "released" by "nova.context.set_target_cell..get_or_set_cached_cell_and_set_connections" :: held 0.000s {{(pid=93861) inner /opt/stack/data/venv/lib/python3.12/site-packages/oslo_concurrency/lockutils.py:544}}
Jul 30 16:16:08.992109 np0000006149 nova-scheduler[93861]: DEBUG oslo_concurrency.lockutils [None req-25c80dbd-796b-4979-8068-c1fc0a4d001b tempest-ServerRescueNegativeTestJSON-1731264473 tempest-ServerRescueNegativeTestJSON-1731264473-project-member] Acquiring lock "np0000006149-np0000006149" by "nova.scheduler.host_manager.HostState.update.._locked_update" {{(pid=93861) inner /opt/stack/data/venv/lib/python3.12/site-packages/oslo_concurrency/lockutils.py:512}}
Jul 30 16:16:08.992313 np0000006149 nova-scheduler[93861]: DEBUG oslo_concurrency.lockutils [None req-25c80dbd-796b-4979-8068-c1fc0a4d001b tempest-ServerRescueNegativeTestJSON-1731264473 tempest-ServerRescueNegativeTestJSON-1731264473-project-member] Lock "np0000006149-np0000006149" acquired by "nova.scheduler.host_manager.HostState.update.._locked_update" :: waited 0.000s {{(pid=93861) inner /opt/stack/data/venv/lib/python3.12/site-packages/oslo_concurrency/lockutils.py:525}}
Jul 30 16:16:08.993776 np0000006149 nova-scheduler[93861]: DEBUG nova.scheduler.host_manager [None req-25c80dbd-796b-4979-8068-c1fc0a4d001b tempest-ServerRescueNegativeTestJSON-1731264473 tempest-ServerRescueNegativeTestJSON-1731264473-project-member] Update host state from compute node: ComputeNode(cpu_allocation_ratio=4.0,cpu_info='{"arch": "x86_64", "model": "EPYC-Milan", "vendor": "AMD", "topology": {"cells": 1, "sockets": 16, "cores": 1, "threads": 1}, "maxphysaddr": {"mode": "emulate", "bits": 40}, "features": ["ibrs", "pge", "topoext", "hypervisor", "ssse3", "cx8", "arch-capabilities", "virt-ssbd", "invpcid", "vmcb-clean", "xsaveopt", "erms", "rdtscp", "vpclmulqdq", "sse4.2", "perfctr_core", "pfthreshold", "bmi2", "smap", "v-vmsave-vmload", "msr", "sse4.1", "mtrr", "mmxext", "avx", "clflush", "null-sel-clr-base", "fsgsbase", "sse4a", "mce", "fma", "smep", "fpu", "sse", "xsaves", "avx2", "pause-filter", "mca", "stibp-always-on", "pcid", "aes", "pschange-mc-no", "lahf_lm", "arat", "umip", "lbrv", "fsrm", "cmp_legacy", "tsc_adjust", "no-nested-data-bp", "sha-ni", "amd-stibp", "cr8legacy", "pni", "flushbyasid", "lm", "tsc", "rdpid", "lfence-always-serializing", "syscall", "f16c", "rdctl-no", "pclmuldq", "cx16", "svme-addr-chk", "xgetbv1", "pae", "tsc-deadline", "movbe", "fxsr", "3dnowprefetch", "pse36", "stibp", "cmov", "pat", "pku", "nx", "svm", "wbnoinvd", "spec-ctrl", "osvw", "bmi1", "nrip-save", "mds-no", "vaes", "vgif", "pdpe1gb", "apic", "clwb", "rdrand", "sep", "sse2", "skip-l1dfl-vmentry", "de", "adx", "tsc-scale", "mmx", "fxsr_opt", "ibpb", "xsave", "amd-ssbd", "abm", "popcnt", "pse", "amd-psfd", "x2apic", "gds-no", "ssbd", "clflushopt", "vme", "clzero", "xsavec", "npt", "misalignsse", "xsaveerptr", "rdseed"]}',created_at=2026-07-30T16:13:59Z,current_workload=0,deleted=False,deleted_at=None,disk_allocation_ratio=1.0,disk_available_least=73,free_disk_gb=95,free_ram_mb=62765,host='np0000006149',host_ip=10.4.3.124,hypervisor_hostname='np0000006149',hypervisor_type='QEMU',hypervisor_version=8002002,id=1,local_gb=95,local_gb_used=0,mapped=1,memory_mb=63277,memory_mb_used=512,metrics='[]',numa_topology='{"nova_object.name": "NUMATopology", "nova_object.namespace": "nova", "nova_object.version": "1.2", "nova_object.data": {"cells": [{"nova_object.name": "NUMACell", "nova_object.namespace": "nova", "nova_object.version": "1.5", "nova_object.data": {"id": 0, "cpuset": [0, 1, 2, 3, 4, 5, 6, 7, 8, 9, 10, 11, 12, 13, 14, 15], "pcpuset": [0, 1, 2, 3, 4, 5, 6, 7, 8, 9, 10, 11, 12, 13, 14, 15], "memory": 63277, "cpu_usage": 0, "memory_usage": 0, "pinned_cpus": [], "siblings": [[6], [12], [2], [15], [5], [11], [8], [14], [4], [1], [7], [10], [0], [13], [3], [9]], "mempages": [{"nova_object.name": "NUMAPagesTopology", "nova_object.namespace": "nova", "nova_object.version": "1.1", "nova_object.data": {"size_kb": 4, "total": 16177929, "used": 0, "reserved": 0}, "nova_object.changes": ["reserved", "used", "size_kb", "total"]}, {"nova_object.name": "NUMAPagesTopology", "nova_object.namespace": "nova", "nova_object.version": "1.1", "nova_object.data": {"size_kb": 2048, "total": 41, "used": 0, "reserved": 0}, "nova_object.changes": ["reserved", "used", "size_kb", "total"]}, {"nova_object.name": "NUMAPagesTopology", "nova_object.namespace": "nova", "nova_object.version": "1.1", "nova_object.data": {"size_kb": 1048576, "total": 0, "used": 0, "reserved": 0}, "nova_object.changes": ["reserved", "used", "size_kb", "total"]}], "network_metadata": {"nova_object.name": "NetworkMetadata", "nova_object.namespace": "nova", "nova_object.version": "1.0", "nova_object.data": {"physnets": [], "tunneled": false}, "nova_object.changes": ["tunneled", "physnets"]}, "socket": null}, "nova_object.changes": ["socket", "siblings", "id", "pinned_cpus", "network_metadata", "mempages", "memory", "cpuset", "cpu_usage", "memory_usage", "pcpuset"]}]}, "nova_object.changes": ["cells"]}',pci_device_pools=PciDevicePoolList,ram_allocation_ratio=1.0,running_vms=0,service_id=4,stats={failed_builds='0',uptime=' 16:15:48 up 15 min, 2 users, load average: 1.39, 1.56, 0.95
Jul 30 16:16:08.993776 np0000006149 nova-scheduler[93861]: '},supported_hv_specs=[HVSpec,HVSpec,HVSpec,HVSpec,HVSpec,HVSpec,HVSpec,HVSpec,HVSpec,HVSpec,HVSpec,HVSpec,HVSpec,HVSpec,HVSpec,HVSpec,HVSpec,HVSpec,HVSpec,HVSpec,HVSpec,HVSpec,HVSpec,HVSpec,HVSpec],updated_at=2026-07-30T16:15:48Z,uuid=d501ccac-d570-4cb3-97aa-340e133ea13d,vcpus=16,vcpus_used=0) {{(pid=93861) _locked_update /opt/stack/nova/nova/scheduler/host_manager.py:168}}
Jul 30 16:16:08.994723 np0000006149 nova-scheduler[93861]: DEBUG nova.scheduler.host_manager [None req-25c80dbd-796b-4979-8068-c1fc0a4d001b tempest-ServerRescueNegativeTestJSON-1731264473 tempest-ServerRescueNegativeTestJSON-1731264473-project-member] Update host state with aggregates: [] {{(pid=93861) _locked_update /opt/stack/nova/nova/scheduler/host_manager.py:171}}
Jul 30 16:16:08.994905 np0000006149 nova-scheduler[93861]: DEBUG nova.scheduler.host_manager [None req-25c80dbd-796b-4979-8068-c1fc0a4d001b tempest-ServerRescueNegativeTestJSON-1731264473 tempest-ServerRescueNegativeTestJSON-1731264473-project-member] Update host state with service dict: {'id': 4, 'uuid': '5a627103-df6d-4480-8d4e-41d4805356e4', 'host': 'np0000006149', 'binary': 'nova-compute', 'topic': 'compute', 'report_count': 2, 'disabled': False, 'disabled_reason': None, 'last_seen_up': datetime.datetime(2026, 7, 30, 16, 16, 6, tzinfo=datetime.timezone.utc), 'forced_down': False, 'version': 72, 'created_at': datetime.datetime(2026, 7, 30, 16, 13, 59, tzinfo=datetime.timezone.utc), 'updated_at': datetime.datetime(2026, 7, 30, 16, 16, 6, tzinfo=datetime.timezone.utc), 'deleted_at': None, 'deleted': False} {{(pid=93861) _locked_update /opt/stack/nova/nova/scheduler/host_manager.py:174}}
Jul 30 16:16:08.995106 np0000006149 nova-scheduler[93861]: DEBUG nova.scheduler.host_manager [None req-25c80dbd-796b-4979-8068-c1fc0a4d001b tempest-ServerRescueNegativeTestJSON-1731264473 tempest-ServerRescueNegativeTestJSON-1731264473-project-member] Update host state with instances: [] {{(pid=93861) _locked_update /opt/stack/nova/nova/scheduler/host_manager.py:177}}
Jul 30 16:16:08.995295 np0000006149 nova-scheduler[93861]: DEBUG oslo_concurrency.lockutils [None req-25c80dbd-796b-4979-8068-c1fc0a4d001b tempest-ServerRescueNegativeTestJSON-1731264473 tempest-ServerRescueNegativeTestJSON-1731264473-project-member] Lock "np0000006149-np0000006149" "released" by "nova.scheduler.host_manager.HostState.update.._locked_update" :: held 0.003s {{(pid=93861) inner /opt/stack/data/venv/lib/python3.12/site-packages/oslo_concurrency/lockutils.py:544}}
Jul 30 16:16:08.995738 np0000006149 nova-scheduler[93861]: DEBUG nova.filters [None req-25c80dbd-796b-4979-8068-c1fc0a4d001b tempest-ServerRescueNegativeTestJSON-1731264473 tempest-ServerRescueNegativeTestJSON-1731264473-project-member] Starting with 1 host(s) {{(pid=93861) get_filtered_objects /opt/stack/nova/nova/filters.py:70}}
Jul 30 16:16:08.995918 np0000006149 nova-scheduler[93861]: DEBUG nova.filters [None req-25c80dbd-796b-4979-8068-c1fc0a4d001b tempest-ServerRescueNegativeTestJSON-1731264473 tempest-ServerRescueNegativeTestJSON-1731264473-project-member] Filter ComputeFilter returned 1 host(s) {{(pid=93861) get_filtered_objects /opt/stack/nova/nova/filters.py:102}}
Jul 30 16:16:08.996086 np0000006149 nova-scheduler[93861]: DEBUG nova.filters [None req-25c80dbd-796b-4979-8068-c1fc0a4d001b tempest-ServerRescueNegativeTestJSON-1731264473 tempest-ServerRescueNegativeTestJSON-1731264473-project-member] Filter ComputeCapabilitiesFilter returned 1 host(s) {{(pid=93861) get_filtered_objects /opt/stack/nova/nova/filters.py:102}}
Jul 30 16:16:08.996289 np0000006149 nova-scheduler[93861]: DEBUG nova.filters [None req-25c80dbd-796b-4979-8068-c1fc0a4d001b tempest-ServerRescueNegativeTestJSON-1731264473 tempest-ServerRescueNegativeTestJSON-1731264473-project-member] Filter ImagePropertiesFilter returned 1 host(s) {{(pid=93861) get_filtered_objects /opt/stack/nova/nova/filters.py:102}}
Jul 30 16:16:08.996445 np0000006149 nova-scheduler[93861]: DEBUG nova.filters [None req-25c80dbd-796b-4979-8068-c1fc0a4d001b tempest-ServerRescueNegativeTestJSON-1731264473 tempest-ServerRescueNegativeTestJSON-1731264473-project-member] Filter ServerGroupAntiAffinityFilter returned 1 host(s) {{(pid=93861) get_filtered_objects /opt/stack/nova/nova/filters.py:102}}
Jul 30 16:16:08.996556 np0000006149 nova-scheduler[93861]: DEBUG nova.filters [None req-25c80dbd-796b-4979-8068-c1fc0a4d001b tempest-ServerRescueNegativeTestJSON-1731264473 tempest-ServerRescueNegativeTestJSON-1731264473-project-member] Filter ServerGroupAffinityFilter returned 1 host(s) {{(pid=93861) get_filtered_objects /opt/stack/nova/nova/filters.py:102}}
Jul 30 16:16:08.996697 np0000006149 nova-scheduler[93861]: DEBUG nova.filters [None req-25c80dbd-796b-4979-8068-c1fc0a4d001b tempest-ServerRescueNegativeTestJSON-1731264473 tempest-ServerRescueNegativeTestJSON-1731264473-project-member] Filter SameHostFilter returned 1 host(s) {{(pid=93861) get_filtered_objects /opt/stack/nova/nova/filters.py:102}}
Jul 30 16:16:08.996880 np0000006149 nova-scheduler[93861]: DEBUG nova.filters [None req-25c80dbd-796b-4979-8068-c1fc0a4d001b tempest-ServerRescueNegativeTestJSON-1731264473 tempest-ServerRescueNegativeTestJSON-1731264473-project-member] Filter DifferentHostFilter returned 1 host(s) {{(pid=93861) get_filtered_objects /opt/stack/nova/nova/filters.py:102}}
Jul 30 16:16:08.997038 np0000006149 nova-scheduler[93861]: DEBUG nova.scheduler.manager [None req-25c80dbd-796b-4979-8068-c1fc0a4d001b tempest-ServerRescueNegativeTestJSON-1731264473 tempest-ServerRescueNegativeTestJSON-1731264473-project-member] Filtered [(np0000006149, np0000006149) ram: 62765MB disk: 74752MB io_ops: 0 instances: 0, allocation_candidates: 1] {{(pid=93861) _get_sorted_hosts /opt/stack/nova/nova/scheduler/manager.py:742}}
Jul 30 16:16:08.997289 np0000006149 nova-scheduler[93861]: DEBUG nova.scheduler.manager [None req-25c80dbd-796b-4979-8068-c1fc0a4d001b tempest-ServerRescueNegativeTestJSON-1731264473 tempest-ServerRescueNegativeTestJSON-1731264473-project-member] Weighed [WeighedHost [host: (np0000006149, np0000006149) ram: 62765MB disk: 74752MB io_ops: 0 instances: 0, allocation_candidates: 1, weight: 0.0]] {{(pid=93861) _get_sorted_hosts /opt/stack/nova/nova/scheduler/manager.py:764}}
Jul 30 16:16:08.997491 np0000006149 nova-scheduler[93861]: DEBUG nova.scheduler.utils [None req-25c80dbd-796b-4979-8068-c1fc0a4d001b tempest-ServerRescueNegativeTestJSON-1731264473 tempest-ServerRescueNegativeTestJSON-1731264473-project-member] Attempting to claim resources in the placement API for instance f8aa9770-c0d5-4c42-af74-c0c7b2d4ac41 {{(pid=93861) claim_resources /opt/stack/nova/nova/scheduler/utils.py:1345}}
Jul 30 16:16:09.199544 np0000006149 nova-scheduler[93861]: DEBUG nova.scheduler.manager [None req-25c80dbd-796b-4979-8068-c1fc0a4d001b tempest-ServerRescueNegativeTestJSON-1731264473 tempest-ServerRescueNegativeTestJSON-1731264473-project-member] [instance: f8aa9770-c0d5-4c42-af74-c0c7b2d4ac41] Selected host: (np0000006149, np0000006149) ram: 62765MB disk: 74752MB io_ops: 0 instances: 0, allocation_candidates: 1 {{(pid=93861) _consume_selected_host /opt/stack/nova/nova/scheduler/manager.py:624}}
Jul 30 16:16:09.199826 np0000006149 nova-scheduler[93861]: DEBUG oslo_concurrency.lockutils [None req-25c80dbd-796b-4979-8068-c1fc0a4d001b tempest-ServerRescueNegativeTestJSON-1731264473 tempest-ServerRescueNegativeTestJSON-1731264473-project-member] Acquiring lock "np0000006149-np0000006149" by "nova.scheduler.host_manager.HostState.consume_from_request.._locked" {{(pid=93861) inner /opt/stack/data/venv/lib/python3.12/site-packages/oslo_concurrency/lockutils.py:512}}
Jul 30 16:16:09.200130 np0000006149 nova-scheduler[93861]: DEBUG oslo_concurrency.lockutils [None req-25c80dbd-796b-4979-8068-c1fc0a4d001b tempest-ServerRescueNegativeTestJSON-1731264473 tempest-ServerRescueNegativeTestJSON-1731264473-project-member] Lock "np0000006149-np0000006149" acquired by "nova.scheduler.host_manager.HostState.consume_from_request.._locked" :: waited 0.000s {{(pid=93861) inner /opt/stack/data/venv/lib/python3.12/site-packages/oslo_concurrency/lockutils.py:525}}
Jul 30 16:16:09.200293 np0000006149 nova-scheduler[93861]: DEBUG oslo_concurrency.lockutils [None req-25c80dbd-796b-4979-8068-c1fc0a4d001b tempest-ServerRescueNegativeTestJSON-1731264473 tempest-ServerRescueNegativeTestJSON-1731264473-project-member] Lock "np0000006149-np0000006149" "released" by "nova.scheduler.host_manager.HostState.consume_from_request.._locked" :: held 0.000s {{(pid=93861) inner /opt/stack/data/venv/lib/python3.12/site-packages/oslo_concurrency/lockutils.py:544}}
Jul 30 16:16:12.808855 np0000006149 nova-scheduler[93863]: DEBUG nova.scheduler.manager [None req-43d01300-b634-4754-9343-27d33f3b9e04 tempest-DeleteServersTestJSON-840454267 tempest-DeleteServersTestJSON-840454267-project-member] Starting to schedule for instances: ['f3070af6-45f8-4bc9-8dfc-639167cdaaf4'] {{(pid=93863) select_destinations /opt/stack/nova/nova/scheduler/manager.py:209}}
Jul 30 16:16:12.809941 np0000006149 nova-scheduler[93863]: DEBUG nova.scheduler.request_filter [None req-43d01300-b634-4754-9343-27d33f3b9e04 tempest-DeleteServersTestJSON-840454267 tempest-DeleteServersTestJSON-840454267-project-member] compute_status_filter request filter added forbidden trait COMPUTE_STATUS_DISABLED {{(pid=93863) compute_status_filter /opt/stack/nova/nova/scheduler/request_filter.py:253}}
Jul 30 16:16:12.810448 np0000006149 nova-scheduler[93863]: DEBUG nova.scheduler.request_filter [None req-43d01300-b634-4754-9343-27d33f3b9e04 tempest-DeleteServersTestJSON-840454267 tempest-DeleteServersTestJSON-840454267-project-member] Request filter 'compute_status_filter' took 0.0 seconds {{(pid=93863) wrapper /opt/stack/nova/nova/scheduler/request_filter.py:46}}
Jul 30 16:16:12.810448 np0000006149 nova-scheduler[93863]: DEBUG nova.scheduler.request_filter [None req-43d01300-b634-4754-9343-27d33f3b9e04 tempest-DeleteServersTestJSON-840454267 tempest-DeleteServersTestJSON-840454267-project-member] Request filter 'accelerators_filter' took 0.0 seconds {{(pid=93863) wrapper /opt/stack/nova/nova/scheduler/request_filter.py:46}}
Jul 30 16:16:12.810513 np0000006149 nova-scheduler[93863]: DEBUG nova.scheduler.request_filter [None req-43d01300-b634-4754-9343-27d33f3b9e04 tempest-DeleteServersTestJSON-840454267 tempest-DeleteServersTestJSON-840454267-project-member] Request filter 'packed_virtqueue_filter' took 0.0 seconds {{(pid=93863) wrapper /opt/stack/nova/nova/scheduler/request_filter.py:46}}
Jul 30 16:16:12.810782 np0000006149 nova-scheduler[93863]: DEBUG nova.scheduler.request_filter [None req-43d01300-b634-4754-9343-27d33f3b9e04 tempest-DeleteServersTestJSON-840454267 tempest-DeleteServersTestJSON-840454267-project-member] Request filter 'remote_managed_ports_filter' took 0.0 seconds {{(pid=93863) wrapper /opt/stack/nova/nova/scheduler/request_filter.py:46}}
Jul 30 16:16:12.810977 np0000006149 nova-scheduler[93863]: DEBUG nova.scheduler.request_filter [None req-43d01300-b634-4754-9343-27d33f3b9e04 tempest-DeleteServersTestJSON-840454267 tempest-DeleteServersTestJSON-840454267-project-member] ephemeral_encryption_filter skipped {{(pid=93863) ephemeral_encryption_filter /opt/stack/nova/nova/scheduler/request_filter.py:426}}
Jul 30 16:16:12.811130 np0000006149 nova-scheduler[93863]: DEBUG nova.scheduler.request_filter [None req-43d01300-b634-4754-9343-27d33f3b9e04 tempest-DeleteServersTestJSON-840454267 tempest-DeleteServersTestJSON-840454267-project-member] virtio_sound_filter skipped {{(pid=93863) virtio_sound_filter /opt/stack/nova/nova/scheduler/request_filter.py:460}}
