Jul 30 16:13:43.872450 np0000006149 nova-conductor[96302]: DEBUG cotyledon.oslo_config_glue [-] oslo_messaging_rabbit.rabbit_qos_prefetch_count = 0 {{(pid=96302) log_opt_values /opt/stack/data/venv/lib/python3.12/site-packages/oslo_config/cfg.py:3253}}
Jul 30 16:13:43.872450 np0000006149 nova-conductor[96302]: DEBUG cotyledon.oslo_config_glue [-] oslo_messaging_rabbit.rabbit_quorum_delivery_limit = 0 {{(pid=96302) log_opt_values /opt/stack/data/venv/lib/python3.12/site-packages/oslo_config/cfg.py:3253}}
Jul 30 16:13:43.872450 np0000006149 nova-conductor[96302]: DEBUG cotyledon.oslo_config_glue [-] oslo_messaging_rabbit.rabbit_quorum_max_memory_bytes = 0 {{(pid=96302) log_opt_values /opt/stack/data/venv/lib/python3.12/site-packages/oslo_config/cfg.py:3253}}
Jul 30 16:13:43.872450 np0000006149 nova-conductor[96302]: DEBUG cotyledon.oslo_config_glue [-] oslo_messaging_rabbit.rabbit_quorum_max_memory_length = 0 {{(pid=96302) log_opt_values /opt/stack/data/venv/lib/python3.12/site-packages/oslo_config/cfg.py:3253}}
Jul 30 16:13:43.872450 np0000006149 nova-conductor[96302]: DEBUG cotyledon.oslo_config_glue [-] oslo_messaging_rabbit.rabbit_quorum_queue = False {{(pid=96302) log_opt_values /opt/stack/data/venv/lib/python3.12/site-packages/oslo_config/cfg.py:3253}}
Jul 30 16:13:43.872450 np0000006149 nova-conductor[96302]: DEBUG cotyledon.oslo_config_glue [-] oslo_messaging_rabbit.rabbit_retry_backoff = 2 {{(pid=96302) log_opt_values /opt/stack/data/venv/lib/python3.12/site-packages/oslo_config/cfg.py:3253}}
Jul 30 16:13:43.872450 np0000006149 nova-conductor[96302]: DEBUG cotyledon.oslo_config_glue [-] oslo_messaging_rabbit.rabbit_retry_interval = 1 {{(pid=96302) log_opt_values /opt/stack/data/venv/lib/python3.12/site-packages/oslo_config/cfg.py:3253}}
Jul 30 16:13:43.872450 np0000006149 nova-conductor[96302]: DEBUG cotyledon.oslo_config_glue [-] oslo_messaging_rabbit.rabbit_stream_fanout = False {{(pid=96302) log_opt_values /opt/stack/data/venv/lib/python3.12/site-packages/oslo_config/cfg.py:3253}}
Jul 30 16:13:43.872711 np0000006149 nova-conductor[96302]: DEBUG cotyledon.oslo_config_glue [-] oslo_messaging_rabbit.rabbit_transient_queues_ttl = 1800 {{(pid=96302) log_opt_values /opt/stack/data/venv/lib/python3.12/site-packages/oslo_config/cfg.py:3253}}
Jul 30 16:13:43.872711 np0000006149 nova-conductor[96302]: DEBUG cotyledon.oslo_config_glue [-] oslo_messaging_rabbit.rabbit_transient_quorum_queue = False {{(pid=96302) log_opt_values /opt/stack/data/venv/lib/python3.12/site-packages/oslo_config/cfg.py:3253}}
Jul 30 16:13:43.872711 np0000006149 nova-conductor[96302]: DEBUG cotyledon.oslo_config_glue [-] oslo_messaging_rabbit.rpc_conn_pool_size = 30 {{(pid=96302) log_opt_values /opt/stack/data/venv/lib/python3.12/site-packages/oslo_config/cfg.py:3253}}
Jul 30 16:13:43.872711 np0000006149 nova-conductor[96302]: DEBUG cotyledon.oslo_config_glue [-] oslo_messaging_rabbit.ssl = False {{(pid=96302) log_opt_values /opt/stack/data/venv/lib/python3.12/site-packages/oslo_config/cfg.py:3253}}
Jul 30 16:13:43.872711 np0000006149 nova-conductor[96302]: DEBUG cotyledon.oslo_config_glue [-] oslo_messaging_rabbit.ssl_ca_file = {{(pid=96302) log_opt_values /opt/stack/data/venv/lib/python3.12/site-packages/oslo_config/cfg.py:3253}}
Jul 30 16:13:43.872711 np0000006149 nova-conductor[96302]: DEBUG cotyledon.oslo_config_glue [-] oslo_messaging_rabbit.ssl_cert_file = {{(pid=96302) log_opt_values /opt/stack/data/venv/lib/python3.12/site-packages/oslo_config/cfg.py:3253}}
Jul 30 16:13:43.872711 np0000006149 nova-conductor[96302]: DEBUG cotyledon.oslo_config_glue [-] oslo_messaging_rabbit.ssl_enforce_fips_mode = False {{(pid=96302) log_opt_values /opt/stack/data/venv/lib/python3.12/site-packages/oslo_config/cfg.py:3253}}
Jul 30 16:13:43.872711 np0000006149 nova-conductor[96302]: DEBUG cotyledon.oslo_config_glue [-] oslo_messaging_rabbit.ssl_enforce_hostname_verification = True {{(pid=96302) log_opt_values /opt/stack/data/venv/lib/python3.12/site-packages/oslo_config/cfg.py:3253}}
Jul 30 16:13:43.872711 np0000006149 nova-conductor[96302]: DEBUG cotyledon.oslo_config_glue [-] oslo_messaging_rabbit.ssl_key_file = {{(pid=96302) log_opt_values /opt/stack/data/venv/lib/python3.12/site-packages/oslo_config/cfg.py:3253}}
Jul 30 16:13:43.873022 np0000006149 nova-conductor[96302]: DEBUG cotyledon.oslo_config_glue [-] oslo_messaging_rabbit.ssl_version = {{(pid=96302) log_opt_values /opt/stack/data/venv/lib/python3.12/site-packages/oslo_config/cfg.py:3253}}
Jul 30 16:13:43.873022 np0000006149 nova-conductor[96302]: DEBUG cotyledon.oslo_config_glue [-] oslo_messaging_rabbit.use_queue_manager = False {{(pid=96302) log_opt_values /opt/stack/data/venv/lib/python3.12/site-packages/oslo_config/cfg.py:3253}}
Jul 30 16:13:43.873022 np0000006149 nova-conductor[96302]: DEBUG cotyledon.oslo_config_glue [-] oslo_messaging_notifications.driver = ['messagingv2'] {{(pid=96302) log_opt_values /opt/stack/data/venv/lib/python3.12/site-packages/oslo_config/cfg.py:3253}}
Jul 30 16:13:43.873022 np0000006149 nova-conductor[96302]: DEBUG cotyledon.oslo_config_glue [-] oslo_messaging_notifications.retry = -1 {{(pid=96302) log_opt_values /opt/stack/data/venv/lib/python3.12/site-packages/oslo_config/cfg.py:3253}}
Jul 30 16:13:43.873022 np0000006149 nova-conductor[96302]: DEBUG cotyledon.oslo_config_glue [-] oslo_messaging_notifications.topics = ['notifications'] {{(pid=96302) log_opt_values /opt/stack/data/venv/lib/python3.12/site-packages/oslo_config/cfg.py:3253}}
Jul 30 16:13:43.873022 np0000006149 nova-conductor[96302]: DEBUG cotyledon.oslo_config_glue [-] oslo_messaging_notifications.transport_url = **** {{(pid=96302) log_opt_values /opt/stack/data/venv/lib/python3.12/site-packages/oslo_config/cfg.py:3253}}
Jul 30 16:13:43.873022 np0000006149 nova-conductor[96302]: DEBUG cotyledon.oslo_config_glue [-] oslo_limit.auth_section = None {{(pid=96302) log_opt_values /opt/stack/data/venv/lib/python3.12/site-packages/oslo_config/cfg.py:3253}}
Jul 30 16:13:43.873022 np0000006149 nova-conductor[96302]: DEBUG cotyledon.oslo_config_glue [-] oslo_limit.auth_type = None {{(pid=96302) log_opt_values /opt/stack/data/venv/lib/python3.12/site-packages/oslo_config/cfg.py:3253}}
Jul 30 16:13:43.873022 np0000006149 nova-conductor[96302]: DEBUG cotyledon.oslo_config_glue [-] oslo_limit.cafile = None {{(pid=96302) log_opt_values /opt/stack/data/venv/lib/python3.12/site-packages/oslo_config/cfg.py:3253}}
Jul 30 16:13:43.873308 np0000006149 nova-conductor[96302]: DEBUG cotyledon.oslo_config_glue [-] oslo_limit.certfile = None {{(pid=96302) log_opt_values /opt/stack/data/venv/lib/python3.12/site-packages/oslo_config/cfg.py:3253}}
Jul 30 16:13:43.873308 np0000006149 nova-conductor[96302]: DEBUG cotyledon.oslo_config_glue [-] oslo_limit.collect_timing = False {{(pid=96302) log_opt_values /opt/stack/data/venv/lib/python3.12/site-packages/oslo_config/cfg.py:3253}}
Jul 30 16:13:43.873308 np0000006149 nova-conductor[96302]: DEBUG cotyledon.oslo_config_glue [-] oslo_limit.connect_retries = None {{(pid=96302) log_opt_values /opt/stack/data/venv/lib/python3.12/site-packages/oslo_config/cfg.py:3253}}
Jul 30 16:13:43.873308 np0000006149 nova-conductor[96302]: DEBUG cotyledon.oslo_config_glue [-] oslo_limit.connect_retry_delay = None {{(pid=96302) log_opt_values /opt/stack/data/venv/lib/python3.12/site-packages/oslo_config/cfg.py:3253}}
Jul 30 16:13:43.873308 np0000006149 nova-conductor[96302]: DEBUG cotyledon.oslo_config_glue [-] oslo_limit.endpoint_id = None {{(pid=96302) log_opt_values /opt/stack/data/venv/lib/python3.12/site-packages/oslo_config/cfg.py:3253}}
Jul 30 16:13:43.873308 np0000006149 nova-conductor[96302]: DEBUG cotyledon.oslo_config_glue [-] oslo_limit.endpoint_interface = public {{(pid=96302) log_opt_values /opt/stack/data/venv/lib/python3.12/site-packages/oslo_config/cfg.py:3253}}
Jul 30 16:13:43.873308 np0000006149 nova-conductor[96302]: DEBUG cotyledon.oslo_config_glue [-] oslo_limit.endpoint_override = None {{(pid=96302) log_opt_values /opt/stack/data/venv/lib/python3.12/site-packages/oslo_config/cfg.py:3253}}
Jul 30 16:13:43.873308 np0000006149 nova-conductor[96302]: DEBUG cotyledon.oslo_config_glue [-] oslo_limit.endpoint_region_name = None {{(pid=96302) log_opt_values /opt/stack/data/venv/lib/python3.12/site-packages/oslo_config/cfg.py:3253}}
Jul 30 16:13:43.873308 np0000006149 nova-conductor[96302]: DEBUG cotyledon.oslo_config_glue [-] oslo_limit.endpoint_service_name = None {{(pid=96302) log_opt_values /opt/stack/data/venv/lib/python3.12/site-packages/oslo_config/cfg.py:3253}}
Jul 30 16:13:43.873574 np0000006149 nova-conductor[96302]: DEBUG cotyledon.oslo_config_glue [-] oslo_limit.endpoint_service_type = None {{(pid=96302) log_opt_values /opt/stack/data/venv/lib/python3.12/site-packages/oslo_config/cfg.py:3253}}
Jul 30 16:13:43.873574 np0000006149 nova-conductor[96302]: DEBUG cotyledon.oslo_config_glue [-] oslo_limit.insecure = False {{(pid=96302) log_opt_values /opt/stack/data/venv/lib/python3.12/site-packages/oslo_config/cfg.py:3253}}
Jul 30 16:13:43.873574 np0000006149 nova-conductor[96302]: DEBUG cotyledon.oslo_config_glue [-] oslo_limit.keyfile = None {{(pid=96302) log_opt_values /opt/stack/data/venv/lib/python3.12/site-packages/oslo_config/cfg.py:3253}}
Jul 30 16:13:43.873574 np0000006149 nova-conductor[96302]: DEBUG cotyledon.oslo_config_glue [-] oslo_limit.max_version = None {{(pid=96302) log_opt_values /opt/stack/data/venv/lib/python3.12/site-packages/oslo_config/cfg.py:3253}}
Jul 30 16:13:43.873574 np0000006149 nova-conductor[96302]: DEBUG cotyledon.oslo_config_glue [-] oslo_limit.min_version = None {{(pid=96302) log_opt_values /opt/stack/data/venv/lib/python3.12/site-packages/oslo_config/cfg.py:3253}}
Jul 30 16:13:43.873574 np0000006149 nova-conductor[96302]: DEBUG cotyledon.oslo_config_glue [-] oslo_limit.region_name = None {{(pid=96302) log_opt_values /opt/stack/data/venv/lib/python3.12/site-packages/oslo_config/cfg.py:3253}}
Jul 30 16:13:43.873574 np0000006149 nova-conductor[96302]: DEBUG cotyledon.oslo_config_glue [-] oslo_limit.retriable_status_codes = None {{(pid=96302) log_opt_values /opt/stack/data/venv/lib/python3.12/site-packages/oslo_config/cfg.py:3253}}
Jul 30 16:13:43.873574 np0000006149 nova-conductor[96302]: DEBUG cotyledon.oslo_config_glue [-] oslo_limit.service_name = None {{(pid=96302) log_opt_values /opt/stack/data/venv/lib/python3.12/site-packages/oslo_config/cfg.py:3253}}
Jul 30 16:13:43.873574 np0000006149 nova-conductor[96302]: DEBUG cotyledon.oslo_config_glue [-] oslo_limit.service_type = None {{(pid=96302) log_opt_values /opt/stack/data/venv/lib/python3.12/site-packages/oslo_config/cfg.py:3253}}
Jul 30 16:13:43.873832 np0000006149 nova-conductor[96302]: DEBUG cotyledon.oslo_config_glue [-] oslo_limit.split_loggers = False {{(pid=96302) log_opt_values /opt/stack/data/venv/lib/python3.12/site-packages/oslo_config/cfg.py:3253}}
Jul 30 16:13:43.873832 np0000006149 nova-conductor[96302]: DEBUG cotyledon.oslo_config_glue [-] oslo_limit.status_code_retries = None {{(pid=96302) log_opt_values /opt/stack/data/venv/lib/python3.12/site-packages/oslo_config/cfg.py:3253}}
Jul 30 16:13:43.873832 np0000006149 nova-conductor[96302]: DEBUG cotyledon.oslo_config_glue [-] oslo_limit.status_code_retry_delay = None {{(pid=96302) log_opt_values /opt/stack/data/venv/lib/python3.12/site-packages/oslo_config/cfg.py:3253}}
Jul 30 16:13:43.873832 np0000006149 nova-conductor[96302]: DEBUG cotyledon.oslo_config_glue [-] oslo_limit.timeout = None {{(pid=96302) log_opt_values /opt/stack/data/venv/lib/python3.12/site-packages/oslo_config/cfg.py:3253}}
Jul 30 16:13:43.873832 np0000006149 nova-conductor[96302]: DEBUG cotyledon.oslo_config_glue [-] oslo_limit.valid_interfaces = None {{(pid=96302) log_opt_values /opt/stack/data/venv/lib/python3.12/site-packages/oslo_config/cfg.py:3253}}
Jul 30 16:13:43.873832 np0000006149 nova-conductor[96302]: DEBUG cotyledon.oslo_config_glue [-] oslo_limit.version = None {{(pid=96302) log_opt_values /opt/stack/data/venv/lib/python3.12/site-packages/oslo_config/cfg.py:3253}}
Jul 30 16:13:43.873832 np0000006149 nova-conductor[96302]: DEBUG cotyledon.oslo_config_glue [-] oslo_reports.file_event_handler = None {{(pid=96302) log_opt_values /opt/stack/data/venv/lib/python3.12/site-packages/oslo_config/cfg.py:3253}}
Jul 30 16:13:43.873832 np0000006149 nova-conductor[96302]: DEBUG cotyledon.oslo_config_glue [-] oslo_reports.file_event_handler_interval = 1 {{(pid=96302) log_opt_values /opt/stack/data/venv/lib/python3.12/site-packages/oslo_config/cfg.py:3253}}
Jul 30 16:13:43.873832 np0000006149 nova-conductor[96302]: DEBUG cotyledon.oslo_config_glue [-] oslo_reports.log_dir = None {{(pid=96302) log_opt_values /opt/stack/data/venv/lib/python3.12/site-packages/oslo_config/cfg.py:3253}}
Jul 30 16:13:43.874116 np0000006149 nova-conductor[96302]: DEBUG cotyledon.oslo_config_glue [-] ******************************************************************************** {{(pid=96302) log_opt_values /opt/stack/data/venv/lib/python3.12/site-packages/oslo_config/cfg.py:3260}}
Jul 30 16:13:43.874116 np0000006149 nova-conductor[96302]: DEBUG cotyledon._service_worker [-] Run service ServiceWrapper(2) [96302] {{(pid=96302) wait_forever /opt/stack/data/venv/lib/python3.12/site-packages/cotyledon/_service_worker.py:218}}
Jul 30 16:13:43.874181 np0000006149 nova-conductor[96297]: INFO dbcounter [None req-fe433153-89eb-4e2b-b199-cdb529990951 None None] Registered counter for database nova_cell0
Jul 30 16:13:43.874234 np0000006149 nova-conductor[96302]: INFO nova.service [-] Starting conductor node (version 33.1.0)
Jul 30 16:13:43.874234 np0000006149 nova-conductor[96302]: INFO dbcounter [None req-42c149bd-88e8-40d4-b803-db46516834f3 None None] Registered counter for database nova_cell0
Jul 30 16:13:43.874297 np0000006149 nova-conductor[96290]: DEBUG oslo_db.sqlalchemy.engines [None req-35019587-af0a-4b63-a5b3-01df0e9b838c None None] MySQL server mode set to STRICT_TRANS_TABLES,STRICT_ALL_TABLES,NO_ZERO_IN_DATE,NO_ZERO_DATE,ERROR_FOR_DIVISION_BY_ZERO,TRADITIONAL,NO_ENGINE_SUBSTITUTION {{(pid=96290) _check_effective_sql_mode /opt/stack/data/venv/lib/python3.12/site-packages/oslo_db/sqlalchemy/engines.py:325}}
Jul 30 16:13:43.874297 np0000006149 nova-conductor[96290]: DEBUG dbcounter [-] [96290] Writer thread running {{(pid=96290) stat_writer /opt/stack/data/venv/lib/python3.12/site-packages/dbcounter.py:102}}
Jul 30 16:13:43.874375 np0000006149 nova-conductor[96302]: DEBUG oslo_db.sqlalchemy.engines [None req-42c149bd-88e8-40d4-b803-db46516834f3 None None] MySQL server mode set to STRICT_TRANS_TABLES,STRICT_ALL_TABLES,NO_ZERO_IN_DATE,NO_ZERO_DATE,ERROR_FOR_DIVISION_BY_ZERO,TRADITIONAL,NO_ENGINE_SUBSTITUTION {{(pid=96302) _check_effective_sql_mode /opt/stack/data/venv/lib/python3.12/site-packages/oslo_db/sqlalchemy/engines.py:325}}
Jul 30 16:13:43.878148 np0000006149 nova-conductor[96290]: DEBUG nova.service [None req-35019587-af0a-4b63-a5b3-01df0e9b838c None None] Creating RPC server for service: nova-conductor on topic: conductor {{(pid=96290) start /opt/stack/nova/nova/service.py:196}}
Jul 30 16:13:43.880128 np0000006149 nova-conductor[96302]: DEBUG dbcounter [-] [96302] Writer thread running {{(pid=96302) stat_writer /opt/stack/data/venv/lib/python3.12/site-packages/dbcounter.py:102}}
Jul 30 16:13:43.888647 np0000006149 nova-conductor[96297]: DEBUG oslo_db.sqlalchemy.engines [None req-fe433153-89eb-4e2b-b199-cdb529990951 None None] MySQL server mode set to STRICT_TRANS_TABLES,STRICT_ALL_TABLES,NO_ZERO_IN_DATE,NO_ZERO_DATE,ERROR_FOR_DIVISION_BY_ZERO,TRADITIONAL,NO_ENGINE_SUBSTITUTION {{(pid=96297) _check_effective_sql_mode /opt/stack/data/venv/lib/python3.12/site-packages/oslo_db/sqlalchemy/engines.py:325}}
Jul 30 16:13:43.892344 np0000006149 nova-conductor[96302]: DEBUG nova.service [None req-42c149bd-88e8-40d4-b803-db46516834f3 None None] Creating RPC server for service: nova-conductor on topic: conductor {{(pid=96302) start /opt/stack/nova/nova/service.py:196}}
Jul 30 16:13:43.896716 np0000006149 nova-conductor[96290]: DEBUG nova.service [None req-35019587-af0a-4b63-a5b3-01df0e9b838c None None] Join ServiceGroup membership for this service conductor {{(pid=96290) start /opt/stack/nova/nova/service.py:222}}
Jul 30 16:13:43.897153 np0000006149 nova-conductor[96290]: DEBUG nova.servicegroup.drivers.db [None req-35019587-af0a-4b63-a5b3-01df0e9b838c None None] DB_Driver: join new ServiceGroup member np0000006149 to the conductor group, service = {{(pid=96290) join /opt/stack/nova/nova/servicegroup/drivers/db.py:44}}
Jul 30 16:13:43.899703 np0000006149 nova-conductor[96297]: DEBUG dbcounter [-] [96297] Writer thread running {{(pid=96297) stat_writer /opt/stack/data/venv/lib/python3.12/site-packages/dbcounter.py:102}}
Jul 30 16:13:43.902846 np0000006149 nova-conductor[96297]: DEBUG nova.service [None req-fe433153-89eb-4e2b-b199-cdb529990951 None None] Creating RPC server for service: nova-conductor on topic: conductor {{(pid=96297) start /opt/stack/nova/nova/service.py:196}}
Jul 30 16:13:43.907332 np0000006149 nova-conductor[96302]: DEBUG nova.service [None req-42c149bd-88e8-40d4-b803-db46516834f3 None None] Join ServiceGroup membership for this service conductor {{(pid=96302) start /opt/stack/nova/nova/service.py:222}}
Jul 30 16:13:43.907497 np0000006149 nova-conductor[96302]: DEBUG nova.servicegroup.drivers.db [None req-42c149bd-88e8-40d4-b803-db46516834f3 None None] DB_Driver: join new ServiceGroup member np0000006149 to the conductor group, service = {{(pid=96302) join /opt/stack/nova/nova/servicegroup/drivers/db.py:44}}
Jul 30 16:13:43.919783 np0000006149 nova-conductor[96297]: DEBUG nova.service [None req-fe433153-89eb-4e2b-b199-cdb529990951 None None] Join ServiceGroup membership for this service conductor {{(pid=96297) start /opt/stack/nova/nova/service.py:222}}
Jul 30 16:13:43.920022 np0000006149 nova-conductor[96297]: DEBUG nova.servicegroup.drivers.db [None req-fe433153-89eb-4e2b-b199-cdb529990951 None None] DB_Driver: join new ServiceGroup member np0000006149 to the conductor group, service = {{(pid=96297) join /opt/stack/nova/nova/servicegroup/drivers/db.py:44}}
Jul 30 16:13:48.909573 np0000006149 nova-conductor[96290]: DEBUG oslo.service.backend._threading.loopingcall [-] Fixed interval looping call 'nova.servicegroup.drivers.db.DbDriver._report_state' sleeping for 119.99 seconds {{(pid=96290) _run_loop /opt/stack/data/venv/lib/python3.12/site-packages/oslo_service/backend/_threading/loopingcall.py:125}}
Jul 30 16:13:48.919121 np0000006149 nova-conductor[96302]: DEBUG oslo.service.backend._threading.loopingcall [-] Fixed interval looping call 'nova.servicegroup.drivers.db.DbDriver._report_state' sleeping for 119.99 seconds {{(pid=96302) _run_loop /opt/stack/data/venv/lib/python3.12/site-packages/oslo_service/backend/_threading/loopingcall.py:125}}
Jul 30 16:13:48.932689 np0000006149 nova-conductor[96297]: DEBUG oslo.service.backend._threading.loopingcall [-] Fixed interval looping call 'nova.servicegroup.drivers.db.DbDriver._report_state' sleeping for 119.99 seconds {{(pid=96297) _run_loop /opt/stack/data/venv/lib/python3.12/site-packages/oslo_service/backend/_threading/loopingcall.py:125}}
Jul 30 16:13:52.507827 np0000006149 nova-conductor[94790]: DEBUG dbcounter [-] [94790] Writing DB stats nova_api:SELECT=1 {{(pid=94790) stat_writer /opt/stack/data/venv/lib/python3.12/site-packages/dbcounter.py:115}}
Jul 30 16:13:52.622256 np0000006149 nova-conductor[94790]: DEBUG dbcounter [-] [94790] Writing DB stats nova_cell0:SELECT=1 {{(pid=94790) stat_writer /opt/stack/data/venv/lib/python3.12/site-packages/dbcounter.py:115}}
Jul 30 16:13:52.625578 np0000006149 nova-conductor[94790]: DEBUG dbcounter [-] [94790] Writing DB stats nova_cell1:SELECT=1 {{(pid=94790) stat_writer /opt/stack/data/venv/lib/python3.12/site-packages/dbcounter.py:115}}
Jul 30 16:13:57.899062 np0000006149 nova-conductor[96290]: DEBUG oslo.service.backend._threading.loopingcall [None req-55c846f7-4301-4995-aed7-4b34fa19d745 None None] Dynamic interval looping call 'nova.service.Service.periodic_tasks' sleeping for 60.00 seconds {{(pid=96290) _run_loop /opt/stack/data/venv/lib/python3.12/site-packages/oslo_service/backend/_threading/loopingcall.py:125}}
Jul 30 16:13:58.906751 np0000006149 nova-conductor[96290]: DEBUG dbcounter [-] [96290] Writing DB stats nova_cell0:SELECT=4,nova_cell0:INSERT=1,nova_cell0:UPDATE=1 {{(pid=96290) stat_writer /opt/stack/data/venv/lib/python3.12/site-packages/dbcounter.py:115}}
Jul 30 16:13:58.916543 np0000006149 nova-conductor[96302]: DEBUG dbcounter [-] [96302] Writing DB stats nova_cell0:SELECT=3 {{(pid=96302) stat_writer /opt/stack/data/venv/lib/python3.12/site-packages/dbcounter.py:115}}
Jul 30 16:13:58.929370 np0000006149 nova-conductor[96297]: DEBUG dbcounter [-] [96297] Writing DB stats nova_cell0:SELECT=3 {{(pid=96297) stat_writer /opt/stack/data/venv/lib/python3.12/site-packages/dbcounter.py:115}}
Jul 30 16:14:28.922080 np0000006149 nova-conductor[96297]: DEBUG oslo.service.backend._threading.loopingcall [None req-0f9eb7bd-be02-4df4-bf85-0916b0f6b57f None None] Dynamic interval looping call 'nova.service.Service.periodic_tasks' sleeping for 60.00 seconds {{(pid=96297) _run_loop /opt/stack/data/venv/lib/python3.12/site-packages/oslo_service/backend/_threading/loopingcall.py:125}}
Jul 30 16:14:35.909190 np0000006149 nova-conductor[96302]: DEBUG oslo.service.backend._threading.loopingcall [None req-cd8dae39-935c-41fc-beb1-2297848c62a4 None None] Dynamic interval looping call 'nova.service.Service.periodic_tasks' sleeping for 60.00 seconds {{(pid=96302) _run_loop /opt/stack/data/venv/lib/python3.12/site-packages/oslo_service/backend/_threading/loopingcall.py:125}}
Jul 30 16:14:57.899551 np0000006149 nova-conductor[96290]: DEBUG oslo.service.backend._threading.loopingcall [None req-55c846f7-4301-4995-aed7-4b34fa19d745 None None] Dynamic interval looping call 'nova.service.Service.periodic_tasks' sleeping for 60.00 seconds {{(pid=96290) _run_loop /opt/stack/data/venv/lib/python3.12/site-packages/oslo_service/backend/_threading/loopingcall.py:125}}
Jul 30 16:15:28.922557 np0000006149 nova-conductor[96297]: DEBUG oslo.service.backend._threading.loopingcall [None req-0f9eb7bd-be02-4df4-bf85-0916b0f6b57f None None] Dynamic interval looping call 'nova.service.Service.periodic_tasks' sleeping for 60.00 seconds {{(pid=96297) _run_loop /opt/stack/data/venv/lib/python3.12/site-packages/oslo_service/backend/_threading/loopingcall.py:125}}
Jul 30 16:15:35.909744 np0000006149 nova-conductor[96302]: DEBUG oslo.service.backend._threading.loopingcall [None req-cd8dae39-935c-41fc-beb1-2297848c62a4 None None] Dynamic interval looping call 'nova.service.Service.periodic_tasks' sleeping for 60.00 seconds {{(pid=96302) _run_loop /opt/stack/data/venv/lib/python3.12/site-packages/oslo_service/backend/_threading/loopingcall.py:125}}
Jul 30 16:15:48.920127 np0000006149 nova-conductor[96290]: DEBUG oslo.service.backend._threading.loopingcall [-] Fixed interval looping call 'nova.servicegroup.drivers.db.DbDriver._report_state' sleeping for 119.99 seconds {{(pid=96290) _run_loop /opt/stack/data/venv/lib/python3.12/site-packages/oslo_service/backend/_threading/loopingcall.py:125}}
Jul 30 16:15:48.920546 np0000006149 nova-conductor[96302]: DEBUG oslo.service.backend._threading.loopingcall [-] Fixed interval looping call 'nova.servicegroup.drivers.db.DbDriver._report_state' sleeping for 119.99 seconds {{(pid=96302) _run_loop /opt/stack/data/venv/lib/python3.12/site-packages/oslo_service/backend/_threading/loopingcall.py:125}}
Jul 30 16:15:48.926412 np0000006149 nova-conductor[96297]: DEBUG oslo.service.backend._threading.loopingcall [-] Fixed interval looping call 'nova.servicegroup.drivers.db.DbDriver._report_state' sleeping for 120.00 seconds {{(pid=96297) _run_loop /opt/stack/data/venv/lib/python3.12/site-packages/oslo_service/backend/_threading/loopingcall.py:125}}
Jul 30 16:15:57.901400 np0000006149 nova-conductor[96290]: DEBUG oslo.service.backend._threading.loopingcall [None req-55c846f7-4301-4995-aed7-4b34fa19d745 None None] Dynamic interval looping call 'nova.service.Service.periodic_tasks' sleeping for 60.00 seconds {{(pid=96290) _run_loop /opt/stack/data/venv/lib/python3.12/site-packages/oslo_service/backend/_threading/loopingcall.py:125}}
Jul 30 16:15:58.908634 np0000006149 nova-conductor[96290]: DEBUG dbcounter [-] [96290] Writing DB stats nova_cell0:SELECT=1,nova_cell0:UPDATE=1 {{(pid=96290) stat_writer /opt/stack/data/venv/lib/python3.12/site-packages/dbcounter.py:115}}
Jul 30 16:15:58.913176 np0000006149 nova-conductor[96302]: DEBUG dbcounter [-] [96302] Writing DB stats nova_cell0:SELECT=1,nova_cell0:UPDATE=1 {{(pid=96302) stat_writer /opt/stack/data/venv/lib/python3.12/site-packages/dbcounter.py:115}}
Jul 30 16:15:58.925015 np0000006149 nova-conductor[96297]: DEBUG dbcounter [-] [96297] Writing DB stats nova_cell0:SELECT=1 {{(pid=96297) stat_writer /opt/stack/data/venv/lib/python3.12/site-packages/dbcounter.py:115}}
Jul 30 16:16:08.305286 np0000006149 nova-conductor[96290]: DEBUG oslo_db.sqlalchemy.engines [None req-25c80dbd-796b-4979-8068-c1fc0a4d001b tempest-ServerRescueNegativeTestJSON-1731264473 tempest-ServerRescueNegativeTestJSON-1731264473-project-member] Parent process 94790 forked (96290) with an open database connection, which is being discarded and recreated. {{(pid=96290) checkout /opt/stack/data/venv/lib/python3.12/site-packages/oslo_db/sqlalchemy/engines.py:402}}
Jul 30 16:16:08.348896 np0000006149 nova-conductor[96290]: DEBUG dbcounter [-] [96290] Writer thread running {{(pid=96290) stat_writer /opt/stack/data/venv/lib/python3.12/site-packages/dbcounter.py:102}}
Jul 30 16:16:09.212505 np0000006149 nova-conductor[96290]: DEBUG nova.conductor.manager [None req-25c80dbd-796b-4979-8068-c1fc0a4d001b tempest-ServerRescueNegativeTestJSON-1731264473 tempest-ServerRescueNegativeTestJSON-1731264473-project-member] Took 0.86 seconds to select destinations for 1 instance(s). {{(pid=96290) _schedule_instances /opt/stack/nova/nova/conductor/manager.py:968}}
Jul 30 16:16:09.240911 np0000006149 nova-conductor[96290]: DEBUG oslo_concurrency.lockutils [None req-25c80dbd-796b-4979-8068-c1fc0a4d001b tempest-ServerRescueNegativeTestJSON-1731264473 tempest-ServerRescueNegativeTestJSON-1731264473-project-member] Acquiring lock "e6fc70e5-6ace-46f6-948e-0c97235de180" by "nova.context.set_target_cell..get_or_set_cached_cell_and_set_connections" {{(pid=96290) inner /opt/stack/data/venv/lib/python3.12/site-packages/oslo_concurrency/lockutils.py:512}}
Jul 30 16:16:09.241423 np0000006149 nova-conductor[96290]: DEBUG oslo_concurrency.lockutils [None req-25c80dbd-796b-4979-8068-c1fc0a4d001b tempest-ServerRescueNegativeTestJSON-1731264473 tempest-ServerRescueNegativeTestJSON-1731264473-project-member] Lock "e6fc70e5-6ace-46f6-948e-0c97235de180" acquired by "nova.context.set_target_cell..get_or_set_cached_cell_and_set_connections" :: waited 0.000s {{(pid=96290) inner /opt/stack/data/venv/lib/python3.12/site-packages/oslo_concurrency/lockutils.py:525}}
Jul 30 16:16:09.243271 np0000006149 nova-conductor[96290]: DEBUG oslo_concurrency.lockutils [None req-25c80dbd-796b-4979-8068-c1fc0a4d001b tempest-ServerRescueNegativeTestJSON-1731264473 tempest-ServerRescueNegativeTestJSON-1731264473-project-member] Lock "e6fc70e5-6ace-46f6-948e-0c97235de180" "released" by "nova.context.set_target_cell..get_or_set_cached_cell_and_set_connections" :: held 0.002s {{(pid=96290) inner /opt/stack/data/venv/lib/python3.12/site-packages/oslo_concurrency/lockutils.py:544}}
Jul 30 16:16:09.245542 np0000006149 nova-conductor[96290]: INFO dbcounter [None req-25c80dbd-796b-4979-8068-c1fc0a4d001b tempest-ServerRescueNegativeTestJSON-1731264473 tempest-ServerRescueNegativeTestJSON-1731264473-project-member] Registered counter for database nova_cell1
Jul 30 16:16:09.290301 np0000006149 nova-conductor[96290]: DEBUG oslo_db.sqlalchemy.engines [None req-25c80dbd-796b-4979-8068-c1fc0a4d001b tempest-ServerRescueNegativeTestJSON-1731264473 tempest-ServerRescueNegativeTestJSON-1731264473-project-member] MySQL server mode set to STRICT_TRANS_TABLES,STRICT_ALL_TABLES,NO_ZERO_IN_DATE,NO_ZERO_DATE,ERROR_FOR_DIVISION_BY_ZERO,TRADITIONAL,NO_ENGINE_SUBSTITUTION {{(pid=96290) _check_effective_sql_mode /opt/stack/data/venv/lib/python3.12/site-packages/oslo_db/sqlalchemy/engines.py:325}}
Jul 30 16:16:09.296376 np0000006149 nova-conductor[96290]: DEBUG dbcounter [-] [96290] Writer thread running {{(pid=96290) stat_writer /opt/stack/data/venv/lib/python3.12/site-packages/dbcounter.py:102}}
Jul 30 16:16:09.353993 np0000006149 nova-conductor[96290]: INFO nova.utils [None req-25c80dbd-796b-4979-8068-c1fc0a4d001b tempest-ServerRescueNegativeTestJSON-1731264473 tempest-ServerRescueNegativeTestJSON-1731264473-project-member] The cell worker thread pool ForkProcess-1.cell_worker is initialized
Jul 30 16:16:09.355601 np0000006149 nova-conductor[96290]: DEBUG oslo_concurrency.lockutils [None req-25c80dbd-796b-4979-8068-c1fc0a4d001b tempest-ServerRescueNegativeTestJSON-1731264473 tempest-ServerRescueNegativeTestJSON-1731264473-project-member] Acquiring lock "00000000-0000-0000-0000-000000000000" by "nova.context.set_target_cell..get_or_set_cached_cell_and_set_connections" {{(pid=96290) inner /opt/stack/data/venv/lib/python3.12/site-packages/oslo_concurrency/lockutils.py:512}}
Jul 30 16:16:09.355788 np0000006149 nova-conductor[96290]: DEBUG oslo_concurrency.lockutils [None req-25c80dbd-796b-4979-8068-c1fc0a4d001b tempest-ServerRescueNegativeTestJSON-1731264473 tempest-ServerRescueNegativeTestJSON-1731264473-project-member] Lock "00000000-0000-0000-0000-000000000000" acquired by "nova.context.set_target_cell..get_or_set_cached_cell_and_set_connections" :: waited 0.000s {{(pid=96290) inner /opt/stack/data/venv/lib/python3.12/site-packages/oslo_concurrency/lockutils.py:525}}
Jul 30 16:16:09.356275 np0000006149 nova-conductor[96290]: DEBUG oslo_concurrency.lockutils [None req-25c80dbd-796b-4979-8068-c1fc0a4d001b tempest-ServerRescueNegativeTestJSON-1731264473 tempest-ServerRescueNegativeTestJSON-1731264473-project-member] Lock "00000000-0000-0000-0000-000000000000" "released" by "nova.context.set_target_cell..get_or_set_cached_cell_and_set_connections" :: held 0.000s {{(pid=96290) inner /opt/stack/data/venv/lib/python3.12/site-packages/oslo_concurrency/lockutils.py:544}}
Jul 30 16:16:09.356992 np0000006149 nova-conductor[96290]: DEBUG oslo_concurrency.lockutils [None req-25c80dbd-796b-4979-8068-c1fc0a4d001b tempest-ServerRescueNegativeTestJSON-1731264473 tempest-ServerRescueNegativeTestJSON-1731264473-project-member] Acquiring lock "e6fc70e5-6ace-46f6-948e-0c97235de180" by "nova.context.set_target_cell..get_or_set_cached_cell_and_set_connections" {{(pid=96290) inner /opt/stack/data/venv/lib/python3.12/site-packages/oslo_concurrency/lockutils.py:512}}
Jul 30 16:16:09.358697 np0000006149 nova-conductor[96290]: INFO dbcounter [None req-25c80dbd-796b-4979-8068-c1fc0a4d001b tempest-ServerRescueNegativeTestJSON-1731264473 tempest-ServerRescueNegativeTestJSON-1731264473-project-member] Registered counter for database nova_cell0
Jul 30 16:16:09.363120 np0000006149 nova-conductor[96290]: DEBUG oslo_concurrency.lockutils [None req-25c80dbd-796b-4979-8068-c1fc0a4d001b tempest-ServerRescueNegativeTestJSON-1731264473 tempest-ServerRescueNegativeTestJSON-1731264473-project-member] Lock "e6fc70e5-6ace-46f6-948e-0c97235de180" acquired by "nova.context.set_target_cell..get_or_set_cached_cell_and_set_connections" :: waited 0.001s {{(pid=96290) inner /opt/stack/data/venv/lib/python3.12/site-packages/oslo_concurrency/lockutils.py:525}}
Jul 30 16:16:09.363120 np0000006149 nova-conductor[96290]: DEBUG oslo_concurrency.lockutils [None req-25c80dbd-796b-4979-8068-c1fc0a4d001b tempest-ServerRescueNegativeTestJSON-1731264473 tempest-ServerRescueNegativeTestJSON-1731264473-project-member] Lock "e6fc70e5-6ace-46f6-948e-0c97235de180" "released" by "nova.context.set_target_cell..get_or_set_cached_cell_and_set_connections" :: held 0.002s {{(pid=96290) inner /opt/stack/data/venv/lib/python3.12/site-packages/oslo_concurrency/lockutils.py:544}}
Jul 30 16:16:09.390022 np0000006149 nova-conductor[96290]: DEBUG oslo_db.sqlalchemy.engines [None req-25c80dbd-796b-4979-8068-c1fc0a4d001b tempest-ServerRescueNegativeTestJSON-1731264473 tempest-ServerRescueNegativeTestJSON-1731264473-project-member] MySQL server mode set to STRICT_TRANS_TABLES,STRICT_ALL_TABLES,NO_ZERO_IN_DATE,NO_ZERO_DATE,ERROR_FOR_DIVISION_BY_ZERO,TRADITIONAL,NO_ENGINE_SUBSTITUTION {{(pid=96290) _check_effective_sql_mode /opt/stack/data/venv/lib/python3.12/site-packages/oslo_db/sqlalchemy/engines.py:325}}
Jul 30 16:16:09.394872 np0000006149 nova-conductor[96290]: DEBUG dbcounter [-] [96290] Writer thread running {{(pid=96290) stat_writer /opt/stack/data/venv/lib/python3.12/site-packages/dbcounter.py:102}}
Jul 30 16:16:09.405019 np0000006149 nova-conductor[96290]: DEBUG nova.quota [None req-25c80dbd-796b-4979-8068-c1fc0a4d001b tempest-ServerRescueNegativeTestJSON-1731264473 tempest-ServerRescueNegativeTestJSON-1731264473-project-member] Getting quotas for project a21401d9fd4b447faf4653aecdcabe22. Resources: {'instances', 'cores', 'ram'} {{(pid=96290) _get_quotas /opt/stack/nova/nova/quota.py:389}}
Jul 30 16:16:09.408129 np0000006149 nova-conductor[96290]: DEBUG nova.quota [None req-25c80dbd-796b-4979-8068-c1fc0a4d001b tempest-ServerRescueNegativeTestJSON-1731264473 tempest-ServerRescueNegativeTestJSON-1731264473-project-member] Getting quotas for user b38e0d8601774ca7823dcfba0be55c01 and project a21401d9fd4b447faf4653aecdcabe22. Resources: {'instances', 'cores', 'ram'} {{(pid=96290) _get_quotas /opt/stack/nova/nova/quota.py:379}}
Jul 30 16:16:09.416455 np0000006149 nova-conductor[96290]: DEBUG nova.conductor.manager [None req-25c80dbd-796b-4979-8068-c1fc0a4d001b tempest-ServerRescueNegativeTestJSON-1731264473 tempest-ServerRescueNegativeTestJSON-1731264473-project-member] [instance: f8aa9770-c0d5-4c42-af74-c0c7b2d4ac41] Selected host: np0000006149; Selected node: np0000006149; Alternates: [] {{(pid=96290) schedule_and_build_instances /opt/stack/nova/nova/conductor/manager.py:1784}}
Jul 30 16:16:09.416887 np0000006149 nova-conductor[96290]: DEBUG oslo_concurrency.lockutils [None req-25c80dbd-796b-4979-8068-c1fc0a4d001b tempest-ServerRescueNegativeTestJSON-1731264473 tempest-ServerRescueNegativeTestJSON-1731264473-project-member] Acquiring lock "e6fc70e5-6ace-46f6-948e-0c97235de180" by "nova.context.set_target_cell..get_or_set_cached_cell_and_set_connections" {{(pid=96290) inner /opt/stack/data/venv/lib/python3.12/site-packages/oslo_concurrency/lockutils.py:512}}
Jul 30 16:16:09.417083 np0000006149 nova-conductor[96290]: DEBUG oslo_concurrency.lockutils [None req-25c80dbd-796b-4979-8068-c1fc0a4d001b tempest-ServerRescueNegativeTestJSON-1731264473 tempest-ServerRescueNegativeTestJSON-1731264473-project-member] Lock "e6fc70e5-6ace-46f6-948e-0c97235de180" acquired by "nova.context.set_target_cell..get_or_set_cached_cell_and_set_connections" :: waited 0.000s {{(pid=96290) inner /opt/stack/data/venv/lib/python3.12/site-packages/oslo_concurrency/lockutils.py:525}}
Jul 30 16:16:09.417233 np0000006149 nova-conductor[96290]: DEBUG oslo_concurrency.lockutils [None req-25c80dbd-796b-4979-8068-c1fc0a4d001b tempest-ServerRescueNegativeTestJSON-1731264473 tempest-ServerRescueNegativeTestJSON-1731264473-project-member] Lock "e6fc70e5-6ace-46f6-948e-0c97235de180" "released" by "nova.context.set_target_cell..get_or_set_cached_cell_and_set_connections" :: held 0.000s {{(pid=96290) inner /opt/stack/data/venv/lib/python3.12/site-packages/oslo_concurrency/lockutils.py:544}}
Jul 30 16:16:09.430822 np0000006149 nova-conductor[96290]: DEBUG nova.conductor.manager [None req-25c80dbd-796b-4979-8068-c1fc0a4d001b tempest-ServerRescueNegativeTestJSON-1731264473 tempest-ServerRescueNegativeTestJSON-1731264473-project-member] [instance: f8aa9770-c0d5-4c42-af74-c0c7b2d4ac41] block_device_mapping [BlockDeviceMapping(attachment_id=,boot_index=0,connection_info=None,created_at=,delete_on_termination=True,deleted=,deleted_at=,destination_type='local',device_name=None,device_type='disk',disk_bus=None,encrypted=False,encryption_format=None,encryption_options=None,encryption_secret_uuid=None,guest_format=None,id=,image_id='79a1d483-ec40-4c96-a735-bb64bc5f6aac',instance=,instance_uuid=,no_device=False,snapshot_id=None,source_type='image',tag=None,updated_at=,uuid=,volume_id=None,volume_size=None,volume_type=None)] {{(pid=96290) _create_block_device_mapping /opt/stack/nova/nova/conductor/manager.py:1529}}
Jul 30 16:16:09.432569 np0000006149 nova-conductor[96290]: DEBUG oslo_concurrency.lockutils [None req-25c80dbd-796b-4979-8068-c1fc0a4d001b tempest-ServerRescueNegativeTestJSON-1731264473 tempest-ServerRescueNegativeTestJSON-1731264473-project-member] Acquiring lock "e6fc70e5-6ace-46f6-948e-0c97235de180" by "nova.context.set_target_cell..get_or_set_cached_cell_and_set_connections" {{(pid=96290) inner /opt/stack/data/venv/lib/python3.12/site-packages/oslo_concurrency/lockutils.py:512}}
Jul 30 16:16:09.432794 np0000006149 nova-conductor[96290]: DEBUG oslo_concurrency.lockutils [None req-25c80dbd-796b-4979-8068-c1fc0a4d001b tempest-ServerRescueNegativeTestJSON-1731264473 tempest-ServerRescueNegativeTestJSON-1731264473-project-member] Lock "e6fc70e5-6ace-46f6-948e-0c97235de180" acquired by "nova.context.set_target_cell..get_or_set_cached_cell_and_set_connections" :: waited 0.000s {{(pid=96290) inner /opt/stack/data/venv/lib/python3.12/site-packages/oslo_concurrency/lockutils.py:525}}
Jul 30 16:16:09.432975 np0000006149 nova-conductor[96290]: DEBUG oslo_concurrency.lockutils [None req-25c80dbd-796b-4979-8068-c1fc0a4d001b tempest-ServerRescueNegativeTestJSON-1731264473 tempest-ServerRescueNegativeTestJSON-1731264473-project-member] Lock "e6fc70e5-6ace-46f6-948e-0c97235de180" "released" by "nova.context.set_target_cell..get_or_set_cached_cell_and_set_connections" :: held 0.000s {{(pid=96290) inner /opt/stack/data/venv/lib/python3.12/site-packages/oslo_concurrency/lockutils.py:544}}
Jul 30 16:16:09.492728 np0000006149 nova-conductor[96290]: DEBUG oslo_concurrency.lockutils [None req-25c80dbd-796b-4979-8068-c1fc0a4d001b tempest-ServerRescueNegativeTestJSON-1731264473 tempest-ServerRescueNegativeTestJSON-1731264473-project-member] Acquiring lock "e6fc70e5-6ace-46f6-948e-0c97235de180" by "nova.context.set_target_cell..get_or_set_cached_cell_and_set_connections" {{(pid=96290) inner /opt/stack/data/venv/lib/python3.12/site-packages/oslo_concurrency/lockutils.py:512}}
Jul 30 16:16:09.492912 np0000006149 nova-conductor[96290]: DEBUG oslo_concurrency.lockutils [None req-25c80dbd-796b-4979-8068-c1fc0a4d001b tempest-ServerRescueNegativeTestJSON-1731264473 tempest-ServerRescueNegativeTestJSON-1731264473-project-member] Lock "e6fc70e5-6ace-46f6-948e-0c97235de180" acquired by "nova.context.set_target_cell..get_or_set_cached_cell_and_set_connections" :: waited 0.000s {{(pid=96290) inner /opt/stack/data/venv/lib/python3.12/site-packages/oslo_concurrency/lockutils.py:525}}
Jul 30 16:16:09.493119 np0000006149 nova-conductor[96290]: DEBUG oslo_concurrency.lockutils [None req-25c80dbd-796b-4979-8068-c1fc0a4d001b tempest-ServerRescueNegativeTestJSON-1731264473 tempest-ServerRescueNegativeTestJSON-1731264473-project-member] Lock "e6fc70e5-6ace-46f6-948e-0c97235de180" "released" by "nova.context.set_target_cell..get_or_set_cached_cell_and_set_connections" :: held 0.000s {{(pid=96290) inner /opt/stack/data/venv/lib/python3.12/site-packages/oslo_concurrency/lockutils.py:544}}
Jul 30 16:16:09.493392 np0000006149 nova-conductor[96290]: DEBUG oslo_concurrency.lockutils [None req-25c80dbd-796b-4979-8068-c1fc0a4d001b tempest-ServerRescueNegativeTestJSON-1731264473 tempest-ServerRescueNegativeTestJSON-1731264473-project-member] Acquiring lock "compute-rpcapi-router" {{(pid=96290) lock /opt/stack/data/venv/lib/python3.12/site-packages/oslo_concurrency/lockutils.py:396}}
Jul 30 16:16:09.493645 np0000006149 nova-conductor[96290]: DEBUG oslo_concurrency.lockutils [None req-25c80dbd-796b-4979-8068-c1fc0a4d001b tempest-ServerRescueNegativeTestJSON-1731264473 tempest-ServerRescueNegativeTestJSON-1731264473-project-member] Acquired lock "compute-rpcapi-router" {{(pid=96290) lock /opt/stack/data/venv/lib/python3.12/site-packages/oslo_concurrency/lockutils.py:399}}
Jul 30 16:16:09.494070 np0000006149 nova-conductor[96290]: DEBUG oslo_concurrency.lockutils [None req-5c18e0b5-cab0-43c7-8fcc-5d73d171a4e9 None None] Acquiring lock "00000000-0000-0000-0000-000000000000" by "nova.context.set_target_cell..get_or_set_cached_cell_and_set_connections" {{(pid=96290) inner /opt/stack/data/venv/lib/python3.12/site-packages/oslo_concurrency/lockutils.py:512}}
Jul 30 16:16:09.494234 np0000006149 nova-conductor[96290]: DEBUG oslo_concurrency.lockutils [None req-5c18e0b5-cab0-43c7-8fcc-5d73d171a4e9 None None] Lock "00000000-0000-0000-0000-000000000000" acquired by "nova.context.set_target_cell..get_or_set_cached_cell_and_set_connections" :: waited 0.000s {{(pid=96290) inner /opt/stack/data/venv/lib/python3.12/site-packages/oslo_concurrency/lockutils.py:525}}
Jul 30 16:16:09.494395 np0000006149 nova-conductor[96290]: DEBUG oslo_concurrency.lockutils [None req-5c18e0b5-cab0-43c7-8fcc-5d73d171a4e9 None None] Lock "00000000-0000-0000-0000-000000000000" "released" by "nova.context.set_target_cell..get_or_set_cached_cell_and_set_connections" :: held 0.000s {{(pid=96290) inner /opt/stack/data/venv/lib/python3.12/site-packages/oslo_concurrency/lockutils.py:544}}
Jul 30 16:16:09.495325 np0000006149 nova-conductor[96290]: DEBUG oslo_concurrency.lockutils [None req-5c18e0b5-cab0-43c7-8fcc-5d73d171a4e9 None None] Acquiring lock "e6fc70e5-6ace-46f6-948e-0c97235de180" by "nova.context.set_target_cell..get_or_set_cached_cell_and_set_connections" {{(pid=96290) inner /opt/stack/data/venv/lib/python3.12/site-packages/oslo_concurrency/lockutils.py:512}}
Jul 30 16:16:09.495475 np0000006149 nova-conductor[96290]: DEBUG oslo_concurrency.lockutils [None req-5c18e0b5-cab0-43c7-8fcc-5d73d171a4e9 None None] Lock "e6fc70e5-6ace-46f6-948e-0c97235de180" acquired by "nova.context.set_target_cell..get_or_set_cached_cell_and_set_connections" :: waited 0.000s {{(pid=96290) inner /opt/stack/data/venv/lib/python3.12/site-packages/oslo_concurrency/lockutils.py:525}}
Jul 30 16:16:09.495640 np0000006149 nova-conductor[96290]: DEBUG oslo_concurrency.lockutils [None req-5c18e0b5-cab0-43c7-8fcc-5d73d171a4e9 None None] Lock "e6fc70e5-6ace-46f6-948e-0c97235de180" "released" by "nova.context.set_target_cell..get_or_set_cached_cell_and_set_connections" :: held 0.000s {{(pid=96290) inner /opt/stack/data/venv/lib/python3.12/site-packages/oslo_concurrency/lockutils.py:544}}
Jul 30 16:16:09.505946 np0000006149 nova-conductor[96290]: INFO nova.compute.rpcapi [None req-5c18e0b5-cab0-43c7-8fcc-5d73d171a4e9 None None] Automatically selected compute RPC version 6.5 from minimum service version 72
Jul 30 16:16:09.505946 np0000006149 nova-conductor[96290]: DEBUG oslo_concurrency.lockutils [None req-5c18e0b5-cab0-43c7-8fcc-5d73d171a4e9 None None] Releasing lock "compute-rpcapi-router" {{(pid=96290) lock /opt/stack/data/venv/lib/python3.12/site-packages/oslo_concurrency/lockutils.py:419}}
Jul 30 16:16:12.774825 np0000006149 nova-conductor[96302]: DEBUG dbcounter [-] [96302] Writer thread running {{(pid=96302) stat_writer /opt/stack/data/venv/lib/python3.12/site-packages/dbcounter.py:102}}
Jul 30 16:16:13.043122 np0000006149 nova-conductor[96297]: DEBUG dbcounter [-] [96297] Writer thread running {{(pid=96297) stat_writer /opt/stack/data/venv/lib/python3.12/site-packages/dbcounter.py:102}}
Jul 30 16:16:13.340373 np0000006149 nova-conductor[96302]: DEBUG nova.conductor.manager [None req-43d01300-b634-4754-9343-27d33f3b9e04 tempest-DeleteServersTestJSON-840454267 tempest-DeleteServersTestJSON-840454267-project-member] Took 0.56 seconds to select destinations for 1 instance(s). {{(pid=96302) _schedule_instances /opt/stack/nova/nova/conductor/manager.py:968}}
Jul 30 16:16:13.378219 np0000006149 nova-conductor[96302]: DEBUG oslo_concurrency.lockutils [None req-43d01300-b634-4754-9343-27d33f3b9e04 tempest-DeleteServersTestJSON-840454267 tempest-DeleteServersTestJSON-840454267-project-member] Acquiring lock "e6fc70e5-6ace-46f6-948e-0c97235de180" by "nova.context.set_target_cell..get_or_set_cached_cell_and_set_connections" {{(pid=96302) inner /opt/stack/data/venv/lib/python3.12/site-packages/oslo_concurrency/lockutils.py:512}}
Jul 30 16:16:13.387257 np0000006149 nova-conductor[96302]: DEBUG oslo_concurrency.lockutils [None req-43d01300-b634-4754-9343-27d33f3b9e04 tempest-DeleteServersTestJSON-840454267 tempest-DeleteServersTestJSON-840454267-project-member] Lock "e6fc70e5-6ace-46f6-948e-0c97235de180" acquired by "nova.context.set_target_cell..get_or_set_cached_cell_and_set_connections" :: waited 0.001s {{(pid=96302) inner /opt/stack/data/venv/lib/python3.12/site-packages/oslo_concurrency/lockutils.py:525}}
Jul 30 16:16:13.387257 np0000006149 nova-conductor[96302]: DEBUG oslo_concurrency.lockutils [None req-43d01300-b634-4754-9343-27d33f3b9e04 tempest-DeleteServersTestJSON-840454267 tempest-DeleteServersTestJSON-840454267-project-member] Lock "e6fc70e5-6ace-46f6-948e-0c97235de180" "released" by "nova.context.set_target_cell..get_or_set_cached_cell_and_set_connections" :: held 0.002s {{(pid=96302) inner /opt/stack/data/venv/lib/python3.12/site-packages/oslo_concurrency/lockutils.py:544}}
Jul 30 16:16:13.387257 np0000006149 nova-conductor[96302]: INFO dbcounter [None req-43d01300-b634-4754-9343-27d33f3b9e04 tempest-DeleteServersTestJSON-840454267 tempest-DeleteServersTestJSON-840454267-project-member] Registered counter for database nova_cell1
Jul 30 16:16:13.427852 np0000006149 nova-conductor[96302]: DEBUG oslo_db.sqlalchemy.engines [None req-43d01300-b634-4754-9343-27d33f3b9e04 tempest-DeleteServersTestJSON-840454267 tempest-DeleteServersTestJSON-840454267-project-member] MySQL server mode set to STRICT_TRANS_TABLES,STRICT_ALL_TABLES,NO_ZERO_IN_DATE,NO_ZERO_DATE,ERROR_FOR_DIVISION_BY_ZERO,TRADITIONAL,NO_ENGINE_SUBSTITUTION {{(pid=96302) _check_effective_sql_mode /opt/stack/data/venv/lib/python3.12/site-packages/oslo_db/sqlalchemy/engines.py:325}}
Jul 30 16:16:13.433976 np0000006149 nova-conductor[96302]: DEBUG dbcounter [-] [96302] Writer thread running {{(pid=96302) stat_writer /opt/stack/data/venv/lib/python3.12/site-packages/dbcounter.py:102}}
Jul 30 16:16:13.529212 np0000006149 nova-conductor[96297]: DEBUG nova.conductor.manager [None req-afcaab45-828d-4cc0-89b6-32745c47eb1d tempest-ServerBootFromVolumeStableRescueTest-1084791670 tempest-ServerBootFromVolumeStableRescueTest-1084791670-project-member] Took 0.48 seconds to select destinations for 1 instance(s). {{(pid=96297) _schedule_instances /opt/stack/nova/nova/conductor/manager.py:968}}
Jul 30 16:16:13.561456 np0000006149 nova-conductor[96302]: INFO nova.utils [None req-43d01300-b634-4754-9343-27d33f3b9e04 tempest-DeleteServersTestJSON-840454267 tempest-DeleteServersTestJSON-840454267-project-member] The cell worker thread pool ForkProcess-3.cell_worker is initialized
Jul 30 16:16:13.561714 np0000006149 nova-conductor[96302]: DEBUG oslo_concurrency.lockutils [None req-43d01300-b634-4754-9343-27d33f3b9e04 tempest-DeleteServersTestJSON-840454267 tempest-DeleteServersTestJSON-840454267-project-member] Acquiring lock "00000000-0000-0000-0000-000000000000" by "nova.context.set_target_cell..get_or_set_cached_cell_and_set_connections" {{(pid=96302) inner /opt/stack/data/venv/lib/python3.12/site-packages/oslo_concurrency/lockutils.py:512}}
Jul 30 16:16:13.561868 np0000006149 nova-conductor[96302]: DEBUG oslo_concurrency.lockutils [None req-43d01300-b634-4754-9343-27d33f3b9e04 tempest-DeleteServersTestJSON-840454267 tempest-DeleteServersTestJSON-840454267-project-member] Lock "00000000-0000-0000-0000-000000000000" acquired by "nova.context.set_target_cell..get_or_set_cached_cell_and_set_connections" :: waited 0.000s {{(pid=96302) inner /opt/stack/data/venv/lib/python3.12/site-packages/oslo_concurrency/lockutils.py:525}}
Jul 30 16:16:13.562209 np0000006149 nova-conductor[96302]: DEBUG oslo_concurrency.lockutils [None req-43d01300-b634-4754-9343-27d33f3b9e04 tempest-DeleteServersTestJSON-840454267 tempest-DeleteServersTestJSON-840454267-project-member] Lock "00000000-0000-0000-0000-000000000000" "released" by "nova.context.set_target_cell..get_or_set_cached_cell_and_set_connections" :: held 0.000s {{(pid=96302) inner /opt/stack/data/venv/lib/python3.12/site-packages/oslo_concurrency/lockutils.py:544}}
Jul 30 16:16:13.562819 np0000006149 nova-conductor[96302]: DEBUG oslo_concurrency.lockutils [None req-43d01300-b634-4754-9343-27d33f3b9e04 tempest-DeleteServersTestJSON-840454267 tempest-DeleteServersTestJSON-840454267-project-member] Acquiring lock "e6fc70e5-6ace-46f6-948e-0c97235de180" by "nova.context.set_target_cell..get_or_set_cached_cell_and_set_connections" {{(pid=96302) inner /opt/stack/data/venv/lib/python3.12/site-packages/oslo_concurrency/lockutils.py:512}}
Jul 30 16:16:13.562961 np0000006149 nova-conductor[96302]: DEBUG oslo_concurrency.lockutils [None req-43d01300-b634-4754-9343-27d33f3b9e04 tempest-DeleteServersTestJSON-840454267 tempest-DeleteServersTestJSON-840454267-project-member] Lock "e6fc70e5-6ace-46f6-948e-0c97235de180" acquired by "nova.context.set_target_cell..get_or_set_cached_cell_and_set_connections" :: waited 0.000s {{(pid=96302) inner /opt/stack/data/venv/lib/python3.12/site-packages/oslo_concurrency/lockutils.py:525}}
