Aug 19 05:36:28.747045 np0000007742 devstack@g-api.service[101131]: DEBUG glance.api.middleware.version_negotiation [None req-97021c8c-7980-4a4d-8ebd-3c9549992ee2 tempest-ServerActionsV293TestJSON-622130907 tempest-ServerActionsV293TestJSON-622130907-project-member] new path /v2/images {{(pid=101131) process_request /opt/stack/glance/glance/api/middleware/version_negotiation.py:70}}
Aug 19 05:36:28.863540 np0000007742 devstack@g-api.service[101133]: DEBUG glance.api.middleware.version_negotiation [None req-3222079d-a76c-476c-b48e-a52231b9ab48 tempest-ImageDependencyTests-811878967 tempest-ImageDependencyTests-811878967-project-member] Determining version of request: GET /v2/images/71633bc2-9f0b-4db2-beb6-df011112272a Accept: */* {{(pid=101133) process_request /opt/stack/glance/glance/api/middleware/version_negotiation.py:44}}
Aug 19 05:36:28.863781 np0000007742 devstack@g-api.service[101133]: DEBUG glance.api.middleware.version_negotiation [None req-3222079d-a76c-476c-b48e-a52231b9ab48 tempest-ImageDependencyTests-811878967 tempest-ImageDependencyTests-811878967-project-member] Using url versioning {{(pid=101133) process_request /opt/stack/glance/glance/api/middleware/version_negotiation.py:57}}
Aug 19 05:36:28.863941 np0000007742 devstack@g-api.service[101133]: DEBUG glance.api.middleware.version_negotiation [None req-3222079d-a76c-476c-b48e-a52231b9ab48 tempest-ImageDependencyTests-811878967 tempest-ImageDependencyTests-811878967-project-member] Matched version: v2 {{(pid=101133) process_request /opt/stack/glance/glance/api/middleware/version_negotiation.py:69}}
Aug 19 05:36:28.864069 np0000007742 devstack@g-api.service[101133]: DEBUG glance.api.middleware.version_negotiation [None req-3222079d-a76c-476c-b48e-a52231b9ab48 tempest-ImageDependencyTests-811878967 tempest-ImageDependencyTests-811878967-project-member] new path /v2/images/71633bc2-9f0b-4db2-beb6-df011112272a {{(pid=101133) process_request /opt/stack/glance/glance/api/middleware/version_negotiation.py:70}}
Aug 19 05:36:28.884174 np0000007742 devstack@g-api.service[101133]: [pid: 101133|app: 0|req: 101/280] 127.0.0.1 () {44 vars in 1111 bytes} [Wed Aug 19 05:36:28 2026] GET /v2/images/71633bc2-9f0b-4db2-beb6-df011112272a => generated 1044 bytes in 21 msecs (HTTP/1.1 200) 4 headers in 158 bytes (1 switches on core 0)
Aug 19 05:36:28.941172 np0000007742 devstack@g-api.service[101133]: DEBUG glance.api.middleware.version_negotiation [None req-5f8b5bf8-bed0-4295-a097-de575dc8b65a tempest-ServerActionsTestOtherA-327759430 tempest-ServerActionsTestOtherA-327759430-project-member] Determining version of request: GET /v2/schemas/image Accept: */* {{(pid=101133) process_request /opt/stack/glance/glance/api/middleware/version_negotiation.py:44}}
Aug 19 05:36:28.941302 np0000007742 devstack@g-api.service[101133]: DEBUG glance.api.middleware.version_negotiation [None req-5f8b5bf8-bed0-4295-a097-de575dc8b65a tempest-ServerActionsTestOtherA-327759430 tempest-ServerActionsTestOtherA-327759430-project-member] Using url versioning {{(pid=101133) process_request /opt/stack/glance/glance/api/middleware/version_negotiation.py:57}}
Aug 19 05:36:28.941413 np0000007742 devstack@g-api.service[101133]: DEBUG glance.api.middleware.version_negotiation [None req-5f8b5bf8-bed0-4295-a097-de575dc8b65a tempest-ServerActionsTestOtherA-327759430 tempest-ServerActionsTestOtherA-327759430-project-member] Matched version: v2 {{(pid=101133) process_request /opt/stack/glance/glance/api/middleware/version_negotiation.py:69}}
Aug 19 05:36:28.941497 np0000007742 devstack@g-api.service[101133]: DEBUG glance.api.middleware.version_negotiation [None req-5f8b5bf8-bed0-4295-a097-de575dc8b65a tempest-ServerActionsTestOtherA-327759430 tempest-ServerActionsTestOtherA-327759430-project-member] new path /v2/schemas/image {{(pid=101133) process_request /opt/stack/glance/glance/api/middleware/version_negotiation.py:70}}
Aug 19 05:36:28.946553 np0000007742 devstack@g-api.service[101133]: [pid: 101133|app: 0|req: 102/281] 127.0.0.1 () {44 vars in 1051 bytes} [Wed Aug 19 05:36:28 2026] GET /v2/schemas/image => generated 6083 bytes in 5 msecs (HTTP/1.1 200) 4 headers in 158 bytes (1 switches on core 0)
Aug 19 05:36:29.048952 np0000007742 devstack@g-api.service[101132]: DEBUG swiftclient [None req-97021c8c-7980-4a4d-8ebd-3c9549992ee2 tempest-ServerActionsV293TestJSON-622130907 tempest-ServerActionsV293TestJSON-622130907-project-member] REQ: curl -i https://10.4.3.29:8080/v1/AUTH_5c6d614066b6446fac4dc65d6b4f3363/glance/71633bc2-9f0b-4db2-beb6-df011112272a -X GET -H "X-Auth-Token: gAAAAABqhUDciMuf..." {{(pid=101132) http_log /opt/stack/data/venv/lib/python3.12/site-packages/swiftclient/client.py:160}}
Aug 19 05:36:29.049109 np0000007742 devstack@g-api.service[101132]: DEBUG swiftclient [None req-97021c8c-7980-4a4d-8ebd-3c9549992ee2 tempest-ServerActionsV293TestJSON-622130907 tempest-ServerActionsV293TestJSON-622130907-project-member] RESP STATUS: 200 OK {{(pid=101132) http_log /opt/stack/data/venv/lib/python3.12/site-packages/swiftclient/client.py:161}}
Aug 19 05:36:29.049327 np0000007742 devstack@g-api.service[101132]: DEBUG swiftclient [None req-97021c8c-7980-4a4d-8ebd-3c9549992ee2 tempest-ServerActionsV293TestJSON-622130907 tempest-ServerActionsV293TestJSON-622130907-project-member] RESP HEADERS: {'Date': 'Wed, 19 Aug 2026 05:36:29 GMT', 'Server': 'Apache/2.4.58 (Ubuntu)', 'Content-Type': 'application/octet-stream', 'Etag': '0c839612eb3f2469420f2ccae990827f', 'Last-Modified': 'Wed, 19 Aug 2026 05:32:25 GMT', 'X-Timestamp': '1787117544.69768', 'Accept-Ranges': 'bytes', 'Content-Length': '21233664', 'X-Trans-Id': 'txf7c01f8c87cd4d19a0fbc-006a8540dc', 'X-Openstack-Request-Id': 'txf7c01f8c87cd4d19a0fbc-006a8540dc', 'Connection': 'close'} {{(pid=101132) http_log /opt/stack/data/venv/lib/python3.12/site-packages/swiftclient/client.py:162}}
Aug 19 05:36:29.061455 np0000007742 devstack@g-api.service[101132]: DEBUG glance.image_cache [None req-97021c8c-7980-4a4d-8ebd-3c9549992ee2 tempest-ServerActionsV293TestJSON-622130907 tempest-ServerActionsV293TestJSON-622130907-project-member] Tee'ing image '71633bc2-9f0b-4db2-beb6-df011112272a' into cache {{(pid=101132) get_caching_iter /opt/stack/glance/glance/image_cache/__init__.py:356}}
Aug 19 05:36:29.277153 np0000007742 devstack@g-api.service[101132]: DEBUG glance.image_cache.drivers.centralized_db [None req-97021c8c-7980-4a4d-8ebd-3c9549992ee2 tempest-ServerActionsV293TestJSON-622130907 tempest-ServerActionsV293TestJSON-622130907-project-member] Fetch finished, moving '/opt/stack/data/glance/cache/incomplete/71633bc2-9f0b-4db2-beb6-df011112272a' to '/opt/stack/data/glance/cache/71633bc2-9f0b-4db2-beb6-df011112272a' {{(pid=101132) commit /opt/stack/glance/glance/image_cache/drivers/centralized_db.py:243}}
Aug 19 05:36:29.287373 np0000007742 devstack@g-api.service[101132]: DEBUG glance.image_cache.drivers.centralized_db [None req-97021c8c-7980-4a4d-8ebd-3c9549992ee2 tempest-ServerActionsV293TestJSON-622130907 tempest-ServerActionsV293TestJSON-622130907-project-member] Image cached successfully. {{(pid=101132) commit /opt/stack/glance/glance/image_cache/drivers/centralized_db.py:258}}
Aug 19 05:36:29.287602 np0000007742 devstack@g-api.service[101132]: [pid: 101132|app: 0|req: 93/282] 127.0.0.1 () {44 vars in 1121 bytes} [Wed Aug 19 05:36:28 2026] GET /v2/images/71633bc2-9f0b-4db2-beb6-df011112272a/file => generated 21233664 bytes in 679 msecs (HTTP/1.1 200) 4 headers in 191 bytes (326 switches on core 0)
Aug 19 05:36:29.702294 np0000007742 devstack@g-api.service[101131]: [pid: 101131|app: 0|req: 88/283] 127.0.0.1 () {46 vars in 1052 bytes} [Wed Aug 19 05:36:28 2026] POST /v2/images => generated 1603 bytes in 956 msecs (HTTP/1.1 201) 6 headers in 316 bytes (1 switches on core 0)
Aug 19 05:36:29.765798 np0000007742 devstack@g-api.service[101133]: DEBUG glance.api.middleware.version_negotiation [None req-5f8b5bf8-bed0-4295-a097-de575dc8b65a tempest-ServerActionsTestOtherA-327759430 tempest-ServerActionsTestOtherA-327759430-project-member] Determining version of request: PUT /v2/images/becbdec4-4f47-4e11-9781-7161b44aecc6/file Accept: */* {{(pid=101133) process_request /opt/stack/glance/glance/api/middleware/version_negotiation.py:44}}
Aug 19 05:36:29.766077 np0000007742 devstack@g-api.service[101133]: DEBUG glance.api.middleware.version_negotiation [None req-5f8b5bf8-bed0-4295-a097-de575dc8b65a tempest-ServerActionsTestOtherA-327759430 tempest-ServerActionsTestOtherA-327759430-project-member] Using url versioning {{(pid=101133) process_request /opt/stack/glance/glance/api/middleware/version_negotiation.py:57}}
Aug 19 05:36:29.766109 np0000007742 devstack@g-api.service[101133]: DEBUG glance.api.middleware.version_negotiation [None req-5f8b5bf8-bed0-4295-a097-de575dc8b65a tempest-ServerActionsTestOtherA-327759430 tempest-ServerActionsTestOtherA-327759430-project-member] Matched version: v2 {{(pid=101133) process_request /opt/stack/glance/glance/api/middleware/version_negotiation.py:69}}
Aug 19 05:36:29.766717 np0000007742 devstack@g-api.service[101133]: DEBUG glance.api.middleware.version_negotiation [None req-5f8b5bf8-bed0-4295-a097-de575dc8b65a tempest-ServerActionsTestOtherA-327759430 tempest-ServerActionsTestOtherA-327759430-project-member] new path /v2/images/becbdec4-4f47-4e11-9781-7161b44aecc6/file {{(pid=101133) process_request /opt/stack/glance/glance/api/middleware/version_negotiation.py:70}}
Aug 19 05:36:30.363978 np0000007742 devstack@g-api.service[101132]: DEBUG glance.api.middleware.version_negotiation [None req-97021c8c-7980-4a4d-8ebd-3c9549992ee2 tempest-ServerActionsV293TestJSON-622130907 tempest-ServerActionsV293TestJSON-622130907-project-member] Determining version of request: GET /v2/images/71633bc2-9f0b-4db2-beb6-df011112272a Accept: */* {{(pid=101132) process_request /opt/stack/glance/glance/api/middleware/version_negotiation.py:44}}
Aug 19 05:36:30.364334 np0000007742 devstack@g-api.service[101132]: DEBUG glance.api.middleware.version_negotiation [None req-97021c8c-7980-4a4d-8ebd-3c9549992ee2 tempest-ServerActionsV293TestJSON-622130907 tempest-ServerActionsV293TestJSON-622130907-project-member] Using url versioning {{(pid=101132) process_request /opt/stack/glance/glance/api/middleware/version_negotiation.py:57}}
Aug 19 05:36:30.365865 np0000007742 devstack@g-api.service[101132]: DEBUG glance.api.middleware.version_negotiation [None req-97021c8c-7980-4a4d-8ebd-3c9549992ee2 tempest-ServerActionsV293TestJSON-622130907 tempest-ServerActionsV293TestJSON-622130907-project-member] Matched version: v2 {{(pid=101132) process_request /opt/stack/glance/glance/api/middleware/version_negotiation.py:69}}
Aug 19 05:36:30.366246 np0000007742 devstack@g-api.service[101132]: DEBUG glance.api.middleware.version_negotiation [None req-97021c8c-7980-4a4d-8ebd-3c9549992ee2 tempest-ServerActionsV293TestJSON-622130907 tempest-ServerActionsV293TestJSON-622130907-project-member] new path /v2/images/71633bc2-9f0b-4db2-beb6-df011112272a {{(pid=101132) process_request /opt/stack/glance/glance/api/middleware/version_negotiation.py:70}}
Aug 19 05:36:30.379917 np0000007742 devstack@g-api.service[101132]: [pid: 101132|app: 0|req: 94/284] 127.0.0.1 () {44 vars in 1111 bytes} [Wed Aug 19 05:36:30 2026] GET /v2/images/71633bc2-9f0b-4db2-beb6-df011112272a => generated 1044 bytes in 16 msecs (HTTP/1.1 200) 4 headers in 158 bytes (1 switches on core 0)
Aug 19 05:36:30.412152 np0000007742 devstack@g-api.service[101133]: INFO glance.api.v2.image_data [None req-3222079d-a76c-476c-b48e-a52231b9ab48 tempest-ImageDependencyTests-811878967 tempest-ImageDependencyTests-811878967-project-member] Unable to create trust: no such option collect_timing in group [keystone_authtoken] Use the existing user token.
Aug 19 05:36:30.422793 np0000007742 devstack@g-api.service[101131]: DEBUG glance.api.middleware.version_negotiation [None req-3222079d-a76c-476c-b48e-a52231b9ab48 tempest-ImageDependencyTests-811878967 tempest-ImageDependencyTests-811878967-project-member] Determining version of request: GET /v2/images/71633bc2-9f0b-4db2-beb6-df011112272a/file Accept: */* {{(pid=101131) process_request /opt/stack/glance/glance/api/middleware/version_negotiation.py:44}}
Aug 19 05:36:30.422793 np0000007742 devstack@g-api.service[101131]: DEBUG glance.api.middleware.version_negotiation [None req-3222079d-a76c-476c-b48e-a52231b9ab48 tempest-ImageDependencyTests-811878967 tempest-ImageDependencyTests-811878967-project-member] Using url versioning {{(pid=101131) process_request /opt/stack/glance/glance/api/middleware/version_negotiation.py:57}}
Aug 19 05:36:30.422793 np0000007742 devstack@g-api.service[101131]: DEBUG glance.api.middleware.version_negotiation [None req-3222079d-a76c-476c-b48e-a52231b9ab48 tempest-ImageDependencyTests-811878967 tempest-ImageDependencyTests-811878967-project-member] Matched version: v2 {{(pid=101131) process_request /opt/stack/glance/glance/api/middleware/version_negotiation.py:69}}
Aug 19 05:36:30.422793 np0000007742 devstack@g-api.service[101131]: DEBUG glance.api.middleware.version_negotiation [None req-3222079d-a76c-476c-b48e-a52231b9ab48 tempest-ImageDependencyTests-811878967 tempest-ImageDependencyTests-811878967-project-member] new path /v2/images/71633bc2-9f0b-4db2-beb6-df011112272a/file {{(pid=101131) process_request /opt/stack/glance/glance/api/middleware/version_negotiation.py:70}}
Aug 19 05:36:30.426124 np0000007742 devstack@g-api.service[101132]: DEBUG glance.api.middleware.version_negotiation [None req-5f8b5bf8-bed0-4295-a097-de575dc8b65a tempest-ServerActionsTestOtherA-327759430 tempest-ServerActionsTestOtherA-327759430-project-member] Determining version of request: GET /v2/images/76800798-2208-4e60-8012-04c241616292 Accept: */* {{(pid=101132) process_request /opt/stack/glance/glance/api/middleware/version_negotiation.py:44}}
Aug 19 05:36:30.426330 np0000007742 devstack@g-api.service[101132]: DEBUG glance.api.middleware.version_negotiation [None req-5f8b5bf8-bed0-4295-a097-de575dc8b65a tempest-ServerActionsTestOtherA-327759430 tempest-ServerActionsTestOtherA-327759430-project-member] Using url versioning {{(pid=101132) process_request /opt/stack/glance/glance/api/middleware/version_negotiation.py:57}}
Aug 19 05:36:30.426502 np0000007742 devstack@g-api.service[101132]: DEBUG glance.api.middleware.version_negotiation [None req-5f8b5bf8-bed0-4295-a097-de575dc8b65a tempest-ServerActionsTestOtherA-327759430 tempest-ServerActionsTestOtherA-327759430-project-member] Matched version: v2 {{(pid=101132) process_request /opt/stack/glance/glance/api/middleware/version_negotiation.py:69}}
Aug 19 05:36:30.426924 np0000007742 devstack@g-api.service[101132]: DEBUG glance.api.middleware.version_negotiation [None req-5f8b5bf8-bed0-4295-a097-de575dc8b65a tempest-ServerActionsTestOtherA-327759430 tempest-ServerActionsTestOtherA-327759430-project-member] new path /v2/images/76800798-2208-4e60-8012-04c241616292 {{(pid=101132) process_request /opt/stack/glance/glance/api/middleware/version_negotiation.py:70}}
Aug 19 05:36:30.430216 np0000007742 devstack@g-api.service[101131]: DEBUG glance.api.middleware.cache [None req-5f8b5bf8-bed0-4295-a097-de575dc8b65a tempest-ServerActionsTestOtherA-327759430 tempest-ServerActionsTestOtherA-327759430-project-member] Cache hit for image '71633bc2-9f0b-4db2-beb6-df011112272a' {{(pid=101131) process_request /opt/stack/glance/glance/api/middleware/cache.py:160}}
Aug 19 05:36:30.438398 np0000007742 devstack@g-api.service[101132]: [pid: 101132|app: 0|req: 95/285] 127.0.0.1 () {44 vars in 1111 bytes} [Wed Aug 19 05:36:30 2026] GET /v2/images/76800798-2208-4e60-8012-04c241616292 => generated 1669 bytes in 12 msecs (HTTP/1.1 200) 4 headers in 158 bytes (1 switches on core 0)
Aug 19 05:36:30.468741 np0000007742 devstack@g-api.service[101132]: DEBUG glance.api.middleware.version_negotiation [None req-22ffe866-c376-448b-a8df-e674e7f462ea tempest-ServerStableDeviceRescueTest-129740865 tempest-ServerStableDeviceRescueTest-129740865-project-member] Determining version of request: GET /v2/schemas/image Accept: */* {{(pid=101132) process_request /opt/stack/glance/glance/api/middleware/version_negotiation.py:44}}
Aug 19 05:36:30.468741 np0000007742 devstack@g-api.service[101132]: DEBUG glance.api.middleware.version_negotiation [None req-22ffe866-c376-448b-a8df-e674e7f462ea tempest-ServerStableDeviceRescueTest-129740865 tempest-ServerStableDeviceRescueTest-129740865-project-member] Using url versioning {{(pid=101132) process_request /opt/stack/glance/glance/api/middleware/version_negotiation.py:57}}
Aug 19 05:36:30.468880 np0000007742 devstack@g-api.service[101132]: DEBUG glance.api.middleware.version_negotiation [None req-22ffe866-c376-448b-a8df-e674e7f462ea tempest-ServerStableDeviceRescueTest-129740865 tempest-ServerStableDeviceRescueTest-129740865-project-member] Matched version: v2 {{(pid=101132) process_request /opt/stack/glance/glance/api/middleware/version_negotiation.py:69}}
Aug 19 05:36:30.468929 np0000007742 devstack@g-api.service[101132]: DEBUG glance.api.middleware.version_negotiation [None req-22ffe866-c376-448b-a8df-e674e7f462ea tempest-ServerStableDeviceRescueTest-129740865 tempest-ServerStableDeviceRescueTest-129740865-project-member] new path /v2/schemas/image {{(pid=101132) process_request /opt/stack/glance/glance/api/middleware/version_negotiation.py:70}}
Aug 19 05:36:30.471475 np0000007742 devstack@g-api.service[101132]: [pid: 101132|app: 0|req: 96/286] 127.0.0.1 () {44 vars in 1051 bytes} [Wed Aug 19 05:36:30 2026] GET /v2/schemas/image => generated 6083 bytes in 3 msecs (HTTP/1.1 200) 4 headers in 158 bytes (1 switches on core 0)
Aug 19 05:36:30.500304 np0000007742 devstack@g-api.service[101131]: [pid: 101131|app: 0|req: 89/287] 127.0.0.1 () {44 vars in 1121 bytes} [Wed Aug 19 05:36:30 2026] GET /v2/images/71633bc2-9f0b-4db2-beb6-df011112272a/file => generated 21233664 bytes in 80 msecs (HTTP/1.1 200) 5 headers in 217 bytes (332 switches on core 0)
Aug 19 05:36:30.629827 np0000007742 devstack@g-api.service[101132]: DEBUG glance.api.middleware.version_negotiation [None req-22ffe866-c376-448b-a8df-e674e7f462ea tempest-ServerStableDeviceRescueTest-129740865 tempest-ServerStableDeviceRescueTest-129740865-project-member] Determining version of request: GET /v2/images/71633bc2-9f0b-4db2-beb6-df011112272a Accept: */* {{(pid=101132) process_request /opt/stack/glance/glance/api/middleware/version_negotiation.py:44}}
Aug 19 05:36:30.629827 np0000007742 devstack@g-api.service[101132]: DEBUG glance.api.middleware.version_negotiation [None req-22ffe866-c376-448b-a8df-e674e7f462ea tempest-ServerStableDeviceRescueTest-129740865 tempest-ServerStableDeviceRescueTest-129740865-project-member] Using url versioning {{(pid=101132) process_request /opt/stack/glance/glance/api/middleware/version_negotiation.py:57}}
Aug 19 05:36:30.629827 np0000007742 devstack@g-api.service[101132]: DEBUG glance.api.middleware.version_negotiation [None req-22ffe866-c376-448b-a8df-e674e7f462ea tempest-ServerStableDeviceRescueTest-129740865 tempest-ServerStableDeviceRescueTest-129740865-project-member] Matched version: v2 {{(pid=101132) process_request /opt/stack/glance/glance/api/middleware/version_negotiation.py:69}}
Aug 19 05:36:30.630031 np0000007742 devstack@g-api.service[101132]: DEBUG glance.api.middleware.version_negotiation [None req-22ffe866-c376-448b-a8df-e674e7f462ea tempest-ServerStableDeviceRescueTest-129740865 tempest-ServerStableDeviceRescueTest-129740865-project-member] new path /v2/images/71633bc2-9f0b-4db2-beb6-df011112272a {{(pid=101132) process_request /opt/stack/glance/glance/api/middleware/version_negotiation.py:70}}
Aug 19 05:36:30.641795 np0000007742 devstack@g-api.service[101132]: [pid: 101132|app: 0|req: 97/288] 127.0.0.1 () {44 vars in 1111 bytes} [Wed Aug 19 05:36:30 2026] GET /v2/images/71633bc2-9f0b-4db2-beb6-df011112272a => generated 1044 bytes in 12 msecs (HTTP/1.1 200) 4 headers in 158 bytes (1 switches on core 0)
Aug 19 05:36:30.684045 np0000007742 devstack@g-api.service[101131]: DEBUG glance.api.middleware.version_negotiation [None req-5f8b5bf8-bed0-4295-a097-de575dc8b65a tempest-ServerActionsTestOtherA-327759430 tempest-ServerActionsTestOtherA-327759430-project-member] Determining version of request: GET /v2/schemas/image Accept: */* {{(pid=101131) process_request /opt/stack/glance/glance/api/middleware/version_negotiation.py:44}}
Aug 19 05:36:30.685052 np0000007742 devstack@g-api.service[101131]: DEBUG glance.api.middleware.version_negotiation [None req-5f8b5bf8-bed0-4295-a097-de575dc8b65a tempest-ServerActionsTestOtherA-327759430 tempest-ServerActionsTestOtherA-327759430-project-member] Using url versioning {{(pid=101131) process_request /opt/stack/glance/glance/api/middleware/version_negotiation.py:57}}
Aug 19 05:36:30.685052 np0000007742 devstack@g-api.service[101131]: DEBUG glance.api.middleware.version_negotiation [None req-5f8b5bf8-bed0-4295-a097-de575dc8b65a tempest-ServerActionsTestOtherA-327759430 tempest-ServerActionsTestOtherA-327759430-project-member] Matched version: v2 {{(pid=101131) process_request /opt/stack/glance/glance/api/middleware/version_negotiation.py:69}}
Aug 19 05:36:30.685052 np0000007742 devstack@g-api.service[101131]: DEBUG glance.api.middleware.version_negotiation [None req-5f8b5bf8-bed0-4295-a097-de575dc8b65a tempest-ServerActionsTestOtherA-327759430 tempest-ServerActionsTestOtherA-327759430-project-member] new path /v2/schemas/image {{(pid=101131) process_request /opt/stack/glance/glance/api/middleware/version_negotiation.py:70}}
Aug 19 05:36:30.688082 np0000007742 devstack@g-api.service[101131]: [pid: 101131|app: 0|req: 90/289] 127.0.0.1 () {44 vars in 1051 bytes} [Wed Aug 19 05:36:30 2026] GET /v2/schemas/image => generated 6083 bytes in 4 msecs (HTTP/1.1 200) 4 headers in 158 bytes (1 switches on core 0)
Aug 19 05:36:30.714261 np0000007742 devstack@g-api.service[101132]: DEBUG glance.api.middleware.version_negotiation [None req-5f8b5bf8-bed0-4295-a097-de575dc8b65a tempest-ServerActionsTestOtherA-327759430 tempest-ServerActionsTestOtherA-327759430-project-member] Determining version of request: GET /v2/schemas/image Accept: */* {{(pid=101132) process_request /opt/stack/glance/glance/api/middleware/version_negotiation.py:44}}
Aug 19 05:36:30.714428 np0000007742 devstack@g-api.service[101132]: DEBUG glance.api.middleware.version_negotiation [None req-5f8b5bf8-bed0-4295-a097-de575dc8b65a tempest-ServerActionsTestOtherA-327759430 tempest-ServerActionsTestOtherA-327759430-project-member] Using url versioning {{(pid=101132) process_request /opt/stack/glance/glance/api/middleware/version_negotiation.py:57}}
Aug 19 05:36:30.714544 np0000007742 devstack@g-api.service[101132]: DEBUG glance.api.middleware.version_negotiation [None req-5f8b5bf8-bed0-4295-a097-de575dc8b65a tempest-ServerActionsTestOtherA-327759430 tempest-ServerActionsTestOtherA-327759430-project-member] Matched version: v2 {{(pid=101132) process_request /opt/stack/glance/glance/api/middleware/version_negotiation.py:69}}
Aug 19 05:36:30.714631 np0000007742 devstack@g-api.service[101132]: DEBUG glance.api.middleware.version_negotiation [None req-5f8b5bf8-bed0-4295-a097-de575dc8b65a tempest-ServerActionsTestOtherA-327759430 tempest-ServerActionsTestOtherA-327759430-project-member] new path /v2/schemas/image {{(pid=101132) process_request /opt/stack/glance/glance/api/middleware/version_negotiation.py:70}}
Aug 19 05:36:30.719580 np0000007742 devstack@g-api.service[101132]: [pid: 101132|app: 0|req: 98/290] 127.0.0.1 () {44 vars in 1051 bytes} [Wed Aug 19 05:36:30 2026] GET /v2/schemas/image => generated 6083 bytes in 5 msecs (HTTP/1.1 200) 4 headers in 158 bytes (1 switches on core 0)
Aug 19 05:36:30.728733 np0000007742 devstack@g-api.service[101131]: DEBUG glance.api.middleware.version_negotiation [None req-6ef5feb9-ff30-43f0-938a-90cf6fbf83bc tempest-AttachVolumeShelveTestJSON-258761930 tempest-AttachVolumeShelveTestJSON-258761930-project-member] Determining version of request: POST /v2/images Accept: */* {{(pid=101131) process_request /opt/stack/glance/glance/api/middleware/version_negotiation.py:44}}
Aug 19 05:36:30.729824 np0000007742 devstack@g-api.service[101131]: DEBUG glance.api.middleware.version_negotiation [None req-6ef5feb9-ff30-43f0-938a-90cf6fbf83bc tempest-AttachVolumeShelveTestJSON-258761930 tempest-AttachVolumeShelveTestJSON-258761930-project-member] Using url versioning {{(pid=101131) process_request /opt/stack/glance/glance/api/middleware/version_negotiation.py:57}}
Aug 19 05:36:30.729824 np0000007742 devstack@g-api.service[101131]: DEBUG glance.api.middleware.version_negotiation [None req-6ef5feb9-ff30-43f0-938a-90cf6fbf83bc tempest-AttachVolumeShelveTestJSON-258761930 tempest-AttachVolumeShelveTestJSON-258761930-project-member] Matched version: v2 {{(pid=101131) process_request /opt/stack/glance/glance/api/middleware/version_negotiation.py:69}}
Aug 19 05:36:30.729824 np0000007742 devstack@g-api.service[101131]: DEBUG glance.api.middleware.version_negotiation [None req-6ef5feb9-ff30-43f0-938a-90cf6fbf83bc tempest-AttachVolumeShelveTestJSON-258761930 tempest-AttachVolumeShelveTestJSON-258761930-project-member] new path /v2/images {{(pid=101131) process_request /opt/stack/glance/glance/api/middleware/version_negotiation.py:70}}
Aug 19 05:36:31.098900 np0000007742 devstack@g-api.service[101133]: DEBUG glance.location [None req-3222079d-a76c-476c-b48e-a52231b9ab48 tempest-ImageDependencyTests-811878967 tempest-ImageDependencyTests-811878967-project-member] Enabling in-flight format inspection for raw {{(pid=101133) set_data /opt/stack/glance/glance/location.py:596}}
Aug 19 05:36:31.099303 np0000007742 devstack@g-api.service[101133]: DEBUG glance_store.backend [None req-3222079d-a76c-476c-b48e-a52231b9ab48 tempest-ImageDependencyTests-811878967 tempest-ImageDependencyTests-811878967-project-member] Attempting to import store swift {{(pid=101133) _load_store /opt/stack/data/venv/lib/python3.12/site-packages/glance_store/backend.py:215}}
Aug 19 05:36:31.101341 np0000007742 devstack@g-api.service[101133]: DEBUG glance_store.capabilities [None req-3222079d-a76c-476c-b48e-a52231b9ab48 tempest-ImageDependencyTests-811878967 tempest-ImageDependencyTests-811878967-project-member] Store glance_store._drivers.swift.store.SingleTenantStore doesn't support updating dynamic storage capabilities. Please overwrite 'update_capabilities' method of the store to implement updating logics if needed. {{(pid=101133) update_capabilities /opt/stack/data/venv/lib/python3.12/site-packages/glance_store/capabilities.py:91}}
Aug 19 05:36:31.101487 np0000007742 devstack@g-api.service[101133]: DEBUG glance_store.driver [None req-3222079d-a76c-476c-b48e-a52231b9ab48 tempest-ImageDependencyTests-811878967 tempest-ImageDependencyTests-811878967-project-member] Late loading location class glance_store._drivers.swift.store.StoreLocation {{(pid=101133) get_store_location_class /opt/stack/data/venv/lib/python3.12/site-packages/glance_store/driver.py:134}}
Aug 19 05:36:31.102649 np0000007742 devstack@g-api.service[101133]: DEBUG glance_store.location [None req-3222079d-a76c-476c-b48e-a52231b9ab48 tempest-ImageDependencyTests-811878967 tempest-ImageDependencyTests-811878967-project-member] Registering scheme swift+https with {'store': , 'location_class': , 'store_entry': 'swift'} {{(pid=101133) register_scheme_map /opt/stack/data/venv/lib/python3.12/site-packages/glance_store/location.py:146}}
Aug 19 05:36:31.102649 np0000007742 devstack@g-api.service[101133]: DEBUG glance_store.location [None req-3222079d-a76c-476c-b48e-a52231b9ab48 tempest-ImageDependencyTests-811878967 tempest-ImageDependencyTests-811878967-project-member] Registering scheme swift+https with {'store': , 'location_class': , 'store_entry': 'swift'} {{(pid=101133) register_scheme_map /opt/stack/data/venv/lib/python3.12/site-packages/glance_store/location.py:146}}
Aug 19 05:36:31.102649 np0000007742 devstack@g-api.service[101133]: DEBUG glance_store.location [None req-3222079d-a76c-476c-b48e-a52231b9ab48 tempest-ImageDependencyTests-811878967 tempest-ImageDependencyTests-811878967-project-member] Registering scheme swift with {'store': , 'location_class': , 'store_entry': 'swift'} {{(pid=101133) register_scheme_map /opt/stack/data/venv/lib/python3.12/site-packages/glance_store/location.py:146}}
Aug 19 05:36:31.102649 np0000007742 devstack@g-api.service[101133]: DEBUG glance_store.location [None req-3222079d-a76c-476c-b48e-a52231b9ab48 tempest-ImageDependencyTests-811878967 tempest-ImageDependencyTests-811878967-project-member] Registering scheme swift+https with {'store': , 'location_class': , 'store_entry': 'swift'} {{(pid=101133) register_scheme_map /opt/stack/data/venv/lib/python3.12/site-packages/glance_store/location.py:146}}
Aug 19 05:36:31.102649 np0000007742 devstack@g-api.service[101133]: DEBUG glance_store.location [None req-3222079d-a76c-476c-b48e-a52231b9ab48 tempest-ImageDependencyTests-811878967 tempest-ImageDependencyTests-811878967-project-member] Registering scheme swift with {'store': , 'location_class': , 'store_entry': 'swift'} {{(pid=101133) register_scheme_map /opt/stack/data/venv/lib/python3.12/site-packages/glance_store/location.py:146}}
Aug 19 05:36:31.102649 np0000007742 devstack@g-api.service[101133]: DEBUG glance_store.location [None req-3222079d-a76c-476c-b48e-a52231b9ab48 tempest-ImageDependencyTests-811878967 tempest-ImageDependencyTests-811878967-project-member] Registering scheme swift+http with {'store': , 'location_class': , 'store_entry': 'swift'} {{(pid=101133) register_scheme_map /opt/stack/data/venv/lib/python3.12/site-packages/glance_store/location.py:146}}
Aug 19 05:36:31.102649 np0000007742 devstack@g-api.service[101133]: DEBUG glance_store.location [None req-3222079d-a76c-476c-b48e-a52231b9ab48 tempest-ImageDependencyTests-811878967 tempest-ImageDependencyTests-811878967-project-member] Registering scheme swift+https with {'store': , 'location_class': , 'store_entry': 'swift'} {{(pid=101133) register_scheme_map /opt/stack/data/venv/lib/python3.12/site-packages/glance_store/location.py:146}}
Aug 19 05:36:31.102649 np0000007742 devstack@g-api.service[101133]: DEBUG glance_store.location [None req-3222079d-a76c-476c-b48e-a52231b9ab48 tempest-ImageDependencyTests-811878967 tempest-ImageDependencyTests-811878967-project-member] Registering scheme swift with {'store': , 'location_class': , 'store_entry': 'swift'} {{(pid=101133) register_scheme_map /opt/stack/data/venv/lib/python3.12/site-packages/glance_store/location.py:146}}
Aug 19 05:36:31.102649 np0000007742 devstack@g-api.service[101133]: DEBUG glance_store.location [None req-3222079d-a76c-476c-b48e-a52231b9ab48 tempest-ImageDependencyTests-811878967 tempest-ImageDependencyTests-811878967-project-member] Registering scheme swift+http with {'store': , 'location_class': , 'store_entry': 'swift'} {{(pid=101133) register_scheme_map /opt/stack/data/venv/lib/python3.12/site-packages/glance_store/location.py:146}}
Aug 19 05:36:31.102649 np0000007742 devstack@g-api.service[101133]: DEBUG glance_store.location [None req-3222079d-a76c-476c-b48e-a52231b9ab48 tempest-ImageDependencyTests-811878967 tempest-ImageDependencyTests-811878967-project-member] Registering scheme swift+config with {'store': , 'location_class': , 'store_entry': 'swift'} {{(pid=101133) register_scheme_map /opt/stack/data/venv/lib/python3.12/site-packages/glance_store/location.py:146}}
Aug 19 05:36:31.407968 np0000007742 devstack@g-api.service[101131]: [pid: 101131|app: 0|req: 91/291] 127.0.0.1 () {46 vars in 1051 bytes} [Wed Aug 19 05:36:30 2026] POST /v2/images => generated 1336 bytes in 679 msecs (HTTP/1.1 201) 6 headers in 316 bytes (1 switches on core 0)
Aug 19 05:36:31.549674 np0000007742 devstack@g-api.service[101133]: DEBUG swiftclient [None req-3222079d-a76c-476c-b48e-a52231b9ab48 tempest-ImageDependencyTests-811878967 tempest-ImageDependencyTests-811878967-project-member] REQ: curl -i https://10.4.3.29:8080/v1/AUTH_5c6d614066b6446fac4dc65d6b4f3363/glance -I -H "X-Auth-Token: gAAAAABqhUDfpFHE..." {{(pid=101133) http_log /opt/stack/data/venv/lib/python3.12/site-packages/swiftclient/client.py:160}}
Aug 19 05:36:31.549833 np0000007742 devstack@g-api.service[101133]: DEBUG swiftclient [None req-3222079d-a76c-476c-b48e-a52231b9ab48 tempest-ImageDependencyTests-811878967 tempest-ImageDependencyTests-811878967-project-member] RESP STATUS: 204 No Content {{(pid=101133) http_log /opt/stack/data/venv/lib/python3.12/site-packages/swiftclient/client.py:161}}
Aug 19 05:36:31.550002 np0000007742 devstack@g-api.service[101133]: DEBUG swiftclient [None req-3222079d-a76c-476c-b48e-a52231b9ab48 tempest-ImageDependencyTests-811878967 tempest-ImageDependencyTests-811878967-project-member] RESP HEADERS: {'Date': 'Wed, 19 Aug 2026 05:36:31 GMT', 'Server': 'Apache/2.4.58 (Ubuntu)', 'Content-Type': 'text/plain; charset=utf-8', 'X-Container-Object-Count': '6', 'X-Container-Bytes-Used': '117965824', 'X-Timestamp': '1787117541.25071', 'Last-Modified': 'Wed, 19 Aug 2026 05:32:22 GMT', 'Accept-Ranges': 'bytes', 'X-Storage-Policy': 'Policy-0', 'X-Container-Sharding': 'False', 'Vary': 'Accept', 'X-Trans-Id': 'tx6fe380649a994b9e9fb87-006a8540df', 'X-Openstack-Request-Id': 'tx6fe380649a994b9e9fb87-006a8540df', 'Connection': 'close'} {{(pid=101133) http_log /opt/stack/data/venv/lib/python3.12/site-packages/swiftclient/client.py:162}}
Aug 19 05:36:31.550192 np0000007742 devstack@g-api.service[101133]: DEBUG glance_store._drivers.swift.store [None req-3222079d-a76c-476c-b48e-a52231b9ab48 tempest-ImageDependencyTests-811878967 tempest-ImageDependencyTests-811878967-project-member] Adding image object 'becbdec4-4f47-4e11-9781-7161b44aecc6' to Swift {{(pid=101133) add /opt/stack/data/venv/lib/python3.12/site-packages/glance_store/_drivers/swift/store.py:970}}
Aug 19 05:36:31.550399 np0000007742 devstack@g-api.service[101133]: DEBUG glance_store._drivers.swift.store [None req-3222079d-a76c-476c-b48e-a52231b9ab48 tempest-ImageDependencyTests-811878967 tempest-ImageDependencyTests-811878967-project-member] Cannot determine image size because it is either not provided in the request or chunked-transfer encoding is used. Adding image as a segmented object to Swift. {{(pid=101133) add /opt/stack/data/venv/lib/python3.12/site-packages/glance_store/_drivers/swift/store.py:994}}
Aug 19 05:36:31.555579 np0000007742 devstack@g-api.service[101133]: DEBUG glance_store._drivers.swift.store [None req-3222079d-a76c-476c-b48e-a52231b9ab48 tempest-ImageDependencyTests-811878967 tempest-ImageDependencyTests-811878967-project-member] Not writing zero-length chunk. {{(pid=101133) add /opt/stack/data/venv/lib/python3.12/site-packages/glance_store/_drivers/swift/store.py:1028}}
Aug 19 05:36:31.588779 np0000007742 devstack@g-api.service[101133]: DEBUG swiftclient [None req-3222079d-a76c-476c-b48e-a52231b9ab48 tempest-ImageDependencyTests-811878967 tempest-ImageDependencyTests-811878967-project-member] REQ: curl -i https://10.4.3.29:8080/v1/AUTH_5c6d614066b6446fac4dc65d6b4f3363/glance/becbdec4-4f47-4e11-9781-7161b44aecc6 -X PUT -H "X-Object-Manifest: glance/becbdec4-4f47-4e11-9781-7161b44aecc6-" -H "X-Auth-Token: gAAAAABqhUDfpFHE..." -H "Content-Length: 0" {{(pid=101133) http_log /opt/stack/data/venv/lib/python3.12/site-packages/swiftclient/client.py:160}}
Aug 19 05:36:31.588779 np0000007742 devstack@g-api.service[101133]: DEBUG swiftclient [None req-3222079d-a76c-476c-b48e-a52231b9ab48 tempest-ImageDependencyTests-811878967 tempest-ImageDependencyTests-811878967-project-member] RESP STATUS: 201 Created {{(pid=101133) http_log /opt/stack/data/venv/lib/python3.12/site-packages/swiftclient/client.py:161}}
Aug 19 05:36:31.588947 np0000007742 devstack@g-api.service[101133]: DEBUG swiftclient [None req-3222079d-a76c-476c-b48e-a52231b9ab48 tempest-ImageDependencyTests-811878967 tempest-ImageDependencyTests-811878967-project-member] RESP HEADERS: {'Date': 'Wed, 19 Aug 2026 05:36:31 GMT', 'Server': 'Apache/2.4.58 (Ubuntu)', 'Content-Type': 'text/html; charset=UTF-8', 'Content-Length': '0', 'Etag': 'd41d8cd98f00b204e9800998ecf8427e', 'Last-Modified': 'Wed, 19 Aug 2026 05:36:32 GMT', 'X-Trans-Id': 'txd60822b772ed4fdfb424a-006a8540df', 'X-Openstack-Request-Id': 'txd60822b772ed4fdfb424a-006a8540df', 'Connection': 'close'} {{(pid=101133) http_log /opt/stack/data/venv/lib/python3.12/site-packages/swiftclient/client.py:162}}
Aug 19 05:36:31.589751 np0000007742 devstack@g-api.service[101133]: INFO glance.location [None req-3222079d-a76c-476c-b48e-a52231b9ab48 tempest-ImageDependencyTests-811878967 tempest-ImageDependencyTests-811878967-project-member] Image format matched and virtual size computed: 0
Aug 19 05:36:31.633610 np0000007742 devstack@g-api.service[101133]: DEBUG glance_store.backend [None req-3222079d-a76c-476c-b48e-a52231b9ab48 tempest-ImageDependencyTests-811878967 tempest-ImageDependencyTests-811878967-project-member] Attempting to import store swift {{(pid=101133) _load_store /opt/stack/data/venv/lib/python3.12/site-packages/glance_store/backend.py:215}}
Aug 19 05:36:31.635657 np0000007742 devstack@g-api.service[101133]: DEBUG glance_store.capabilities [None req-3222079d-a76c-476c-b48e-a52231b9ab48 tempest-ImageDependencyTests-811878967 tempest-ImageDependencyTests-811878967-project-member] Store glance_store._drivers.swift.store.SingleTenantStore doesn't support updating dynamic storage capabilities. Please overwrite 'update_capabilities' method of the store to implement updating logics if needed. {{(pid=101133) update_capabilities /opt/stack/data/venv/lib/python3.12/site-packages/glance_store/capabilities.py:91}}
Aug 19 05:36:31.635998 np0000007742 devstack@g-api.service[101133]: DEBUG glance_store.driver [None req-3222079d-a76c-476c-b48e-a52231b9ab48 tempest-ImageDependencyTests-811878967 tempest-ImageDependencyTests-811878967-project-member] Late loading location class glance_store._drivers.swift.store.StoreLocation {{(pid=101133) get_store_location_class /opt/stack/data/venv/lib/python3.12/site-packages/glance_store/driver.py:134}}
Aug 19 05:36:31.636153 np0000007742 devstack@g-api.service[101133]: DEBUG glance_store.location [None req-3222079d-a76c-476c-b48e-a52231b9ab48 tempest-ImageDependencyTests-811878967 tempest-ImageDependencyTests-811878967-project-member] Registering scheme swift+https with {'store': , 'location_class': , 'store_entry': 'swift'} {{(pid=101133) register_scheme_map /opt/stack/data/venv/lib/python3.12/site-packages/glance_store/location.py:146}}
Aug 19 05:36:31.636286 np0000007742 devstack@g-api.service[101133]: DEBUG glance_store.location [None req-3222079d-a76c-476c-b48e-a52231b9ab48 tempest-ImageDependencyTests-811878967 tempest-ImageDependencyTests-811878967-project-member] Registering scheme swift+https with {'store': , 'location_class': , 'store_entry': 'swift'} {{(pid=101133) register_scheme_map /opt/stack/data/venv/lib/python3.12/site-packages/glance_store/location.py:146}}
Aug 19 05:36:31.636419 np0000007742 devstack@g-api.service[101133]: DEBUG glance_store.location [None req-3222079d-a76c-476c-b48e-a52231b9ab48 tempest-ImageDependencyTests-811878967 tempest-ImageDependencyTests-811878967-project-member] Registering scheme swift with {'store': , 'location_class': , 'store_entry': 'swift'} {{(pid=101133) register_scheme_map /opt/stack/data/venv/lib/python3.12/site-packages/glance_store/location.py:146}}
Aug 19 05:36:31.637424 np0000007742 devstack@g-api.service[101133]: DEBUG glance_store.location [None req-3222079d-a76c-476c-b48e-a52231b9ab48 tempest-ImageDependencyTests-811878967 tempest-ImageDependencyTests-811878967-project-member] Registering scheme swift+https with {'store': , 'location_class': , 'store_entry': 'swift'} {{(pid=101133) register_scheme_map /opt/stack/data/venv/lib/python3.12/site-packages/glance_store/location.py:146}}
Aug 19 05:36:31.637554 np0000007742 devstack@g-api.service[101133]: DEBUG glance_store.location [None req-3222079d-a76c-476c-b48e-a52231b9ab48 tempest-ImageDependencyTests-811878967 tempest-ImageDependencyTests-811878967-project-member] Registering scheme swift with {'store': , 'location_class': , 'store_entry': 'swift'} {{(pid=101133) register_scheme_map /opt/stack/data/venv/lib/python3.12/site-packages/glance_store/location.py:146}}
Aug 19 05:36:31.637791 np0000007742 devstack@g-api.service[101133]: DEBUG glance_store.location [None req-3222079d-a76c-476c-b48e-a52231b9ab48 tempest-ImageDependencyTests-811878967 tempest-ImageDependencyTests-811878967-project-member] Registering scheme swift+http with {'store': , 'location_class': , 'store_entry': 'swift'} {{(pid=101133) register_scheme_map /opt/stack/data/venv/lib/python3.12/site-packages/glance_store/location.py:146}}
Aug 19 05:36:31.637925 np0000007742 devstack@g-api.service[101133]: DEBUG glance_store.location [None req-3222079d-a76c-476c-b48e-a52231b9ab48 tempest-ImageDependencyTests-811878967 tempest-ImageDependencyTests-811878967-project-member] Registering scheme swift+https with {'store': , 'location_class': , 'store_entry': 'swift'} {{(pid=101133) register_scheme_map /opt/stack/data/venv/lib/python3.12/site-packages/glance_store/location.py:146}}
Aug 19 05:36:31.638034 np0000007742 devstack@g-api.service[101133]: DEBUG glance_store.location [None req-3222079d-a76c-476c-b48e-a52231b9ab48 tempest-ImageDependencyTests-811878967 tempest-ImageDependencyTests-811878967-project-member] Registering scheme swift with {'store': , 'location_class': , 'store_entry': 'swift'} {{(pid=101133) register_scheme_map /opt/stack/data/venv/lib/python3.12/site-packages/glance_store/location.py:146}}
Aug 19 05:36:31.638149 np0000007742 devstack@g-api.service[101133]: DEBUG glance_store.location [None req-3222079d-a76c-476c-b48e-a52231b9ab48 tempest-ImageDependencyTests-811878967 tempest-ImageDependencyTests-811878967-project-member] Registering scheme swift+http with {'store': , 'location_class': , 'store_entry': 'swift'} {{(pid=101133) register_scheme_map /opt/stack/data/venv/lib/python3.12/site-packages/glance_store/location.py:146}}
Aug 19 05:36:31.638260 np0000007742 devstack@g-api.service[101133]: DEBUG glance_store.location [None req-3222079d-a76c-476c-b48e-a52231b9ab48 tempest-ImageDependencyTests-811878967 tempest-ImageDependencyTests-811878967-project-member] Registering scheme swift+config with {'store': , 'location_class': , 'store_entry': 'swift'} {{(pid=101133) register_scheme_map /opt/stack/data/venv/lib/python3.12/site-packages/glance_store/location.py:146}}
Aug 19 05:36:31.638410 np0000007742 devstack@g-api.service[101133]: DEBUG glance_store.backend [None req-3222079d-a76c-476c-b48e-a52231b9ab48 tempest-ImageDependencyTests-811878967 tempest-ImageDependencyTests-811878967-project-member] Skipping store.set_acls... not implemented. {{(pid=101133) set_acls /opt/stack/data/venv/lib/python3.12/site-packages/glance_store/backend.py:507}}
Aug 19 05:36:31.641362 np0000007742 devstack@g-api.service[101133]: [pid: 101133|app: 0|req: 103/292] 127.0.0.1 () {46 vars in 1140 bytes} [Wed Aug 19 05:36:29 2026] PUT /v2/images/becbdec4-4f47-4e11-9781-7161b44aecc6/file => generated 0 bytes in 1876 msecs (HTTP/1.1 204) 4 headers in 171 bytes (1 switches on core 0)
Aug 19 05:36:31.684505 np0000007742 devstack@g-api.service[101132]: DEBUG glance.api.middleware.version_negotiation [None req-5f8b5bf8-bed0-4295-a097-de575dc8b65a tempest-ServerActionsTestOtherA-327759430 tempest-ServerActionsTestOtherA-327759430-project-member] Determining version of request: GET /v2/images/becbdec4-4f47-4e11-9781-7161b44aecc6 Accept: */* {{(pid=101132) process_request /opt/stack/glance/glance/api/middleware/version_negotiation.py:44}}
Aug 19 05:36:31.684901 np0000007742 devstack@g-api.service[101132]: DEBUG glance.api.middleware.version_negotiation [None req-5f8b5bf8-bed0-4295-a097-de575dc8b65a tempest-ServerActionsTestOtherA-327759430 tempest-ServerActionsTestOtherA-327759430-project-member] Using url versioning {{(pid=101132) process_request /opt/stack/glance/glance/api/middleware/version_negotiation.py:57}}
Aug 19 05:36:31.684901 np0000007742 devstack@g-api.service[101132]: DEBUG glance.api.middleware.version_negotiation [None req-5f8b5bf8-bed0-4295-a097-de575dc8b65a tempest-ServerActionsTestOtherA-327759430 tempest-ServerActionsTestOtherA-327759430-project-member] Matched version: v2 {{(pid=101132) process_request /opt/stack/glance/glance/api/middleware/version_negotiation.py:69}}
Aug 19 05:36:31.685092 np0000007742 devstack@g-api.service[101132]: DEBUG glance.api.middleware.version_negotiation [None req-5f8b5bf8-bed0-4295-a097-de575dc8b65a tempest-ServerActionsTestOtherA-327759430 tempest-ServerActionsTestOtherA-327759430-project-member] new path /v2/images/becbdec4-4f47-4e11-9781-7161b44aecc6 {{(pid=101132) process_request /opt/stack/glance/glance/api/middleware/version_negotiation.py:70}}
Aug 19 05:36:31.703509 np0000007742 devstack@g-api.service[101132]: [pid: 101132|app: 0|req: 99/293] 127.0.0.1 () {44 vars in 1111 bytes} [Wed Aug 19 05:36:31 2026] GET /v2/images/becbdec4-4f47-4e11-9781-7161b44aecc6 => generated 1760 bytes in 19 msecs (HTTP/1.1 200) 4 headers in 158 bytes (1 switches on core 0)
Aug 19 05:36:31.769005 np0000007742 devstack@g-api.service[101131]: DEBUG glance.api.middleware.version_negotiation [None req-6ef5feb9-ff30-43f0-938a-90cf6fbf83bc tempest-AttachVolumeShelveTestJSON-258761930 tempest-AttachVolumeShelveTestJSON-258761930-project-member] Determining version of request: GET /v2/schemas/image Accept: */* {{(pid=101131) process_request /opt/stack/glance/glance/api/middleware/version_negotiation.py:44}}
Aug 19 05:36:31.769482 np0000007742 devstack@g-api.service[101131]: DEBUG glance.api.middleware.version_negotiation [None req-6ef5feb9-ff30-43f0-938a-90cf6fbf83bc tempest-AttachVolumeShelveTestJSON-258761930 tempest-AttachVolumeShelveTestJSON-258761930-project-member] Using url versioning {{(pid=101131) process_request /opt/stack/glance/glance/api/middleware/version_negotiation.py:57}}
Aug 19 05:36:31.769482 np0000007742 devstack@g-api.service[101131]: DEBUG glance.api.middleware.version_negotiation [None req-6ef5feb9-ff30-43f0-938a-90cf6fbf83bc tempest-AttachVolumeShelveTestJSON-258761930 tempest-AttachVolumeShelveTestJSON-258761930-project-member] Matched version: v2 {{(pid=101131) process_request /opt/stack/glance/glance/api/middleware/version_negotiation.py:69}}
Aug 19 05:36:31.769482 np0000007742 devstack@g-api.service[101131]: DEBUG glance.api.middleware.version_negotiation [None req-6ef5feb9-ff30-43f0-938a-90cf6fbf83bc tempest-AttachVolumeShelveTestJSON-258761930 tempest-AttachVolumeShelveTestJSON-258761930-project-member] new path /v2/schemas/image {{(pid=101131) process_request /opt/stack/glance/glance/api/middleware/version_negotiation.py:70}}
Aug 19 05:36:31.772251 np0000007742 devstack@g-api.service[101131]: [pid: 101131|app: 0|req: 92/294] 127.0.0.1 () {44 vars in 1051 bytes} [Wed Aug 19 05:36:31 2026] GET /v2/schemas/image => generated 6083 bytes in 5 msecs (HTTP/1.1 200) 4 headers in 158 bytes (1 switches on core 0)
Aug 19 05:36:31.798787 np0000007742 devstack@g-api.service[101133]: DEBUG glance.api.middleware.version_negotiation [None req-3222079d-a76c-476c-b48e-a52231b9ab48 tempest-ImageDependencyTests-811878967 tempest-ImageDependencyTests-811878967-project-member] Determining version of request: GET /v2/images/becbdec4-4f47-4e11-9781-7161b44aecc6 Accept: application/json {{(pid=101133) process_request /opt/stack/glance/glance/api/middleware/version_negotiation.py:44}}
Aug 19 05:36:31.799427 np0000007742 devstack@g-api.service[101133]: DEBUG glance.api.middleware.version_negotiation [None req-3222079d-a76c-476c-b48e-a52231b9ab48 tempest-ImageDependencyTests-811878967 tempest-ImageDependencyTests-811878967-project-member] Using url versioning {{(pid=101133) process_request /opt/stack/glance/glance/api/middleware/version_negotiation.py:57}}
Aug 19 05:36:31.799427 np0000007742 devstack@g-api.service[101133]: DEBUG glance.api.middleware.version_negotiation [None req-3222079d-a76c-476c-b48e-a52231b9ab48 tempest-ImageDependencyTests-811878967 tempest-ImageDependencyTests-811878967-project-member] Matched version: v2 {{(pid=101133) process_request /opt/stack/glance/glance/api/middleware/version_negotiation.py:69}}
Aug 19 05:36:31.799498 np0000007742 devstack@g-api.service[101133]: DEBUG glance.api.middleware.version_negotiation [None req-3222079d-a76c-476c-b48e-a52231b9ab48 tempest-ImageDependencyTests-811878967 tempest-ImageDependencyTests-811878967-project-member] new path /v2/images/becbdec4-4f47-4e11-9781-7161b44aecc6 {{(pid=101133) process_request /opt/stack/glance/glance/api/middleware/version_negotiation.py:70}}
Aug 19 05:36:31.818864 np0000007742 devstack@g-api.service[101133]: [pid: 101133|app: 0|req: 104/295] 127.0.0.1 () {40 vars in 834 bytes} [Wed Aug 19 05:36:31 2026] GET /v2/images/becbdec4-4f47-4e11-9781-7161b44aecc6 => generated 1760 bytes in 21 msecs (HTTP/1.1 200) 4 headers in 158 bytes (1 switches on core 0)
Aug 19 05:36:31.826864 np0000007742 devstack@g-api.service[101132]: DEBUG glance.api.middleware.version_negotiation [None req-3222079d-a76c-476c-b48e-a52231b9ab48 tempest-ImageDependencyTests-811878967 tempest-ImageDependencyTests-811878967-project-member] Determining version of request: GET /v2/images/becbdec4-4f47-4e11-9781-7161b44aecc6 Accept: application/json {{(pid=101132) process_request /opt/stack/glance/glance/api/middleware/version_negotiation.py:44}}
Aug 19 05:36:31.827067 np0000007742 devstack@g-api.service[101132]: DEBUG glance.api.middleware.version_negotiation [None req-3222079d-a76c-476c-b48e-a52231b9ab48 tempest-ImageDependencyTests-811878967 tempest-ImageDependencyTests-811878967-project-member] Using url versioning {{(pid=101132) process_request /opt/stack/glance/glance/api/middleware/version_negotiation.py:57}}
