Aug 19 05:31:57.579932 np0000007742 nova-conductor[97277]: DEBUG cotyledon.oslo_config_glue [-] oslo_messaging_rabbit.rabbit_qos_prefetch_count = 0 {{(pid=97277) log_opt_values /opt/stack/data/venv/lib/python3.12/site-packages/oslo_config/cfg.py:3560}}
Aug 19 05:31:57.579932 np0000007742 nova-conductor[97277]: DEBUG cotyledon.oslo_config_glue [-] oslo_messaging_rabbit.rabbit_quorum_delivery_limit = 0 {{(pid=97277) log_opt_values /opt/stack/data/venv/lib/python3.12/site-packages/oslo_config/cfg.py:3560}}
Aug 19 05:31:57.579932 np0000007742 nova-conductor[97277]: DEBUG cotyledon.oslo_config_glue [-] oslo_messaging_rabbit.rabbit_quorum_max_memory_bytes = 0 {{(pid=97277) log_opt_values /opt/stack/data/venv/lib/python3.12/site-packages/oslo_config/cfg.py:3560}}
Aug 19 05:31:57.579932 np0000007742 nova-conductor[97277]: DEBUG cotyledon.oslo_config_glue [-] oslo_messaging_rabbit.rabbit_quorum_max_memory_length = 0 {{(pid=97277) log_opt_values /opt/stack/data/venv/lib/python3.12/site-packages/oslo_config/cfg.py:3560}}
Aug 19 05:31:57.579932 np0000007742 nova-conductor[97277]: DEBUG cotyledon.oslo_config_glue [-] oslo_messaging_rabbit.rabbit_quorum_queue = False {{(pid=97277) log_opt_values /opt/stack/data/venv/lib/python3.12/site-packages/oslo_config/cfg.py:3560}}
Aug 19 05:31:57.579932 np0000007742 nova-conductor[97277]: DEBUG cotyledon.oslo_config_glue [-] oslo_messaging_rabbit.rabbit_retry_backoff = 2 {{(pid=97277) log_opt_values /opt/stack/data/venv/lib/python3.12/site-packages/oslo_config/cfg.py:3560}}
Aug 19 05:31:57.579932 np0000007742 nova-conductor[97277]: DEBUG cotyledon.oslo_config_glue [-] oslo_messaging_rabbit.rabbit_retry_interval = 1 {{(pid=97277) log_opt_values /opt/stack/data/venv/lib/python3.12/site-packages/oslo_config/cfg.py:3560}}
Aug 19 05:31:57.579932 np0000007742 nova-conductor[97277]: DEBUG cotyledon.oslo_config_glue [-] oslo_messaging_rabbit.rabbit_stream_fanout = False {{(pid=97277) log_opt_values /opt/stack/data/venv/lib/python3.12/site-packages/oslo_config/cfg.py:3560}}
Aug 19 05:31:57.580190 np0000007742 nova-conductor[97277]: DEBUG cotyledon.oslo_config_glue [-] oslo_messaging_rabbit.rabbit_transient_queues_ttl = 1800 {{(pid=97277) log_opt_values /opt/stack/data/venv/lib/python3.12/site-packages/oslo_config/cfg.py:3560}}
Aug 19 05:31:57.580190 np0000007742 nova-conductor[97277]: DEBUG cotyledon.oslo_config_glue [-] oslo_messaging_rabbit.rabbit_transient_quorum_queue = False {{(pid=97277) log_opt_values /opt/stack/data/venv/lib/python3.12/site-packages/oslo_config/cfg.py:3560}}
Aug 19 05:31:57.580190 np0000007742 nova-conductor[97277]: DEBUG cotyledon.oslo_config_glue [-] oslo_messaging_rabbit.rpc_conn_pool_size = 30 {{(pid=97277) log_opt_values /opt/stack/data/venv/lib/python3.12/site-packages/oslo_config/cfg.py:3560}}
Aug 19 05:31:57.580190 np0000007742 nova-conductor[97277]: DEBUG cotyledon.oslo_config_glue [-] oslo_messaging_rabbit.ssl = False {{(pid=97277) log_opt_values /opt/stack/data/venv/lib/python3.12/site-packages/oslo_config/cfg.py:3560}}
Aug 19 05:31:57.580190 np0000007742 nova-conductor[97277]: DEBUG cotyledon.oslo_config_glue [-] oslo_messaging_rabbit.ssl_ca_file = {{(pid=97277) log_opt_values /opt/stack/data/venv/lib/python3.12/site-packages/oslo_config/cfg.py:3560}}
Aug 19 05:31:57.580190 np0000007742 nova-conductor[97277]: DEBUG cotyledon.oslo_config_glue [-] oslo_messaging_rabbit.ssl_cert_file = {{(pid=97277) log_opt_values /opt/stack/data/venv/lib/python3.12/site-packages/oslo_config/cfg.py:3560}}
Aug 19 05:31:57.580190 np0000007742 nova-conductor[97277]: DEBUG cotyledon.oslo_config_glue [-] oslo_messaging_rabbit.ssl_enforce_fips_mode = False {{(pid=97277) log_opt_values /opt/stack/data/venv/lib/python3.12/site-packages/oslo_config/cfg.py:3560}}
Aug 19 05:31:57.580190 np0000007742 nova-conductor[97277]: DEBUG cotyledon.oslo_config_glue [-] oslo_messaging_rabbit.ssl_enforce_hostname_verification = True {{(pid=97277) log_opt_values /opt/stack/data/venv/lib/python3.12/site-packages/oslo_config/cfg.py:3560}}
Aug 19 05:31:57.580190 np0000007742 nova-conductor[97277]: DEBUG cotyledon.oslo_config_glue [-] oslo_messaging_rabbit.ssl_key_file = {{(pid=97277) log_opt_values /opt/stack/data/venv/lib/python3.12/site-packages/oslo_config/cfg.py:3560}}
Aug 19 05:31:57.580392 np0000007742 nova-conductor[97277]: DEBUG cotyledon.oslo_config_glue [-] oslo_messaging_rabbit.ssl_version = {{(pid=97277) log_opt_values /opt/stack/data/venv/lib/python3.12/site-packages/oslo_config/cfg.py:3560}}
Aug 19 05:31:57.580392 np0000007742 nova-conductor[97277]: DEBUG cotyledon.oslo_config_glue [-] oslo_messaging_rabbit.use_queue_manager = False {{(pid=97277) log_opt_values /opt/stack/data/venv/lib/python3.12/site-packages/oslo_config/cfg.py:3560}}
Aug 19 05:31:57.580392 np0000007742 nova-conductor[97277]: DEBUG cotyledon.oslo_config_glue [-] oslo_messaging_notifications.driver = ['messagingv2'] {{(pid=97277) log_opt_values /opt/stack/data/venv/lib/python3.12/site-packages/oslo_config/cfg.py:3560}}
Aug 19 05:31:57.580392 np0000007742 nova-conductor[97277]: DEBUG cotyledon.oslo_config_glue [-] oslo_messaging_notifications.retry = -1 {{(pid=97277) log_opt_values /opt/stack/data/venv/lib/python3.12/site-packages/oslo_config/cfg.py:3560}}
Aug 19 05:31:57.580392 np0000007742 nova-conductor[97277]: DEBUG cotyledon.oslo_config_glue [-] oslo_messaging_notifications.topics = ['notifications'] {{(pid=97277) log_opt_values /opt/stack/data/venv/lib/python3.12/site-packages/oslo_config/cfg.py:3560}}
Aug 19 05:31:57.580392 np0000007742 nova-conductor[97277]: DEBUG cotyledon.oslo_config_glue [-] oslo_messaging_notifications.transport_url = **** {{(pid=97277) log_opt_values /opt/stack/data/venv/lib/python3.12/site-packages/oslo_config/cfg.py:3560}}
Aug 19 05:31:57.580392 np0000007742 nova-conductor[97277]: DEBUG cotyledon.oslo_config_glue [-] oslo_limit.auth_section = None {{(pid=97277) log_opt_values /opt/stack/data/venv/lib/python3.12/site-packages/oslo_config/cfg.py:3560}}
Aug 19 05:31:57.580392 np0000007742 nova-conductor[97277]: DEBUG cotyledon.oslo_config_glue [-] oslo_limit.auth_type = None {{(pid=97277) log_opt_values /opt/stack/data/venv/lib/python3.12/site-packages/oslo_config/cfg.py:3560}}
Aug 19 05:31:57.580392 np0000007742 nova-conductor[97277]: DEBUG cotyledon.oslo_config_glue [-] oslo_limit.cafile = None {{(pid=97277) log_opt_values /opt/stack/data/venv/lib/python3.12/site-packages/oslo_config/cfg.py:3560}}
Aug 19 05:31:57.580595 np0000007742 nova-conductor[97277]: DEBUG cotyledon.oslo_config_glue [-] oslo_limit.certfile = None {{(pid=97277) log_opt_values /opt/stack/data/venv/lib/python3.12/site-packages/oslo_config/cfg.py:3560}}
Aug 19 05:31:57.580595 np0000007742 nova-conductor[97277]: DEBUG cotyledon.oslo_config_glue [-] oslo_limit.collect_timing = False {{(pid=97277) log_opt_values /opt/stack/data/venv/lib/python3.12/site-packages/oslo_config/cfg.py:3560}}
Aug 19 05:31:57.580595 np0000007742 nova-conductor[97277]: DEBUG cotyledon.oslo_config_glue [-] oslo_limit.connect_retries = None {{(pid=97277) log_opt_values /opt/stack/data/venv/lib/python3.12/site-packages/oslo_config/cfg.py:3560}}
Aug 19 05:31:57.580595 np0000007742 nova-conductor[97277]: DEBUG cotyledon.oslo_config_glue [-] oslo_limit.connect_retry_delay = None {{(pid=97277) log_opt_values /opt/stack/data/venv/lib/python3.12/site-packages/oslo_config/cfg.py:3560}}
Aug 19 05:31:57.580595 np0000007742 nova-conductor[97277]: DEBUG cotyledon.oslo_config_glue [-] oslo_limit.endpoint_id = None {{(pid=97277) log_opt_values /opt/stack/data/venv/lib/python3.12/site-packages/oslo_config/cfg.py:3560}}
Aug 19 05:31:57.580595 np0000007742 nova-conductor[97277]: DEBUG cotyledon.oslo_config_glue [-] oslo_limit.endpoint_interface = public {{(pid=97277) log_opt_values /opt/stack/data/venv/lib/python3.12/site-packages/oslo_config/cfg.py:3560}}
Aug 19 05:31:57.580595 np0000007742 nova-conductor[97277]: DEBUG cotyledon.oslo_config_glue [-] oslo_limit.endpoint_override = None {{(pid=97277) log_opt_values /opt/stack/data/venv/lib/python3.12/site-packages/oslo_config/cfg.py:3560}}
Aug 19 05:31:57.580595 np0000007742 nova-conductor[97277]: DEBUG cotyledon.oslo_config_glue [-] oslo_limit.endpoint_region_name = None {{(pid=97277) log_opt_values /opt/stack/data/venv/lib/python3.12/site-packages/oslo_config/cfg.py:3560}}
Aug 19 05:31:57.580595 np0000007742 nova-conductor[97277]: DEBUG cotyledon.oslo_config_glue [-] oslo_limit.endpoint_service_name = None {{(pid=97277) log_opt_values /opt/stack/data/venv/lib/python3.12/site-packages/oslo_config/cfg.py:3560}}
Aug 19 05:31:57.580802 np0000007742 nova-conductor[97277]: DEBUG cotyledon.oslo_config_glue [-] oslo_limit.endpoint_service_type = None {{(pid=97277) log_opt_values /opt/stack/data/venv/lib/python3.12/site-packages/oslo_config/cfg.py:3560}}
Aug 19 05:31:57.580802 np0000007742 nova-conductor[97277]: DEBUG cotyledon.oslo_config_glue [-] oslo_limit.insecure = False {{(pid=97277) log_opt_values /opt/stack/data/venv/lib/python3.12/site-packages/oslo_config/cfg.py:3560}}
Aug 19 05:31:57.580802 np0000007742 nova-conductor[97277]: DEBUG cotyledon.oslo_config_glue [-] oslo_limit.keyfile = None {{(pid=97277) log_opt_values /opt/stack/data/venv/lib/python3.12/site-packages/oslo_config/cfg.py:3560}}
Aug 19 05:31:57.580802 np0000007742 nova-conductor[97277]: DEBUG cotyledon.oslo_config_glue [-] oslo_limit.max_version = None {{(pid=97277) log_opt_values /opt/stack/data/venv/lib/python3.12/site-packages/oslo_config/cfg.py:3560}}
Aug 19 05:31:57.580802 np0000007742 nova-conductor[97277]: DEBUG cotyledon.oslo_config_glue [-] oslo_limit.min_version = None {{(pid=97277) log_opt_values /opt/stack/data/venv/lib/python3.12/site-packages/oslo_config/cfg.py:3560}}
Aug 19 05:31:57.580802 np0000007742 nova-conductor[97277]: DEBUG cotyledon.oslo_config_glue [-] oslo_limit.region_name = None {{(pid=97277) log_opt_values /opt/stack/data/venv/lib/python3.12/site-packages/oslo_config/cfg.py:3560}}
Aug 19 05:31:57.580802 np0000007742 nova-conductor[97277]: DEBUG cotyledon.oslo_config_glue [-] oslo_limit.retriable_status_codes = None {{(pid=97277) log_opt_values /opt/stack/data/venv/lib/python3.12/site-packages/oslo_config/cfg.py:3560}}
Aug 19 05:31:57.580802 np0000007742 nova-conductor[97277]: DEBUG cotyledon.oslo_config_glue [-] oslo_limit.service_name = None {{(pid=97277) log_opt_values /opt/stack/data/venv/lib/python3.12/site-packages/oslo_config/cfg.py:3560}}
Aug 19 05:31:57.580802 np0000007742 nova-conductor[97277]: DEBUG cotyledon.oslo_config_glue [-] oslo_limit.service_type = None {{(pid=97277) log_opt_values /opt/stack/data/venv/lib/python3.12/site-packages/oslo_config/cfg.py:3560}}
Aug 19 05:31:57.580983 np0000007742 nova-conductor[97277]: DEBUG cotyledon.oslo_config_glue [-] oslo_limit.split_loggers = False {{(pid=97277) log_opt_values /opt/stack/data/venv/lib/python3.12/site-packages/oslo_config/cfg.py:3560}}
Aug 19 05:31:57.580983 np0000007742 nova-conductor[97277]: DEBUG cotyledon.oslo_config_glue [-] oslo_limit.status_code_retries = None {{(pid=97277) log_opt_values /opt/stack/data/venv/lib/python3.12/site-packages/oslo_config/cfg.py:3560}}
Aug 19 05:31:57.580983 np0000007742 nova-conductor[97277]: DEBUG cotyledon.oslo_config_glue [-] oslo_limit.status_code_retry_delay = None {{(pid=97277) log_opt_values /opt/stack/data/venv/lib/python3.12/site-packages/oslo_config/cfg.py:3560}}
Aug 19 05:31:57.580983 np0000007742 nova-conductor[97277]: DEBUG cotyledon.oslo_config_glue [-] oslo_limit.timeout = None {{(pid=97277) log_opt_values /opt/stack/data/venv/lib/python3.12/site-packages/oslo_config/cfg.py:3560}}
Aug 19 05:31:57.580983 np0000007742 nova-conductor[97277]: DEBUG cotyledon.oslo_config_glue [-] oslo_limit.valid_interfaces = None {{(pid=97277) log_opt_values /opt/stack/data/venv/lib/python3.12/site-packages/oslo_config/cfg.py:3560}}
Aug 19 05:31:57.580983 np0000007742 nova-conductor[97277]: DEBUG cotyledon.oslo_config_glue [-] oslo_limit.version = None {{(pid=97277) log_opt_values /opt/stack/data/venv/lib/python3.12/site-packages/oslo_config/cfg.py:3560}}
Aug 19 05:31:57.580983 np0000007742 nova-conductor[97277]: DEBUG cotyledon.oslo_config_glue [-] oslo_reports.file_event_handler = None {{(pid=97277) log_opt_values /opt/stack/data/venv/lib/python3.12/site-packages/oslo_config/cfg.py:3560}}
Aug 19 05:31:57.581132 np0000007742 nova-conductor[97265]: DEBUG oslo_db.sqlalchemy.engines [None req-438480b5-e3fb-4703-b1d6-d9fd353c609e None None] MySQL server mode set to STRICT_TRANS_TABLES,STRICT_ALL_TABLES,NO_ZERO_IN_DATE,NO_ZERO_DATE,ERROR_FOR_DIVISION_BY_ZERO,TRADITIONAL,NO_ENGINE_SUBSTITUTION {{(pid=97265) _check_effective_sql_mode /opt/stack/data/venv/lib/python3.12/site-packages/oslo_db/sqlalchemy/engines.py:325}}
Aug 19 05:31:57.581163 np0000007742 nova-conductor[97277]: DEBUG cotyledon.oslo_config_glue [-] oslo_reports.file_event_handler_interval = 1 {{(pid=97277) log_opt_values /opt/stack/data/venv/lib/python3.12/site-packages/oslo_config/cfg.py:3560}}
Aug 19 05:31:57.581163 np0000007742 nova-conductor[97277]: DEBUG cotyledon.oslo_config_glue [-] oslo_reports.log_dir = None {{(pid=97277) log_opt_values /opt/stack/data/venv/lib/python3.12/site-packages/oslo_config/cfg.py:3560}}
Aug 19 05:31:57.581163 np0000007742 nova-conductor[97277]: DEBUG cotyledon.oslo_config_glue [-] ******************************************************************************** {{(pid=97277) log_opt_values /opt/stack/data/venv/lib/python3.12/site-packages/oslo_config/cfg.py:3567}}
Aug 19 05:31:57.581163 np0000007742 nova-conductor[97277]: DEBUG cotyledon._service_worker [-] Run service ServiceWrapper(2) [97277] {{(pid=97277) wait_forever /opt/stack/data/venv/lib/python3.12/site-packages/cotyledon/_service_worker.py:218}}
Aug 19 05:31:57.581163 np0000007742 nova-conductor[97277]: INFO nova.service [-] Starting conductor node (version 33.1.0)
Aug 19 05:31:57.584682 np0000007742 nova-conductor[97269]: DEBUG oslo_db.sqlalchemy.engines [None req-2c442209-d6a2-46bf-8387-b5ee4fb3aa9d None None] MySQL server mode set to STRICT_TRANS_TABLES,STRICT_ALL_TABLES,NO_ZERO_IN_DATE,NO_ZERO_DATE,ERROR_FOR_DIVISION_BY_ZERO,TRADITIONAL,NO_ENGINE_SUBSTITUTION {{(pid=97269) _check_effective_sql_mode /opt/stack/data/venv/lib/python3.12/site-packages/oslo_db/sqlalchemy/engines.py:325}}
Aug 19 05:31:57.584979 np0000007742 nova-conductor[97277]: INFO dbcounter [None req-37301344-9568-4693-99ef-8c4c00c3004b None None] Registered counter for database nova_cell0
Aug 19 05:31:57.586461 np0000007742 nova-conductor[97265]: DEBUG dbcounter [-] [97265] Writer thread running {{(pid=97265) stat_writer /opt/stack/data/venv/lib/python3.12/site-packages/dbcounter.py:102}}
Aug 19 05:31:57.593186 np0000007742 nova-conductor[97269]: DEBUG dbcounter [-] [97269] Writer thread running {{(pid=97269) stat_writer /opt/stack/data/venv/lib/python3.12/site-packages/dbcounter.py:102}}
Aug 19 05:31:57.599652 np0000007742 nova-conductor[97265]: DEBUG nova.service [None req-438480b5-e3fb-4703-b1d6-d9fd353c609e None None] Creating RPC server for service: nova-conductor on topic: conductor {{(pid=97265) start /opt/stack/nova/nova/service.py:262}}
Aug 19 05:31:57.606471 np0000007742 nova-conductor[97269]: DEBUG nova.service [None req-2c442209-d6a2-46bf-8387-b5ee4fb3aa9d None None] Creating RPC server for service: nova-conductor on topic: conductor {{(pid=97269) start /opt/stack/nova/nova/service.py:262}}
Aug 19 05:31:57.620706 np0000007742 nova-conductor[97277]: DEBUG oslo_db.sqlalchemy.engines [None req-37301344-9568-4693-99ef-8c4c00c3004b None None] MySQL server mode set to STRICT_TRANS_TABLES,STRICT_ALL_TABLES,NO_ZERO_IN_DATE,NO_ZERO_DATE,ERROR_FOR_DIVISION_BY_ZERO,TRADITIONAL,NO_ENGINE_SUBSTITUTION {{(pid=97277) _check_effective_sql_mode /opt/stack/data/venv/lib/python3.12/site-packages/oslo_db/sqlalchemy/engines.py:325}}
Aug 19 05:31:57.626176 np0000007742 nova-conductor[97269]: DEBUG nova.service [None req-2c442209-d6a2-46bf-8387-b5ee4fb3aa9d None None] Join ServiceGroup membership for this service conductor {{(pid=97269) start /opt/stack/nova/nova/service.py:288}}
Aug 19 05:31:57.626406 np0000007742 nova-conductor[97269]: DEBUG nova.servicegroup.drivers.db [None req-2c442209-d6a2-46bf-8387-b5ee4fb3aa9d None None] DB_Driver: join new ServiceGroup member np0000007742 to the conductor group, service = {{(pid=97269) join /opt/stack/nova/nova/servicegroup/drivers/db.py:44}}
Aug 19 05:31:57.630824 np0000007742 nova-conductor[97265]: DEBUG nova.service [None req-438480b5-e3fb-4703-b1d6-d9fd353c609e None None] Join ServiceGroup membership for this service conductor {{(pid=97265) start /opt/stack/nova/nova/service.py:288}}
Aug 19 05:31:57.630995 np0000007742 nova-conductor[97265]: DEBUG nova.servicegroup.drivers.db [None req-438480b5-e3fb-4703-b1d6-d9fd353c609e None None] DB_Driver: join new ServiceGroup member np0000007742 to the conductor group, service = {{(pid=97265) join /opt/stack/nova/nova/servicegroup/drivers/db.py:44}}
Aug 19 05:31:57.632269 np0000007742 nova-conductor[97277]: DEBUG dbcounter [-] [97277] Writer thread running {{(pid=97277) stat_writer /opt/stack/data/venv/lib/python3.12/site-packages/dbcounter.py:102}}
Aug 19 05:31:57.637794 np0000007742 nova-conductor[97277]: DEBUG nova.service [None req-37301344-9568-4693-99ef-8c4c00c3004b None None] Creating RPC server for service: nova-conductor on topic: conductor {{(pid=97277) start /opt/stack/nova/nova/service.py:262}}
Aug 19 05:31:57.655299 np0000007742 nova-conductor[97277]: DEBUG nova.service [None req-37301344-9568-4693-99ef-8c4c00c3004b None None] Join ServiceGroup membership for this service conductor {{(pid=97277) start /opt/stack/nova/nova/service.py:288}}
Aug 19 05:31:57.655537 np0000007742 nova-conductor[97277]: DEBUG nova.servicegroup.drivers.db [None req-37301344-9568-4693-99ef-8c4c00c3004b None None] DB_Driver: join new ServiceGroup member np0000007742 to the conductor group, service = {{(pid=97277) join /opt/stack/nova/nova/servicegroup/drivers/db.py:44}}
Aug 19 05:32:02.628970 np0000007742 nova-conductor[97269]: DEBUG oslo.service.backend._threading.loopingcall [None req-6372b0fe-2055-4ae0-98df-4d78207c8af5 None None] Dynamic interval looping call 'nova.service.Service.periodic_tasks' sleeping for 60.00 seconds {{(pid=97269) _run_loop /opt/stack/data/venv/lib/python3.12/site-packages/oslo_service/backend/_threading/loopingcall.py:125}}
Aug 19 05:32:02.638326 np0000007742 nova-conductor[97269]: DEBUG oslo.service.backend._threading.loopingcall [-] Fixed interval looping call 'nova.servicegroup.drivers.db.DbDriver._report_state' sleeping for 119.99 seconds {{(pid=97269) _run_loop /opt/stack/data/venv/lib/python3.12/site-packages/oslo_service/backend/_threading/loopingcall.py:125}}
Aug 19 05:32:02.640762 np0000007742 nova-conductor[97265]: DEBUG oslo.service.backend._threading.loopingcall [-] Fixed interval looping call 'nova.servicegroup.drivers.db.DbDriver._report_state' sleeping for 119.99 seconds {{(pid=97265) _run_loop /opt/stack/data/venv/lib/python3.12/site-packages/oslo_service/backend/_threading/loopingcall.py:125}}
Aug 19 05:32:02.666799 np0000007742 nova-conductor[97277]: DEBUG oslo.service.backend._threading.loopingcall [-] Fixed interval looping call 'nova.servicegroup.drivers.db.DbDriver._report_state' sleeping for 119.99 seconds {{(pid=97277) _run_loop /opt/stack/data/venv/lib/python3.12/site-packages/oslo_service/backend/_threading/loopingcall.py:125}}
Aug 19 05:32:06.239715 np0000007742 nova-conductor[95769]: DEBUG dbcounter [-] [95769] Writing DB stats nova_api:SELECT=1 {{(pid=95769) stat_writer /opt/stack/data/venv/lib/python3.12/site-packages/dbcounter.py:115}}
Aug 19 05:32:06.351769 np0000007742 nova-conductor[95769]: DEBUG dbcounter [-] [95769] Writing DB stats nova_cell1:SELECT=1 {{(pid=95769) stat_writer /opt/stack/data/venv/lib/python3.12/site-packages/dbcounter.py:115}}
Aug 19 05:32:06.355029 np0000007742 nova-conductor[95769]: DEBUG dbcounter [-] [95769] Writing DB stats nova_cell0:SELECT=1 {{(pid=95769) stat_writer /opt/stack/data/venv/lib/python3.12/site-packages/dbcounter.py:115}}
Aug 19 05:32:09.633323 np0000007742 nova-conductor[97265]: DEBUG oslo.service.backend._threading.loopingcall [None req-d7a60423-aeda-46f9-a15f-b8b984386ad4 None None] Dynamic interval looping call 'nova.service.Service.periodic_tasks' sleeping for 60.00 seconds {{(pid=97265) _run_loop /opt/stack/data/venv/lib/python3.12/site-packages/oslo_service/backend/_threading/loopingcall.py:125}}
Aug 19 05:32:12.634764 np0000007742 nova-conductor[97269]: DEBUG dbcounter [-] [97269] Writing DB stats nova_cell0:SELECT=5,nova_cell0:INSERT=1,nova_cell0:UPDATE=1 {{(pid=97269) stat_writer /opt/stack/data/venv/lib/python3.12/site-packages/dbcounter.py:115}}
Aug 19 05:32:12.640896 np0000007742 nova-conductor[97265]: DEBUG dbcounter [-] [97265] Writing DB stats nova_cell0:SELECT=4,nova_cell0:INSERT=1,nova_cell0:UPDATE=1 {{(pid=97265) stat_writer /opt/stack/data/venv/lib/python3.12/site-packages/dbcounter.py:115}}
Aug 19 05:32:12.663492 np0000007742 nova-conductor[97277]: DEBUG dbcounter [-] [97277] Writing DB stats nova_cell0:SELECT=3 {{(pid=97277) stat_writer /opt/stack/data/venv/lib/python3.12/site-packages/dbcounter.py:115}}
Aug 19 05:32:31.657935 np0000007742 nova-conductor[97277]: DEBUG oslo.service.backend._threading.loopingcall [None req-505f9947-6f6e-4c52-b3b8-4ba61712e281 None None] Dynamic interval looping call 'nova.service.Service.periodic_tasks' sleeping for 60.00 seconds {{(pid=97277) _run_loop /opt/stack/data/venv/lib/python3.12/site-packages/oslo_service/backend/_threading/loopingcall.py:125}}
Aug 19 05:33:02.629459 np0000007742 nova-conductor[97269]: DEBUG oslo.service.backend._threading.loopingcall [None req-6372b0fe-2055-4ae0-98df-4d78207c8af5 None None] Dynamic interval looping call 'nova.service.Service.periodic_tasks' sleeping for 60.00 seconds {{(pid=97269) _run_loop /opt/stack/data/venv/lib/python3.12/site-packages/oslo_service/backend/_threading/loopingcall.py:125}}
Aug 19 05:33:09.633763 np0000007742 nova-conductor[97265]: DEBUG oslo.service.backend._threading.loopingcall [None req-d7a60423-aeda-46f9-a15f-b8b984386ad4 None None] Dynamic interval looping call 'nova.service.Service.periodic_tasks' sleeping for 60.00 seconds {{(pid=97265) _run_loop /opt/stack/data/venv/lib/python3.12/site-packages/oslo_service/backend/_threading/loopingcall.py:125}}
Aug 19 05:33:31.658370 np0000007742 nova-conductor[97277]: DEBUG oslo.service.backend._threading.loopingcall [None req-505f9947-6f6e-4c52-b3b8-4ba61712e281 None None] Dynamic interval looping call 'nova.service.Service.periodic_tasks' sleeping for 60.00 seconds {{(pid=97277) _run_loop /opt/stack/data/venv/lib/python3.12/site-packages/oslo_service/backend/_threading/loopingcall.py:125}}
Aug 19 05:34:02.630472 np0000007742 nova-conductor[97269]: DEBUG oslo.service.backend._threading.loopingcall [None req-6372b0fe-2055-4ae0-98df-4d78207c8af5 None None] Dynamic interval looping call 'nova.service.Service.periodic_tasks' sleeping for 60.00 seconds {{(pid=97269) _run_loop /opt/stack/data/venv/lib/python3.12/site-packages/oslo_service/backend/_threading/loopingcall.py:125}}
Aug 19 05:34:02.640343 np0000007742 nova-conductor[97269]: DEBUG oslo.service.backend._threading.loopingcall [-] Fixed interval looping call 'nova.servicegroup.drivers.db.DbDriver._report_state' sleeping for 119.99 seconds {{(pid=97269) _run_loop /opt/stack/data/venv/lib/python3.12/site-packages/oslo_service/backend/_threading/loopingcall.py:125}}
Aug 19 05:34:02.643377 np0000007742 nova-conductor[97265]: DEBUG oslo.service.backend._threading.loopingcall [-] Fixed interval looping call 'nova.servicegroup.drivers.db.DbDriver._report_state' sleeping for 119.99 seconds {{(pid=97265) _run_loop /opt/stack/data/venv/lib/python3.12/site-packages/oslo_service/backend/_threading/loopingcall.py:125}}
Aug 19 05:34:02.661076 np0000007742 nova-conductor[97277]: DEBUG oslo.service.backend._threading.loopingcall [-] Fixed interval looping call 'nova.servicegroup.drivers.db.DbDriver._report_state' sleeping for 120.00 seconds {{(pid=97277) _run_loop /opt/stack/data/venv/lib/python3.12/site-packages/oslo_service/backend/_threading/loopingcall.py:125}}
Aug 19 05:34:07.040471 np0000007742 nova-conductor[97269]: DEBUG oslo_db.sqlalchemy.engines [None req-a1495114-1786-475c-86cb-d22d96383d6e tempest-DeleteServersTestJSON-1174088968 tempest-DeleteServersTestJSON-1174088968-project-member] Parent process 95769 forked (97269) with an open database connection, which is being discarded and recreated. {{(pid=97269) checkout /opt/stack/data/venv/lib/python3.12/site-packages/oslo_db/sqlalchemy/engines.py:402}}
Aug 19 05:34:07.081584 np0000007742 nova-conductor[97269]: DEBUG dbcounter [-] [97269] Writer thread running {{(pid=97269) stat_writer /opt/stack/data/venv/lib/python3.12/site-packages/dbcounter.py:102}}
Aug 19 05:34:07.936804 np0000007742 nova-conductor[97269]: DEBUG nova.conductor.manager [None req-a1495114-1786-475c-86cb-d22d96383d6e tempest-DeleteServersTestJSON-1174088968 tempest-DeleteServersTestJSON-1174088968-project-member] Took 0.85 seconds to select destinations for 1 instance(s). {{(pid=97269) _schedule_instances /opt/stack/nova/nova/conductor/manager.py:956}}
Aug 19 05:34:07.960225 np0000007742 nova-conductor[97269]: DEBUG oslo_concurrency.lockutils [None req-a1495114-1786-475c-86cb-d22d96383d6e tempest-DeleteServersTestJSON-1174088968 tempest-DeleteServersTestJSON-1174088968-project-member] Acquiring lock "2fa0a437-b1bb-46d1-82c0-9565857b08a6" by "nova.context.set_target_cell..get_or_set_cached_cell_and_set_connections" {{(pid=97269) inner /opt/stack/data/venv/lib/python3.12/site-packages/oslo_concurrency/lockutils.py:512}}
Aug 19 05:34:07.960516 np0000007742 nova-conductor[97269]: DEBUG oslo_concurrency.lockutils [None req-a1495114-1786-475c-86cb-d22d96383d6e tempest-DeleteServersTestJSON-1174088968 tempest-DeleteServersTestJSON-1174088968-project-member] Lock "2fa0a437-b1bb-46d1-82c0-9565857b08a6" acquired by "nova.context.set_target_cell..get_or_set_cached_cell_and_set_connections" :: waited 0.000s {{(pid=97269) inner /opt/stack/data/venv/lib/python3.12/site-packages/oslo_concurrency/lockutils.py:525}}
Aug 19 05:34:07.962021 np0000007742 nova-conductor[97269]: DEBUG oslo_concurrency.lockutils [None req-a1495114-1786-475c-86cb-d22d96383d6e tempest-DeleteServersTestJSON-1174088968 tempest-DeleteServersTestJSON-1174088968-project-member] Lock "2fa0a437-b1bb-46d1-82c0-9565857b08a6" "released" by "nova.context.set_target_cell..get_or_set_cached_cell_and_set_connections" :: held 0.001s {{(pid=97269) inner /opt/stack/data/venv/lib/python3.12/site-packages/oslo_concurrency/lockutils.py:544}}
Aug 19 05:34:07.963949 np0000007742 nova-conductor[97269]: INFO dbcounter [None req-a1495114-1786-475c-86cb-d22d96383d6e tempest-DeleteServersTestJSON-1174088968 tempest-DeleteServersTestJSON-1174088968-project-member] Registered counter for database nova_cell1
Aug 19 05:34:07.996879 np0000007742 nova-conductor[97269]: DEBUG oslo_db.sqlalchemy.engines [None req-a1495114-1786-475c-86cb-d22d96383d6e tempest-DeleteServersTestJSON-1174088968 tempest-DeleteServersTestJSON-1174088968-project-member] MySQL server mode set to STRICT_TRANS_TABLES,STRICT_ALL_TABLES,NO_ZERO_IN_DATE,NO_ZERO_DATE,ERROR_FOR_DIVISION_BY_ZERO,TRADITIONAL,NO_ENGINE_SUBSTITUTION {{(pid=97269) _check_effective_sql_mode /opt/stack/data/venv/lib/python3.12/site-packages/oslo_db/sqlalchemy/engines.py:325}}
Aug 19 05:34:08.002262 np0000007742 nova-conductor[97269]: DEBUG dbcounter [-] [97269] Writer thread running {{(pid=97269) stat_writer /opt/stack/data/venv/lib/python3.12/site-packages/dbcounter.py:102}}
Aug 19 05:34:08.079481 np0000007742 nova-conductor[97269]: INFO nova.utils [None req-a1495114-1786-475c-86cb-d22d96383d6e tempest-DeleteServersTestJSON-1174088968 tempest-DeleteServersTestJSON-1174088968-project-member] The cell worker thread pool ForkProcess-2.cell_worker is initialized
Aug 19 05:34:08.079956 np0000007742 nova-conductor[97269]: DEBUG oslo_concurrency.lockutils [None req-a1495114-1786-475c-86cb-d22d96383d6e tempest-DeleteServersTestJSON-1174088968 tempest-DeleteServersTestJSON-1174088968-project-member] Acquiring lock "00000000-0000-0000-0000-000000000000" by "nova.context.set_target_cell..get_or_set_cached_cell_and_set_connections" {{(pid=97269) inner /opt/stack/data/venv/lib/python3.12/site-packages/oslo_concurrency/lockutils.py:512}}
Aug 19 05:34:08.080125 np0000007742 nova-conductor[97269]: DEBUG oslo_concurrency.lockutils [None req-a1495114-1786-475c-86cb-d22d96383d6e tempest-DeleteServersTestJSON-1174088968 tempest-DeleteServersTestJSON-1174088968-project-member] Lock "00000000-0000-0000-0000-000000000000" acquired by "nova.context.set_target_cell..get_or_set_cached_cell_and_set_connections" :: waited 0.000s {{(pid=97269) inner /opt/stack/data/venv/lib/python3.12/site-packages/oslo_concurrency/lockutils.py:525}}
Aug 19 05:34:08.080561 np0000007742 nova-conductor[97269]: DEBUG oslo_concurrency.lockutils [None req-a1495114-1786-475c-86cb-d22d96383d6e tempest-DeleteServersTestJSON-1174088968 tempest-DeleteServersTestJSON-1174088968-project-member] Lock "00000000-0000-0000-0000-000000000000" "released" by "nova.context.set_target_cell..get_or_set_cached_cell_and_set_connections" :: held 0.000s {{(pid=97269) inner /opt/stack/data/venv/lib/python3.12/site-packages/oslo_concurrency/lockutils.py:544}}
Aug 19 05:34:08.081667 np0000007742 nova-conductor[97269]: DEBUG oslo_concurrency.lockutils [None req-a1495114-1786-475c-86cb-d22d96383d6e tempest-DeleteServersTestJSON-1174088968 tempest-DeleteServersTestJSON-1174088968-project-member] Acquiring lock "2fa0a437-b1bb-46d1-82c0-9565857b08a6" by "nova.context.set_target_cell..get_or_set_cached_cell_and_set_connections" {{(pid=97269) inner /opt/stack/data/venv/lib/python3.12/site-packages/oslo_concurrency/lockutils.py:512}}
Aug 19 05:34:08.082875 np0000007742 nova-conductor[97269]: INFO dbcounter [None req-a1495114-1786-475c-86cb-d22d96383d6e tempest-DeleteServersTestJSON-1174088968 tempest-DeleteServersTestJSON-1174088968-project-member] Registered counter for database nova_cell0
Aug 19 05:34:08.084144 np0000007742 nova-conductor[97269]: DEBUG oslo_concurrency.lockutils [None req-a1495114-1786-475c-86cb-d22d96383d6e tempest-DeleteServersTestJSON-1174088968 tempest-DeleteServersTestJSON-1174088968-project-member] Lock "2fa0a437-b1bb-46d1-82c0-9565857b08a6" acquired by "nova.context.set_target_cell..get_or_set_cached_cell_and_set_connections" :: waited 0.001s {{(pid=97269) inner /opt/stack/data/venv/lib/python3.12/site-packages/oslo_concurrency/lockutils.py:525}}
Aug 19 05:34:08.084253 np0000007742 nova-conductor[97269]: DEBUG oslo_concurrency.lockutils [None req-a1495114-1786-475c-86cb-d22d96383d6e tempest-DeleteServersTestJSON-1174088968 tempest-DeleteServersTestJSON-1174088968-project-member] Lock "2fa0a437-b1bb-46d1-82c0-9565857b08a6" "released" by "nova.context.set_target_cell..get_or_set_cached_cell_and_set_connections" :: held 0.001s {{(pid=97269) inner /opt/stack/data/venv/lib/python3.12/site-packages/oslo_concurrency/lockutils.py:544}}
Aug 19 05:34:08.113073 np0000007742 nova-conductor[97269]: DEBUG oslo_db.sqlalchemy.engines [None req-a1495114-1786-475c-86cb-d22d96383d6e tempest-DeleteServersTestJSON-1174088968 tempest-DeleteServersTestJSON-1174088968-project-member] MySQL server mode set to STRICT_TRANS_TABLES,STRICT_ALL_TABLES,NO_ZERO_IN_DATE,NO_ZERO_DATE,ERROR_FOR_DIVISION_BY_ZERO,TRADITIONAL,NO_ENGINE_SUBSTITUTION {{(pid=97269) _check_effective_sql_mode /opt/stack/data/venv/lib/python3.12/site-packages/oslo_db/sqlalchemy/engines.py:325}}
Aug 19 05:34:08.118713 np0000007742 nova-conductor[97269]: DEBUG dbcounter [-] [97269] Writer thread running {{(pid=97269) stat_writer /opt/stack/data/venv/lib/python3.12/site-packages/dbcounter.py:102}}
Aug 19 05:34:08.127105 np0000007742 nova-conductor[97269]: DEBUG nova.quota [None req-a1495114-1786-475c-86cb-d22d96383d6e tempest-DeleteServersTestJSON-1174088968 tempest-DeleteServersTestJSON-1174088968-project-member] Getting quotas for project 8f983b293db34c3ab01a4de4787ff588. Resources: {'ram', 'instances', 'cores'} {{(pid=97269) _get_quotas /opt/stack/nova/nova/quota.py:389}}
Aug 19 05:34:08.130122 np0000007742 nova-conductor[97269]: DEBUG nova.quota [None req-a1495114-1786-475c-86cb-d22d96383d6e tempest-DeleteServersTestJSON-1174088968 tempest-DeleteServersTestJSON-1174088968-project-member] Getting quotas for user f95bb4844cab414596e6a6aeee4131fb and project 8f983b293db34c3ab01a4de4787ff588. Resources: {'ram', 'instances', 'cores'} {{(pid=97269) _get_quotas /opt/stack/nova/nova/quota.py:379}}
Aug 19 05:34:08.135068 np0000007742 nova-conductor[97269]: DEBUG nova.conductor.manager [None req-a1495114-1786-475c-86cb-d22d96383d6e tempest-DeleteServersTestJSON-1174088968 tempest-DeleteServersTestJSON-1174088968-project-member] [instance: 2311f566-ee17-4e5f-aa8a-52fd146ea3b8] Selected host: np0000007742; Selected node: np0000007742; Alternates: [] {{(pid=97269) schedule_and_build_instances /opt/stack/nova/nova/conductor/manager.py:1772}}
Aug 19 05:34:08.135546 np0000007742 nova-conductor[97269]: DEBUG oslo_concurrency.lockutils [None req-a1495114-1786-475c-86cb-d22d96383d6e tempest-DeleteServersTestJSON-1174088968 tempest-DeleteServersTestJSON-1174088968-project-member] Acquiring lock "2fa0a437-b1bb-46d1-82c0-9565857b08a6" by "nova.context.set_target_cell..get_or_set_cached_cell_and_set_connections" {{(pid=97269) inner /opt/stack/data/venv/lib/python3.12/site-packages/oslo_concurrency/lockutils.py:512}}
Aug 19 05:34:08.135733 np0000007742 nova-conductor[97269]: DEBUG oslo_concurrency.lockutils [None req-a1495114-1786-475c-86cb-d22d96383d6e tempest-DeleteServersTestJSON-1174088968 tempest-DeleteServersTestJSON-1174088968-project-member] Lock "2fa0a437-b1bb-46d1-82c0-9565857b08a6" acquired by "nova.context.set_target_cell..get_or_set_cached_cell_and_set_connections" :: waited 0.000s {{(pid=97269) inner /opt/stack/data/venv/lib/python3.12/site-packages/oslo_concurrency/lockutils.py:525}}
Aug 19 05:34:08.135868 np0000007742 nova-conductor[97269]: DEBUG oslo_concurrency.lockutils [None req-a1495114-1786-475c-86cb-d22d96383d6e tempest-DeleteServersTestJSON-1174088968 tempest-DeleteServersTestJSON-1174088968-project-member] Lock "2fa0a437-b1bb-46d1-82c0-9565857b08a6" "released" by "nova.context.set_target_cell..get_or_set_cached_cell_and_set_connections" :: held 0.000s {{(pid=97269) inner /opt/stack/data/venv/lib/python3.12/site-packages/oslo_concurrency/lockutils.py:544}}
Aug 19 05:34:08.144429 np0000007742 nova-conductor[97269]: DEBUG nova.conductor.manager [None req-a1495114-1786-475c-86cb-d22d96383d6e tempest-DeleteServersTestJSON-1174088968 tempest-DeleteServersTestJSON-1174088968-project-member] [instance: 2311f566-ee17-4e5f-aa8a-52fd146ea3b8] block_device_mapping [BlockDeviceMapping(attachment_id=,boot_index=0,connection_info=None,created_at=,delete_on_termination=True,deleted=,deleted_at=,destination_type='local',device_name=None,device_type='disk',disk_bus=None,encrypted=False,encryption_format=None,encryption_options=None,encryption_secret_uuid=None,guest_format=None,id=,image_id='4b51dc47-7482-40c2-8e33-fa314681f6a5',instance=,instance_uuid=,no_device=False,snapshot_id=None,source_type='image',tag=None,updated_at=,uuid=,volume_id=None,volume_size=None,volume_type=None)] {{(pid=97269) _create_block_device_mapping /opt/stack/nova/nova/conductor/manager.py:1517}}
Aug 19 05:34:08.145908 np0000007742 nova-conductor[97269]: DEBUG oslo_concurrency.lockutils [None req-a1495114-1786-475c-86cb-d22d96383d6e tempest-DeleteServersTestJSON-1174088968 tempest-DeleteServersTestJSON-1174088968-project-member] Acquiring lock "2fa0a437-b1bb-46d1-82c0-9565857b08a6" by "nova.context.set_target_cell..get_or_set_cached_cell_and_set_connections" {{(pid=97269) inner /opt/stack/data/venv/lib/python3.12/site-packages/oslo_concurrency/lockutils.py:512}}
Aug 19 05:34:08.146098 np0000007742 nova-conductor[97269]: DEBUG oslo_concurrency.lockutils [None req-a1495114-1786-475c-86cb-d22d96383d6e tempest-DeleteServersTestJSON-1174088968 tempest-DeleteServersTestJSON-1174088968-project-member] Lock "2fa0a437-b1bb-46d1-82c0-9565857b08a6" acquired by "nova.context.set_target_cell..get_or_set_cached_cell_and_set_connections" :: waited 0.000s {{(pid=97269) inner /opt/stack/data/venv/lib/python3.12/site-packages/oslo_concurrency/lockutils.py:525}}
Aug 19 05:34:08.146205 np0000007742 nova-conductor[97269]: DEBUG oslo_concurrency.lockutils [None req-a1495114-1786-475c-86cb-d22d96383d6e tempest-DeleteServersTestJSON-1174088968 tempest-DeleteServersTestJSON-1174088968-project-member] Lock "2fa0a437-b1bb-46d1-82c0-9565857b08a6" "released" by "nova.context.set_target_cell..get_or_set_cached_cell_and_set_connections" :: held 0.000s {{(pid=97269) inner /opt/stack/data/venv/lib/python3.12/site-packages/oslo_concurrency/lockutils.py:544}}
Aug 19 05:34:08.173473 np0000007742 nova-conductor[97269]: DEBUG oslo_concurrency.lockutils [None req-a1495114-1786-475c-86cb-d22d96383d6e tempest-DeleteServersTestJSON-1174088968 tempest-DeleteServersTestJSON-1174088968-project-member] Acquiring lock "2fa0a437-b1bb-46d1-82c0-9565857b08a6" by "nova.context.set_target_cell..get_or_set_cached_cell_and_set_connections" {{(pid=97269) inner /opt/stack/data/venv/lib/python3.12/site-packages/oslo_concurrency/lockutils.py:512}}
Aug 19 05:34:08.173647 np0000007742 nova-conductor[97269]: DEBUG oslo_concurrency.lockutils [None req-a1495114-1786-475c-86cb-d22d96383d6e tempest-DeleteServersTestJSON-1174088968 tempest-DeleteServersTestJSON-1174088968-project-member] Lock "2fa0a437-b1bb-46d1-82c0-9565857b08a6" acquired by "nova.context.set_target_cell..get_or_set_cached_cell_and_set_connections" :: waited 0.000s {{(pid=97269) inner /opt/stack/data/venv/lib/python3.12/site-packages/oslo_concurrency/lockutils.py:525}}
Aug 19 05:34:08.173803 np0000007742 nova-conductor[97269]: DEBUG oslo_concurrency.lockutils [None req-a1495114-1786-475c-86cb-d22d96383d6e tempest-DeleteServersTestJSON-1174088968 tempest-DeleteServersTestJSON-1174088968-project-member] Lock "2fa0a437-b1bb-46d1-82c0-9565857b08a6" "released" by "nova.context.set_target_cell..get_or_set_cached_cell_and_set_connections" :: held 0.000s {{(pid=97269) inner /opt/stack/data/venv/lib/python3.12/site-packages/oslo_concurrency/lockutils.py:544}}
Aug 19 05:34:08.174005 np0000007742 nova-conductor[97269]: DEBUG oslo_concurrency.lockutils [None req-a1495114-1786-475c-86cb-d22d96383d6e tempest-DeleteServersTestJSON-1174088968 tempest-DeleteServersTestJSON-1174088968-project-member] Acquiring lock "compute-rpcapi-router" {{(pid=97269) lock /opt/stack/data/venv/lib/python3.12/site-packages/oslo_concurrency/lockutils.py:396}}
Aug 19 05:34:08.174085 np0000007742 nova-conductor[97269]: DEBUG oslo_concurrency.lockutils [None req-a1495114-1786-475c-86cb-d22d96383d6e tempest-DeleteServersTestJSON-1174088968 tempest-DeleteServersTestJSON-1174088968-project-member] Acquired lock "compute-rpcapi-router" {{(pid=97269) lock /opt/stack/data/venv/lib/python3.12/site-packages/oslo_concurrency/lockutils.py:399}}
Aug 19 05:34:08.174401 np0000007742 nova-conductor[97269]: DEBUG oslo_concurrency.lockutils [None req-f28aaf01-2bfb-4bb5-9370-801d6831fd7c None None] Acquiring lock "00000000-0000-0000-0000-000000000000" by "nova.context.set_target_cell..get_or_set_cached_cell_and_set_connections" {{(pid=97269) inner /opt/stack/data/venv/lib/python3.12/site-packages/oslo_concurrency/lockutils.py:512}}
Aug 19 05:34:08.174506 np0000007742 nova-conductor[97269]: DEBUG oslo_concurrency.lockutils [None req-f28aaf01-2bfb-4bb5-9370-801d6831fd7c None None] Lock "00000000-0000-0000-0000-000000000000" acquired by "nova.context.set_target_cell..get_or_set_cached_cell_and_set_connections" :: waited 0.000s {{(pid=97269) inner /opt/stack/data/venv/lib/python3.12/site-packages/oslo_concurrency/lockutils.py:525}}
Aug 19 05:34:08.174617 np0000007742 nova-conductor[97269]: DEBUG oslo_concurrency.lockutils [None req-f28aaf01-2bfb-4bb5-9370-801d6831fd7c None None] Lock "00000000-0000-0000-0000-000000000000" "released" by "nova.context.set_target_cell..get_or_set_cached_cell_and_set_connections" :: held 0.000s {{(pid=97269) inner /opt/stack/data/venv/lib/python3.12/site-packages/oslo_concurrency/lockutils.py:544}}
Aug 19 05:34:08.175229 np0000007742 nova-conductor[97269]: DEBUG oslo_concurrency.lockutils [None req-f28aaf01-2bfb-4bb5-9370-801d6831fd7c None None] Acquiring lock "2fa0a437-b1bb-46d1-82c0-9565857b08a6" by "nova.context.set_target_cell..get_or_set_cached_cell_and_set_connections" {{(pid=97269) inner /opt/stack/data/venv/lib/python3.12/site-packages/oslo_concurrency/lockutils.py:512}}
Aug 19 05:34:08.175376 np0000007742 nova-conductor[97269]: DEBUG oslo_concurrency.lockutils [None req-f28aaf01-2bfb-4bb5-9370-801d6831fd7c None None] Lock "2fa0a437-b1bb-46d1-82c0-9565857b08a6" acquired by "nova.context.set_target_cell..get_or_set_cached_cell_and_set_connections" :: waited 0.000s {{(pid=97269) inner /opt/stack/data/venv/lib/python3.12/site-packages/oslo_concurrency/lockutils.py:525}}
Aug 19 05:34:08.175472 np0000007742 nova-conductor[97269]: DEBUG oslo_concurrency.lockutils [None req-f28aaf01-2bfb-4bb5-9370-801d6831fd7c None None] Lock "2fa0a437-b1bb-46d1-82c0-9565857b08a6" "released" by "nova.context.set_target_cell..get_or_set_cached_cell_and_set_connections" :: held 0.000s {{(pid=97269) inner /opt/stack/data/venv/lib/python3.12/site-packages/oslo_concurrency/lockutils.py:544}}
Aug 19 05:34:08.183033 np0000007742 nova-conductor[97269]: INFO nova.compute.rpcapi [None req-f28aaf01-2bfb-4bb5-9370-801d6831fd7c None None] Automatically selected compute RPC version 6.5 from minimum service version 72
Aug 19 05:34:08.183416 np0000007742 nova-conductor[97269]: DEBUG oslo_concurrency.lockutils [None req-f28aaf01-2bfb-4bb5-9370-801d6831fd7c None None] Releasing lock "compute-rpcapi-router" {{(pid=97269) lock /opt/stack/data/venv/lib/python3.12/site-packages/oslo_concurrency/lockutils.py:419}}
Aug 19 05:34:09.635887 np0000007742 nova-conductor[97265]: DEBUG oslo.service.backend._threading.loopingcall [None req-d7a60423-aeda-46f9-a15f-b8b984386ad4 None None] Dynamic interval looping call 'nova.service.Service.periodic_tasks' sleeping for 60.00 seconds {{(pid=97265) _run_loop /opt/stack/data/venv/lib/python3.12/site-packages/oslo_service/backend/_threading/loopingcall.py:125}}
Aug 19 05:34:10.899805 np0000007742 nova-conductor[97265]: DEBUG dbcounter [-] [97265] Writer thread running {{(pid=97265) stat_writer /opt/stack/data/venv/lib/python3.12/site-packages/dbcounter.py:102}}
Aug 19 05:34:11.350407 np0000007742 nova-conductor[97265]: DEBUG nova.conductor.manager [None req-207be564-f1d2-4f76-8304-5bbd6c267be6 tempest-ServerBootFromVolumeStableRescueTest-296300152 tempest-ServerBootFromVolumeStableRescueTest-296300152-project-member] Took 0.45 seconds to select destinations for 1 instance(s). {{(pid=97265) _schedule_instances /opt/stack/nova/nova/conductor/manager.py:956}}
Aug 19 05:34:11.390136 np0000007742 nova-conductor[97265]: DEBUG oslo_concurrency.lockutils [None req-207be564-f1d2-4f76-8304-5bbd6c267be6 tempest-ServerBootFromVolumeStableRescueTest-296300152 tempest-ServerBootFromVolumeStableRescueTest-296300152-project-member] Acquiring lock "2fa0a437-b1bb-46d1-82c0-9565857b08a6" by "nova.context.set_target_cell..get_or_set_cached_cell_and_set_connections" {{(pid=97265) inner /opt/stack/data/venv/lib/python3.12/site-packages/oslo_concurrency/lockutils.py:512}}
Aug 19 05:34:11.390403 np0000007742 nova-conductor[97265]: DEBUG oslo_concurrency.lockutils [None req-207be564-f1d2-4f76-8304-5bbd6c267be6 tempest-ServerBootFromVolumeStableRescueTest-296300152 tempest-ServerBootFromVolumeStableRescueTest-296300152-project-member] Lock "2fa0a437-b1bb-46d1-82c0-9565857b08a6" acquired by "nova.context.set_target_cell..get_or_set_cached_cell_and_set_connections" :: waited 0.000s {{(pid=97265) inner /opt/stack/data/venv/lib/python3.12/site-packages/oslo_concurrency/lockutils.py:525}}
Aug 19 05:34:11.391774 np0000007742 nova-conductor[97265]: DEBUG oslo_concurrency.lockutils [None req-207be564-f1d2-4f76-8304-5bbd6c267be6 tempest-ServerBootFromVolumeStableRescueTest-296300152 tempest-ServerBootFromVolumeStableRescueTest-296300152-project-member] Lock "2fa0a437-b1bb-46d1-82c0-9565857b08a6" "released" by "nova.context.set_target_cell..get_or_set_cached_cell_and_set_connections" :: held 0.001s {{(pid=97265) inner /opt/stack/data/venv/lib/python3.12/site-packages/oslo_concurrency/lockutils.py:544}}
Aug 19 05:34:11.393331 np0000007742 nova-conductor[97265]: INFO dbcounter [None req-207be564-f1d2-4f76-8304-5bbd6c267be6 tempest-ServerBootFromVolumeStableRescueTest-296300152 tempest-ServerBootFromVolumeStableRescueTest-296300152-project-member] Registered counter for database nova_cell1
Aug 19 05:34:11.422070 np0000007742 nova-conductor[97265]: DEBUG oslo_db.sqlalchemy.engines [None req-207be564-f1d2-4f76-8304-5bbd6c267be6 tempest-ServerBootFromVolumeStableRescueTest-296300152 tempest-ServerBootFromVolumeStableRescueTest-296300152-project-member] MySQL server mode set to STRICT_TRANS_TABLES,STRICT_ALL_TABLES,NO_ZERO_IN_DATE,NO_ZERO_DATE,ERROR_FOR_DIVISION_BY_ZERO,TRADITIONAL,NO_ENGINE_SUBSTITUTION {{(pid=97265) _check_effective_sql_mode /opt/stack/data/venv/lib/python3.12/site-packages/oslo_db/sqlalchemy/engines.py:325}}
Aug 19 05:34:11.426984 np0000007742 nova-conductor[97265]: DEBUG dbcounter [-] [97265] Writer thread running {{(pid=97265) stat_writer /opt/stack/data/venv/lib/python3.12/site-packages/dbcounter.py:102}}
Aug 19 05:34:11.484349 np0000007742 nova-conductor[97265]: INFO nova.utils [None req-207be564-f1d2-4f76-8304-5bbd6c267be6 tempest-ServerBootFromVolumeStableRescueTest-296300152 tempest-ServerBootFromVolumeStableRescueTest-296300152-project-member] The cell worker thread pool ForkProcess-1.cell_worker is initialized
Aug 19 05:34:11.484349 np0000007742 nova-conductor[97265]: DEBUG oslo_concurrency.lockutils [None req-207be564-f1d2-4f76-8304-5bbd6c267be6 tempest-ServerBootFromVolumeStableRescueTest-296300152 tempest-ServerBootFromVolumeStableRescueTest-296300152-project-member] Acquiring lock "00000000-0000-0000-0000-000000000000" by "nova.context.set_target_cell..get_or_set_cached_cell_and_set_connections" {{(pid=97265) inner /opt/stack/data/venv/lib/python3.12/site-packages/oslo_concurrency/lockutils.py:512}}
Aug 19 05:34:11.484349 np0000007742 nova-conductor[97265]: DEBUG oslo_concurrency.lockutils [None req-207be564-f1d2-4f76-8304-5bbd6c267be6 tempest-ServerBootFromVolumeStableRescueTest-296300152 tempest-ServerBootFromVolumeStableRescueTest-296300152-project-member] Lock "00000000-0000-0000-0000-000000000000" acquired by "nova.context.set_target_cell..get_or_set_cached_cell_and_set_connections" :: waited 0.000s {{(pid=97265) inner /opt/stack/data/venv/lib/python3.12/site-packages/oslo_concurrency/lockutils.py:525}}
Aug 19 05:34:11.484718 np0000007742 nova-conductor[97265]: DEBUG oslo_concurrency.lockutils [None req-207be564-f1d2-4f76-8304-5bbd6c267be6 tempest-ServerBootFromVolumeStableRescueTest-296300152 tempest-ServerBootFromVolumeStableRescueTest-296300152-project-member] Lock "00000000-0000-0000-0000-000000000000" "released" by "nova.context.set_target_cell..get_or_set_cached_cell_and_set_connections" :: held 0.000s {{(pid=97265) inner /opt/stack/data/venv/lib/python3.12/site-packages/oslo_concurrency/lockutils.py:544}}
Aug 19 05:34:11.485379 np0000007742 nova-conductor[97265]: DEBUG oslo_concurrency.lockutils [None req-207be564-f1d2-4f76-8304-5bbd6c267be6 tempest-ServerBootFromVolumeStableRescueTest-296300152 tempest-ServerBootFromVolumeStableRescueTest-296300152-project-member] Acquiring lock "2fa0a437-b1bb-46d1-82c0-9565857b08a6" by "nova.context.set_target_cell..get_or_set_cached_cell_and_set_connections" {{(pid=97265) inner /opt/stack/data/venv/lib/python3.12/site-packages/oslo_concurrency/lockutils.py:512}}
Aug 19 05:34:11.487279 np0000007742 nova-conductor[97265]: INFO dbcounter [None req-207be564-f1d2-4f76-8304-5bbd6c267be6 tempest-ServerBootFromVolumeStableRescueTest-296300152 tempest-ServerBootFromVolumeStableRescueTest-296300152-project-member] Registered counter for database nova_cell0
Aug 19 05:34:11.488374 np0000007742 nova-conductor[97265]: DEBUG oslo_concurrency.lockutils [None req-207be564-f1d2-4f76-8304-5bbd6c267be6 tempest-ServerBootFromVolumeStableRescueTest-296300152 tempest-ServerBootFromVolumeStableRescueTest-296300152-project-member] Lock "2fa0a437-b1bb-46d1-82c0-9565857b08a6" acquired by "nova.context.set_target_cell..get_or_set_cached_cell_and_set_connections" :: waited 0.002s {{(pid=97265) inner /opt/stack/data/venv/lib/python3.12/site-packages/oslo_concurrency/lockutils.py:525}}
Aug 19 05:34:11.488523 np0000007742 nova-conductor[97265]: DEBUG oslo_concurrency.lockutils [None req-207be564-f1d2-4f76-8304-5bbd6c267be6 tempest-ServerBootFromVolumeStableRescueTest-296300152 tempest-ServerBootFromVolumeStableRescueTest-296300152-project-member] Lock "2fa0a437-b1bb-46d1-82c0-9565857b08a6" "released" by "nova.context.set_target_cell..get_or_set_cached_cell_and_set_connections" :: held 0.001s {{(pid=97265) inner /opt/stack/data/venv/lib/python3.12/site-packages/oslo_concurrency/lockutils.py:544}}
Aug 19 05:34:11.517440 np0000007742 nova-conductor[97265]: DEBUG oslo_db.sqlalchemy.engines [None req-207be564-f1d2-4f76-8304-5bbd6c267be6 tempest-ServerBootFromVolumeStableRescueTest-296300152 tempest-ServerBootFromVolumeStableRescueTest-296300152-project-member] MySQL server mode set to STRICT_TRANS_TABLES,STRICT_ALL_TABLES,NO_ZERO_IN_DATE,NO_ZERO_DATE,ERROR_FOR_DIVISION_BY_ZERO,TRADITIONAL,NO_ENGINE_SUBSTITUTION {{(pid=97265) _check_effective_sql_mode /opt/stack/data/venv/lib/python3.12/site-packages/oslo_db/sqlalchemy/engines.py:325}}
