Aug 19 05:47:15.997762 np0000007742 nova-conductor[97269]: DEBUG dbcounter [-] [97269] Writing DB stats nova_cell0:SELECT=3 {{(pid=97269) stat_writer /opt/stack/data/venv/lib/python3.12/site-packages/dbcounter.py:115}}
Aug 19 05:47:16.007497 np0000007742 nova-conductor[97269]: DEBUG dbcounter [-] [97269] Writing DB stats nova_cell1:SELECT=3,nova_cell1:INSERT=17 {{(pid=97269) stat_writer /opt/stack/data/venv/lib/python3.12/site-packages/dbcounter.py:115}}
Aug 19 05:47:16.019927 np0000007742 nova-conductor[97269]: DEBUG dbcounter [-] [97269] Writing DB stats nova_api:SELECT=12,nova_api:UPDATE=1,nova_api:DELETE=1 {{(pid=97269) stat_writer /opt/stack/data/venv/lib/python3.12/site-packages/dbcounter.py:115}}
Aug 19 05:47:31.671334 np0000007742 nova-conductor[97277]: DEBUG oslo.service.backend._threading.loopingcall [None req-505f9947-6f6e-4c52-b3b8-4ba61712e281 None None] Dynamic interval looping call 'nova.service.Service.periodic_tasks' sleeping for 60.00 seconds {{(pid=97277) _run_loop /opt/stack/data/venv/lib/python3.12/site-packages/oslo_service/backend/_threading/loopingcall.py:125}}
Aug 19 05:48:02.637989 np0000007742 nova-conductor[97265]: DEBUG oslo.service.backend._threading.loopingcall [-] Fixed interval looping call 'nova.servicegroup.drivers.db.DbDriver._report_state' sleeping for 119.99 seconds {{(pid=97265) _run_loop /opt/stack/data/venv/lib/python3.12/site-packages/oslo_service/backend/_threading/loopingcall.py:125}}
Aug 19 05:48:02.638414 np0000007742 nova-conductor[97269]: DEBUG oslo.service.backend._threading.loopingcall [-] Fixed interval looping call 'nova.servicegroup.drivers.db.DbDriver._report_state' sleeping for 119.99 seconds {{(pid=97269) _run_loop /opt/stack/data/venv/lib/python3.12/site-packages/oslo_service/backend/_threading/loopingcall.py:125}}
Aug 19 05:48:02.646430 np0000007742 nova-conductor[97269]: DEBUG oslo.service.backend._threading.loopingcall [None req-6372b0fe-2055-4ae0-98df-4d78207c8af5 None None] Dynamic interval looping call 'nova.service.Service.periodic_tasks' sleeping for 60.00 seconds {{(pid=97269) _run_loop /opt/stack/data/venv/lib/python3.12/site-packages/oslo_service/backend/_threading/loopingcall.py:125}}
Aug 19 05:48:02.676124 np0000007742 nova-conductor[97277]: DEBUG oslo.service.backend._threading.loopingcall [-] Fixed interval looping call 'nova.servicegroup.drivers.db.DbDriver._report_state' sleeping for 119.99 seconds {{(pid=97277) _run_loop /opt/stack/data/venv/lib/python3.12/site-packages/oslo_service/backend/_threading/loopingcall.py:125}}
Aug 19 05:48:09.647039 np0000007742 nova-conductor[97265]: DEBUG oslo.service.backend._threading.loopingcall [None req-d7a60423-aeda-46f9-a15f-b8b984386ad4 None None] Dynamic interval looping call 'nova.service.Service.periodic_tasks' sleeping for 60.00 seconds {{(pid=97265) _run_loop /opt/stack/data/venv/lib/python3.12/site-packages/oslo_service/backend/_threading/loopingcall.py:125}}
Aug 19 05:48:12.633588 np0000007742 nova-conductor[97265]: DEBUG dbcounter [-] [97265] Writing DB stats nova_cell0:SELECT=1,nova_cell0:UPDATE=1 {{(pid=97265) stat_writer /opt/stack/data/venv/lib/python3.12/site-packages/dbcounter.py:115}}
Aug 19 05:48:12.634525 np0000007742 nova-conductor[97269]: DEBUG dbcounter [-] [97269] Writing DB stats nova_cell0:SELECT=1,nova_cell0:UPDATE=1 {{(pid=97269) stat_writer /opt/stack/data/venv/lib/python3.12/site-packages/dbcounter.py:115}}
Aug 19 05:48:12.671030 np0000007742 nova-conductor[97277]: DEBUG dbcounter [-] [97277] Writing DB stats nova_cell0:SELECT=1 {{(pid=97277) stat_writer /opt/stack/data/venv/lib/python3.12/site-packages/dbcounter.py:115}}
Aug 19 05:48:15.525350 np0000007742 nova-conductor[97265]: DEBUG nova.conductor.manager [None req-51dc8ea9-758d-4ab1-992d-3ff26171d59a tempest-VolumesBackupsTest-1627051681 tempest-VolumesBackupsTest-1627051681-project-member] Took 0.23 seconds to select destinations for 1 instance(s). {{(pid=97265) _schedule_instances /opt/stack/nova/nova/conductor/manager.py:956}}
Aug 19 05:48:15.537378 np0000007742 nova-conductor[97265]: DEBUG oslo_concurrency.lockutils [None req-51dc8ea9-758d-4ab1-992d-3ff26171d59a tempest-VolumesBackupsTest-1627051681 tempest-VolumesBackupsTest-1627051681-project-member] Acquiring lock "2fa0a437-b1bb-46d1-82c0-9565857b08a6" by "nova.context.set_target_cell..get_or_set_cached_cell_and_set_connections" {{(pid=97265) inner /opt/stack/data/venv/lib/python3.12/site-packages/oslo_concurrency/lockutils.py:512}}
Aug 19 05:48:15.537545 np0000007742 nova-conductor[97265]: DEBUG oslo_concurrency.lockutils [None req-51dc8ea9-758d-4ab1-992d-3ff26171d59a tempest-VolumesBackupsTest-1627051681 tempest-VolumesBackupsTest-1627051681-project-member] Lock "2fa0a437-b1bb-46d1-82c0-9565857b08a6" acquired by "nova.context.set_target_cell..get_or_set_cached_cell_and_set_connections" :: waited 0.000s {{(pid=97265) inner /opt/stack/data/venv/lib/python3.12/site-packages/oslo_concurrency/lockutils.py:525}}
Aug 19 05:48:15.537760 np0000007742 nova-conductor[97265]: DEBUG oslo_concurrency.lockutils [None req-51dc8ea9-758d-4ab1-992d-3ff26171d59a tempest-VolumesBackupsTest-1627051681 tempest-VolumesBackupsTest-1627051681-project-member] Lock "2fa0a437-b1bb-46d1-82c0-9565857b08a6" "released" by "nova.context.set_target_cell..get_or_set_cached_cell_and_set_connections" :: held 0.000s {{(pid=97265) inner /opt/stack/data/venv/lib/python3.12/site-packages/oslo_concurrency/lockutils.py:544}}
Aug 19 05:48:15.573329 np0000007742 nova-conductor[97265]: DEBUG oslo_concurrency.lockutils [None req-51dc8ea9-758d-4ab1-992d-3ff26171d59a tempest-VolumesBackupsTest-1627051681 tempest-VolumesBackupsTest-1627051681-project-member] Acquiring lock "00000000-0000-0000-0000-000000000000" by "nova.context.set_target_cell..get_or_set_cached_cell_and_set_connections" {{(pid=97265) inner /opt/stack/data/venv/lib/python3.12/site-packages/oslo_concurrency/lockutils.py:512}}
Aug 19 05:48:15.573495 np0000007742 nova-conductor[97265]: DEBUG oslo_concurrency.lockutils [None req-51dc8ea9-758d-4ab1-992d-3ff26171d59a tempest-VolumesBackupsTest-1627051681 tempest-VolumesBackupsTest-1627051681-project-member] Lock "00000000-0000-0000-0000-000000000000" acquired by "nova.context.set_target_cell..get_or_set_cached_cell_and_set_connections" :: waited 0.000s {{(pid=97265) inner /opt/stack/data/venv/lib/python3.12/site-packages/oslo_concurrency/lockutils.py:525}}
Aug 19 05:48:15.573665 np0000007742 nova-conductor[97265]: DEBUG oslo_concurrency.lockutils [None req-51dc8ea9-758d-4ab1-992d-3ff26171d59a tempest-VolumesBackupsTest-1627051681 tempest-VolumesBackupsTest-1627051681-project-member] Lock "00000000-0000-0000-0000-000000000000" "released" by "nova.context.set_target_cell..get_or_set_cached_cell_and_set_connections" :: held 0.000s {{(pid=97265) inner /opt/stack/data/venv/lib/python3.12/site-packages/oslo_concurrency/lockutils.py:544}}
Aug 19 05:48:15.574091 np0000007742 nova-conductor[97265]: DEBUG oslo_concurrency.lockutils [None req-51dc8ea9-758d-4ab1-992d-3ff26171d59a tempest-VolumesBackupsTest-1627051681 tempest-VolumesBackupsTest-1627051681-project-member] Acquiring lock "2fa0a437-b1bb-46d1-82c0-9565857b08a6" by "nova.context.set_target_cell..get_or_set_cached_cell_and_set_connections" {{(pid=97265) inner /opt/stack/data/venv/lib/python3.12/site-packages/oslo_concurrency/lockutils.py:512}}
Aug 19 05:48:15.574279 np0000007742 nova-conductor[97265]: DEBUG oslo_concurrency.lockutils [None req-51dc8ea9-758d-4ab1-992d-3ff26171d59a tempest-VolumesBackupsTest-1627051681 tempest-VolumesBackupsTest-1627051681-project-member] Lock "2fa0a437-b1bb-46d1-82c0-9565857b08a6" acquired by "nova.context.set_target_cell..get_or_set_cached_cell_and_set_connections" :: waited 0.000s {{(pid=97265) inner /opt/stack/data/venv/lib/python3.12/site-packages/oslo_concurrency/lockutils.py:525}}
Aug 19 05:48:15.574428 np0000007742 nova-conductor[97265]: DEBUG oslo_concurrency.lockutils [None req-51dc8ea9-758d-4ab1-992d-3ff26171d59a tempest-VolumesBackupsTest-1627051681 tempest-VolumesBackupsTest-1627051681-project-member] Lock "2fa0a437-b1bb-46d1-82c0-9565857b08a6" "released" by "nova.context.set_target_cell..get_or_set_cached_cell_and_set_connections" :: held 0.000s {{(pid=97265) inner /opt/stack/data/venv/lib/python3.12/site-packages/oslo_concurrency/lockutils.py:544}}
Aug 19 05:48:15.584524 np0000007742 nova-conductor[97265]: DEBUG nova.quota [None req-51dc8ea9-758d-4ab1-992d-3ff26171d59a tempest-VolumesBackupsTest-1627051681 tempest-VolumesBackupsTest-1627051681-project-member] Getting quotas for project fe4d83210f8744058900f96f38dcf315. Resources: {'ram', 'instances', 'cores'} {{(pid=97265) _get_quotas /opt/stack/nova/nova/quota.py:389}}
Aug 19 05:48:15.586601 np0000007742 nova-conductor[97265]: DEBUG nova.quota [None req-51dc8ea9-758d-4ab1-992d-3ff26171d59a tempest-VolumesBackupsTest-1627051681 tempest-VolumesBackupsTest-1627051681-project-member] Getting quotas for user 38fc6f5c013f4d1ebc9870dcfa7e96a2 and project fe4d83210f8744058900f96f38dcf315. Resources: {'ram', 'instances', 'cores'} {{(pid=97265) _get_quotas /opt/stack/nova/nova/quota.py:379}}
Aug 19 05:48:15.591577 np0000007742 nova-conductor[97265]: DEBUG nova.conductor.manager [None req-51dc8ea9-758d-4ab1-992d-3ff26171d59a tempest-VolumesBackupsTest-1627051681 tempest-VolumesBackupsTest-1627051681-project-member] [instance: dbe859f7-370c-4f81-9027-72df58de85ce] Selected host: np0000007742; Selected node: np0000007742; Alternates: [] {{(pid=97265) schedule_and_build_instances /opt/stack/nova/nova/conductor/manager.py:1772}}
Aug 19 05:48:15.591977 np0000007742 nova-conductor[97265]: DEBUG oslo_concurrency.lockutils [None req-51dc8ea9-758d-4ab1-992d-3ff26171d59a tempest-VolumesBackupsTest-1627051681 tempest-VolumesBackupsTest-1627051681-project-member] Acquiring lock "2fa0a437-b1bb-46d1-82c0-9565857b08a6" by "nova.context.set_target_cell..get_or_set_cached_cell_and_set_connections" {{(pid=97265) inner /opt/stack/data/venv/lib/python3.12/site-packages/oslo_concurrency/lockutils.py:512}}
Aug 19 05:48:15.592129 np0000007742 nova-conductor[97265]: DEBUG oslo_concurrency.lockutils [None req-51dc8ea9-758d-4ab1-992d-3ff26171d59a tempest-VolumesBackupsTest-1627051681 tempest-VolumesBackupsTest-1627051681-project-member] Lock "2fa0a437-b1bb-46d1-82c0-9565857b08a6" acquired by "nova.context.set_target_cell..get_or_set_cached_cell_and_set_connections" :: waited 0.000s {{(pid=97265) inner /opt/stack/data/venv/lib/python3.12/site-packages/oslo_concurrency/lockutils.py:525}}
Aug 19 05:48:15.592189 np0000007742 nova-conductor[97265]: DEBUG oslo_concurrency.lockutils [None req-51dc8ea9-758d-4ab1-992d-3ff26171d59a tempest-VolumesBackupsTest-1627051681 tempest-VolumesBackupsTest-1627051681-project-member] Lock "2fa0a437-b1bb-46d1-82c0-9565857b08a6" "released" by "nova.context.set_target_cell..get_or_set_cached_cell_and_set_connections" :: held 0.000s {{(pid=97265) inner /opt/stack/data/venv/lib/python3.12/site-packages/oslo_concurrency/lockutils.py:544}}
Aug 19 05:48:15.596677 np0000007742 nova-conductor[97265]: DEBUG nova.conductor.manager [None req-51dc8ea9-758d-4ab1-992d-3ff26171d59a tempest-VolumesBackupsTest-1627051681 tempest-VolumesBackupsTest-1627051681-project-member] [instance: dbe859f7-370c-4f81-9027-72df58de85ce] block_device_mapping [BlockDeviceMapping(attachment_id=,boot_index=0,connection_info=None,created_at=,delete_on_termination=True,deleted=,deleted_at=,destination_type='local',device_name=None,device_type='disk',disk_bus=None,encrypted=False,encryption_format=None,encryption_options=None,encryption_secret_uuid=None,guest_format=None,id=,image_id='4b51dc47-7482-40c2-8e33-fa314681f6a5',instance=,instance_uuid=,no_device=False,snapshot_id=None,source_type='image',tag=None,updated_at=,uuid=,volume_id=None,volume_size=None,volume_type=None), BlockDeviceMapping(attachment_id=e35779d2-11c7-4b29-9d4f-c463ded32f1f,boot_index=-1,connection_info=None,created_at=,delete_on_termination=False,deleted=,deleted_at=,destination_type='volume',device_name=None,device_type=,disk_bus=,encrypted=False,encryption_format=None,encryption_options=None,encryption_secret_uuid=None,guest_format=,id=,image_id=None,instance=,instance_uuid=,no_device=False,snapshot_id=None,source_type='volume',tag=None,updated_at=,uuid=,volume_id='1c296ed5-9898-4950-af19-c3d60db520b1',volume_size=1,volume_type=None)] {{(pid=97265) _create_block_device_mapping /opt/stack/nova/nova/conductor/manager.py:1517}}
Aug 19 05:48:15.597394 np0000007742 nova-conductor[97265]: DEBUG oslo_concurrency.lockutils [None req-51dc8ea9-758d-4ab1-992d-3ff26171d59a tempest-VolumesBackupsTest-1627051681 tempest-VolumesBackupsTest-1627051681-project-member] Acquiring lock "2fa0a437-b1bb-46d1-82c0-9565857b08a6" by "nova.context.set_target_cell..get_or_set_cached_cell_and_set_connections" {{(pid=97265) inner /opt/stack/data/venv/lib/python3.12/site-packages/oslo_concurrency/lockutils.py:512}}
Aug 19 05:48:15.597567 np0000007742 nova-conductor[97265]: DEBUG oslo_concurrency.lockutils [None req-51dc8ea9-758d-4ab1-992d-3ff26171d59a tempest-VolumesBackupsTest-1627051681 tempest-VolumesBackupsTest-1627051681-project-member] Lock "2fa0a437-b1bb-46d1-82c0-9565857b08a6" acquired by "nova.context.set_target_cell..get_or_set_cached_cell_and_set_connections" :: waited 0.000s {{(pid=97265) inner /opt/stack/data/venv/lib/python3.12/site-packages/oslo_concurrency/lockutils.py:525}}
Aug 19 05:48:15.597786 np0000007742 nova-conductor[97265]: DEBUG oslo_concurrency.lockutils [None req-51dc8ea9-758d-4ab1-992d-3ff26171d59a tempest-VolumesBackupsTest-1627051681 tempest-VolumesBackupsTest-1627051681-project-member] Lock "2fa0a437-b1bb-46d1-82c0-9565857b08a6" "released" by "nova.context.set_target_cell..get_or_set_cached_cell_and_set_connections" :: held 0.000s {{(pid=97265) inner /opt/stack/data/venv/lib/python3.12/site-packages/oslo_concurrency/lockutils.py:544}}
Aug 19 05:48:15.603384 np0000007742 nova-conductor[97265]: DEBUG oslo_concurrency.lockutils [None req-51dc8ea9-758d-4ab1-992d-3ff26171d59a tempest-VolumesBackupsTest-1627051681 tempest-VolumesBackupsTest-1627051681-project-member] Acquiring lock "2fa0a437-b1bb-46d1-82c0-9565857b08a6" by "nova.context.set_target_cell..get_or_set_cached_cell_and_set_connections" {{(pid=97265) inner /opt/stack/data/venv/lib/python3.12/site-packages/oslo_concurrency/lockutils.py:512}}
Aug 19 05:48:15.603450 np0000007742 nova-conductor[97265]: DEBUG oslo_concurrency.lockutils [None req-51dc8ea9-758d-4ab1-992d-3ff26171d59a tempest-VolumesBackupsTest-1627051681 tempest-VolumesBackupsTest-1627051681-project-member] Lock "2fa0a437-b1bb-46d1-82c0-9565857b08a6" acquired by "nova.context.set_target_cell..get_or_set_cached_cell_and_set_connections" :: waited 0.000s {{(pid=97265) inner /opt/stack/data/venv/lib/python3.12/site-packages/oslo_concurrency/lockutils.py:525}}
Aug 19 05:48:15.603573 np0000007742 nova-conductor[97265]: DEBUG oslo_concurrency.lockutils [None req-51dc8ea9-758d-4ab1-992d-3ff26171d59a tempest-VolumesBackupsTest-1627051681 tempest-VolumesBackupsTest-1627051681-project-member] Lock "2fa0a437-b1bb-46d1-82c0-9565857b08a6" "released" by "nova.context.set_target_cell..get_or_set_cached_cell_and_set_connections" :: held 0.000s {{(pid=97265) inner /opt/stack/data/venv/lib/python3.12/site-packages/oslo_concurrency/lockutils.py:544}}
Aug 19 05:48:15.625070 np0000007742 nova-conductor[97265]: DEBUG oslo_concurrency.lockutils [None req-51dc8ea9-758d-4ab1-992d-3ff26171d59a tempest-VolumesBackupsTest-1627051681 tempest-VolumesBackupsTest-1627051681-project-member] Acquiring lock "2fa0a437-b1bb-46d1-82c0-9565857b08a6" by "nova.context.set_target_cell..get_or_set_cached_cell_and_set_connections" {{(pid=97265) inner /opt/stack/data/venv/lib/python3.12/site-packages/oslo_concurrency/lockutils.py:512}}
Aug 19 05:48:15.625213 np0000007742 nova-conductor[97265]: DEBUG oslo_concurrency.lockutils [None req-51dc8ea9-758d-4ab1-992d-3ff26171d59a tempest-VolumesBackupsTest-1627051681 tempest-VolumesBackupsTest-1627051681-project-member] Lock "2fa0a437-b1bb-46d1-82c0-9565857b08a6" acquired by "nova.context.set_target_cell..get_or_set_cached_cell_and_set_connections" :: waited 0.000s {{(pid=97265) inner /opt/stack/data/venv/lib/python3.12/site-packages/oslo_concurrency/lockutils.py:525}}
Aug 19 05:48:15.625400 np0000007742 nova-conductor[97265]: DEBUG oslo_concurrency.lockutils [None req-51dc8ea9-758d-4ab1-992d-3ff26171d59a tempest-VolumesBackupsTest-1627051681 tempest-VolumesBackupsTest-1627051681-project-member] Lock "2fa0a437-b1bb-46d1-82c0-9565857b08a6" "released" by "nova.context.set_target_cell..get_or_set_cached_cell_and_set_connections" :: held 0.000s {{(pid=97265) inner /opt/stack/data/venv/lib/python3.12/site-packages/oslo_concurrency/lockutils.py:544}}
Aug 19 05:48:25.577734 np0000007742 nova-conductor[97265]: DEBUG dbcounter [-] [97265] Writing DB stats nova_cell0:SELECT=1 {{(pid=97265) stat_writer /opt/stack/data/venv/lib/python3.12/site-packages/dbcounter.py:115}}
Aug 19 05:48:25.589401 np0000007742 nova-conductor[97265]: DEBUG dbcounter [-] [97265] Writing DB stats nova_cell0:SELECT=3 {{(pid=97265) stat_writer /opt/stack/data/venv/lib/python3.12/site-packages/dbcounter.py:115}}
Aug 19 05:48:25.605184 np0000007742 nova-conductor[97265]: DEBUG dbcounter [-] [97265] Writing DB stats nova_cell1:SELECT=3,nova_cell1:SAVEPOINT=1,nova_cell1:INSERT=21,nova_cell1:RELEASE=1 {{(pid=97265) stat_writer /opt/stack/data/venv/lib/python3.12/site-packages/dbcounter.py:115}}
Aug 19 05:48:25.619215 np0000007742 nova-conductor[97265]: DEBUG dbcounter [-] [97265] Writing DB stats nova_api:SELECT=12,nova_api:UPDATE=1,nova_api:DELETE=1 {{(pid=97265) stat_writer /opt/stack/data/venv/lib/python3.12/site-packages/dbcounter.py:115}}
Aug 19 05:48:31.672424 np0000007742 nova-conductor[97277]: DEBUG oslo.service.backend._threading.loopingcall [None req-505f9947-6f6e-4c52-b3b8-4ba61712e281 None None] Dynamic interval looping call 'nova.service.Service.periodic_tasks' sleeping for 60.00 seconds {{(pid=97277) _run_loop /opt/stack/data/venv/lib/python3.12/site-packages/oslo_service/backend/_threading/loopingcall.py:125}}
Aug 19 05:49:02.646962 np0000007742 nova-conductor[97269]: DEBUG oslo.service.backend._threading.loopingcall [None req-6372b0fe-2055-4ae0-98df-4d78207c8af5 None None] Dynamic interval looping call 'nova.service.Service.periodic_tasks' sleeping for 60.00 seconds {{(pid=97269) _run_loop /opt/stack/data/venv/lib/python3.12/site-packages/oslo_service/backend/_threading/loopingcall.py:125}}
Aug 19 05:49:09.646994 np0000007742 nova-conductor[97265]: DEBUG oslo.service.backend._threading.loopingcall [None req-d7a60423-aeda-46f9-a15f-b8b984386ad4 None None] Dynamic interval looping call 'nova.service.Service.periodic_tasks' sleeping for 60.00 seconds {{(pid=97265) _run_loop /opt/stack/data/venv/lib/python3.12/site-packages/oslo_service/backend/_threading/loopingcall.py:125}}
Aug 19 05:49:31.673459 np0000007742 nova-conductor[97277]: DEBUG oslo.service.backend._threading.loopingcall [None req-505f9947-6f6e-4c52-b3b8-4ba61712e281 None None] Dynamic interval looping call 'nova.service.Service.periodic_tasks' sleeping for 60.00 seconds {{(pid=97277) _run_loop /opt/stack/data/venv/lib/python3.12/site-packages/oslo_service/backend/_threading/loopingcall.py:125}}
Aug 19 05:50:02.636634 np0000007742 nova-conductor[97265]: DEBUG oslo.service.backend._threading.loopingcall [-] Fixed interval looping call 'nova.servicegroup.drivers.db.DbDriver._report_state' sleeping for 119.99 seconds {{(pid=97265) _run_loop /opt/stack/data/venv/lib/python3.12/site-packages/oslo_service/backend/_threading/loopingcall.py:125}}
Aug 19 05:50:02.638027 np0000007742 nova-conductor[97269]: DEBUG oslo.service.backend._threading.loopingcall [-] Fixed interval looping call 'nova.servicegroup.drivers.db.DbDriver._report_state' sleeping for 119.99 seconds {{(pid=97269) _run_loop /opt/stack/data/venv/lib/python3.12/site-packages/oslo_service/backend/_threading/loopingcall.py:125}}
Aug 19 05:50:02.648149 np0000007742 nova-conductor[97269]: DEBUG oslo.service.backend._threading.loopingcall [None req-6372b0fe-2055-4ae0-98df-4d78207c8af5 None None] Dynamic interval looping call 'nova.service.Service.periodic_tasks' sleeping for 60.00 seconds {{(pid=97269) _run_loop /opt/stack/data/venv/lib/python3.12/site-packages/oslo_service/backend/_threading/loopingcall.py:125}}
Aug 19 05:50:02.670543 np0000007742 nova-conductor[97277]: DEBUG oslo.service.backend._threading.loopingcall [-] Fixed interval looping call 'nova.servicegroup.drivers.db.DbDriver._report_state' sleeping for 120.00 seconds {{(pid=97277) _run_loop /opt/stack/data/venv/lib/python3.12/site-packages/oslo_service/backend/_threading/loopingcall.py:125}}
Aug 19 05:50:09.648064 np0000007742 nova-conductor[97265]: DEBUG oslo.service.backend._threading.loopingcall [None req-d7a60423-aeda-46f9-a15f-b8b984386ad4 None None] Dynamic interval looping call 'nova.service.Service.periodic_tasks' sleeping for 60.00 seconds {{(pid=97265) _run_loop /opt/stack/data/venv/lib/python3.12/site-packages/oslo_service/backend/_threading/loopingcall.py:125}}
Aug 19 05:50:12.632205 np0000007742 nova-conductor[97265]: DEBUG dbcounter [-] [97265] Writing DB stats nova_cell0:SELECT=1,nova_cell0:UPDATE=1 {{(pid=97265) stat_writer /opt/stack/data/venv/lib/python3.12/site-packages/dbcounter.py:115}}
Aug 19 05:50:12.632898 np0000007742 nova-conductor[97269]: DEBUG dbcounter [-] [97269] Writing DB stats nova_cell0:SELECT=1,nova_cell0:UPDATE=1 {{(pid=97269) stat_writer /opt/stack/data/venv/lib/python3.12/site-packages/dbcounter.py:115}}
Aug 19 05:50:12.669180 np0000007742 nova-conductor[97277]: DEBUG dbcounter [-] [97277] Writing DB stats nova_cell0:SELECT=1 {{(pid=97277) stat_writer /opt/stack/data/venv/lib/python3.12/site-packages/dbcounter.py:115}}
Aug 19 05:50:31.674497 np0000007742 nova-conductor[97277]: DEBUG oslo.service.backend._threading.loopingcall [None req-505f9947-6f6e-4c52-b3b8-4ba61712e281 None None] Dynamic interval looping call 'nova.service.Service.periodic_tasks' sleeping for 60.00 seconds {{(pid=97277) _run_loop /opt/stack/data/venv/lib/python3.12/site-packages/oslo_service/backend/_threading/loopingcall.py:125}}
Aug 19 05:51:02.648671 np0000007742 nova-conductor[97269]: DEBUG oslo.service.backend._threading.loopingcall [None req-6372b0fe-2055-4ae0-98df-4d78207c8af5 None None] Dynamic interval looping call 'nova.service.Service.periodic_tasks' sleeping for 60.00 seconds {{(pid=97269) _run_loop /opt/stack/data/venv/lib/python3.12/site-packages/oslo_service/backend/_threading/loopingcall.py:125}}
Aug 19 05:51:09.648589 np0000007742 nova-conductor[97265]: DEBUG oslo.service.backend._threading.loopingcall [None req-d7a60423-aeda-46f9-a15f-b8b984386ad4 None None] Dynamic interval looping call 'nova.service.Service.periodic_tasks' sleeping for 60.00 seconds {{(pid=97265) _run_loop /opt/stack/data/venv/lib/python3.12/site-packages/oslo_service/backend/_threading/loopingcall.py:125}}
Aug 19 05:51:31.675011 np0000007742 nova-conductor[97277]: DEBUG oslo.service.backend._threading.loopingcall [None req-505f9947-6f6e-4c52-b3b8-4ba61712e281 None None] Dynamic interval looping call 'nova.service.Service.periodic_tasks' sleeping for 60.00 seconds {{(pid=97277) _run_loop /opt/stack/data/venv/lib/python3.12/site-packages/oslo_service/backend/_threading/loopingcall.py:125}}