Jun 11 12:24:02.876917 np0000002621 devstack@g-api.service[102050]: DEBUG glance_store.location [-] Registering scheme file with {'store': , 'location_class': , 'store_entry': 'file'} {{(pid=102050) register_scheme_map /opt/stack/data/venv/lib/python3.12/site-packages/glance_store/location.py:146}}
Jun 11 12:24:02.876954 np0000002621 devstack@g-api.service[102050]: DEBUG glance_store.location [-] Registering scheme filesystem with {'store': , 'location_class': , 'store_entry': 'file'} {{(pid=102050) register_scheme_map /opt/stack/data/venv/lib/python3.12/site-packages/glance_store/location.py:146}}
Jun 11 12:24:02.877066 np0000002621 devstack@g-api.service[102050]: DEBUG glance_store.backend [-] Attempting to import store swift {{(pid=102050) _load_store /opt/stack/data/venv/lib/python3.12/site-packages/glance_store/backend.py:215}}
Jun 11 12:24:02.877163 np0000002621 devstack@g-api.service[102050]: WARNING oslo_config.cfg [-] Deprecated: Option "default_store" from group "glance_store" is deprecated for removal (
Jun 11 12:24:02.877163 np0000002621 devstack@g-api.service[102050]: This option is deprecated against new config option
Jun 11 12:24:02.877163 np0000002621 devstack@g-api.service[102050]: ``default_backend`` which acts similar to ``default_store`` config
Jun 11 12:24:02.877163 np0000002621 devstack@g-api.service[102050]: option.
Jun 11 12:24:02.877163 np0000002621 devstack@g-api.service[102050]: This option is scheduled for removal in the U development
Jun 11 12:24:02.877163 np0000002621 devstack@g-api.service[102050]: cycle.
Jun 11 12:24:02.877163 np0000002621 devstack@g-api.service[102050]: ). Its value may be silently ignored in the future.
Jun 11 12:24:02.878263 np0000002621 devstack@g-api.service[102050]: DEBUG glance_store.capabilities [-] Store glance_store._drivers.swift.store.SingleTenantStore doesn't support updating dynamic storage capabilities. Please overwrite 'update_capabilities' method of the store to implement updating logics if needed. {{(pid=102050) update_capabilities /opt/stack/data/venv/lib/python3.12/site-packages/glance_store/capabilities.py:91}}
Jun 11 12:24:02.878335 np0000002621 devstack@g-api.service[102050]: DEBUG glance_store.backend [-] Registering store swift with schemes ('swift+https', 'swift', 'swift+http', 'swift+config') {{(pid=102050) create_stores /opt/stack/data/venv/lib/python3.12/site-packages/glance_store/backend.py:261}}
Jun 11 12:24:02.878379 np0000002621 devstack@g-api.service[102050]: DEBUG glance_store.driver [-] Late loading location class glance_store._drivers.swift.store.StoreLocation {{(pid=102050) get_store_location_class /opt/stack/data/venv/lib/python3.12/site-packages/glance_store/driver.py:134}}
Jun 11 12:24:02.878476 np0000002621 devstack@g-api.service[102050]: DEBUG glance_store.location [-] Registering scheme swift+https with {'store': , 'location_class': , 'store_entry': 'swift'} {{(pid=102050) register_scheme_map /opt/stack/data/venv/lib/python3.12/site-packages/glance_store/location.py:146}}
Jun 11 12:24:02.878563 np0000002621 devstack@g-api.service[102050]: DEBUG glance_store.location [-] Registering scheme swift with {'store': , 'location_class': , 'store_entry': 'swift'} {{(pid=102050) register_scheme_map /opt/stack/data/venv/lib/python3.12/site-packages/glance_store/location.py:146}}
Jun 11 12:24:02.878563 np0000002621 devstack@g-api.service[102050]: DEBUG glance_store.location [-] Registering scheme swift+http with {'store': , 'location_class': , 'store_entry': 'swift'} {{(pid=102050) register_scheme_map /opt/stack/data/venv/lib/python3.12/site-packages/glance_store/location.py:146}}
Jun 11 12:24:02.878682 np0000002621 devstack@g-api.service[102050]: DEBUG glance_store.location [-] Registering scheme swift+config with {'store': , 'location_class': , 'store_entry': 'swift'} {{(pid=102050) register_scheme_map /opt/stack/data/venv/lib/python3.12/site-packages/glance_store/location.py:146}}
Jun 11 12:24:02.878720 np0000002621 devstack@g-api.service[102050]: DEBUG glance_store.backend [-] Attempting to import store swift {{(pid=102050) _load_store /opt/stack/data/venv/lib/python3.12/site-packages/glance_store/backend.py:215}}
Jun 11 12:24:02.879716 np0000002621 devstack@g-api.service[102050]: DEBUG glance_store.capabilities [-] Store glance_store._drivers.swift.store.SingleTenantStore doesn't support updating dynamic storage capabilities. Please overwrite 'update_capabilities' method of the store to implement updating logics if needed. {{(pid=102050) update_capabilities /opt/stack/data/venv/lib/python3.12/site-packages/glance_store/capabilities.py:91}}
Jun 11 12:24:02.879766 np0000002621 devstack@g-api.service[102050]: DEBUG glance_store.driver [-] Late loading location class glance_store._drivers.swift.store.StoreLocation {{(pid=102050) get_store_location_class /opt/stack/data/venv/lib/python3.12/site-packages/glance_store/driver.py:134}}
Jun 11 12:24:02.879847 np0000002621 devstack@g-api.service[102050]: DEBUG glance_store.location [-] Registering scheme swift+https with {'store': , 'location_class': , 'store_entry': 'swift'} {{(pid=102050) register_scheme_map /opt/stack/data/venv/lib/python3.12/site-packages/glance_store/location.py:146}}
Jun 11 12:24:02.879922 np0000002621 devstack@g-api.service[102050]: DEBUG glance_store.location [-] Registering scheme swift+https with {'store': , 'location_class': , 'store_entry': 'swift'} {{(pid=102050) register_scheme_map /opt/stack/data/venv/lib/python3.12/site-packages/glance_store/location.py:146}}
Jun 11 12:24:02.879922 np0000002621 devstack@g-api.service[102050]: DEBUG glance_store.location [-] Registering scheme swift with {'store': , 'location_class': , 'store_entry': 'swift'} {{(pid=102050) register_scheme_map /opt/stack/data/venv/lib/python3.12/site-packages/glance_store/location.py:146}}
Jun 11 12:24:02.880007 np0000002621 devstack@g-api.service[102050]: DEBUG glance_store.location [-] Registering scheme swift+https with {'store': , 'location_class': , 'store_entry': 'swift'} {{(pid=102050) register_scheme_map /opt/stack/data/venv/lib/python3.12/site-packages/glance_store/location.py:146}}
Jun 11 12:24:02.880007 np0000002621 devstack@g-api.service[102050]: DEBUG glance_store.location [-] Registering scheme swift with {'store': , 'location_class': , 'store_entry': 'swift'} {{(pid=102050) register_scheme_map /opt/stack/data/venv/lib/python3.12/site-packages/glance_store/location.py:146}}
Jun 11 12:24:02.880058 np0000002621 devstack@g-api.service[102050]: DEBUG glance_store.location [-] Registering scheme swift+http with {'store': , 'location_class': , 'store_entry': 'swift'} {{(pid=102050) register_scheme_map /opt/stack/data/venv/lib/python3.12/site-packages/glance_store/location.py:146}}
Jun 11 12:24:02.880091 np0000002621 devstack@g-api.service[102050]: DEBUG glance_store.location [-] Registering scheme swift+https with {'store': , 'location_class': , 'store_entry': 'swift'} {{(pid=102050) register_scheme_map /opt/stack/data/venv/lib/python3.12/site-packages/glance_store/location.py:146}}
Jun 11 12:24:02.880120 np0000002621 devstack@g-api.service[102050]: DEBUG glance_store.location [-] Registering scheme swift with {'store': , 'location_class': , 'store_entry': 'swift'} {{(pid=102050) register_scheme_map /opt/stack/data/venv/lib/python3.12/site-packages/glance_store/location.py:146}}
Jun 11 12:24:02.880244 np0000002621 devstack@g-api.service[102050]: DEBUG glance_store.location [-] Registering scheme swift+http with {'store': , 'location_class': , 'store_entry': 'swift'} {{(pid=102050) register_scheme_map /opt/stack/data/venv/lib/python3.12/site-packages/glance_store/location.py:146}}
Jun 11 12:24:02.880244 np0000002621 devstack@g-api.service[102050]: DEBUG glance_store.location [-] Registering scheme swift+config with {'store': , 'location_class': , 'store_entry': 'swift'} {{(pid=102050) register_scheme_map /opt/stack/data/venv/lib/python3.12/site-packages/glance_store/location.py:146}}
Jun 11 12:24:02.880455 np0000002621 devstack@g-api.service[102050]: DEBUG glance.sqlite_migration [-] SQLite caching database not located, skipping migration {{(pid=102050) get_db_path /opt/stack/glance/glance/sqlite_migration.py:68}}
Jun 11 12:24:02.880673 np0000002621 devstack@g-api.service[102050]: WARNING glance.common.wsgi_app [-] Import methods are enabled but staging directory /tmp/staging/ does not exist; Imports will fail!
Jun 11 12:24:03.093919 np0000002621 devstack@g-api.service[102049]: DEBUG glance.common.config [None req-51ff10c5-516f-40b1-9900-849380ae85c0 None None] Loading glance-api-keystone+cachemanagement from /etc/glance/glance-api-paste.ini {{(pid=102049) load_paste_app /opt/stack/glance/glance/common/config.py:758}}
Jun 11 12:24:03.141709 np0000002621 devstack@g-api.service[102050]: DEBUG glance.common.config [None req-cd664595-81d0-4179-821c-55f980f7e367 None None] Loading glance-api-keystone+cachemanagement from /etc/glance/glance-api-paste.ini {{(pid=102050) load_paste_app /opt/stack/glance/glance/common/config.py:758}}
Jun 11 12:24:03.155792 np0000002621 devstack@g-api.service[102048]: DEBUG glance.common.config [None req-86422699-489f-4be9-9524-471cdb41a1cc None None] Loading glance-api-keystone+cachemanagement from /etc/glance/glance-api-paste.ini {{(pid=102048) load_paste_app /opt/stack/glance/glance/common/config.py:758}}
Jun 11 12:24:03.738514 np0000002621 devstack@g-api.service[102050]: INFO glance.image_cache [None req-cd664595-81d0-4179-821c-55f980f7e367 None None] Image cache loaded driver 'centralized_db'.
Jun 11 12:24:03.743886 np0000002621 devstack@g-api.service[102049]: INFO glance.image_cache [None req-51ff10c5-516f-40b1-9900-849380ae85c0 None None] Image cache loaded driver 'centralized_db'.
Jun 11 12:24:03.748021 np0000002621 devstack@g-api.service[102048]: INFO glance.image_cache [None req-86422699-489f-4be9-9524-471cdb41a1cc None None] Image cache loaded driver 'centralized_db'.
Jun 11 12:24:03.783686 np0000002621 devstack@g-api.service[102050]: INFO dbcounter [None req-cd664595-81d0-4179-821c-55f980f7e367 None None] Registered counter for database glance
Jun 11 12:24:03.794822 np0000002621 devstack@g-api.service[102049]: INFO dbcounter [None req-51ff10c5-516f-40b1-9900-849380ae85c0 None None] Registered counter for database glance
Jun 11 12:24:03.796288 np0000002621 devstack@g-api.service[102048]: INFO dbcounter [None req-86422699-489f-4be9-9524-471cdb41a1cc None None] Registered counter for database glance
Jun 11 12:24:03.827633 np0000002621 devstack@g-api.service[102050]: DEBUG oslo_db.sqlalchemy.engines [None req-cd664595-81d0-4179-821c-55f980f7e367 None None] MySQL server mode set to STRICT_TRANS_TABLES,STRICT_ALL_TABLES,NO_ZERO_IN_DATE,NO_ZERO_DATE,ERROR_FOR_DIVISION_BY_ZERO,TRADITIONAL,NO_ENGINE_SUBSTITUTION {{(pid=102050) _check_effective_sql_mode /opt/stack/data/venv/lib/python3.12/site-packages/oslo_db/sqlalchemy/engines.py:325}}
Jun 11 12:24:03.849109 np0000002621 devstack@g-api.service[102048]: DEBUG oslo_db.sqlalchemy.engines [None req-86422699-489f-4be9-9524-471cdb41a1cc None None] MySQL server mode set to STRICT_TRANS_TABLES,STRICT_ALL_TABLES,NO_ZERO_IN_DATE,NO_ZERO_DATE,ERROR_FOR_DIVISION_BY_ZERO,TRADITIONAL,NO_ENGINE_SUBSTITUTION {{(pid=102048) _check_effective_sql_mode /opt/stack/data/venv/lib/python3.12/site-packages/oslo_db/sqlalchemy/engines.py:325}}
Jun 11 12:24:03.852422 np0000002621 devstack@g-api.service[102049]: DEBUG oslo_db.sqlalchemy.engines [None req-51ff10c5-516f-40b1-9900-849380ae85c0 None None] MySQL server mode set to STRICT_TRANS_TABLES,STRICT_ALL_TABLES,NO_ZERO_IN_DATE,NO_ZERO_DATE,ERROR_FOR_DIVISION_BY_ZERO,TRADITIONAL,NO_ENGINE_SUBSTITUTION {{(pid=102049) _check_effective_sql_mode /opt/stack/data/venv/lib/python3.12/site-packages/oslo_db/sqlalchemy/engines.py:325}}
Jun 11 12:24:03.852778 np0000002621 devstack@g-api.service[102050]: DEBUG dbcounter [-] [102050] Writer thread running {{(pid=102050) stat_writer /opt/stack/data/venv/lib/python3.12/site-packages/dbcounter.py:102}}
Jun 11 12:24:03.869973 np0000002621 devstack@g-api.service[102050]: INFO glance.image_cache [None req-cd664595-81d0-4179-821c-55f980f7e367 None None] Image cache loaded driver 'centralized_db'.
Jun 11 12:24:03.876714 np0000002621 devstack@g-api.service[102049]: DEBUG dbcounter [-] [102049] Writer thread running {{(pid=102049) stat_writer /opt/stack/data/venv/lib/python3.12/site-packages/dbcounter.py:102}}
Jun 11 12:24:03.878998 np0000002621 devstack@g-api.service[102048]: DEBUG dbcounter [-] [102048] Writer thread running {{(pid=102048) stat_writer /opt/stack/data/venv/lib/python3.12/site-packages/dbcounter.py:102}}
Jun 11 12:24:03.880436 np0000002621 devstack@g-api.service[102049]: DEBUG glance.image_cache.drivers.centralized_db [None req-51ff10c5-516f-40b1-9900-849380ae85c0 None None] Node reference is already recorded, ignoring it {{(pid=102049) configure /opt/stack/glance/glance/image_cache/drivers/centralized_db.py:71}}
Jun 11 12:24:03.882939 np0000002621 devstack@g-api.service[102050]: DEBUG glance.image_cache.drivers.centralized_db [None req-cd664595-81d0-4179-821c-55f980f7e367 None None] Node reference is already recorded, ignoring it {{(pid=102050) configure /opt/stack/glance/glance/image_cache/drivers/centralized_db.py:71}}
Jun 11 12:24:03.885180 np0000002621 devstack@g-api.service[102048]: DEBUG glance.image_cache.drivers.centralized_db [None req-86422699-489f-4be9-9524-471cdb41a1cc None None] Node reference is already recorded, ignoring it {{(pid=102048) configure /opt/stack/glance/glance/image_cache/drivers/centralized_db.py:71}}
Jun 11 12:24:03.885944 np0000002621 devstack@g-api.service[102049]: INFO glance.image_cache [None req-51ff10c5-516f-40b1-9900-849380ae85c0 None None] Image cache loaded driver 'centralized_db'.
Jun 11 12:24:03.886144 np0000002621 devstack@g-api.service[102050]: DEBUG glance.api.v2.cached_images [None req-cd664595-81d0-4179-821c-55f980f7e367 None None] Started cache worker thread {{(pid=102050) __init__ /opt/stack/glance/glance/api/v2/cached_images.py:69}}
Jun 11 12:24:03.887015 np0000002621 devstack@g-api.service[102050]: INFO glance.image_cache [None req-cd664595-81d0-4179-821c-55f980f7e367 None None] Image cache loaded driver 'centralized_db'.
Jun 11 12:24:03.892791 np0000002621 devstack@g-api.service[102048]: INFO glance.image_cache [None req-86422699-489f-4be9-9524-471cdb41a1cc None None] Image cache loaded driver 'centralized_db'.
Jun 11 12:24:03.895821 np0000002621 devstack@g-api.service[102049]: DEBUG glance.image_cache.drivers.centralized_db [None req-51ff10c5-516f-40b1-9900-849380ae85c0 None None] Node reference is already recorded, ignoring it {{(pid=102049) configure /opt/stack/glance/glance/image_cache/drivers/centralized_db.py:71}}
Jun 11 12:24:03.900129 np0000002621 devstack@g-api.service[102050]: DEBUG glance.image_cache.drivers.centralized_db [None req-cd664595-81d0-4179-821c-55f980f7e367 None None] Node reference is already recorded, ignoring it {{(pid=102050) configure /opt/stack/glance/glance/image_cache/drivers/centralized_db.py:71}}
Jun 11 12:24:03.900275 np0000002621 devstack@g-api.service[102049]: DEBUG glance.api.v2.cached_images [None req-51ff10c5-516f-40b1-9900-849380ae85c0 None None] Started cache worker thread {{(pid=102049) __init__ /opt/stack/glance/glance/api/v2/cached_images.py:69}}
Jun 11 12:24:03.900754 np0000002621 devstack@g-api.service[102049]: INFO glance.image_cache [None req-51ff10c5-516f-40b1-9900-849380ae85c0 None None] Image cache loaded driver 'centralized_db'.
Jun 11 12:24:03.902416 np0000002621 devstack@g-api.service[102048]: DEBUG glance.image_cache.drivers.centralized_db [None req-86422699-489f-4be9-9524-471cdb41a1cc None None] Node reference is already recorded, ignoring it {{(pid=102048) configure /opt/stack/glance/glance/image_cache/drivers/centralized_db.py:71}}
Jun 11 12:24:03.903666 np0000002621 devstack@g-api.service[102050]: INFO glance.api.middleware.cache_manage [None req-cd664595-81d0-4179-821c-55f980f7e367 None None] Initialized image cache management middleware
Jun 11 12:24:03.903854 np0000002621 devstack@g-api.service[102050]: INFO glance.image_cache [None req-cd664595-81d0-4179-821c-55f980f7e367 None None] Image cache loaded driver 'centralized_db'.
Jun 11 12:24:03.908465 np0000002621 devstack@g-api.service[102049]: DEBUG glance.image_cache.drivers.centralized_db [None req-51ff10c5-516f-40b1-9900-849380ae85c0 None None] Node reference is already recorded, ignoring it {{(pid=102049) configure /opt/stack/glance/glance/image_cache/drivers/centralized_db.py:71}}
Jun 11 12:24:03.909274 np0000002621 devstack@g-api.service[102048]: DEBUG glance.api.v2.cached_images [None req-86422699-489f-4be9-9524-471cdb41a1cc None None] Started cache worker thread {{(pid=102048) __init__ /opt/stack/glance/glance/api/v2/cached_images.py:69}}
Jun 11 12:24:03.910066 np0000002621 devstack@g-api.service[102048]: INFO glance.image_cache [None req-86422699-489f-4be9-9524-471cdb41a1cc None None] Image cache loaded driver 'centralized_db'.
Jun 11 12:24:03.912722 np0000002621 devstack@g-api.service[102050]: DEBUG glance.image_cache.drivers.centralized_db [None req-cd664595-81d0-4179-821c-55f980f7e367 None None] Node reference is already recorded, ignoring it {{(pid=102050) configure /opt/stack/glance/glance/image_cache/drivers/centralized_db.py:71}}
Jun 11 12:24:03.913203 np0000002621 devstack@g-api.service[102049]: INFO glance.api.middleware.cache_manage [None req-51ff10c5-516f-40b1-9900-849380ae85c0 None None] Initialized image cache management middleware
Jun 11 12:24:03.913372 np0000002621 devstack@g-api.service[102049]: INFO glance.image_cache [None req-51ff10c5-516f-40b1-9900-849380ae85c0 None None] Image cache loaded driver 'centralized_db'.
Jun 11 12:24:03.916736 np0000002621 devstack@g-api.service[102050]: INFO glance.api.middleware.cache [None req-cd664595-81d0-4179-821c-55f980f7e367 None None] Initialized image cache middleware
Jun 11 12:24:03.920765 np0000002621 devstack@g-api.service[102048]: DEBUG glance.image_cache.drivers.centralized_db [None req-86422699-489f-4be9-9524-471cdb41a1cc None None] Node reference is already recorded, ignoring it {{(pid=102048) configure /opt/stack/glance/glance/image_cache/drivers/centralized_db.py:71}}
Jun 11 12:24:03.922882 np0000002621 devstack@g-api.service[102049]: DEBUG glance.image_cache.drivers.centralized_db [None req-51ff10c5-516f-40b1-9900-849380ae85c0 None None] Node reference is already recorded, ignoring it {{(pid=102049) configure /opt/stack/glance/glance/image_cache/drivers/centralized_db.py:71}}
Jun 11 12:24:03.927441 np0000002621 devstack@g-api.service[102048]: INFO glance.api.middleware.cache_manage [None req-86422699-489f-4be9-9524-471cdb41a1cc None None] Initialized image cache management middleware
Jun 11 12:24:03.927764 np0000002621 devstack@g-api.service[102048]: INFO glance.image_cache [None req-86422699-489f-4be9-9524-471cdb41a1cc None None] Image cache loaded driver 'centralized_db'.
Jun 11 12:24:03.927828 np0000002621 devstack@g-api.service[102049]: INFO glance.api.middleware.cache [None req-51ff10c5-516f-40b1-9900-849380ae85c0 None None] Initialized image cache middleware
Jun 11 12:24:03.938673 np0000002621 devstack@g-api.service[102048]: DEBUG glance.image_cache.drivers.centralized_db [None req-86422699-489f-4be9-9524-471cdb41a1cc None None] Node reference is already recorded, ignoring it {{(pid=102048) configure /opt/stack/glance/glance/image_cache/drivers/centralized_db.py:71}}
Jun 11 12:24:03.943710 np0000002621 devstack@g-api.service[102048]: INFO glance.api.middleware.cache [None req-86422699-489f-4be9-9524-471cdb41a1cc None None] Initialized image cache middleware
Jun 11 12:24:04.033738 np0000002621 devstack@g-api.service[102050]: DEBUG glance.common.config [None req-cd664595-81d0-4179-821c-55f980f7e367 None None] ******************************************************************************** {{(pid=102050) log_opt_values /opt/stack/data/venv/lib/python3.12/site-packages/oslo_config/cfg.py:3229}}
Jun 11 12:24:04.033911 np0000002621 devstack@g-api.service[102050]: DEBUG glance.common.config [None req-cd664595-81d0-4179-821c-55f980f7e367 None None] Configuration options gathered from: {{(pid=102050) log_opt_values /opt/stack/data/venv/lib/python3.12/site-packages/oslo_config/cfg.py:3230}}
Jun 11 12:24:04.034221 np0000002621 devstack@g-api.service[102050]: DEBUG glance.common.config [None req-cd664595-81d0-4179-821c-55f980f7e367 None None] command line args: [] {{(pid=102050) log_opt_values /opt/stack/data/venv/lib/python3.12/site-packages/oslo_config/cfg.py:3231}}
Jun 11 12:24:04.034372 np0000002621 devstack@g-api.service[102050]: DEBUG glance.common.config [None req-cd664595-81d0-4179-821c-55f980f7e367 None None] config files: ['/etc/glance/glance-image-import.conf', '/etc/glance/glance-api.conf'] {{(pid=102050) log_opt_values /opt/stack/data/venv/lib/python3.12/site-packages/oslo_config/cfg.py:3232}}
Jun 11 12:24:04.034431 np0000002621 devstack@g-api.service[102050]: DEBUG glance.common.config [None req-cd664595-81d0-4179-821c-55f980f7e367 None None] ================================================================================ {{(pid=102050) log_opt_values /opt/stack/data/venv/lib/python3.12/site-packages/oslo_config/cfg.py:3237}}
Jun 11 12:24:04.034795 np0000002621 devstack@g-api.service[102050]: DEBUG glance.common.config [None req-cd664595-81d0-4179-821c-55f980f7e367 None None] allow_anonymous_access = False {{(pid=102050) log_opt_values /opt/stack/data/venv/lib/python3.12/site-packages/oslo_config/cfg.py:3245}}
Jun 11 12:24:04.034902 np0000002621 devstack@g-api.service[102050]: DEBUG glance.common.config [None req-cd664595-81d0-4179-821c-55f980f7e367 None None] api_limit_max = 1000 {{(pid=102050) log_opt_values /opt/stack/data/venv/lib/python3.12/site-packages/oslo_config/cfg.py:3245}}
Jun 11 12:24:04.035005 np0000002621 devstack@g-api.service[102050]: DEBUG glance.common.config [None req-cd664595-81d0-4179-821c-55f980f7e367 None None] backlog = 4096 {{(pid=102050) log_opt_values /opt/stack/data/venv/lib/python3.12/site-packages/oslo_config/cfg.py:3245}}
Jun 11 12:24:04.035133 np0000002621 devstack@g-api.service[102050]: DEBUG glance.common.config [None req-cd664595-81d0-4179-821c-55f980f7e367 None None] bind_host = 0.0.0.0 {{(pid=102050) log_opt_values /opt/stack/data/venv/lib/python3.12/site-packages/oslo_config/cfg.py:3245}}
Jun 11 12:24:04.035234 np0000002621 devstack@g-api.service[102050]: DEBUG glance.common.config [None req-cd664595-81d0-4179-821c-55f980f7e367 None None] bind_port = 19292 {{(pid=102050) log_opt_values /opt/stack/data/venv/lib/python3.12/site-packages/oslo_config/cfg.py:3245}}
Jun 11 12:24:04.035352 np0000002621 devstack@g-api.service[102050]: DEBUG glance.common.config [None req-cd664595-81d0-4179-821c-55f980f7e367 None None] client_socket_timeout = 900 {{(pid=102050) log_opt_values /opt/stack/data/venv/lib/python3.12/site-packages/oslo_config/cfg.py:3245}}
Jun 11 12:24:04.035444 np0000002621 devstack@g-api.service[102050]: DEBUG glance.common.config [None req-cd664595-81d0-4179-821c-55f980f7e367 None None] config_dir = [] {{(pid=102050) log_opt_values /opt/stack/data/venv/lib/python3.12/site-packages/oslo_config/cfg.py:3245}}
Jun 11 12:24:04.035515 np0000002621 devstack@g-api.service[102050]: DEBUG glance.common.config [None req-cd664595-81d0-4179-821c-55f980f7e367 None None] config_file = ['/etc/glance/glance-image-import.conf', '/etc/glance/glance-api.conf'] {{(pid=102050) log_opt_values /opt/stack/data/venv/lib/python3.12/site-packages/oslo_config/cfg.py:3245}}
Jun 11 12:24:04.035626 np0000002621 devstack@g-api.service[102050]: DEBUG glance.common.config [None req-cd664595-81d0-4179-821c-55f980f7e367 None None] config_source = [] {{(pid=102050) log_opt_values /opt/stack/data/venv/lib/python3.12/site-packages/oslo_config/cfg.py:3245}}
Jun 11 12:24:04.035723 np0000002621 devstack@g-api.service[102050]: DEBUG glance.common.config [None req-cd664595-81d0-4179-821c-55f980f7e367 None None] control_exchange = glance {{(pid=102050) log_opt_values /opt/stack/data/venv/lib/python3.12/site-packages/oslo_config/cfg.py:3245}}
Jun 11 12:24:04.035791 np0000002621 devstack@g-api.service[102050]: DEBUG glance.common.config [None req-cd664595-81d0-4179-821c-55f980f7e367 None None] debug = True {{(pid=102050) log_opt_values /opt/stack/data/venv/lib/python3.12/site-packages/oslo_config/cfg.py:3245}}
Jun 11 12:24:04.035945 np0000002621 devstack@g-api.service[102050]: DEBUG glance.common.config [None req-cd664595-81d0-4179-821c-55f980f7e367 None None] default_log_levels = ['amqp=WARN', 'boto=WARN', 'sqlalchemy=WARN', 'suds=INFO', 'oslo.messaging=INFO', 'oslo_messaging=INFO', 'iso8601=WARN', 'requests.packages.urllib3.connectionpool=WARN', 'urllib3.connectionpool=WARN', 'websocket=WARN', 'requests.packages.urllib3.util.retry=WARN', 'urllib3.util.retry=WARN', 'keystonemiddleware=WARN', 'routes.middleware=WARN', 'stevedore=WARN', 'taskflow=WARN', 'keystoneauth=WARN', 'oslo.cache=INFO', 'oslo_policy=INFO', 'dogpile.core.dogpile=INFO'] {{(pid=102050) log_opt_values /opt/stack/data/venv/lib/python3.12/site-packages/oslo_config/cfg.py:3245}}
Jun 11 12:24:04.036026 np0000002621 devstack@g-api.service[102050]: DEBUG glance.common.config [None req-cd664595-81d0-4179-821c-55f980f7e367 None None] default_publisher_id = image.localhost {{(pid=102050) log_opt_values /opt/stack/data/venv/lib/python3.12/site-packages/oslo_config/cfg.py:3245}}
Jun 11 12:24:04.036116 np0000002621 devstack@g-api.service[102050]: DEBUG glance.common.config [None req-cd664595-81d0-4179-821c-55f980f7e367 None None] delayed_delete = False {{(pid=102050) log_opt_values /opt/stack/data/venv/lib/python3.12/site-packages/oslo_config/cfg.py:3245}}
Jun 11 12:24:04.036208 np0000002621 devstack@g-api.service[102050]: DEBUG glance.common.config [None req-cd664595-81d0-4179-821c-55f980f7e367 None None] digest_algorithm = sha256 {{(pid=102050) log_opt_values /opt/stack/data/venv/lib/python3.12/site-packages/oslo_config/cfg.py:3245}}
Jun 11 12:24:04.036300 np0000002621 devstack@g-api.service[102050]: DEBUG glance.common.config [None req-cd664595-81d0-4179-821c-55f980f7e367 None None] disabled_notifications = [] {{(pid=102050) log_opt_values /opt/stack/data/venv/lib/python3.12/site-packages/oslo_config/cfg.py:3245}}
Jun 11 12:24:04.036405 np0000002621 devstack@g-api.service[102050]: DEBUG glance.common.config [None req-cd664595-81d0-4179-821c-55f980f7e367 None None] do_secure_hash = True {{(pid=102050) log_opt_values /opt/stack/data/venv/lib/python3.12/site-packages/oslo_config/cfg.py:3245}}
Jun 11 12:24:04.036494 np0000002621 devstack@g-api.service[102050]: DEBUG glance.common.config [None req-cd664595-81d0-4179-821c-55f980f7e367 None None] enabled_backends = None {{(pid=102050) log_opt_values /opt/stack/data/venv/lib/python3.12/site-packages/oslo_config/cfg.py:3245}}
Jun 11 12:24:04.036655 np0000002621 devstack@g-api.service[102050]: DEBUG glance.common.config [None req-cd664595-81d0-4179-821c-55f980f7e367 None None] enabled_import_methods = ['glance-direct', 'web-download', 'copy-image'] {{(pid=102050) log_opt_values /opt/stack/data/venv/lib/python3.12/site-packages/oslo_config/cfg.py:3245}}
Jun 11 12:24:04.036751 np0000002621 devstack@g-api.service[102050]: DEBUG glance.common.config [None req-cd664595-81d0-4179-821c-55f980f7e367 None None] fatal_deprecations = False {{(pid=102050) log_opt_values /opt/stack/data/venv/lib/python3.12/site-packages/oslo_config/cfg.py:3245}}
Jun 11 12:24:04.036846 np0000002621 devstack@g-api.service[102050]: DEBUG glance.common.config [None req-cd664595-81d0-4179-821c-55f980f7e367 None None] hashing_algorithm = sha512 {{(pid=102050) log_opt_values /opt/stack/data/venv/lib/python3.12/site-packages/oslo_config/cfg.py:3245}}
Jun 11 12:24:04.036931 np0000002621 devstack@g-api.service[102050]: DEBUG glance.common.config [None req-cd664595-81d0-4179-821c-55f980f7e367 None None] http_keepalive = True {{(pid=102050) log_opt_values /opt/stack/data/venv/lib/python3.12/site-packages/oslo_config/cfg.py:3245}}
Jun 11 12:24:04.037017 np0000002621 devstack@g-api.service[102050]: DEBUG glance.common.config [None req-cd664595-81d0-4179-821c-55f980f7e367 None None] http_retries = 3 {{(pid=102050) log_opt_values /opt/stack/data/venv/lib/python3.12/site-packages/oslo_config/cfg.py:3245}}
Jun 11 12:24:04.037107 np0000002621 devstack@g-api.service[102050]: DEBUG glance.common.config [None req-cd664595-81d0-4179-821c-55f980f7e367 None None] image_cache_dir = /opt/stack/data/glance/cache/ {{(pid=102050) log_opt_values /opt/stack/data/venv/lib/python3.12/site-packages/oslo_config/cfg.py:3245}}
Jun 11 12:24:04.037199 np0000002621 devstack@g-api.service[102050]: DEBUG glance.common.config [None req-cd664595-81d0-4179-821c-55f980f7e367 None None] image_cache_driver = centralized_db {{(pid=102050) log_opt_values /opt/stack/data/venv/lib/python3.12/site-packages/oslo_config/cfg.py:3245}}
Jun 11 12:24:04.037279 np0000002621 devstack@g-api.service[102050]: DEBUG glance.common.config [None req-cd664595-81d0-4179-821c-55f980f7e367 None None] image_cache_max_size = 10737418240 {{(pid=102050) log_opt_values /opt/stack/data/venv/lib/python3.12/site-packages/oslo_config/cfg.py:3245}}
Jun 11 12:24:04.037390 np0000002621 devstack@g-api.service[102050]: DEBUG glance.common.config [None req-cd664595-81d0-4179-821c-55f980f7e367 None None] image_cache_sqlite_db = cache.db {{(pid=102050) log_opt_values /opt/stack/data/venv/lib/python3.12/site-packages/oslo_config/cfg.py:3245}}
Jun 11 12:24:04.037499 np0000002621 devstack@g-api.service[102050]: DEBUG glance.common.config [None req-cd664595-81d0-4179-821c-55f980f7e367 None None] image_cache_stall_time = 86400 {{(pid=102050) log_opt_values /opt/stack/data/venv/lib/python3.12/site-packages/oslo_config/cfg.py:3245}}
Jun 11 12:24:04.037643 np0000002621 devstack@g-api.service[102050]: DEBUG glance.common.config [None req-cd664595-81d0-4179-821c-55f980f7e367 None None] image_location_quota = 10 {{(pid=102050) log_opt_values /opt/stack/data/venv/lib/python3.12/site-packages/oslo_config/cfg.py:3245}}
Jun 11 12:24:04.037734 np0000002621 devstack@g-api.service[102050]: DEBUG glance.common.config [None req-cd664595-81d0-4179-821c-55f980f7e367 None None] image_member_quota = 128 {{(pid=102050) log_opt_values /opt/stack/data/venv/lib/python3.12/site-packages/oslo_config/cfg.py:3245}}
Jun 11 12:24:04.037819 np0000002621 devstack@g-api.service[102050]: DEBUG glance.common.config [None req-cd664595-81d0-4179-821c-55f980f7e367 None None] image_property_quota = 128 {{(pid=102050) log_opt_values /opt/stack/data/venv/lib/python3.12/site-packages/oslo_config/cfg.py:3245}}
Jun 11 12:24:04.037907 np0000002621 devstack@g-api.service[102050]: DEBUG glance.common.config [None req-cd664595-81d0-4179-821c-55f980f7e367 None None] image_size_cap = 1099511627776 {{(pid=102050) log_opt_values /opt/stack/data/venv/lib/python3.12/site-packages/oslo_config/cfg.py:3245}}
Jun 11 12:24:04.037994 np0000002621 devstack@g-api.service[102050]: DEBUG glance.common.config [None req-cd664595-81d0-4179-821c-55f980f7e367 None None] image_tag_quota = 128 {{(pid=102050) log_opt_values /opt/stack/data/venv/lib/python3.12/site-packages/oslo_config/cfg.py:3245}}
Jun 11 12:24:04.038085 np0000002621 devstack@g-api.service[102050]: DEBUG glance.common.config [None req-cd664595-81d0-4179-821c-55f980f7e367 None None] instance_format = [instance: %(uuid)s] {{(pid=102050) log_opt_values /opt/stack/data/venv/lib/python3.12/site-packages/oslo_config/cfg.py:3245}}
Jun 11 12:24:04.038175 np0000002621 devstack@g-api.service[102050]: DEBUG glance.common.config [None req-cd664595-81d0-4179-821c-55f980f7e367 None None] instance_uuid_format = [instance: %(uuid)s] {{(pid=102050) log_opt_values /opt/stack/data/venv/lib/python3.12/site-packages/oslo_config/cfg.py:3245}}
Jun 11 12:24:04.038260 np0000002621 devstack@g-api.service[102050]: DEBUG glance.common.config [None req-cd664595-81d0-4179-821c-55f980f7e367 None None] limit_param_default = 25 {{(pid=102050) log_opt_values /opt/stack/data/venv/lib/python3.12/site-packages/oslo_config/cfg.py:3245}}
Jun 11 12:24:04.038372 np0000002621 devstack@g-api.service[102050]: DEBUG glance.common.config [None req-cd664595-81d0-4179-821c-55f980f7e367 None None] log_color = False {{(pid=102050) log_opt_values /opt/stack/data/venv/lib/python3.12/site-packages/oslo_config/cfg.py:3245}}
Jun 11 12:24:04.038464 np0000002621 devstack@g-api.service[102050]: DEBUG glance.common.config [None req-cd664595-81d0-4179-821c-55f980f7e367 None None] log_config_append = None {{(pid=102050) log_opt_values /opt/stack/data/venv/lib/python3.12/site-packages/oslo_config/cfg.py:3245}}
Jun 11 12:24:04.038576 np0000002621 devstack@g-api.service[102050]: DEBUG glance.common.config [None req-cd664595-81d0-4179-821c-55f980f7e367 None None] log_date_format = %Y-%m-%d %H:%M:%S {{(pid=102050) log_opt_values /opt/stack/data/venv/lib/python3.12/site-packages/oslo_config/cfg.py:3245}}
Jun 11 12:24:04.038692 np0000002621 devstack@g-api.service[102050]: DEBUG glance.common.config [None req-cd664595-81d0-4179-821c-55f980f7e367 None None] log_dir = None {{(pid=102050) log_opt_values /opt/stack/data/venv/lib/python3.12/site-packages/oslo_config/cfg.py:3245}}
Jun 11 12:24:04.038782 np0000002621 devstack@g-api.service[102050]: DEBUG glance.common.config [None req-cd664595-81d0-4179-821c-55f980f7e367 None None] log_file = None {{(pid=102050) log_opt_values /opt/stack/data/venv/lib/python3.12/site-packages/oslo_config/cfg.py:3245}}
Jun 11 12:24:04.038869 np0000002621 devstack@g-api.service[102050]: DEBUG glance.common.config [None req-cd664595-81d0-4179-821c-55f980f7e367 None None] log_rotate_interval = 1 {{(pid=102050) log_opt_values /opt/stack/data/venv/lib/python3.12/site-packages/oslo_config/cfg.py:3245}}
Jun 11 12:24:04.038963 np0000002621 devstack@g-api.service[102050]: DEBUG glance.common.config [None req-cd664595-81d0-4179-821c-55f980f7e367 None None] log_rotate_interval_type = days {{(pid=102050) log_opt_values /opt/stack/data/venv/lib/python3.12/site-packages/oslo_config/cfg.py:3245}}
Jun 11 12:24:04.039054 np0000002621 devstack@g-api.service[102050]: DEBUG glance.common.config [None req-cd664595-81d0-4179-821c-55f980f7e367 None None] log_rotation_type = none {{(pid=102050) log_opt_values /opt/stack/data/venv/lib/python3.12/site-packages/oslo_config/cfg.py:3245}}
Jun 11 12:24:04.039122 np0000002621 devstack@g-api.service[102050]: DEBUG glance.common.config [None req-cd664595-81d0-4179-821c-55f980f7e367 None None] logging_context_format_string = %(color)s%(levelname)s %(name)s [%(global_request_id)s %(request_id)s %(project_name)s %(user_name)s%(color)s] %(instance)s%(color)s%(message)s {{(pid=102050) log_opt_values /opt/stack/data/venv/lib/python3.12/site-packages/oslo_config/cfg.py:3245}}
Jun 11 12:24:04.039187 np0000002621 devstack@g-api.service[102050]: DEBUG glance.common.config [None req-cd664595-81d0-4179-821c-55f980f7e367 None None] logging_debug_format_suffix = {{(pid=%(process)d) %(funcName)s %(pathname)s:%(lineno)d}} {{(pid=102050) log_opt_values /opt/stack/data/venv/lib/python3.12/site-packages/oslo_config/cfg.py:3245}}
Jun 11 12:24:04.039332 np0000002621 devstack@g-api.service[102050]: DEBUG glance.common.config [None req-cd664595-81d0-4179-821c-55f980f7e367 None None] logging_default_format_string = %(color)s%(levelname)s %(name)s [-%(color)s] %(instance)s%(color)s%(message)s {{(pid=102050) log_opt_values /opt/stack/data/venv/lib/python3.12/site-packages/oslo_config/cfg.py:3245}}
Jun 11 12:24:04.039389 np0000002621 devstack@g-api.service[102050]: DEBUG glance.common.config [None req-cd664595-81d0-4179-821c-55f980f7e367 None None] logging_exception_prefix = ERROR %(name)s %(instance)s {{(pid=102050) log_opt_values /opt/stack/data/venv/lib/python3.12/site-packages/oslo_config/cfg.py:3245}}
Jun 11 12:24:04.039448 np0000002621 devstack@g-api.service[102050]: DEBUG glance.common.config [None req-cd664595-81d0-4179-821c-55f980f7e367 None None] logging_user_identity_format = %(user)s %(project)s %(domain)s %(system_scope)s %(user_domain)s %(project_domain)s {{(pid=102050) log_opt_values /opt/stack/data/venv/lib/python3.12/site-packages/oslo_config/cfg.py:3245}}
Jun 11 12:24:04.039536 np0000002621 devstack@g-api.service[102050]: DEBUG glance.common.config [None req-cd664595-81d0-4179-821c-55f980f7e367 None None] max_header_line = 16384 {{(pid=102050) log_opt_values /opt/stack/data/venv/lib/python3.12/site-packages/oslo_config/cfg.py:3245}}
Jun 11 12:24:04.039638 np0000002621 devstack@g-api.service[102050]: DEBUG glance.common.config [None req-cd664595-81d0-4179-821c-55f980f7e367 None None] max_logfile_count = 30 {{(pid=102050) log_opt_values /opt/stack/data/venv/lib/python3.12/site-packages/oslo_config/cfg.py:3245}}
Jun 11 12:24:04.039723 np0000002621 devstack@g-api.service[102050]: DEBUG glance.common.config [None req-cd664595-81d0-4179-821c-55f980f7e367 None None] max_logfile_size_mb = 200 {{(pid=102050) log_opt_values /opt/stack/data/venv/lib/python3.12/site-packages/oslo_config/cfg.py:3245}}
Jun 11 12:24:04.039809 np0000002621 devstack@g-api.service[102050]: DEBUG glance.common.config [None req-cd664595-81d0-4179-821c-55f980f7e367 None None] max_request_id_length = 64 {{(pid=102050) log_opt_values /opt/stack/data/venv/lib/python3.12/site-packages/oslo_config/cfg.py:3245}}
Jun 11 12:24:04.039889 np0000002621 devstack@g-api.service[102050]: DEBUG glance.common.config [None req-cd664595-81d0-4179-821c-55f980f7e367 None None] metadata_encryption_key = **** {{(pid=102050) log_opt_values /opt/stack/data/venv/lib/python3.12/site-packages/oslo_config/cfg.py:3245}}
Jun 11 12:24:04.039981 np0000002621 devstack@g-api.service[102050]: DEBUG glance.common.config [None req-cd664595-81d0-4179-821c-55f980f7e367 None None] node_staging_uri = file:///tmp/staging/ {{(pid=102050) log_opt_values /opt/stack/data/venv/lib/python3.12/site-packages/oslo_config/cfg.py:3245}}
Jun 11 12:24:04.040063 np0000002621 devstack@g-api.service[102050]: DEBUG glance.common.config [None req-cd664595-81d0-4179-821c-55f980f7e367 None None] property_protection_file = None {{(pid=102050) log_opt_values /opt/stack/data/venv/lib/python3.12/site-packages/oslo_config/cfg.py:3245}}
Jun 11 12:24:04.040156 np0000002621 devstack@g-api.service[102050]: DEBUG glance.common.config [None req-cd664595-81d0-4179-821c-55f980f7e367 None None] property_protection_rule_format = roles {{(pid=102050) log_opt_values /opt/stack/data/venv/lib/python3.12/site-packages/oslo_config/cfg.py:3245}}
Jun 11 12:24:04.040247 np0000002621 devstack@g-api.service[102050]: DEBUG glance.common.config [None req-cd664595-81d0-4179-821c-55f980f7e367 None None] public_endpoint = https://10.4.3.253/image {{(pid=102050) log_opt_values /opt/stack/data/venv/lib/python3.12/site-packages/oslo_config/cfg.py:3245}}
Jun 11 12:24:04.040348 np0000002621 devstack@g-api.service[102050]: DEBUG glance.common.config [None req-cd664595-81d0-4179-821c-55f980f7e367 None None] publish_errors = False {{(pid=102050) log_opt_values /opt/stack/data/venv/lib/python3.12/site-packages/oslo_config/cfg.py:3245}}
Jun 11 12:24:04.040434 np0000002621 devstack@g-api.service[102050]: DEBUG glance.common.config [None req-cd664595-81d0-4179-821c-55f980f7e367 None None] pydev_worker_debug_host = None {{(pid=102050) log_opt_values /opt/stack/data/venv/lib/python3.12/site-packages/oslo_config/cfg.py:3245}}
Jun 11 12:24:04.040518 np0000002621 devstack@g-api.service[102050]: DEBUG glance.common.config [None req-cd664595-81d0-4179-821c-55f980f7e367 None None] pydev_worker_debug_port = 5678 {{(pid=102050) log_opt_values /opt/stack/data/venv/lib/python3.12/site-packages/oslo_config/cfg.py:3245}}
Jun 11 12:24:04.040644 np0000002621 devstack@g-api.service[102050]: DEBUG glance.common.config [None req-cd664595-81d0-4179-821c-55f980f7e367 None None] rate_limit_burst = 0 {{(pid=102050) log_opt_values /opt/stack/data/venv/lib/python3.12/site-packages/oslo_config/cfg.py:3245}}
Jun 11 12:24:04.040741 np0000002621 devstack@g-api.service[102050]: DEBUG glance.common.config [None req-cd664595-81d0-4179-821c-55f980f7e367 None None] rate_limit_except_level = CRITICAL {{(pid=102050) log_opt_values /opt/stack/data/venv/lib/python3.12/site-packages/oslo_config/cfg.py:3245}}
Jun 11 12:24:04.040826 np0000002621 devstack@g-api.service[102050]: DEBUG glance.common.config [None req-cd664595-81d0-4179-821c-55f980f7e367 None None] rate_limit_interval = 0 {{(pid=102050) log_opt_values /opt/stack/data/venv/lib/python3.12/site-packages/oslo_config/cfg.py:3245}}
Jun 11 12:24:04.040910 np0000002621 devstack@g-api.service[102050]: DEBUG glance.common.config [None req-cd664595-81d0-4179-821c-55f980f7e367 None None] scrub_pool_size = 1 {{(pid=102050) log_opt_values /opt/stack/data/venv/lib/python3.12/site-packages/oslo_config/cfg.py:3245}}
Jun 11 12:24:04.040992 np0000002621 devstack@g-api.service[102050]: DEBUG glance.common.config [None req-cd664595-81d0-4179-821c-55f980f7e367 None None] scrub_time = 0 {{(pid=102050) log_opt_values /opt/stack/data/venv/lib/python3.12/site-packages/oslo_config/cfg.py:3245}}
Jun 11 12:24:04.041074 np0000002621 devstack@g-api.service[102050]: DEBUG glance.common.config [None req-cd664595-81d0-4179-821c-55f980f7e367 None None] shell_completion = None {{(pid=102050) log_opt_values /opt/stack/data/venv/lib/python3.12/site-packages/oslo_config/cfg.py:3245}}
Jun 11 12:24:04.041167 np0000002621 devstack@g-api.service[102050]: DEBUG glance.common.config [None req-cd664595-81d0-4179-821c-55f980f7e367 None None] show_image_direct_url = False {{(pid=102050) log_opt_values /opt/stack/data/venv/lib/python3.12/site-packages/oslo_config/cfg.py:3245}}
Jun 11 12:24:04.041402 np0000002621 devstack@g-api.service[102050]: WARNING oslo_config.cfg [None req-cd664595-81d0-4179-821c-55f980f7e367 None None] Deprecated: Option "show_multiple_locations" from group "DEFAULT" is deprecated for removal (Use of this option, deprecated since Newton, is a security risk and will be removed once we figure out a way to satisfy those use cases that currently require it. An earlier announcement that the same functionality can be achieved with greater granularity by using policies is incorrect. You cannot work around this option via policy configuration at the present time, though that is the direction we believe the fix will take. Please keep an eye on the Glance release notes to stay up to date on progress in addressing this issue.). Its value may be silently ignored in the future.
Jun 11 12:24:04.041500 np0000002621 devstack@g-api.service[102050]: DEBUG glance.common.config [None req-cd664595-81d0-4179-821c-55f980f7e367 None None] show_multiple_locations = False {{(pid=102050) log_opt_values /opt/stack/data/venv/lib/python3.12/site-packages/oslo_config/cfg.py:3245}}
Jun 11 12:24:04.041606 np0000002621 devstack@g-api.service[102050]: DEBUG glance.common.config [None req-cd664595-81d0-4179-821c-55f980f7e367 None None] syslog_log_facility = LOG_USER {{(pid=102050) log_opt_values /opt/stack/data/venv/lib/python3.12/site-packages/oslo_config/cfg.py:3245}}
Jun 11 12:24:04.041695 np0000002621 devstack@g-api.service[102050]: DEBUG glance.common.config [None req-cd664595-81d0-4179-821c-55f980f7e367 None None] tcp_keepidle = 600 {{(pid=102050) log_opt_values /opt/stack/data/venv/lib/python3.12/site-packages/oslo_config/cfg.py:3245}}
Jun 11 12:24:04.041784 np0000002621 devstack@g-api.service[102050]: DEBUG glance.common.config [None req-cd664595-81d0-4179-821c-55f980f7e367 None None] transport_url = **** {{(pid=102050) log_opt_values /opt/stack/data/venv/lib/python3.12/site-packages/oslo_config/cfg.py:3245}}
Jun 11 12:24:04.041872 np0000002621 devstack@g-api.service[102050]: DEBUG glance.common.config [None req-cd664595-81d0-4179-821c-55f980f7e367 None None] use_journal = False {{(pid=102050) log_opt_values /opt/stack/data/venv/lib/python3.12/site-packages/oslo_config/cfg.py:3245}}
Jun 11 12:24:04.041955 np0000002621 devstack@g-api.service[102050]: DEBUG glance.common.config [None req-cd664595-81d0-4179-821c-55f980f7e367 None None] use_json = False {{(pid=102050) log_opt_values /opt/stack/data/venv/lib/python3.12/site-packages/oslo_config/cfg.py:3245}}
Jun 11 12:24:04.042047 np0000002621 devstack@g-api.service[102050]: DEBUG glance.common.config [None req-cd664595-81d0-4179-821c-55f980f7e367 None None] use_keystone_limits = True {{(pid=102050) log_opt_values /opt/stack/data/venv/lib/python3.12/site-packages/oslo_config/cfg.py:3245}}
Jun 11 12:24:04.042158 np0000002621 devstack@g-api.service[102050]: DEBUG glance.common.config [None req-cd664595-81d0-4179-821c-55f980f7e367 None None] use_stderr = False {{(pid=102050) log_opt_values /opt/stack/data/venv/lib/python3.12/site-packages/oslo_config/cfg.py:3245}}
Jun 11 12:24:04.042269 np0000002621 devstack@g-api.service[102050]: DEBUG glance.common.config [None req-cd664595-81d0-4179-821c-55f980f7e367 None None] use_syslog = False {{(pid=102050) log_opt_values /opt/stack/data/venv/lib/python3.12/site-packages/oslo_config/cfg.py:3245}}
Jun 11 12:24:04.042379 np0000002621 devstack@g-api.service[102050]: DEBUG glance.common.config [None req-cd664595-81d0-4179-821c-55f980f7e367 None None] user_storage_quota = 0 {{(pid=102050) log_opt_values /opt/stack/data/venv/lib/python3.12/site-packages/oslo_config/cfg.py:3245}}
Jun 11 12:24:04.042466 np0000002621 devstack@g-api.service[102050]: DEBUG glance.common.config [None req-cd664595-81d0-4179-821c-55f980f7e367 None None] worker_self_reference_url = http://127.0.0.1:60999 {{(pid=102050) log_opt_values /opt/stack/data/venv/lib/python3.12/site-packages/oslo_config/cfg.py:3245}}
Jun 11 12:24:04.042576 np0000002621 devstack@g-api.service[102050]: DEBUG glance.common.config [None req-cd664595-81d0-4179-821c-55f980f7e367 None None] workers = None {{(pid=102050) log_opt_values /opt/stack/data/venv/lib/python3.12/site-packages/oslo_config/cfg.py:3245}}
Jun 11 12:24:04.042705 np0000002621 devstack@g-api.service[102050]: DEBUG glance.common.config [None req-cd664595-81d0-4179-821c-55f980f7e367 None None] oslo_concurrency.disable_process_locking = False {{(pid=102050) log_opt_values /opt/stack/data/venv/lib/python3.12/site-packages/oslo_config/cfg.py:3256}}
Jun 11 12:24:04.042832 np0000002621 devstack@g-api.service[102050]: DEBUG glance.common.config [None req-cd664595-81d0-4179-821c-55f980f7e367 None None] oslo_concurrency.lock_path = /opt/stack/data/glance/locks {{(pid=102050) log_opt_values /opt/stack/data/venv/lib/python3.12/site-packages/oslo_config/cfg.py:3256}}
Jun 11 12:24:04.042935 np0000002621 devstack@g-api.service[102050]: DEBUG glance.common.config [None req-cd664595-81d0-4179-821c-55f980f7e367 None None] oslo_middleware.enable_proxy_headers_parsing = False {{(pid=102050) log_opt_values /opt/stack/data/venv/lib/python3.12/site-packages/oslo_config/cfg.py:3256}}
Jun 11 12:24:04.043031 np0000002621 devstack@g-api.service[102050]: DEBUG glance.common.config [None req-cd664595-81d0-4179-821c-55f980f7e367 None None] oslo_middleware.http_basic_auth_user_file = /etc/htpasswd {{(pid=102050) log_opt_values /opt/stack/data/venv/lib/python3.12/site-packages/oslo_config/cfg.py:3256}}
Jun 11 12:24:04.043120 np0000002621 devstack@g-api.service[102050]: DEBUG glance.common.config [None req-cd664595-81d0-4179-821c-55f980f7e367 None None] paste_deploy.config_file = None {{(pid=102050) log_opt_values /opt/stack/data/venv/lib/python3.12/site-packages/oslo_config/cfg.py:3256}}
Jun 11 12:24:04.043217 np0000002621 devstack@g-api.service[102050]: DEBUG glance.common.config [None req-cd664595-81d0-4179-821c-55f980f7e367 None None] paste_deploy.flavor = keystone+cachemanagement {{(pid=102050) log_opt_values /opt/stack/data/venv/lib/python3.12/site-packages/oslo_config/cfg.py:3256}}
Jun 11 12:24:04.043395 np0000002621 devstack@g-api.service[102050]: DEBUG glance.common.config [None req-cd664595-81d0-4179-821c-55f980f7e367 None None] image_format.container_formats = ['ami', 'ari', 'aki', 'bare', 'ovf', 'ova', 'docker', 'compressed'] {{(pid=102050) log_opt_values /opt/stack/data/venv/lib/python3.12/site-packages/oslo_config/cfg.py:3256}}
Jun 11 12:24:04.043545 np0000002621 devstack@g-api.service[102050]: DEBUG glance.common.config [None req-cd664595-81d0-4179-821c-55f980f7e367 None None] image_format.disk_formats = ['ami', 'ari', 'aki', 'vhd', 'vhdx', 'vmdk', 'raw', 'qcow2', 'vdi', 'iso', 'ploop'] {{(pid=102050) log_opt_values /opt/stack/data/venv/lib/python3.12/site-packages/oslo_config/cfg.py:3256}}
Jun 11 12:24:04.043692 np0000002621 devstack@g-api.service[102050]: DEBUG glance.common.config [None req-cd664595-81d0-4179-821c-55f980f7e367 None None] image_format.gpt_safety_checks_nonfatal = [] {{(pid=102050) log_opt_values /opt/stack/data/venv/lib/python3.12/site-packages/oslo_config/cfg.py:3256}}
Jun 11 12:24:04.043791 np0000002621 devstack@g-api.service[102050]: DEBUG glance.common.config [None req-cd664595-81d0-4179-821c-55f980f7e367 None None] image_format.require_image_format_match = True {{(pid=102050) log_opt_values /opt/stack/data/venv/lib/python3.12/site-packages/oslo_config/cfg.py:3256}}
Jun 11 12:24:04.043890 np0000002621 devstack@g-api.service[102050]: DEBUG glance.common.config [None req-cd664595-81d0-4179-821c-55f980f7e367 None None] image_format.vmdk_allowed_types = ['streamOptimized', 'monolithicSparse'] {{(pid=102050) log_opt_values /opt/stack/data/venv/lib/python3.12/site-packages/oslo_config/cfg.py:3256}}
Jun 11 12:24:04.043986 np0000002621 devstack@g-api.service[102050]: DEBUG glance.common.config [None req-cd664595-81d0-4179-821c-55f980f7e367 None None] task.task_executor = taskflow {{(pid=102050) log_opt_values /opt/stack/data/venv/lib/python3.12/site-packages/oslo_config/cfg.py:3256}}
