Jun 11 12:23:39.039711 np0000002621 nova-scheduler[95814]: DEBUG cotyledon.oslo_config_glue [-] oslo_limit.connect_retry_delay = None {{(pid=95814) log_opt_values /opt/stack/data/venv/lib/python3.12/site-packages/oslo_config/cfg.py:3256}}
Jun 11 12:23:39.039791 np0000002621 nova-scheduler[95814]: DEBUG cotyledon.oslo_config_glue [-] oslo_limit.endpoint_id = None {{(pid=95814) log_opt_values /opt/stack/data/venv/lib/python3.12/site-packages/oslo_config/cfg.py:3256}}
Jun 11 12:23:39.039871 np0000002621 nova-scheduler[95814]: DEBUG cotyledon.oslo_config_glue [-] oslo_limit.endpoint_interface = public {{(pid=95814) log_opt_values /opt/stack/data/venv/lib/python3.12/site-packages/oslo_config/cfg.py:3256}}
Jun 11 12:23:39.039871 np0000002621 nova-scheduler[95814]: DEBUG cotyledon.oslo_config_glue [-] oslo_limit.endpoint_override = None {{(pid=95814) log_opt_values /opt/stack/data/venv/lib/python3.12/site-packages/oslo_config/cfg.py:3256}}
Jun 11 12:23:39.039934 np0000002621 nova-scheduler[95814]: DEBUG cotyledon.oslo_config_glue [-] oslo_limit.endpoint_region_name = None {{(pid=95814) log_opt_values /opt/stack/data/venv/lib/python3.12/site-packages/oslo_config/cfg.py:3256}}
Jun 11 12:23:39.039984 np0000002621 nova-scheduler[95814]: DEBUG cotyledon.oslo_config_glue [-] oslo_limit.endpoint_service_name = None {{(pid=95814) log_opt_values /opt/stack/data/venv/lib/python3.12/site-packages/oslo_config/cfg.py:3256}}
Jun 11 12:23:39.040038 np0000002621 nova-scheduler[95814]: DEBUG cotyledon.oslo_config_glue [-] oslo_limit.endpoint_service_type = None {{(pid=95814) log_opt_values /opt/stack/data/venv/lib/python3.12/site-packages/oslo_config/cfg.py:3256}}
Jun 11 12:23:39.040092 np0000002621 nova-scheduler[95814]: DEBUG cotyledon.oslo_config_glue [-] oslo_limit.insecure = False {{(pid=95814) log_opt_values /opt/stack/data/venv/lib/python3.12/site-packages/oslo_config/cfg.py:3256}}
Jun 11 12:23:39.040145 np0000002621 nova-scheduler[95814]: DEBUG cotyledon.oslo_config_glue [-] oslo_limit.keyfile = None {{(pid=95814) log_opt_values /opt/stack/data/venv/lib/python3.12/site-packages/oslo_config/cfg.py:3256}}
Jun 11 12:23:39.040199 np0000002621 nova-scheduler[95814]: DEBUG cotyledon.oslo_config_glue [-] oslo_limit.max_version = None {{(pid=95814) log_opt_values /opt/stack/data/venv/lib/python3.12/site-packages/oslo_config/cfg.py:3256}}
Jun 11 12:23:39.040254 np0000002621 nova-scheduler[95814]: DEBUG cotyledon.oslo_config_glue [-] oslo_limit.min_version = None {{(pid=95814) log_opt_values /opt/stack/data/venv/lib/python3.12/site-packages/oslo_config/cfg.py:3256}}
Jun 11 12:23:39.040335 np0000002621 nova-scheduler[95814]: DEBUG cotyledon.oslo_config_glue [-] oslo_limit.region_name = None {{(pid=95814) log_opt_values /opt/stack/data/venv/lib/python3.12/site-packages/oslo_config/cfg.py:3256}}
Jun 11 12:23:39.040391 np0000002621 nova-scheduler[95814]: DEBUG cotyledon.oslo_config_glue [-] oslo_limit.retriable_status_codes = None {{(pid=95814) log_opt_values /opt/stack/data/venv/lib/python3.12/site-packages/oslo_config/cfg.py:3256}}
Jun 11 12:23:39.040455 np0000002621 nova-scheduler[95814]: DEBUG cotyledon.oslo_config_glue [-] oslo_limit.service_name = None {{(pid=95814) log_opt_values /opt/stack/data/venv/lib/python3.12/site-packages/oslo_config/cfg.py:3256}}
Jun 11 12:23:39.040514 np0000002621 nova-scheduler[95814]: DEBUG cotyledon.oslo_config_glue [-] oslo_limit.service_type = None {{(pid=95814) log_opt_values /opt/stack/data/venv/lib/python3.12/site-packages/oslo_config/cfg.py:3256}}
Jun 11 12:23:39.040572 np0000002621 nova-scheduler[95814]: DEBUG cotyledon.oslo_config_glue [-] oslo_limit.split_loggers = False {{(pid=95814) log_opt_values /opt/stack/data/venv/lib/python3.12/site-packages/oslo_config/cfg.py:3256}}
Jun 11 12:23:39.040626 np0000002621 nova-scheduler[95814]: DEBUG cotyledon.oslo_config_glue [-] oslo_limit.status_code_retries = None {{(pid=95814) log_opt_values /opt/stack/data/venv/lib/python3.12/site-packages/oslo_config/cfg.py:3256}}
Jun 11 12:23:39.040679 np0000002621 nova-scheduler[95814]: DEBUG cotyledon.oslo_config_glue [-] oslo_limit.status_code_retry_delay = None {{(pid=95814) log_opt_values /opt/stack/data/venv/lib/python3.12/site-packages/oslo_config/cfg.py:3256}}
Jun 11 12:23:39.040746 np0000002621 nova-scheduler[95814]: DEBUG cotyledon.oslo_config_glue [-] oslo_limit.timeout = None {{(pid=95814) log_opt_values /opt/stack/data/venv/lib/python3.12/site-packages/oslo_config/cfg.py:3256}}
Jun 11 12:23:39.040803 np0000002621 nova-scheduler[95814]: DEBUG cotyledon.oslo_config_glue [-] oslo_limit.valid_interfaces = None {{(pid=95814) log_opt_values /opt/stack/data/venv/lib/python3.12/site-packages/oslo_config/cfg.py:3256}}
Jun 11 12:23:39.040857 np0000002621 nova-scheduler[95814]: DEBUG cotyledon.oslo_config_glue [-] oslo_limit.version = None {{(pid=95814) log_opt_values /opt/stack/data/venv/lib/python3.12/site-packages/oslo_config/cfg.py:3256}}
Jun 11 12:23:39.040935 np0000002621 nova-scheduler[95814]: DEBUG cotyledon.oslo_config_glue [-] oslo_reports.file_event_handler = None {{(pid=95814) log_opt_values /opt/stack/data/venv/lib/python3.12/site-packages/oslo_config/cfg.py:3256}}
Jun 11 12:23:39.040998 np0000002621 nova-scheduler[95814]: DEBUG cotyledon.oslo_config_glue [-] oslo_reports.file_event_handler_interval = 1 {{(pid=95814) log_opt_values /opt/stack/data/venv/lib/python3.12/site-packages/oslo_config/cfg.py:3256}}
Jun 11 12:23:39.041061 np0000002621 nova-scheduler[95814]: DEBUG cotyledon.oslo_config_glue [-] oslo_reports.log_dir = None {{(pid=95814) log_opt_values /opt/stack/data/venv/lib/python3.12/site-packages/oslo_config/cfg.py:3256}}
Jun 11 12:23:39.041116 np0000002621 nova-scheduler[95814]: DEBUG cotyledon.oslo_config_glue [-] ******************************************************************************** {{(pid=95814) log_opt_values /opt/stack/data/venv/lib/python3.12/site-packages/oslo_config/cfg.py:3263}}
Jun 11 12:23:39.041335 np0000002621 nova-scheduler[95814]: DEBUG cotyledon._service_worker [-] Run service ServiceWrapper(2) [95814] {{(pid=95814) wait_forever /opt/stack/data/venv/lib/python3.12/site-packages/cotyledon/_service_worker.py:218}}
Jun 11 12:23:39.042610 np0000002621 nova-scheduler[95814]: INFO nova.service [-] Starting scheduler node (version 33.1.0)
Jun 11 12:23:39.047159 np0000002621 nova-scheduler[95814]: INFO dbcounter [None req-b57df193-c2b2-4e74-8605-bce5d8c3b2b4 None None] Registered counter for database nova_cell0
Jun 11 12:23:39.066880 np0000002621 nova-scheduler[95812]: DEBUG oslo_db.sqlalchemy.engines [None req-a011e6b1-1ac2-41f6-8507-858fee7e5a34 None None] MySQL server mode set to STRICT_TRANS_TABLES,STRICT_ALL_TABLES,NO_ZERO_IN_DATE,NO_ZERO_DATE,ERROR_FOR_DIVISION_BY_ZERO,TRADITIONAL,NO_ENGINE_SUBSTITUTION {{(pid=95812) _check_effective_sql_mode /opt/stack/data/venv/lib/python3.12/site-packages/oslo_db/sqlalchemy/engines.py:325}}
Jun 11 12:23:39.073461 np0000002621 nova-scheduler[95810]: DEBUG oslo_db.sqlalchemy.engines [None req-2c702c55-9bd3-4529-9d2f-8619cfcd83df None None] MySQL server mode set to STRICT_TRANS_TABLES,STRICT_ALL_TABLES,NO_ZERO_IN_DATE,NO_ZERO_DATE,ERROR_FOR_DIVISION_BY_ZERO,TRADITIONAL,NO_ENGINE_SUBSTITUTION {{(pid=95810) _check_effective_sql_mode /opt/stack/data/venv/lib/python3.12/site-packages/oslo_db/sqlalchemy/engines.py:325}}
Jun 11 12:23:39.077601 np0000002621 nova-scheduler[95812]: DEBUG dbcounter [-] [95812] Writer thread running {{(pid=95812) stat_writer /opt/stack/data/venv/lib/python3.12/site-packages/dbcounter.py:102}}
Jun 11 12:23:39.082377 np0000002621 nova-scheduler[95810]: DEBUG dbcounter [-] [95810] Writer thread running {{(pid=95810) stat_writer /opt/stack/data/venv/lib/python3.12/site-packages/dbcounter.py:102}}
Jun 11 12:23:39.089800 np0000002621 nova-scheduler[95814]: DEBUG oslo_db.sqlalchemy.engines [None req-b57df193-c2b2-4e74-8605-bce5d8c3b2b4 None None] MySQL server mode set to STRICT_TRANS_TABLES,STRICT_ALL_TABLES,NO_ZERO_IN_DATE,NO_ZERO_DATE,ERROR_FOR_DIVISION_BY_ZERO,TRADITIONAL,NO_ENGINE_SUBSTITUTION {{(pid=95814) _check_effective_sql_mode /opt/stack/data/venv/lib/python3.12/site-packages/oslo_db/sqlalchemy/engines.py:325}}
Jun 11 12:23:39.096411 np0000002621 nova-scheduler[95812]: DEBUG nova.service [None req-a011e6b1-1ac2-41f6-8507-858fee7e5a34 None None] Creating RPC server for service: nova-scheduler on topic: scheduler {{(pid=95812) start /opt/stack/nova/nova/service.py:196}}
Jun 11 12:23:39.100401 np0000002621 nova-scheduler[95810]: DEBUG nova.service [None req-2c702c55-9bd3-4529-9d2f-8619cfcd83df None None] Creating RPC server for service: nova-scheduler on topic: scheduler {{(pid=95810) start /opt/stack/nova/nova/service.py:196}}
Jun 11 12:23:39.102334 np0000002621 nova-scheduler[95814]: DEBUG dbcounter [-] [95814] Writer thread running {{(pid=95814) stat_writer /opt/stack/data/venv/lib/python3.12/site-packages/dbcounter.py:102}}
Jun 11 12:23:39.106205 np0000002621 nova-scheduler[95814]: DEBUG nova.service [None req-b57df193-c2b2-4e74-8605-bce5d8c3b2b4 None None] Creating RPC server for service: nova-scheduler on topic: scheduler {{(pid=95814) start /opt/stack/nova/nova/service.py:196}}
Jun 11 12:23:39.137195 np0000002621 nova-scheduler[95814]: DEBUG nova.service [None req-b57df193-c2b2-4e74-8605-bce5d8c3b2b4 None None] Join ServiceGroup membership for this service scheduler {{(pid=95814) start /opt/stack/nova/nova/service.py:222}}
Jun 11 12:23:39.137535 np0000002621 nova-scheduler[95814]: DEBUG nova.servicegroup.drivers.db [None req-b57df193-c2b2-4e74-8605-bce5d8c3b2b4 None None] DB_Driver: join new ServiceGroup member np0000002621 to the scheduler group, service = {{(pid=95814) join /opt/stack/nova/nova/servicegroup/drivers/db.py:44}}
Jun 11 12:23:39.142242 np0000002621 nova-scheduler[95812]: DEBUG nova.service [None req-a011e6b1-1ac2-41f6-8507-858fee7e5a34 None None] Join ServiceGroup membership for this service scheduler {{(pid=95812) start /opt/stack/nova/nova/service.py:222}}
Jun 11 12:23:39.142488 np0000002621 nova-scheduler[95812]: DEBUG nova.servicegroup.drivers.db [None req-a011e6b1-1ac2-41f6-8507-858fee7e5a34 None None] DB_Driver: join new ServiceGroup member np0000002621 to the scheduler group, service = {{(pid=95812) join /opt/stack/nova/nova/servicegroup/drivers/db.py:44}}
Jun 11 12:23:39.143623 np0000002621 nova-scheduler[95810]: DEBUG nova.service [None req-2c702c55-9bd3-4529-9d2f-8619cfcd83df None None] Join ServiceGroup membership for this service scheduler {{(pid=95810) start /opt/stack/nova/nova/service.py:222}}
Jun 11 12:23:39.143863 np0000002621 nova-scheduler[95810]: DEBUG nova.servicegroup.drivers.db [None req-2c702c55-9bd3-4529-9d2f-8619cfcd83df None None] DB_Driver: join new ServiceGroup member np0000002621 to the scheduler group, service = {{(pid=95810) join /opt/stack/nova/nova/servicegroup/drivers/db.py:44}}
Jun 11 12:23:44.158926 np0000002621 nova-scheduler[95812]: DEBUG oslo.service.backend._threading.loopingcall [-] Fixed interval looping call 'nova.servicegroup.drivers.db.DbDriver._report_state' sleeping for 119.99 seconds {{(pid=95812) _run_loop /opt/stack/data/venv/lib/python3.12/site-packages/oslo_service/backend/_threading/loopingcall.py:125}}
Jun 11 12:23:44.159600 np0000002621 nova-scheduler[95810]: DEBUG oslo.service.backend._threading.loopingcall [-] Fixed interval looping call 'nova.servicegroup.drivers.db.DbDriver._report_state' sleeping for 119.99 seconds {{(pid=95810) _run_loop /opt/stack/data/venv/lib/python3.12/site-packages/oslo_service/backend/_threading/loopingcall.py:125}}
Jun 11 12:23:44.160528 np0000002621 nova-scheduler[95814]: DEBUG oslo.service.backend._threading.loopingcall [-] Fixed interval looping call 'nova.servicegroup.drivers.db.DbDriver._report_state' sleeping for 119.98 seconds {{(pid=95814) _run_loop /opt/stack/data/venv/lib/python3.12/site-packages/oslo_service/backend/_threading/loopingcall.py:125}}
Jun 11 12:23:47.591083 np0000002621 nova-scheduler[94544]: DEBUG dbcounter [-] [94544] Writing DB stats nova_api:SELECT=3 {{(pid=94544) stat_writer /opt/stack/data/venv/lib/python3.12/site-packages/dbcounter.py:115}}
Jun 11 12:23:47.797757 np0000002621 nova-scheduler[94544]: DEBUG dbcounter [-] [94544] Writing DB stats nova_cell1:SELECT=1 {{(pid=94544) stat_writer /opt/stack/data/venv/lib/python3.12/site-packages/dbcounter.py:115}}
Jun 11 12:23:47.797757 np0000002621 nova-scheduler[94544]: DEBUG dbcounter [-] [94544] Writing DB stats nova_cell0:SELECT=1 {{(pid=94544) stat_writer /opt/stack/data/venv/lib/python3.12/site-packages/dbcounter.py:115}}
Jun 11 12:23:54.152676 np0000002621 nova-scheduler[95812]: DEBUG dbcounter [-] [95812] Writing DB stats nova_cell0:SELECT=4,nova_cell0:INSERT=1,nova_cell0:UPDATE=1 {{(pid=95812) stat_writer /opt/stack/data/venv/lib/python3.12/site-packages/dbcounter.py:115}}
Jun 11 12:23:54.159312 np0000002621 nova-scheduler[95810]: DEBUG dbcounter [-] [95810] Writing DB stats nova_cell0:SELECT=5,nova_cell0:INSERT=1,nova_cell0:UPDATE=1 {{(pid=95810) stat_writer /opt/stack/data/venv/lib/python3.12/site-packages/dbcounter.py:115}}
Jun 11 12:23:54.159669 np0000002621 nova-scheduler[95814]: DEBUG dbcounter [-] [95814] Writing DB stats nova_cell0:SELECT=3,nova_cell0:UPDATE=1 {{(pid=95814) stat_writer /opt/stack/data/venv/lib/python3.12/site-packages/dbcounter.py:115}}
Jun 11 12:24:00.145621 np0000002621 nova-scheduler[95812]: DEBUG oslo.service.backend._threading.loopingcall [None req-cde13e92-1f3b-47b2-bb72-e8d751c1b7e6 None None] Dynamic interval looping call 'nova.service.Service.periodic_tasks' sleeping for 60.00 seconds {{(pid=95812) _run_loop /opt/stack/data/venv/lib/python3.12/site-packages/oslo_service/backend/_threading/loopingcall.py:125}}
Jun 11 12:24:32.145918 np0000002621 nova-scheduler[95810]: DEBUG oslo.service.backend._threading.loopingcall [None req-a3928c04-4bd5-4262-81f9-ec85e9632f3d None None] Dynamic interval looping call 'nova.service.Service.periodic_tasks' sleeping for 60.00 seconds {{(pid=95810) _run_loop /opt/stack/data/venv/lib/python3.12/site-packages/oslo_service/backend/_threading/loopingcall.py:125}}
Jun 11 12:24:36.144079 np0000002621 nova-scheduler[95814]: DEBUG oslo.service.backend._threading.loopingcall [None req-3a991f07-3716-4e50-9573-739bd02123a9 None None] Dynamic interval looping call 'nova.service.Service.periodic_tasks' sleeping for 60.00 seconds {{(pid=95814) _run_loop /opt/stack/data/venv/lib/python3.12/site-packages/oslo_service/backend/_threading/loopingcall.py:125}}
Jun 11 12:25:00.145847 np0000002621 nova-scheduler[95812]: DEBUG oslo.service.backend._threading.loopingcall [None req-cde13e92-1f3b-47b2-bb72-e8d751c1b7e6 None None] Dynamic interval looping call 'nova.service.Service.periodic_tasks' sleeping for 60.00 seconds {{(pid=95812) _run_loop /opt/stack/data/venv/lib/python3.12/site-packages/oslo_service/backend/_threading/loopingcall.py:125}}
Jun 11 12:25:32.146537 np0000002621 nova-scheduler[95810]: DEBUG oslo.service.backend._threading.loopingcall [None req-a3928c04-4bd5-4262-81f9-ec85e9632f3d None None] Dynamic interval looping call 'nova.service.Service.periodic_tasks' sleeping for 60.00 seconds {{(pid=95810) _run_loop /opt/stack/data/venv/lib/python3.12/site-packages/oslo_service/backend/_threading/loopingcall.py:125}}
Jun 11 12:25:36.144729 np0000002621 nova-scheduler[95814]: DEBUG oslo.service.backend._threading.loopingcall [None req-3a991f07-3716-4e50-9573-739bd02123a9 None None] Dynamic interval looping call 'nova.service.Service.periodic_tasks' sleeping for 60.00 seconds {{(pid=95814) _run_loop /opt/stack/data/venv/lib/python3.12/site-packages/oslo_service/backend/_threading/loopingcall.py:125}}
Jun 11 12:25:44.146863 np0000002621 nova-scheduler[95814]: DEBUG oslo.service.backend._threading.loopingcall [-] Fixed interval looping call 'nova.servicegroup.drivers.db.DbDriver._report_state' sleeping for 119.99 seconds {{(pid=95814) _run_loop /opt/stack/data/venv/lib/python3.12/site-packages/oslo_service/backend/_threading/loopingcall.py:125}}
Jun 11 12:25:44.152627 np0000002621 nova-scheduler[95812]: DEBUG oslo.service.backend._threading.loopingcall [-] Fixed interval looping call 'nova.servicegroup.drivers.db.DbDriver._report_state' sleeping for 120.00 seconds {{(pid=95812) _run_loop /opt/stack/data/venv/lib/python3.12/site-packages/oslo_service/backend/_threading/loopingcall.py:125}}
Jun 11 12:25:44.153822 np0000002621 nova-scheduler[95810]: DEBUG oslo.service.backend._threading.loopingcall [-] Fixed interval looping call 'nova.servicegroup.drivers.db.DbDriver._report_state' sleeping for 120.00 seconds {{(pid=95810) _run_loop /opt/stack/data/venv/lib/python3.12/site-packages/oslo_service/backend/_threading/loopingcall.py:125}}
Jun 11 12:25:54.143965 np0000002621 nova-scheduler[95814]: DEBUG dbcounter [-] [95814] Writing DB stats nova_cell0:SELECT=1,nova_cell0:UPDATE=1 {{(pid=95814) stat_writer /opt/stack/data/venv/lib/python3.12/site-packages/dbcounter.py:115}}
Jun 11 12:25:54.150800 np0000002621 nova-scheduler[95812]: DEBUG dbcounter [-] [95812] Writing DB stats nova_cell0:SELECT=1 {{(pid=95812) stat_writer /opt/stack/data/venv/lib/python3.12/site-packages/dbcounter.py:115}}
Jun 11 12:25:54.152016 np0000002621 nova-scheduler[95810]: DEBUG dbcounter [-] [95810] Writing DB stats nova_cell0:SELECT=1 {{(pid=95810) stat_writer /opt/stack/data/venv/lib/python3.12/site-packages/dbcounter.py:115}}
Jun 11 12:26:00.146325 np0000002621 nova-scheduler[95812]: DEBUG oslo.service.backend._threading.loopingcall [None req-cde13e92-1f3b-47b2-bb72-e8d751c1b7e6 None None] Dynamic interval looping call 'nova.service.Service.periodic_tasks' sleeping for 60.00 seconds {{(pid=95812) _run_loop /opt/stack/data/venv/lib/python3.12/site-packages/oslo_service/backend/_threading/loopingcall.py:125}}
Jun 11 12:26:32.147171 np0000002621 nova-scheduler[95810]: DEBUG oslo.service.backend._threading.loopingcall [None req-a3928c04-4bd5-4262-81f9-ec85e9632f3d None None] Dynamic interval looping call 'nova.service.Service.periodic_tasks' sleeping for 60.00 seconds {{(pid=95810) _run_loop /opt/stack/data/venv/lib/python3.12/site-packages/oslo_service/backend/_threading/loopingcall.py:125}}
Jun 11 12:26:34.615771 np0000002621 nova-scheduler[95814]: DEBUG nova.scheduler.manager [None req-0b99730e-c353-4609-bf7e-e7c594acdb46 tempest-DeleteServersTestJSON-1825200423 tempest-DeleteServersTestJSON-1825200423-project-member] Starting to schedule for instances: ['2e9e599a-a7b7-471c-b758-30a095dd0deb'] {{(pid=95814) select_destinations /opt/stack/nova/nova/scheduler/manager.py:210}}
Jun 11 12:26:34.617649 np0000002621 nova-scheduler[95814]: DEBUG nova.scheduler.request_filter [None req-0b99730e-c353-4609-bf7e-e7c594acdb46 tempest-DeleteServersTestJSON-1825200423 tempest-DeleteServersTestJSON-1825200423-project-member] compute_status_filter request filter added forbidden trait COMPUTE_STATUS_DISABLED {{(pid=95814) compute_status_filter /opt/stack/nova/nova/scheduler/request_filter.py:253}}
Jun 11 12:26:34.617827 np0000002621 nova-scheduler[95814]: DEBUG nova.scheduler.request_filter [None req-0b99730e-c353-4609-bf7e-e7c594acdb46 tempest-DeleteServersTestJSON-1825200423 tempest-DeleteServersTestJSON-1825200423-project-member] Request filter 'compute_status_filter' took 0.0 seconds {{(pid=95814) wrapper /opt/stack/nova/nova/scheduler/request_filter.py:46}}
Jun 11 12:26:34.618125 np0000002621 nova-scheduler[95814]: DEBUG nova.scheduler.request_filter [None req-0b99730e-c353-4609-bf7e-e7c594acdb46 tempest-DeleteServersTestJSON-1825200423 tempest-DeleteServersTestJSON-1825200423-project-member] Request filter 'accelerators_filter' took 0.0 seconds {{(pid=95814) wrapper /opt/stack/nova/nova/scheduler/request_filter.py:46}}
Jun 11 12:26:34.618395 np0000002621 nova-scheduler[95814]: DEBUG nova.scheduler.request_filter [None req-0b99730e-c353-4609-bf7e-e7c594acdb46 tempest-DeleteServersTestJSON-1825200423 tempest-DeleteServersTestJSON-1825200423-project-member] Request filter 'packed_virtqueue_filter' took 0.0 seconds {{(pid=95814) wrapper /opt/stack/nova/nova/scheduler/request_filter.py:46}}
Jun 11 12:26:34.619028 np0000002621 nova-scheduler[95814]: DEBUG nova.scheduler.request_filter [None req-0b99730e-c353-4609-bf7e-e7c594acdb46 tempest-DeleteServersTestJSON-1825200423 tempest-DeleteServersTestJSON-1825200423-project-member] Request filter 'remote_managed_ports_filter' took 0.0 seconds {{(pid=95814) wrapper /opt/stack/nova/nova/scheduler/request_filter.py:46}}
Jun 11 12:26:34.619028 np0000002621 nova-scheduler[95814]: DEBUG nova.scheduler.request_filter [None req-0b99730e-c353-4609-bf7e-e7c594acdb46 tempest-DeleteServersTestJSON-1825200423 tempest-DeleteServersTestJSON-1825200423-project-member] ephemeral_encryption_filter skipped {{(pid=95814) ephemeral_encryption_filter /opt/stack/nova/nova/scheduler/request_filter.py:426}}
Jun 11 12:26:34.619199 np0000002621 nova-scheduler[95814]: DEBUG nova.scheduler.request_filter [None req-0b99730e-c353-4609-bf7e-e7c594acdb46 tempest-DeleteServersTestJSON-1825200423 tempest-DeleteServersTestJSON-1825200423-project-member] virtio_sound_filter skipped {{(pid=95814) virtio_sound_filter /opt/stack/nova/nova/scheduler/request_filter.py:460}}
Jun 11 12:26:34.619249 np0000002621 nova-scheduler[95814]: DEBUG nova.scheduler.request_filter [None req-0b99730e-c353-4609-bf7e-e7c594acdb46 tempest-DeleteServersTestJSON-1825200423 tempest-DeleteServersTestJSON-1825200423-project-member] tpm_secret_security_filter skipped {{(pid=95814) tpm_secret_security_filter /opt/stack/nova/nova/scheduler/request_filter.py:477}}
Jun 11 12:26:34.661027 np0000002621 nova-scheduler[95812]: DEBUG nova.scheduler.manager [None req-78de2e38-36da-4edf-8d72-f8fd5b3c81d0 tempest-ServersNegativeTestJSON-1087564586 tempest-ServersNegativeTestJSON-1087564586-project-member] Starting to schedule for instances: ['58fc95b3-f97f-431e-837b-5bee7253634f'] {{(pid=95812) select_destinations /opt/stack/nova/nova/scheduler/manager.py:210}}
Jun 11 12:26:34.663679 np0000002621 nova-scheduler[95812]: DEBUG nova.scheduler.request_filter [None req-78de2e38-36da-4edf-8d72-f8fd5b3c81d0 tempest-ServersNegativeTestJSON-1087564586 tempest-ServersNegativeTestJSON-1087564586-project-member] compute_status_filter request filter added forbidden trait COMPUTE_STATUS_DISABLED {{(pid=95812) compute_status_filter /opt/stack/nova/nova/scheduler/request_filter.py:253}}
Jun 11 12:26:34.663679 np0000002621 nova-scheduler[95812]: DEBUG nova.scheduler.request_filter [None req-78de2e38-36da-4edf-8d72-f8fd5b3c81d0 tempest-ServersNegativeTestJSON-1087564586 tempest-ServersNegativeTestJSON-1087564586-project-member] Request filter 'compute_status_filter' took 0.0 seconds {{(pid=95812) wrapper /opt/stack/nova/nova/scheduler/request_filter.py:46}}
Jun 11 12:26:34.663679 np0000002621 nova-scheduler[95812]: DEBUG nova.scheduler.request_filter [None req-78de2e38-36da-4edf-8d72-f8fd5b3c81d0 tempest-ServersNegativeTestJSON-1087564586 tempest-ServersNegativeTestJSON-1087564586-project-member] Request filter 'accelerators_filter' took 0.0 seconds {{(pid=95812) wrapper /opt/stack/nova/nova/scheduler/request_filter.py:46}}
Jun 11 12:26:34.663965 np0000002621 nova-scheduler[95812]: DEBUG nova.scheduler.request_filter [None req-78de2e38-36da-4edf-8d72-f8fd5b3c81d0 tempest-ServersNegativeTestJSON-1087564586 tempest-ServersNegativeTestJSON-1087564586-project-member] Request filter 'packed_virtqueue_filter' took 0.0 seconds {{(pid=95812) wrapper /opt/stack/nova/nova/scheduler/request_filter.py:46}}
Jun 11 12:26:34.665706 np0000002621 nova-scheduler[95812]: DEBUG nova.scheduler.request_filter [None req-78de2e38-36da-4edf-8d72-f8fd5b3c81d0 tempest-ServersNegativeTestJSON-1087564586 tempest-ServersNegativeTestJSON-1087564586-project-member] Request filter 'remote_managed_ports_filter' took 0.0 seconds {{(pid=95812) wrapper /opt/stack/nova/nova/scheduler/request_filter.py:46}}
Jun 11 12:26:34.667072 np0000002621 nova-scheduler[95812]: DEBUG nova.scheduler.request_filter [None req-78de2e38-36da-4edf-8d72-f8fd5b3c81d0 tempest-ServersNegativeTestJSON-1087564586 tempest-ServersNegativeTestJSON-1087564586-project-member] ephemeral_encryption_filter skipped {{(pid=95812) ephemeral_encryption_filter /opt/stack/nova/nova/scheduler/request_filter.py:426}}
Jun 11 12:26:34.667072 np0000002621 nova-scheduler[95812]: DEBUG nova.scheduler.request_filter [None req-78de2e38-36da-4edf-8d72-f8fd5b3c81d0 tempest-ServersNegativeTestJSON-1087564586 tempest-ServersNegativeTestJSON-1087564586-project-member] virtio_sound_filter skipped {{(pid=95812) virtio_sound_filter /opt/stack/nova/nova/scheduler/request_filter.py:460}}
Jun 11 12:26:34.667072 np0000002621 nova-scheduler[95812]: DEBUG nova.scheduler.request_filter [None req-78de2e38-36da-4edf-8d72-f8fd5b3c81d0 tempest-ServersNegativeTestJSON-1087564586 tempest-ServersNegativeTestJSON-1087564586-project-member] tpm_secret_security_filter skipped {{(pid=95812) tpm_secret_security_filter /opt/stack/nova/nova/scheduler/request_filter.py:477}}
Jun 11 12:26:34.739261 np0000002621 nova-scheduler[95810]: DEBUG nova.scheduler.manager [None req-37c1bba0-0dca-49e6-a4f2-87ad0d89764b tempest-ServerBootFromVolumeStableRescueTest-552886565 tempest-ServerBootFromVolumeStableRescueTest-552886565-project-member] Starting to schedule for instances: ['d57a3b42-21e1-4ae2-af56-75d59af87c30'] {{(pid=95810) select_destinations /opt/stack/nova/nova/scheduler/manager.py:210}}
Jun 11 12:26:34.739862 np0000002621 nova-scheduler[95810]: DEBUG nova.scheduler.request_filter [None req-37c1bba0-0dca-49e6-a4f2-87ad0d89764b tempest-ServerBootFromVolumeStableRescueTest-552886565 tempest-ServerBootFromVolumeStableRescueTest-552886565-project-member] compute_status_filter request filter added forbidden trait COMPUTE_STATUS_DISABLED {{(pid=95810) compute_status_filter /opt/stack/nova/nova/scheduler/request_filter.py:253}}
Jun 11 12:26:34.740017 np0000002621 nova-scheduler[95810]: DEBUG nova.scheduler.request_filter [None req-37c1bba0-0dca-49e6-a4f2-87ad0d89764b tempest-ServerBootFromVolumeStableRescueTest-552886565 tempest-ServerBootFromVolumeStableRescueTest-552886565-project-member] Request filter 'compute_status_filter' took 0.0 seconds {{(pid=95810) wrapper /opt/stack/nova/nova/scheduler/request_filter.py:46}}
Jun 11 12:26:34.740363 np0000002621 nova-scheduler[95810]: DEBUG nova.scheduler.request_filter [None req-37c1bba0-0dca-49e6-a4f2-87ad0d89764b tempest-ServerBootFromVolumeStableRescueTest-552886565 tempest-ServerBootFromVolumeStableRescueTest-552886565-project-member] Request filter 'accelerators_filter' took 0.0 seconds {{(pid=95810) wrapper /opt/stack/nova/nova/scheduler/request_filter.py:46}}
Jun 11 12:26:34.740621 np0000002621 nova-scheduler[95810]: DEBUG nova.scheduler.request_filter [None req-37c1bba0-0dca-49e6-a4f2-87ad0d89764b tempest-ServerBootFromVolumeStableRescueTest-552886565 tempest-ServerBootFromVolumeStableRescueTest-552886565-project-member] Request filter 'packed_virtqueue_filter' took 0.0 seconds {{(pid=95810) wrapper /opt/stack/nova/nova/scheduler/request_filter.py:46}}
Jun 11 12:26:34.741011 np0000002621 nova-scheduler[95810]: DEBUG nova.scheduler.request_filter [None req-37c1bba0-0dca-49e6-a4f2-87ad0d89764b tempest-ServerBootFromVolumeStableRescueTest-552886565 tempest-ServerBootFromVolumeStableRescueTest-552886565-project-member] Request filter 'remote_managed_ports_filter' took 0.0 seconds {{(pid=95810) wrapper /opt/stack/nova/nova/scheduler/request_filter.py:46}}
Jun 11 12:26:34.741251 np0000002621 nova-scheduler[95810]: DEBUG nova.scheduler.request_filter [None req-37c1bba0-0dca-49e6-a4f2-87ad0d89764b tempest-ServerBootFromVolumeStableRescueTest-552886565 tempest-ServerBootFromVolumeStableRescueTest-552886565-project-member] ephemeral_encryption_filter skipped {{(pid=95810) ephemeral_encryption_filter /opt/stack/nova/nova/scheduler/request_filter.py:426}}
Jun 11 12:26:34.741500 np0000002621 nova-scheduler[95810]: DEBUG nova.scheduler.request_filter [None req-37c1bba0-0dca-49e6-a4f2-87ad0d89764b tempest-ServerBootFromVolumeStableRescueTest-552886565 tempest-ServerBootFromVolumeStableRescueTest-552886565-project-member] virtio_sound_filter skipped {{(pid=95810) virtio_sound_filter /opt/stack/nova/nova/scheduler/request_filter.py:460}}
Jun 11 12:26:34.741690 np0000002621 nova-scheduler[95810]: DEBUG nova.scheduler.request_filter [None req-37c1bba0-0dca-49e6-a4f2-87ad0d89764b tempest-ServerBootFromVolumeStableRescueTest-552886565 tempest-ServerBootFromVolumeStableRescueTest-552886565-project-member] tpm_secret_security_filter skipped {{(pid=95810) tpm_secret_security_filter /opt/stack/nova/nova/scheduler/request_filter.py:477}}
Jun 11 12:26:35.174943 np0000002621 nova-scheduler[95812]: INFO nova.utils [None req-78de2e38-36da-4edf-8d72-f8fd5b3c81d0 tempest-ServersNegativeTestJSON-1087564586 tempest-ServersNegativeTestJSON-1087564586-project-member] The cell worker thread pool ForkProcess-2.cell_worker is initialized
Jun 11 12:26:35.175437 np0000002621 nova-scheduler[95812]: DEBUG oslo_concurrency.lockutils [None req-78de2e38-36da-4edf-8d72-f8fd5b3c81d0 tempest-ServersNegativeTestJSON-1087564586 tempest-ServersNegativeTestJSON-1087564586-project-member] Acquiring lock "a11b03f2-8528-40be-89ac-3452eae3a114" by "nova.context.set_target_cell..get_or_set_cached_cell_and_set_connections" {{(pid=95812) inner /opt/stack/data/venv/lib/python3.12/site-packages/oslo_concurrency/lockutils.py:511}}
Jun 11 12:26:35.175681 np0000002621 nova-scheduler[95812]: DEBUG oslo_concurrency.lockutils [None req-78de2e38-36da-4edf-8d72-f8fd5b3c81d0 tempest-ServersNegativeTestJSON-1087564586 tempest-ServersNegativeTestJSON-1087564586-project-member] Lock "a11b03f2-8528-40be-89ac-3452eae3a114" acquired by "nova.context.set_target_cell..get_or_set_cached_cell_and_set_connections" :: waited 0.000s {{(pid=95812) inner /opt/stack/data/venv/lib/python3.12/site-packages/oslo_concurrency/lockutils.py:524}}
Jun 11 12:26:35.177423 np0000002621 nova-scheduler[95812]: DEBUG oslo_concurrency.lockutils [None req-78de2e38-36da-4edf-8d72-f8fd5b3c81d0 tempest-ServersNegativeTestJSON-1087564586 tempest-ServersNegativeTestJSON-1087564586-project-member] Lock "a11b03f2-8528-40be-89ac-3452eae3a114" "released" by "nova.context.set_target_cell..get_or_set_cached_cell_and_set_connections" :: held 0.002s {{(pid=95812) inner /opt/stack/data/venv/lib/python3.12/site-packages/oslo_concurrency/lockutils.py:543}}
Jun 11 12:26:35.179598 np0000002621 nova-scheduler[95812]: INFO dbcounter [None req-78de2e38-36da-4edf-8d72-f8fd5b3c81d0 tempest-ServersNegativeTestJSON-1087564586 tempest-ServersNegativeTestJSON-1087564586-project-member] Registered counter for database nova_cell1
Jun 11 12:26:35.232870 np0000002621 nova-scheduler[95812]: DEBUG oslo_db.sqlalchemy.engines [None req-78de2e38-36da-4edf-8d72-f8fd5b3c81d0 tempest-ServersNegativeTestJSON-1087564586 tempest-ServersNegativeTestJSON-1087564586-project-member] MySQL server mode set to STRICT_TRANS_TABLES,STRICT_ALL_TABLES,NO_ZERO_IN_DATE,NO_ZERO_DATE,ERROR_FOR_DIVISION_BY_ZERO,TRADITIONAL,NO_ENGINE_SUBSTITUTION {{(pid=95812) _check_effective_sql_mode /opt/stack/data/venv/lib/python3.12/site-packages/oslo_db/sqlalchemy/engines.py:325}}
Jun 11 12:26:35.241730 np0000002621 nova-scheduler[95812]: DEBUG dbcounter [-] [95812] Writer thread running {{(pid=95812) stat_writer /opt/stack/data/venv/lib/python3.12/site-packages/dbcounter.py:102}}
Jun 11 12:26:35.276521 np0000002621 nova-scheduler[95812]: DEBUG oslo_db.sqlalchemy.engines [None req-78de2e38-36da-4edf-8d72-f8fd5b3c81d0 tempest-ServersNegativeTestJSON-1087564586 tempest-ServersNegativeTestJSON-1087564586-project-member] Parent process 94544 forked (95812) with an open database connection, which is being discarded and recreated. {{(pid=95812) checkout /opt/stack/data/venv/lib/python3.12/site-packages/oslo_db/sqlalchemy/engines.py:402}}
Jun 11 12:26:35.307022 np0000002621 nova-scheduler[95814]: INFO nova.utils [None req-0b99730e-c353-4609-bf7e-e7c594acdb46 tempest-DeleteServersTestJSON-1825200423 tempest-DeleteServersTestJSON-1825200423-project-member] The cell worker thread pool ForkProcess-3.cell_worker is initialized
Jun 11 12:26:35.307545 np0000002621 nova-scheduler[95814]: DEBUG oslo_concurrency.lockutils [None req-0b99730e-c353-4609-bf7e-e7c594acdb46 tempest-DeleteServersTestJSON-1825200423 tempest-DeleteServersTestJSON-1825200423-project-member] Acquiring lock "a11b03f2-8528-40be-89ac-3452eae3a114" by "nova.context.set_target_cell..get_or_set_cached_cell_and_set_connections" {{(pid=95814) inner /opt/stack/data/venv/lib/python3.12/site-packages/oslo_concurrency/lockutils.py:511}}
Jun 11 12:26:35.307818 np0000002621 nova-scheduler[95814]: DEBUG oslo_concurrency.lockutils [None req-0b99730e-c353-4609-bf7e-e7c594acdb46 tempest-DeleteServersTestJSON-1825200423 tempest-DeleteServersTestJSON-1825200423-project-member] Lock "a11b03f2-8528-40be-89ac-3452eae3a114" acquired by "nova.context.set_target_cell..get_or_set_cached_cell_and_set_connections" :: waited 0.000s {{(pid=95814) inner /opt/stack/data/venv/lib/python3.12/site-packages/oslo_concurrency/lockutils.py:524}}
Jun 11 12:26:35.309791 np0000002621 nova-scheduler[95814]: DEBUG oslo_concurrency.lockutils [None req-0b99730e-c353-4609-bf7e-e7c594acdb46 tempest-DeleteServersTestJSON-1825200423 tempest-DeleteServersTestJSON-1825200423-project-member] Lock "a11b03f2-8528-40be-89ac-3452eae3a114" "released" by "nova.context.set_target_cell..get_or_set_cached_cell_and_set_connections" :: held 0.002s {{(pid=95814) inner /opt/stack/data/venv/lib/python3.12/site-packages/oslo_concurrency/lockutils.py:543}}
Jun 11 12:26:35.312011 np0000002621 nova-scheduler[95814]: INFO dbcounter [None req-0b99730e-c353-4609-bf7e-e7c594acdb46 tempest-DeleteServersTestJSON-1825200423 tempest-DeleteServersTestJSON-1825200423-project-member] Registered counter for database nova_cell1
Jun 11 12:26:35.327331 np0000002621 nova-scheduler[95812]: DEBUG dbcounter [-] [95812] Writer thread running {{(pid=95812) stat_writer /opt/stack/data/venv/lib/python3.12/site-packages/dbcounter.py:102}}
Jun 11 12:26:35.329001 np0000002621 nova-scheduler[95812]: DEBUG oslo_concurrency.lockutils [None req-78de2e38-36da-4edf-8d72-f8fd5b3c81d0 tempest-ServersNegativeTestJSON-1087564586 tempest-ServersNegativeTestJSON-1087564586-project-member] Acquiring lock "a11b03f2-8528-40be-89ac-3452eae3a114" by "nova.context.set_target_cell..get_or_set_cached_cell_and_set_connections" {{(pid=95812) inner /opt/stack/data/venv/lib/python3.12/site-packages/oslo_concurrency/lockutils.py:511}}
Jun 11 12:26:35.329256 np0000002621 nova-scheduler[95812]: DEBUG oslo_concurrency.lockutils [None req-78de2e38-36da-4edf-8d72-f8fd5b3c81d0 tempest-ServersNegativeTestJSON-1087564586 tempest-ServersNegativeTestJSON-1087564586-project-member] Lock "a11b03f2-8528-40be-89ac-3452eae3a114" acquired by "nova.context.set_target_cell..get_or_set_cached_cell_and_set_connections" :: waited 0.000s {{(pid=95812) inner /opt/stack/data/venv/lib/python3.12/site-packages/oslo_concurrency/lockutils.py:524}}
Jun 11 12:26:35.329432 np0000002621 nova-scheduler[95812]: DEBUG oslo_concurrency.lockutils [None req-78de2e38-36da-4edf-8d72-f8fd5b3c81d0 tempest-ServersNegativeTestJSON-1087564586 tempest-ServersNegativeTestJSON-1087564586-project-member] Lock "a11b03f2-8528-40be-89ac-3452eae3a114" "released" by "nova.context.set_target_cell..get_or_set_cached_cell_and_set_connections" :: held 0.000s {{(pid=95812) inner /opt/stack/data/venv/lib/python3.12/site-packages/oslo_concurrency/lockutils.py:543}}
Jun 11 12:26:35.333909 np0000002621 nova-scheduler[95812]: DEBUG oslo_concurrency.lockutils [None req-78de2e38-36da-4edf-8d72-f8fd5b3c81d0 tempest-ServersNegativeTestJSON-1087564586 tempest-ServersNegativeTestJSON-1087564586-project-member] Acquiring lock "('np0000002621', 'np0000002621')" by "nova.scheduler.host_manager.HostState.update.._locked_update" {{(pid=95812) inner /opt/stack/data/venv/lib/python3.12/site-packages/oslo_concurrency/lockutils.py:511}}
Jun 11 12:26:35.334124 np0000002621 nova-scheduler[95812]: DEBUG oslo_concurrency.lockutils [None req-78de2e38-36da-4edf-8d72-f8fd5b3c81d0 tempest-ServersNegativeTestJSON-1087564586 tempest-ServersNegativeTestJSON-1087564586-project-member] Lock "('np0000002621', 'np0000002621')" acquired by "nova.scheduler.host_manager.HostState.update.._locked_update" :: waited 0.000s {{(pid=95812) inner /opt/stack/data/venv/lib/python3.12/site-packages/oslo_concurrency/lockutils.py:524}}
Jun 11 12:26:35.335330 np0000002621 nova-scheduler[95812]: DEBUG nova.scheduler.host_manager [None req-78de2e38-36da-4edf-8d72-f8fd5b3c81d0 tempest-ServersNegativeTestJSON-1087564586 tempest-ServersNegativeTestJSON-1087564586-project-member] Update host state from compute node: ComputeNode(cpu_allocation_ratio=4.0,cpu_info='{"arch": "x86_64", "model": "EPYC-Milan", "vendor": "AMD", "topology": {"cells": 1, "sockets": 12, "cores": 1, "threads": 1}, "maxphysaddr": {"mode": "emulate", "bits": 40}, "features": ["mca", "clflush", "pae", "perfctr_core", "rdctl-no", "rdpid", "xsave", "fxsr_opt", "bmi2", "null-sel-clr-base", "cr8legacy", "3dnowprefetch", "pni", "smap", "pause-filter", "lahf_lm", "xsavec", "spec-ctrl", "tsc-scale", "ibrs", "cmp_legacy", "svme-addr-chk", "sse4.2", "v-vmsave-vmload", "nx", "tsc-deadline", "abm", "tsc", "sep", "pschange-mc-no", "mmx", "fpu", "svm", "rdtscp", "vaes", "apic", "nrip-save", "pku", "umip", "msr", "popcnt", "lm", "pse", "tsc_adjust", "mds-no", "topoext", "misalignsse", "ssse3", "avx", "f16c", "aes", "vme", "rdseed", "flushbyasid", "clwb", "lbrv", "erms", "sse4a", "bmi1", "no-nested-data-bp", "xsaveerptr", "rdrand", "amd-psfd", "mmxext", "skip-l1dfl-vmentry", "xsaves", "wbnoinvd", "clflushopt", "stibp-always-on", "amd-stibp", "pat", "pse36", "pfthreshold", "osvw", "adx", "ibpb", "invpcid", "fxsr", "fsgsbase", "smep", "vgif", "syscall", "fsrm", "ssbd", "cmov", "lfence-always-serializing", "pdpe1gb", "hypervisor", "vmcb-clean", "mce", "x2apic", "avx2", "stibp", "gds-no", "vpclmulqdq", "cx8", "xgetbv1", "sse4.1", "arch-capabilities", "sse", "movbe", "xsaveopt", "virt-ssbd", "clzero", "pcid", "sha-ni", "arat", "pclmuldq", "fma", "de", "amd-ssbd", "pge", "cx16", "sse2", "npt", "mtrr"]}',created_at=2026-06-11T12:24:04Z,current_workload=0,deleted=False,deleted_at=None,disk_allocation_ratio=1.0,disk_available_least=74,free_disk_gb=95,free_ram_mb=23518,host='np0000002621',host_ip=10.4.3.253,hypervisor_hostname='np0000002621',hypervisor_type='QEMU',hypervisor_version=8002002,id=1,local_gb=95,local_gb_used=0,mapped=1,memory_mb=24030,memory_mb_used=512,metrics='[]',numa_topology='{"nova_object.name": "NUMATopology", "nova_object.namespace": "nova", "nova_object.version": "1.2", "nova_object.data": {"cells": [{"nova_object.name": "NUMACell", "nova_object.namespace": "nova", "nova_object.version": "1.5", "nova_object.data": {"id": 0, "cpuset": [0, 1, 2, 3, 4, 5, 6, 7, 8, 9, 10, 11], "pcpuset": [0, 1, 2, 3, 4, 5, 6, 7, 8, 9, 10, 11], "memory": 24030, "cpu_usage": 0, "memory_usage": 0, "pinned_cpus": [], "siblings": [[6], [2], [5], [11], [8], [4], [1], [7], [10], [0], [3], [9]], "mempages": [{"nova_object.name": "NUMAPagesTopology", "nova_object.namespace": "nova", "nova_object.version": "1.1", "nova_object.data": {"size_kb": 4, "total": 6151798, "used": 0, "reserved": 0}, "nova_object.changes": ["size_kb", "total", "used", "reserved"]}, {"nova_object.name": "NUMAPagesTopology", "nova_object.namespace": "nova", "nova_object.version": "1.1", "nova_object.data": {"size_kb": 2048, "total": 0, "used": 0, "reserved": 0}, "nova_object.changes": ["size_kb", "total", "used", "reserved"]}, {"nova_object.name": "NUMAPagesTopology", "nova_object.namespace": "nova", "nova_object.version": "1.1", "nova_object.data": {"size_kb": 1048576, "total": 0, "used": 0, "reserved": 0}, "nova_object.changes": ["size_kb", "total", "used", "reserved"]}], "network_metadata": {"nova_object.name": "NetworkMetadata", "nova_object.namespace": "nova", "nova_object.version": "1.0", "nova_object.data": {"physnets": [], "tunneled": false}, "nova_object.changes": ["physnets", "tunneled"]}, "socket": null}, "nova_object.changes": ["mempages", "id", "cpuset", "pcpuset", "network_metadata", "memory_usage", "socket", "cpu_usage", "pinned_cpus", "memory", "siblings"]}]}, "nova_object.changes": ["cells"]}',pci_device_pools=PciDevicePoolList,ram_allocation_ratio=1.0,running_vms=0,service_id=3,stats={failed_builds='0',uptime=' 12:25:51 up 25 min, 2 users, load average: 1.23, 1.48, 0.87
Jun 11 12:26:35.335330 np0000002621 nova-scheduler[95812]: '},supported_hv_specs=[HVSpec,HVSpec,HVSpec,HVSpec,HVSpec,HVSpec,HVSpec,HVSpec,HVSpec,HVSpec,HVSpec,HVSpec,HVSpec,HVSpec,HVSpec,HVSpec,HVSpec,HVSpec,HVSpec,HVSpec,HVSpec,HVSpec,HVSpec,HVSpec,HVSpec],updated_at=2026-06-11T12:25:53Z,uuid=c45a2127-7718-40fd-8169-407833941700,vcpus=12,vcpus_used=0) {{(pid=95812) _locked_update /opt/stack/nova/nova/scheduler/host_manager.py:168}}
Jun 11 12:26:35.337459 np0000002621 nova-scheduler[95812]: DEBUG nova.scheduler.host_manager [None req-78de2e38-36da-4edf-8d72-f8fd5b3c81d0 tempest-ServersNegativeTestJSON-1087564586 tempest-ServersNegativeTestJSON-1087564586-project-member] Update host state with aggregates: [] {{(pid=95812) _locked_update /opt/stack/nova/nova/scheduler/host_manager.py:171}}
Jun 11 12:26:35.337459 np0000002621 nova-scheduler[95812]: DEBUG nova.scheduler.host_manager [None req-78de2e38-36da-4edf-8d72-f8fd5b3c81d0 tempest-ServersNegativeTestJSON-1087564586 tempest-ServersNegativeTestJSON-1087564586-project-member] Update host state with service dict: {'id': 3, 'uuid': '9c0b7565-88f8-487f-804c-e357d61228d1', 'host': 'np0000002621', 'binary': 'nova-compute', 'topic': 'compute', 'report_count': 2, 'disabled': False, 'disabled_reason': None, 'last_seen_up': datetime.datetime(2026, 6, 11, 12, 26, 13, tzinfo=datetime.timezone.utc), 'forced_down': False, 'version': 72, 'created_at': datetime.datetime(2026, 6, 11, 12, 24, 3, tzinfo=datetime.timezone.utc), 'updated_at': datetime.datetime(2026, 6, 11, 12, 26, 13, tzinfo=datetime.timezone.utc), 'deleted_at': None, 'deleted': False} {{(pid=95812) _locked_update /opt/stack/nova/nova/scheduler/host_manager.py:174}}
Jun 11 12:26:35.337459 np0000002621 nova-scheduler[95812]: DEBUG nova.scheduler.host_manager [None req-78de2e38-36da-4edf-8d72-f8fd5b3c81d0 tempest-ServersNegativeTestJSON-1087564586 tempest-ServersNegativeTestJSON-1087564586-project-member] Update host state with instances: [] {{(pid=95812) _locked_update /opt/stack/nova/nova/scheduler/host_manager.py:177}}
Jun 11 12:26:35.337459 np0000002621 nova-scheduler[95812]: DEBUG oslo_concurrency.lockutils [None req-78de2e38-36da-4edf-8d72-f8fd5b3c81d0 tempest-ServersNegativeTestJSON-1087564586 tempest-ServersNegativeTestJSON-1087564586-project-member] Lock "('np0000002621', 'np0000002621')" "released" by "nova.scheduler.host_manager.HostState.update.._locked_update" :: held 0.003s {{(pid=95812) inner /opt/stack/data/venv/lib/python3.12/site-packages/oslo_concurrency/lockutils.py:543}}
Jun 11 12:26:35.337459 np0000002621 nova-scheduler[95812]: DEBUG nova.filters [None req-78de2e38-36da-4edf-8d72-f8fd5b3c81d0 tempest-ServersNegativeTestJSON-1087564586 tempest-ServersNegativeTestJSON-1087564586-project-member] Starting with 1 host(s) {{(pid=95812) get_filtered_objects /opt/stack/nova/nova/filters.py:70}}
Jun 11 12:26:35.337806 np0000002621 nova-scheduler[95812]: DEBUG nova.filters [None req-78de2e38-36da-4edf-8d72-f8fd5b3c81d0 tempest-ServersNegativeTestJSON-1087564586 tempest-ServersNegativeTestJSON-1087564586-project-member] Filter ComputeFilter returned 1 host(s) {{(pid=95812) get_filtered_objects /opt/stack/nova/nova/filters.py:102}}
Jun 11 12:26:35.337955 np0000002621 nova-scheduler[95812]: DEBUG nova.filters [None req-78de2e38-36da-4edf-8d72-f8fd5b3c81d0 tempest-ServersNegativeTestJSON-1087564586 tempest-ServersNegativeTestJSON-1087564586-project-member] Filter ComputeCapabilitiesFilter returned 1 host(s) {{(pid=95812) get_filtered_objects /opt/stack/nova/nova/filters.py:102}}
Jun 11 12:26:35.339370 np0000002621 nova-scheduler[95812]: DEBUG nova.filters [None req-78de2e38-36da-4edf-8d72-f8fd5b3c81d0 tempest-ServersNegativeTestJSON-1087564586 tempest-ServersNegativeTestJSON-1087564586-project-member] Filter ImagePropertiesFilter returned 1 host(s) {{(pid=95812) get_filtered_objects /opt/stack/nova/nova/filters.py:102}}
Jun 11 12:26:35.339370 np0000002621 nova-scheduler[95812]: DEBUG nova.filters [None req-78de2e38-36da-4edf-8d72-f8fd5b3c81d0 tempest-ServersNegativeTestJSON-1087564586 tempest-ServersNegativeTestJSON-1087564586-project-member] Filter ServerGroupAntiAffinityFilter returned 1 host(s) {{(pid=95812) get_filtered_objects /opt/stack/nova/nova/filters.py:102}}
Jun 11 12:26:35.339370 np0000002621 nova-scheduler[95812]: DEBUG nova.filters [None req-78de2e38-36da-4edf-8d72-f8fd5b3c81d0 tempest-ServersNegativeTestJSON-1087564586 tempest-ServersNegativeTestJSON-1087564586-project-member] Filter ServerGroupAffinityFilter returned 1 host(s) {{(pid=95812) get_filtered_objects /opt/stack/nova/nova/filters.py:102}}
Jun 11 12:26:35.339370 np0000002621 nova-scheduler[95812]: DEBUG nova.filters [None req-78de2e38-36da-4edf-8d72-f8fd5b3c81d0 tempest-ServersNegativeTestJSON-1087564586 tempest-ServersNegativeTestJSON-1087564586-project-member] Filter SameHostFilter returned 1 host(s) {{(pid=95812) get_filtered_objects /opt/stack/nova/nova/filters.py:102}}
Jun 11 12:26:35.339370 np0000002621 nova-scheduler[95812]: DEBUG nova.filters [None req-78de2e38-36da-4edf-8d72-f8fd5b3c81d0 tempest-ServersNegativeTestJSON-1087564586 tempest-ServersNegativeTestJSON-1087564586-project-member] Filter DifferentHostFilter returned 1 host(s) {{(pid=95812) get_filtered_objects /opt/stack/nova/nova/filters.py:102}}
Jun 11 12:26:35.339370 np0000002621 nova-scheduler[95812]: DEBUG nova.scheduler.manager [None req-78de2e38-36da-4edf-8d72-f8fd5b3c81d0 tempest-ServersNegativeTestJSON-1087564586 tempest-ServersNegativeTestJSON-1087564586-project-member] Filtered [(np0000002621, np0000002621) ram: 23518MB disk: 75776MB io_ops: 0 instances: 0, allocation_candidates: 1] {{(pid=95812) _get_sorted_hosts /opt/stack/nova/nova/scheduler/manager.py:743}}
Jun 11 12:26:35.339370 np0000002621 nova-scheduler[95812]: DEBUG nova.scheduler.manager [None req-78de2e38-36da-4edf-8d72-f8fd5b3c81d0 tempest-ServersNegativeTestJSON-1087564586 tempest-ServersNegativeTestJSON-1087564586-project-member] Weighed [WeighedHost [host: (np0000002621, np0000002621) ram: 23518MB disk: 75776MB io_ops: 0 instances: 0, allocation_candidates: 1, weight: 0.0]] {{(pid=95812) _get_sorted_hosts /opt/stack/nova/nova/scheduler/manager.py:765}}
Jun 11 12:26:35.339669 np0000002621 nova-scheduler[95812]: DEBUG nova.scheduler.utils [None req-78de2e38-36da-4edf-8d72-f8fd5b3c81d0 tempest-ServersNegativeTestJSON-1087564586 tempest-ServersNegativeTestJSON-1087564586-project-member] Attempting to claim resources in the placement API for instance 58fc95b3-f97f-431e-837b-5bee7253634f {{(pid=95812) claim_resources /opt/stack/nova/nova/scheduler/utils.py:1345}}
Jun 11 12:26:35.372606 np0000002621 nova-scheduler[95814]: DEBUG oslo_db.sqlalchemy.engines [None req-0b99730e-c353-4609-bf7e-e7c594acdb46 tempest-DeleteServersTestJSON-1825200423 tempest-DeleteServersTestJSON-1825200423-project-member] MySQL server mode set to STRICT_TRANS_TABLES,STRICT_ALL_TABLES,NO_ZERO_IN_DATE,NO_ZERO_DATE,ERROR_FOR_DIVISION_BY_ZERO,TRADITIONAL,NO_ENGINE_SUBSTITUTION {{(pid=95814) _check_effective_sql_mode /opt/stack/data/venv/lib/python3.12/site-packages/oslo_db/sqlalchemy/engines.py:325}}
Jun 11 12:26:35.379887 np0000002621 nova-scheduler[95814]: DEBUG dbcounter [-] [95814] Writer thread running {{(pid=95814) stat_writer /opt/stack/data/venv/lib/python3.12/site-packages/dbcounter.py:102}}
Jun 11 12:26:35.454993 np0000002621 nova-scheduler[95814]: DEBUG dbcounter [-] [95814] Writer thread running {{(pid=95814) stat_writer /opt/stack/data/venv/lib/python3.12/site-packages/dbcounter.py:102}}
Jun 11 12:26:35.463903 np0000002621 nova-scheduler[95814]: DEBUG oslo_concurrency.lockutils [None req-0b99730e-c353-4609-bf7e-e7c594acdb46 tempest-DeleteServersTestJSON-1825200423 tempest-DeleteServersTestJSON-1825200423-project-member] Acquiring lock "a11b03f2-8528-40be-89ac-3452eae3a114" by "nova.context.set_target_cell..get_or_set_cached_cell_and_set_connections" {{(pid=95814) inner /opt/stack/data/venv/lib/python3.12/site-packages/oslo_concurrency/lockutils.py:511}}
Jun 11 12:26:35.464249 np0000002621 nova-scheduler[95814]: DEBUG oslo_concurrency.lockutils [None req-0b99730e-c353-4609-bf7e-e7c594acdb46 tempest-DeleteServersTestJSON-1825200423 tempest-DeleteServersTestJSON-1825200423-project-member] Lock "a11b03f2-8528-40be-89ac-3452eae3a114" acquired by "nova.context.set_target_cell..get_or_set_cached_cell_and_set_connections" :: waited 0.000s {{(pid=95814) inner /opt/stack/data/venv/lib/python3.12/site-packages/oslo_concurrency/lockutils.py:524}}
Jun 11 12:26:35.464249 np0000002621 nova-scheduler[95814]: DEBUG oslo_concurrency.lockutils [None req-0b99730e-c353-4609-bf7e-e7c594acdb46 tempest-DeleteServersTestJSON-1825200423 tempest-DeleteServersTestJSON-1825200423-project-member] Lock "a11b03f2-8528-40be-89ac-3452eae3a114" "released" by "nova.context.set_target_cell..get_or_set_cached_cell_and_set_connections" :: held 0.000s {{(pid=95814) inner /opt/stack/data/venv/lib/python3.12/site-packages/oslo_concurrency/lockutils.py:543}}
Jun 11 12:26:35.470508 np0000002621 nova-scheduler[95814]: DEBUG oslo_concurrency.lockutils [None req-0b99730e-c353-4609-bf7e-e7c594acdb46 tempest-DeleteServersTestJSON-1825200423 tempest-DeleteServersTestJSON-1825200423-project-member] Acquiring lock "('np0000002621', 'np0000002621')" by "nova.scheduler.host_manager.HostState.update.._locked_update" {{(pid=95814) inner /opt/stack/data/venv/lib/python3.12/site-packages/oslo_concurrency/lockutils.py:511}}
