Jul 10 05:13:14.389180 np0000004955 nova-scheduler[93321]: DEBUG cotyledon.oslo_config_glue [-] oslo_messaging_rabbit.ssl_cert_file = {{(pid=93321) log_opt_values /opt/stack/data/venv/lib/python3.12/site-packages/oslo_config/cfg.py:3253}}
Jul 10 05:13:14.389180 np0000004955 nova-scheduler[93321]: DEBUG cotyledon.oslo_config_glue [-] oslo_messaging_rabbit.ssl_enforce_fips_mode = False {{(pid=93321) log_opt_values /opt/stack/data/venv/lib/python3.12/site-packages/oslo_config/cfg.py:3253}}
Jul 10 05:13:14.389180 np0000004955 nova-scheduler[93321]: DEBUG cotyledon.oslo_config_glue [-] oslo_messaging_rabbit.ssl_enforce_hostname_verification = True {{(pid=93321) log_opt_values /opt/stack/data/venv/lib/python3.12/site-packages/oslo_config/cfg.py:3253}}
Jul 10 05:13:14.389180 np0000004955 nova-scheduler[93321]: DEBUG cotyledon.oslo_config_glue [-] oslo_messaging_rabbit.ssl_key_file = {{(pid=93321) log_opt_values /opt/stack/data/venv/lib/python3.12/site-packages/oslo_config/cfg.py:3253}}
Jul 10 05:13:14.389180 np0000004955 nova-scheduler[93321]: DEBUG cotyledon.oslo_config_glue [-] oslo_messaging_rabbit.ssl_version = {{(pid=93321) log_opt_values /opt/stack/data/venv/lib/python3.12/site-packages/oslo_config/cfg.py:3253}}
Jul 10 05:13:14.389180 np0000004955 nova-scheduler[93321]: DEBUG cotyledon.oslo_config_glue [-] oslo_messaging_rabbit.use_queue_manager = False {{(pid=93321) log_opt_values /opt/stack/data/venv/lib/python3.12/site-packages/oslo_config/cfg.py:3253}}
Jul 10 05:13:14.389398 np0000004955 nova-scheduler[93321]: DEBUG cotyledon.oslo_config_glue [-] oslo_messaging_notifications.driver = ['messagingv2'] {{(pid=93321) log_opt_values /opt/stack/data/venv/lib/python3.12/site-packages/oslo_config/cfg.py:3253}}
Jul 10 05:13:14.389398 np0000004955 nova-scheduler[93321]: DEBUG cotyledon.oslo_config_glue [-] oslo_messaging_notifications.retry = -1 {{(pid=93321) log_opt_values /opt/stack/data/venv/lib/python3.12/site-packages/oslo_config/cfg.py:3253}}
Jul 10 05:13:14.389398 np0000004955 nova-scheduler[93321]: DEBUG cotyledon.oslo_config_glue [-] oslo_messaging_notifications.topics = ['notifications'] {{(pid=93321) log_opt_values /opt/stack/data/venv/lib/python3.12/site-packages/oslo_config/cfg.py:3253}}
Jul 10 05:13:14.389398 np0000004955 nova-scheduler[93321]: DEBUG cotyledon.oslo_config_glue [-] oslo_messaging_notifications.transport_url = **** {{(pid=93321) log_opt_values /opt/stack/data/venv/lib/python3.12/site-packages/oslo_config/cfg.py:3253}}
Jul 10 05:13:14.389398 np0000004955 nova-scheduler[93321]: DEBUG cotyledon.oslo_config_glue [-] oslo_limit.auth_section = None {{(pid=93321) log_opt_values /opt/stack/data/venv/lib/python3.12/site-packages/oslo_config/cfg.py:3253}}
Jul 10 05:13:14.389398 np0000004955 nova-scheduler[93321]: DEBUG cotyledon.oslo_config_glue [-] oslo_limit.auth_type = None {{(pid=93321) log_opt_values /opt/stack/data/venv/lib/python3.12/site-packages/oslo_config/cfg.py:3253}}
Jul 10 05:13:14.389398 np0000004955 nova-scheduler[93321]: DEBUG cotyledon.oslo_config_glue [-] oslo_limit.cafile = None {{(pid=93321) log_opt_values /opt/stack/data/venv/lib/python3.12/site-packages/oslo_config/cfg.py:3253}}
Jul 10 05:13:14.389398 np0000004955 nova-scheduler[93321]: DEBUG cotyledon.oslo_config_glue [-] oslo_limit.certfile = None {{(pid=93321) log_opt_values /opt/stack/data/venv/lib/python3.12/site-packages/oslo_config/cfg.py:3253}}
Jul 10 05:13:14.389398 np0000004955 nova-scheduler[93321]: DEBUG cotyledon.oslo_config_glue [-] oslo_limit.collect_timing = False {{(pid=93321) log_opt_values /opt/stack/data/venv/lib/python3.12/site-packages/oslo_config/cfg.py:3253}}
Jul 10 05:13:14.389610 np0000004955 nova-scheduler[93321]: DEBUG cotyledon.oslo_config_glue [-] oslo_limit.connect_retries = None {{(pid=93321) log_opt_values /opt/stack/data/venv/lib/python3.12/site-packages/oslo_config/cfg.py:3253}}
Jul 10 05:13:14.389610 np0000004955 nova-scheduler[93321]: DEBUG cotyledon.oslo_config_glue [-] oslo_limit.connect_retry_delay = None {{(pid=93321) log_opt_values /opt/stack/data/venv/lib/python3.12/site-packages/oslo_config/cfg.py:3253}}
Jul 10 05:13:14.389610 np0000004955 nova-scheduler[93321]: DEBUG cotyledon.oslo_config_glue [-] oslo_limit.endpoint_id = None {{(pid=93321) log_opt_values /opt/stack/data/venv/lib/python3.12/site-packages/oslo_config/cfg.py:3253}}
Jul 10 05:13:14.389610 np0000004955 nova-scheduler[93321]: DEBUG cotyledon.oslo_config_glue [-] oslo_limit.endpoint_interface = public {{(pid=93321) log_opt_values /opt/stack/data/venv/lib/python3.12/site-packages/oslo_config/cfg.py:3253}}
Jul 10 05:13:14.389610 np0000004955 nova-scheduler[93321]: DEBUG cotyledon.oslo_config_glue [-] oslo_limit.endpoint_override = None {{(pid=93321) log_opt_values /opt/stack/data/venv/lib/python3.12/site-packages/oslo_config/cfg.py:3253}}
Jul 10 05:13:14.389610 np0000004955 nova-scheduler[93321]: DEBUG cotyledon.oslo_config_glue [-] oslo_limit.endpoint_region_name = None {{(pid=93321) log_opt_values /opt/stack/data/venv/lib/python3.12/site-packages/oslo_config/cfg.py:3253}}
Jul 10 05:13:14.389610 np0000004955 nova-scheduler[93321]: DEBUG cotyledon.oslo_config_glue [-] oslo_limit.endpoint_service_name = None {{(pid=93321) log_opt_values /opt/stack/data/venv/lib/python3.12/site-packages/oslo_config/cfg.py:3253}}
Jul 10 05:13:14.389610 np0000004955 nova-scheduler[93321]: DEBUG cotyledon.oslo_config_glue [-] oslo_limit.endpoint_service_type = None {{(pid=93321) log_opt_values /opt/stack/data/venv/lib/python3.12/site-packages/oslo_config/cfg.py:3253}}
Jul 10 05:13:14.389610 np0000004955 nova-scheduler[93321]: DEBUG cotyledon.oslo_config_glue [-] oslo_limit.insecure = False {{(pid=93321) log_opt_values /opt/stack/data/venv/lib/python3.12/site-packages/oslo_config/cfg.py:3253}}
Jul 10 05:13:14.389805 np0000004955 nova-scheduler[93321]: DEBUG cotyledon.oslo_config_glue [-] oslo_limit.keyfile = None {{(pid=93321) log_opt_values /opt/stack/data/venv/lib/python3.12/site-packages/oslo_config/cfg.py:3253}}
Jul 10 05:13:14.389805 np0000004955 nova-scheduler[93321]: DEBUG cotyledon.oslo_config_glue [-] oslo_limit.max_version = None {{(pid=93321) log_opt_values /opt/stack/data/venv/lib/python3.12/site-packages/oslo_config/cfg.py:3253}}
Jul 10 05:13:14.389805 np0000004955 nova-scheduler[93321]: DEBUG cotyledon.oslo_config_glue [-] oslo_limit.min_version = None {{(pid=93321) log_opt_values /opt/stack/data/venv/lib/python3.12/site-packages/oslo_config/cfg.py:3253}}
Jul 10 05:13:14.389805 np0000004955 nova-scheduler[93321]: DEBUG cotyledon.oslo_config_glue [-] oslo_limit.region_name = None {{(pid=93321) log_opt_values /opt/stack/data/venv/lib/python3.12/site-packages/oslo_config/cfg.py:3253}}
Jul 10 05:13:14.389805 np0000004955 nova-scheduler[93321]: DEBUG cotyledon.oslo_config_glue [-] oslo_limit.retriable_status_codes = None {{(pid=93321) log_opt_values /opt/stack/data/venv/lib/python3.12/site-packages/oslo_config/cfg.py:3253}}
Jul 10 05:13:14.389805 np0000004955 nova-scheduler[93321]: DEBUG cotyledon.oslo_config_glue [-] oslo_limit.service_name = None {{(pid=93321) log_opt_values /opt/stack/data/venv/lib/python3.12/site-packages/oslo_config/cfg.py:3253}}
Jul 10 05:13:14.389805 np0000004955 nova-scheduler[93321]: DEBUG cotyledon.oslo_config_glue [-] oslo_limit.service_type = None {{(pid=93321) log_opt_values /opt/stack/data/venv/lib/python3.12/site-packages/oslo_config/cfg.py:3253}}
Jul 10 05:13:14.389805 np0000004955 nova-scheduler[93321]: DEBUG cotyledon.oslo_config_glue [-] oslo_limit.split_loggers = False {{(pid=93321) log_opt_values /opt/stack/data/venv/lib/python3.12/site-packages/oslo_config/cfg.py:3253}}
Jul 10 05:13:14.389805 np0000004955 nova-scheduler[93321]: DEBUG cotyledon.oslo_config_glue [-] oslo_limit.status_code_retries = None {{(pid=93321) log_opt_values /opt/stack/data/venv/lib/python3.12/site-packages/oslo_config/cfg.py:3253}}
Jul 10 05:13:14.390024 np0000004955 nova-scheduler[93321]: DEBUG cotyledon.oslo_config_glue [-] oslo_limit.status_code_retry_delay = None {{(pid=93321) log_opt_values /opt/stack/data/venv/lib/python3.12/site-packages/oslo_config/cfg.py:3253}}
Jul 10 05:13:14.390024 np0000004955 nova-scheduler[93321]: DEBUG cotyledon.oslo_config_glue [-] oslo_limit.timeout = None {{(pid=93321) log_opt_values /opt/stack/data/venv/lib/python3.12/site-packages/oslo_config/cfg.py:3253}}
Jul 10 05:13:14.390024 np0000004955 nova-scheduler[93321]: DEBUG cotyledon.oslo_config_glue [-] oslo_limit.valid_interfaces = None {{(pid=93321) log_opt_values /opt/stack/data/venv/lib/python3.12/site-packages/oslo_config/cfg.py:3253}}
Jul 10 05:13:14.390024 np0000004955 nova-scheduler[93321]: DEBUG cotyledon.oslo_config_glue [-] oslo_limit.version = None {{(pid=93321) log_opt_values /opt/stack/data/venv/lib/python3.12/site-packages/oslo_config/cfg.py:3253}}
Jul 10 05:13:14.390024 np0000004955 nova-scheduler[93321]: DEBUG cotyledon.oslo_config_glue [-] oslo_reports.file_event_handler = None {{(pid=93321) log_opt_values /opt/stack/data/venv/lib/python3.12/site-packages/oslo_config/cfg.py:3253}}
Jul 10 05:13:14.390024 np0000004955 nova-scheduler[93321]: DEBUG cotyledon.oslo_config_glue [-] oslo_reports.file_event_handler_interval = 1 {{(pid=93321) log_opt_values /opt/stack/data/venv/lib/python3.12/site-packages/oslo_config/cfg.py:3253}}
Jul 10 05:13:14.390024 np0000004955 nova-scheduler[93321]: DEBUG cotyledon.oslo_config_glue [-] oslo_reports.log_dir = None {{(pid=93321) log_opt_values /opt/stack/data/venv/lib/python3.12/site-packages/oslo_config/cfg.py:3253}}
Jul 10 05:13:14.390024 np0000004955 nova-scheduler[93321]: DEBUG cotyledon.oslo_config_glue [-] ******************************************************************************** {{(pid=93321) log_opt_values /opt/stack/data/venv/lib/python3.12/site-packages/oslo_config/cfg.py:3260}}
Jul 10 05:13:14.390024 np0000004955 nova-scheduler[93321]: DEBUG cotyledon._service_worker [-] Run service ServiceWrapper(2) [93321] {{(pid=93321) wait_forever /opt/stack/data/venv/lib/python3.12/site-packages/cotyledon/_service_worker.py:218}}
Jul 10 05:13:14.390706 np0000004955 nova-scheduler[93321]: INFO nova.service [-] Starting scheduler node (version 33.1.0)
Jul 10 05:13:14.395839 np0000004955 nova-scheduler[93321]: INFO dbcounter [None req-d068f836-f128-4c27-8a98-56b117d24a01 None None] Registered counter for database nova_cell0
Jul 10 05:13:14.401158 np0000004955 nova-scheduler[93317]: DEBUG oslo_db.sqlalchemy.engines [None req-3c248ad7-2177-47fe-b93d-4fa64b3c0d6f None None] MySQL server mode set to STRICT_TRANS_TABLES,STRICT_ALL_TABLES,NO_ZERO_IN_DATE,NO_ZERO_DATE,ERROR_FOR_DIVISION_BY_ZERO,TRADITIONAL,NO_ENGINE_SUBSTITUTION {{(pid=93317) _check_effective_sql_mode /opt/stack/data/venv/lib/python3.12/site-packages/oslo_db/sqlalchemy/engines.py:325}}
Jul 10 05:13:14.413080 np0000004955 nova-scheduler[93317]: DEBUG dbcounter [-] [93317] Writer thread running {{(pid=93317) stat_writer /opt/stack/data/venv/lib/python3.12/site-packages/dbcounter.py:102}}
Jul 10 05:13:14.424426 np0000004955 nova-scheduler[93319]: DEBUG oslo_db.sqlalchemy.engines [None req-672101b3-4150-4d00-8566-6d5b488786bf None None] MySQL server mode set to STRICT_TRANS_TABLES,STRICT_ALL_TABLES,NO_ZERO_IN_DATE,NO_ZERO_DATE,ERROR_FOR_DIVISION_BY_ZERO,TRADITIONAL,NO_ENGINE_SUBSTITUTION {{(pid=93319) _check_effective_sql_mode /opt/stack/data/venv/lib/python3.12/site-packages/oslo_db/sqlalchemy/engines.py:325}}
Jul 10 05:13:14.429554 np0000004955 nova-scheduler[93317]: DEBUG nova.service [None req-3c248ad7-2177-47fe-b93d-4fa64b3c0d6f None None] Creating RPC server for service: nova-scheduler on topic: scheduler {{(pid=93317) start /opt/stack/nova/nova/service.py:196}}
Jul 10 05:13:14.435132 np0000004955 nova-scheduler[93319]: DEBUG dbcounter [-] [93319] Writer thread running {{(pid=93319) stat_writer /opt/stack/data/venv/lib/python3.12/site-packages/dbcounter.py:102}}
Jul 10 05:13:14.438020 np0000004955 nova-scheduler[93319]: DEBUG nova.service [None req-672101b3-4150-4d00-8566-6d5b488786bf None None] Creating RPC server for service: nova-scheduler on topic: scheduler {{(pid=93319) start /opt/stack/nova/nova/service.py:196}}
Jul 10 05:13:14.439512 np0000004955 nova-scheduler[93321]: DEBUG oslo_db.sqlalchemy.engines [None req-d068f836-f128-4c27-8a98-56b117d24a01 None None] MySQL server mode set to STRICT_TRANS_TABLES,STRICT_ALL_TABLES,NO_ZERO_IN_DATE,NO_ZERO_DATE,ERROR_FOR_DIVISION_BY_ZERO,TRADITIONAL,NO_ENGINE_SUBSTITUTION {{(pid=93321) _check_effective_sql_mode /opt/stack/data/venv/lib/python3.12/site-packages/oslo_db/sqlalchemy/engines.py:325}}
Jul 10 05:13:14.450113 np0000004955 nova-scheduler[93321]: DEBUG dbcounter [-] [93321] Writer thread running {{(pid=93321) stat_writer /opt/stack/data/venv/lib/python3.12/site-packages/dbcounter.py:102}}
Jul 10 05:13:14.452998 np0000004955 nova-scheduler[93321]: DEBUG nova.service [None req-d068f836-f128-4c27-8a98-56b117d24a01 None None] Creating RPC server for service: nova-scheduler on topic: scheduler {{(pid=93321) start /opt/stack/nova/nova/service.py:196}}
Jul 10 05:13:14.457175 np0000004955 nova-scheduler[93317]: DEBUG nova.service [None req-3c248ad7-2177-47fe-b93d-4fa64b3c0d6f None None] Join ServiceGroup membership for this service scheduler {{(pid=93317) start /opt/stack/nova/nova/service.py:222}}
Jul 10 05:13:14.457175 np0000004955 nova-scheduler[93317]: DEBUG nova.servicegroup.drivers.db [None req-3c248ad7-2177-47fe-b93d-4fa64b3c0d6f None None] DB_Driver: join new ServiceGroup member np0000004955 to the scheduler group, service = {{(pid=93317) join /opt/stack/nova/nova/servicegroup/drivers/db.py:44}}
Jul 10 05:13:14.462758 np0000004955 nova-scheduler[93319]: DEBUG nova.service [None req-672101b3-4150-4d00-8566-6d5b488786bf None None] Join ServiceGroup membership for this service scheduler {{(pid=93319) start /opt/stack/nova/nova/service.py:222}}
Jul 10 05:13:14.463101 np0000004955 nova-scheduler[93319]: DEBUG nova.servicegroup.drivers.db [None req-672101b3-4150-4d00-8566-6d5b488786bf None None] DB_Driver: join new ServiceGroup member np0000004955 to the scheduler group, service = {{(pid=93319) join /opt/stack/nova/nova/servicegroup/drivers/db.py:44}}
Jul 10 05:13:14.475371 np0000004955 nova-scheduler[93321]: DEBUG nova.service [None req-d068f836-f128-4c27-8a98-56b117d24a01 None None] Join ServiceGroup membership for this service scheduler {{(pid=93321) start /opt/stack/nova/nova/service.py:222}}
Jul 10 05:13:14.475666 np0000004955 nova-scheduler[93321]: DEBUG nova.servicegroup.drivers.db [None req-d068f836-f128-4c27-8a98-56b117d24a01 None None] DB_Driver: join new ServiceGroup member np0000004955 to the scheduler group, service = {{(pid=93321) join /opt/stack/nova/nova/servicegroup/drivers/db.py:44}}
Jul 10 05:13:19.470781 np0000004955 nova-scheduler[93317]: DEBUG oslo.service.backend._threading.loopingcall [-] Fixed interval looping call 'nova.servicegroup.drivers.db.DbDriver._report_state' sleeping for 119.99 seconds {{(pid=93317) _run_loop /opt/stack/data/venv/lib/python3.12/site-packages/oslo_service/backend/_threading/loopingcall.py:125}}
Jul 10 05:13:19.475726 np0000004955 nova-scheduler[93319]: DEBUG oslo.service.backend._threading.loopingcall [-] Fixed interval looping call 'nova.servicegroup.drivers.db.DbDriver._report_state' sleeping for 119.99 seconds {{(pid=93319) _run_loop /opt/stack/data/venv/lib/python3.12/site-packages/oslo_service/backend/_threading/loopingcall.py:125}}
Jul 10 05:13:19.487826 np0000004955 nova-scheduler[93321]: DEBUG oslo.service.backend._threading.loopingcall [-] Fixed interval looping call 'nova.servicegroup.drivers.db.DbDriver._report_state' sleeping for 119.99 seconds {{(pid=93321) _run_loop /opt/stack/data/venv/lib/python3.12/site-packages/oslo_service/backend/_threading/loopingcall.py:125}}
Jul 10 05:13:22.458800 np0000004955 nova-scheduler[93317]: DEBUG oslo.service.backend._threading.loopingcall [None req-10276edd-79e1-4811-bcb4-024315390ca1 None None] Dynamic interval looping call 'nova.service.Service.periodic_tasks' sleeping for 60.00 seconds {{(pid=93317) _run_loop /opt/stack/data/venv/lib/python3.12/site-packages/oslo_service/backend/_threading/loopingcall.py:125}}
Jul 10 05:13:23.060502 np0000004955 nova-scheduler[92101]: DEBUG dbcounter [-] [92101] Writing DB stats nova_api:SELECT=3 {{(pid=92101) stat_writer /opt/stack/data/venv/lib/python3.12/site-packages/dbcounter.py:115}}
Jul 10 05:13:23.175860 np0000004955 nova-scheduler[92101]: DEBUG dbcounter [-] [92101] Writing DB stats nova_cell0:SELECT=1 {{(pid=92101) stat_writer /opt/stack/data/venv/lib/python3.12/site-packages/dbcounter.py:115}}
Jul 10 05:13:23.181191 np0000004955 nova-scheduler[92101]: DEBUG dbcounter [-] [92101] Writing DB stats nova_cell1:SELECT=1 {{(pid=92101) stat_writer /opt/stack/data/venv/lib/python3.12/site-packages/dbcounter.py:115}}
Jul 10 05:13:29.467284 np0000004955 nova-scheduler[93317]: DEBUG dbcounter [-] [93317] Writing DB stats nova_cell0:SELECT=4,nova_cell0:INSERT=1,nova_cell0:UPDATE=1 {{(pid=93317) stat_writer /opt/stack/data/venv/lib/python3.12/site-packages/dbcounter.py:115}}
Jul 10 05:13:29.476684 np0000004955 nova-scheduler[93319]: DEBUG dbcounter [-] [93319] Writing DB stats nova_cell0:SELECT=3 {{(pid=93319) stat_writer /opt/stack/data/venv/lib/python3.12/site-packages/dbcounter.py:115}}
Jul 10 05:13:29.486178 np0000004955 nova-scheduler[93321]: DEBUG dbcounter [-] [93321] Writing DB stats nova_cell0:SELECT=3 {{(pid=93321) stat_writer /opt/stack/data/venv/lib/python3.12/site-packages/dbcounter.py:115}}
Jul 10 05:13:32.479296 np0000004955 nova-scheduler[93321]: DEBUG oslo.service.backend._threading.loopingcall [None req-9134375f-218f-4b90-9203-f155680b4f1e None None] Dynamic interval looping call 'nova.service.Service.periodic_tasks' sleeping for 60.00 seconds {{(pid=93321) _run_loop /opt/stack/data/venv/lib/python3.12/site-packages/oslo_service/backend/_threading/loopingcall.py:125}}
Jul 10 05:13:48.465478 np0000004955 nova-scheduler[93319]: DEBUG oslo.service.backend._threading.loopingcall [None req-83297a2c-2b9a-4b7b-96bc-a7951a12c6a8 None None] Dynamic interval looping call 'nova.service.Service.periodic_tasks' sleeping for 60.00 seconds {{(pid=93319) _run_loop /opt/stack/data/venv/lib/python3.12/site-packages/oslo_service/backend/_threading/loopingcall.py:125}}
Jul 10 05:14:22.459279 np0000004955 nova-scheduler[93317]: DEBUG oslo.service.backend._threading.loopingcall [None req-10276edd-79e1-4811-bcb4-024315390ca1 None None] Dynamic interval looping call 'nova.service.Service.periodic_tasks' sleeping for 60.00 seconds {{(pid=93317) _run_loop /opt/stack/data/venv/lib/python3.12/site-packages/oslo_service/backend/_threading/loopingcall.py:125}}
Jul 10 05:14:32.479959 np0000004955 nova-scheduler[93321]: DEBUG oslo.service.backend._threading.loopingcall [None req-9134375f-218f-4b90-9203-f155680b4f1e None None] Dynamic interval looping call 'nova.service.Service.periodic_tasks' sleeping for 60.00 seconds {{(pid=93321) _run_loop /opt/stack/data/venv/lib/python3.12/site-packages/oslo_service/backend/_threading/loopingcall.py:125}}
Jul 10 05:14:48.465975 np0000004955 nova-scheduler[93319]: DEBUG oslo.service.backend._threading.loopingcall [None req-83297a2c-2b9a-4b7b-96bc-a7951a12c6a8 None None] Dynamic interval looping call 'nova.service.Service.periodic_tasks' sleeping for 60.00 seconds {{(pid=93319) _run_loop /opt/stack/data/venv/lib/python3.12/site-packages/oslo_service/backend/_threading/loopingcall.py:125}}
Jul 10 05:15:19.466331 np0000004955 nova-scheduler[93317]: DEBUG oslo.service.backend._threading.loopingcall [-] Fixed interval looping call 'nova.servicegroup.drivers.db.DbDriver._report_state' sleeping for 119.99 seconds {{(pid=93317) _run_loop /opt/stack/data/venv/lib/python3.12/site-packages/oslo_service/backend/_threading/loopingcall.py:125}}
Jul 10 05:15:19.468900 np0000004955 nova-scheduler[93319]: DEBUG oslo.service.backend._threading.loopingcall [-] Fixed interval looping call 'nova.servicegroup.drivers.db.DbDriver._report_state' sleeping for 120.00 seconds {{(pid=93319) _run_loop /opt/stack/data/venv/lib/python3.12/site-packages/oslo_service/backend/_threading/loopingcall.py:125}}
Jul 10 05:15:19.481098 np0000004955 nova-scheduler[93321]: DEBUG oslo.service.backend._threading.loopingcall [-] Fixed interval looping call 'nova.servicegroup.drivers.db.DbDriver._report_state' sleeping for 120.00 seconds {{(pid=93321) _run_loop /opt/stack/data/venv/lib/python3.12/site-packages/oslo_service/backend/_threading/loopingcall.py:125}}
Jul 10 05:15:22.459795 np0000004955 nova-scheduler[93317]: DEBUG oslo.service.backend._threading.loopingcall [None req-10276edd-79e1-4811-bcb4-024315390ca1 None None] Dynamic interval looping call 'nova.service.Service.periodic_tasks' sleeping for 60.00 seconds {{(pid=93317) _run_loop /opt/stack/data/venv/lib/python3.12/site-packages/oslo_service/backend/_threading/loopingcall.py:125}}
Jul 10 05:15:29.463866 np0000004955 nova-scheduler[93317]: DEBUG dbcounter [-] [93317] Writing DB stats nova_cell0:SELECT=1,nova_cell0:UPDATE=1 {{(pid=93317) stat_writer /opt/stack/data/venv/lib/python3.12/site-packages/dbcounter.py:115}}
Jul 10 05:15:29.467469 np0000004955 nova-scheduler[93319]: DEBUG dbcounter [-] [93319] Writing DB stats nova_cell0:SELECT=1 {{(pid=93319) stat_writer /opt/stack/data/venv/lib/python3.12/site-packages/dbcounter.py:115}}
Jul 10 05:15:29.479970 np0000004955 nova-scheduler[93321]: DEBUG dbcounter [-] [93321] Writing DB stats nova_cell0:SELECT=1 {{(pid=93321) stat_writer /opt/stack/data/venv/lib/python3.12/site-packages/dbcounter.py:115}}
Jul 10 05:15:32.480460 np0000004955 nova-scheduler[93321]: DEBUG oslo.service.backend._threading.loopingcall [None req-9134375f-218f-4b90-9203-f155680b4f1e None None] Dynamic interval looping call 'nova.service.Service.periodic_tasks' sleeping for 60.00 seconds {{(pid=93321) _run_loop /opt/stack/data/venv/lib/python3.12/site-packages/oslo_service/backend/_threading/loopingcall.py:125}}
Jul 10 05:15:44.350874 np0000004955 nova-scheduler[93317]: DEBUG nova.scheduler.manager [None req-17f15904-7c56-48d4-bb52-803377107ca1 tempest-DeleteServersTestJSON-1855055854 tempest-DeleteServersTestJSON-1855055854-project-member] Starting to schedule for instances: ['a4a71e77-b6cc-4824-a9ca-95cd7b37bfd2'] {{(pid=93317) select_destinations /opt/stack/nova/nova/scheduler/manager.py:209}}
Jul 10 05:15:44.351430 np0000004955 nova-scheduler[93317]: DEBUG nova.scheduler.request_filter [None req-17f15904-7c56-48d4-bb52-803377107ca1 tempest-DeleteServersTestJSON-1855055854 tempest-DeleteServersTestJSON-1855055854-project-member] compute_status_filter request filter added forbidden trait COMPUTE_STATUS_DISABLED {{(pid=93317) compute_status_filter /opt/stack/nova/nova/scheduler/request_filter.py:253}}
Jul 10 05:15:44.351588 np0000004955 nova-scheduler[93317]: DEBUG nova.scheduler.request_filter [None req-17f15904-7c56-48d4-bb52-803377107ca1 tempest-DeleteServersTestJSON-1855055854 tempest-DeleteServersTestJSON-1855055854-project-member] Request filter 'compute_status_filter' took 0.0 seconds {{(pid=93317) wrapper /opt/stack/nova/nova/scheduler/request_filter.py:46}}
Jul 10 05:15:44.351957 np0000004955 nova-scheduler[93317]: DEBUG nova.scheduler.request_filter [None req-17f15904-7c56-48d4-bb52-803377107ca1 tempest-DeleteServersTestJSON-1855055854 tempest-DeleteServersTestJSON-1855055854-project-member] Request filter 'accelerators_filter' took 0.0 seconds {{(pid=93317) wrapper /opt/stack/nova/nova/scheduler/request_filter.py:46}}
Jul 10 05:15:44.352222 np0000004955 nova-scheduler[93317]: DEBUG nova.scheduler.request_filter [None req-17f15904-7c56-48d4-bb52-803377107ca1 tempest-DeleteServersTestJSON-1855055854 tempest-DeleteServersTestJSON-1855055854-project-member] Request filter 'packed_virtqueue_filter' took 0.0 seconds {{(pid=93317) wrapper /opt/stack/nova/nova/scheduler/request_filter.py:46}}
Jul 10 05:15:44.353033 np0000004955 nova-scheduler[93317]: DEBUG nova.scheduler.request_filter [None req-17f15904-7c56-48d4-bb52-803377107ca1 tempest-DeleteServersTestJSON-1855055854 tempest-DeleteServersTestJSON-1855055854-project-member] Request filter 'remote_managed_ports_filter' took 0.0 seconds {{(pid=93317) wrapper /opt/stack/nova/nova/scheduler/request_filter.py:46}}
Jul 10 05:15:44.353197 np0000004955 nova-scheduler[93317]: DEBUG nova.scheduler.request_filter [None req-17f15904-7c56-48d4-bb52-803377107ca1 tempest-DeleteServersTestJSON-1855055854 tempest-DeleteServersTestJSON-1855055854-project-member] ephemeral_encryption_filter skipped {{(pid=93317) ephemeral_encryption_filter /opt/stack/nova/nova/scheduler/request_filter.py:426}}
Jul 10 05:15:44.354854 np0000004955 nova-scheduler[93317]: DEBUG nova.scheduler.request_filter [None req-17f15904-7c56-48d4-bb52-803377107ca1 tempest-DeleteServersTestJSON-1855055854 tempest-DeleteServersTestJSON-1855055854-project-member] virtio_sound_filter skipped {{(pid=93317) virtio_sound_filter /opt/stack/nova/nova/scheduler/request_filter.py:460}}
Jul 10 05:15:44.354854 np0000004955 nova-scheduler[93317]: DEBUG nova.scheduler.request_filter [None req-17f15904-7c56-48d4-bb52-803377107ca1 tempest-DeleteServersTestJSON-1855055854 tempest-DeleteServersTestJSON-1855055854-project-member] tpm_secret_security_filter skipped {{(pid=93317) tpm_secret_security_filter /opt/stack/nova/nova/scheduler/request_filter.py:477}}
Jul 10 05:15:45.148739 np0000004955 nova-scheduler[93317]: INFO nova.utils [None req-17f15904-7c56-48d4-bb52-803377107ca1 tempest-DeleteServersTestJSON-1855055854 tempest-DeleteServersTestJSON-1855055854-project-member] The cell worker thread pool ForkProcess-1.cell_worker is initialized
Jul 10 05:15:45.149067 np0000004955 nova-scheduler[93317]: DEBUG oslo_concurrency.lockutils [None req-17f15904-7c56-48d4-bb52-803377107ca1 tempest-DeleteServersTestJSON-1855055854 tempest-DeleteServersTestJSON-1855055854-project-member] Acquiring lock "8f466db4-c2e3-45ad-ab2b-65057b82fcee" by "nova.context.set_target_cell..get_or_set_cached_cell_and_set_connections" {{(pid=93317) inner /opt/stack/data/venv/lib/python3.12/site-packages/oslo_concurrency/lockutils.py:511}}
Jul 10 05:15:45.149286 np0000004955 nova-scheduler[93317]: DEBUG oslo_concurrency.lockutils [None req-17f15904-7c56-48d4-bb52-803377107ca1 tempest-DeleteServersTestJSON-1855055854 tempest-DeleteServersTestJSON-1855055854-project-member] Lock "8f466db4-c2e3-45ad-ab2b-65057b82fcee" acquired by "nova.context.set_target_cell..get_or_set_cached_cell_and_set_connections" :: waited 0.000s {{(pid=93317) inner /opt/stack/data/venv/lib/python3.12/site-packages/oslo_concurrency/lockutils.py:524}}
Jul 10 05:15:45.151024 np0000004955 nova-scheduler[93317]: DEBUG oslo_concurrency.lockutils [None req-17f15904-7c56-48d4-bb52-803377107ca1 tempest-DeleteServersTestJSON-1855055854 tempest-DeleteServersTestJSON-1855055854-project-member] Lock "8f466db4-c2e3-45ad-ab2b-65057b82fcee" "released" by "nova.context.set_target_cell..get_or_set_cached_cell_and_set_connections" :: held 0.002s {{(pid=93317) inner /opt/stack/data/venv/lib/python3.12/site-packages/oslo_concurrency/lockutils.py:543}}
Jul 10 05:15:45.153329 np0000004955 nova-scheduler[93317]: INFO dbcounter [None req-17f15904-7c56-48d4-bb52-803377107ca1 tempest-DeleteServersTestJSON-1855055854 tempest-DeleteServersTestJSON-1855055854-project-member] Registered counter for database nova_cell1
Jul 10 05:15:45.192356 np0000004955 nova-scheduler[93317]: DEBUG oslo_db.sqlalchemy.engines [None req-17f15904-7c56-48d4-bb52-803377107ca1 tempest-DeleteServersTestJSON-1855055854 tempest-DeleteServersTestJSON-1855055854-project-member] MySQL server mode set to STRICT_TRANS_TABLES,STRICT_ALL_TABLES,NO_ZERO_IN_DATE,NO_ZERO_DATE,ERROR_FOR_DIVISION_BY_ZERO,TRADITIONAL,NO_ENGINE_SUBSTITUTION {{(pid=93317) _check_effective_sql_mode /opt/stack/data/venv/lib/python3.12/site-packages/oslo_db/sqlalchemy/engines.py:325}}
Jul 10 05:15:45.202320 np0000004955 nova-scheduler[93317]: DEBUG dbcounter [-] [93317] Writer thread running {{(pid=93317) stat_writer /opt/stack/data/venv/lib/python3.12/site-packages/dbcounter.py:102}}
Jul 10 05:15:45.216267 np0000004955 nova-scheduler[93317]: DEBUG oslo_db.sqlalchemy.engines [None req-17f15904-7c56-48d4-bb52-803377107ca1 tempest-DeleteServersTestJSON-1855055854 tempest-DeleteServersTestJSON-1855055854-project-member] Parent process 92101 forked (93317) with an open database connection, which is being discarded and recreated. {{(pid=93317) checkout /opt/stack/data/venv/lib/python3.12/site-packages/oslo_db/sqlalchemy/engines.py:402}}
Jul 10 05:15:45.243019 np0000004955 nova-scheduler[93319]: DEBUG nova.scheduler.manager [None req-f9c54cf5-f82b-4710-8a1f-fbba0eed2c40 tempest-ServerActionsTestOtherB-80430137 tempest-ServerActionsTestOtherB-80430137-project-member] Starting to schedule for instances: ['03966cb6-16ca-434e-8fb6-c23c9bd9fdb4'] {{(pid=93319) select_destinations /opt/stack/nova/nova/scheduler/manager.py:209}}
Jul 10 05:15:45.243743 np0000004955 nova-scheduler[93319]: DEBUG nova.scheduler.request_filter [None req-f9c54cf5-f82b-4710-8a1f-fbba0eed2c40 tempest-ServerActionsTestOtherB-80430137 tempest-ServerActionsTestOtherB-80430137-project-member] compute_status_filter request filter added forbidden trait COMPUTE_STATUS_DISABLED {{(pid=93319) compute_status_filter /opt/stack/nova/nova/scheduler/request_filter.py:253}}
Jul 10 05:15:45.243859 np0000004955 nova-scheduler[93319]: DEBUG nova.scheduler.request_filter [None req-f9c54cf5-f82b-4710-8a1f-fbba0eed2c40 tempest-ServerActionsTestOtherB-80430137 tempest-ServerActionsTestOtherB-80430137-project-member] Request filter 'compute_status_filter' took 0.0 seconds {{(pid=93319) wrapper /opt/stack/nova/nova/scheduler/request_filter.py:46}}
Jul 10 05:15:45.244364 np0000004955 nova-scheduler[93319]: DEBUG nova.scheduler.request_filter [None req-f9c54cf5-f82b-4710-8a1f-fbba0eed2c40 tempest-ServerActionsTestOtherB-80430137 tempest-ServerActionsTestOtherB-80430137-project-member] Request filter 'accelerators_filter' took 0.0 seconds {{(pid=93319) wrapper /opt/stack/nova/nova/scheduler/request_filter.py:46}}
Jul 10 05:15:45.244364 np0000004955 nova-scheduler[93319]: DEBUG nova.scheduler.request_filter [None req-f9c54cf5-f82b-4710-8a1f-fbba0eed2c40 tempest-ServerActionsTestOtherB-80430137 tempest-ServerActionsTestOtherB-80430137-project-member] Request filter 'packed_virtqueue_filter' took 0.0 seconds {{(pid=93319) wrapper /opt/stack/nova/nova/scheduler/request_filter.py:46}}
Jul 10 05:15:45.244592 np0000004955 nova-scheduler[93319]: DEBUG nova.scheduler.request_filter [None req-f9c54cf5-f82b-4710-8a1f-fbba0eed2c40 tempest-ServerActionsTestOtherB-80430137 tempest-ServerActionsTestOtherB-80430137-project-member] Request filter 'remote_managed_ports_filter' took 0.0 seconds {{(pid=93319) wrapper /opt/stack/nova/nova/scheduler/request_filter.py:46}}
Jul 10 05:15:45.244811 np0000004955 nova-scheduler[93319]: DEBUG nova.scheduler.request_filter [None req-f9c54cf5-f82b-4710-8a1f-fbba0eed2c40 tempest-ServerActionsTestOtherB-80430137 tempest-ServerActionsTestOtherB-80430137-project-member] ephemeral_encryption_filter skipped {{(pid=93319) ephemeral_encryption_filter /opt/stack/nova/nova/scheduler/request_filter.py:426}}
Jul 10 05:15:45.245006 np0000004955 nova-scheduler[93319]: DEBUG nova.scheduler.request_filter [None req-f9c54cf5-f82b-4710-8a1f-fbba0eed2c40 tempest-ServerActionsTestOtherB-80430137 tempest-ServerActionsTestOtherB-80430137-project-member] virtio_sound_filter skipped {{(pid=93319) virtio_sound_filter /opt/stack/nova/nova/scheduler/request_filter.py:460}}
Jul 10 05:15:45.245203 np0000004955 nova-scheduler[93319]: DEBUG nova.scheduler.request_filter [None req-f9c54cf5-f82b-4710-8a1f-fbba0eed2c40 tempest-ServerActionsTestOtherB-80430137 tempest-ServerActionsTestOtherB-80430137-project-member] tpm_secret_security_filter skipped {{(pid=93319) tpm_secret_security_filter /opt/stack/nova/nova/scheduler/request_filter.py:477}}
Jul 10 05:15:45.261390 np0000004955 nova-scheduler[93317]: DEBUG dbcounter [-] [93317] Writer thread running {{(pid=93317) stat_writer /opt/stack/data/venv/lib/python3.12/site-packages/dbcounter.py:102}}
Jul 10 05:15:45.265401 np0000004955 nova-scheduler[93317]: DEBUG oslo_concurrency.lockutils [None req-17f15904-7c56-48d4-bb52-803377107ca1 tempest-DeleteServersTestJSON-1855055854 tempest-DeleteServersTestJSON-1855055854-project-member] Acquiring lock "8f466db4-c2e3-45ad-ab2b-65057b82fcee" by "nova.context.set_target_cell..get_or_set_cached_cell_and_set_connections" {{(pid=93317) inner /opt/stack/data/venv/lib/python3.12/site-packages/oslo_concurrency/lockutils.py:511}}
Jul 10 05:15:45.265671 np0000004955 nova-scheduler[93317]: DEBUG oslo_concurrency.lockutils [None req-17f15904-7c56-48d4-bb52-803377107ca1 tempest-DeleteServersTestJSON-1855055854 tempest-DeleteServersTestJSON-1855055854-project-member] Lock "8f466db4-c2e3-45ad-ab2b-65057b82fcee" acquired by "nova.context.set_target_cell..get_or_set_cached_cell_and_set_connections" :: waited 0.000s {{(pid=93317) inner /opt/stack/data/venv/lib/python3.12/site-packages/oslo_concurrency/lockutils.py:524}}
Jul 10 05:15:45.265811 np0000004955 nova-scheduler[93317]: DEBUG oslo_concurrency.lockutils [None req-17f15904-7c56-48d4-bb52-803377107ca1 tempest-DeleteServersTestJSON-1855055854 tempest-DeleteServersTestJSON-1855055854-project-member] Lock "8f466db4-c2e3-45ad-ab2b-65057b82fcee" "released" by "nova.context.set_target_cell..get_or_set_cached_cell_and_set_connections" :: held 0.000s {{(pid=93317) inner /opt/stack/data/venv/lib/python3.12/site-packages/oslo_concurrency/lockutils.py:543}}
Jul 10 05:15:45.271689 np0000004955 nova-scheduler[93317]: DEBUG oslo_concurrency.lockutils [None req-17f15904-7c56-48d4-bb52-803377107ca1 tempest-DeleteServersTestJSON-1855055854 tempest-DeleteServersTestJSON-1855055854-project-member] Acquiring lock "np0000004955-np0000004955" by "nova.scheduler.host_manager.HostState.update.._locked_update" {{(pid=93317) inner /opt/stack/data/venv/lib/python3.12/site-packages/oslo_concurrency/lockutils.py:511}}
Jul 10 05:15:45.271689 np0000004955 nova-scheduler[93317]: DEBUG oslo_concurrency.lockutils [None req-17f15904-7c56-48d4-bb52-803377107ca1 tempest-DeleteServersTestJSON-1855055854 tempest-DeleteServersTestJSON-1855055854-project-member] Lock "np0000004955-np0000004955" acquired by "nova.scheduler.host_manager.HostState.update.._locked_update" :: waited 0.000s {{(pid=93317) inner /opt/stack/data/venv/lib/python3.12/site-packages/oslo_concurrency/lockutils.py:524}}
Jul 10 05:15:45.272759 np0000004955 nova-scheduler[93317]: DEBUG nova.scheduler.host_manager [None req-17f15904-7c56-48d4-bb52-803377107ca1 tempest-DeleteServersTestJSON-1855055854 tempest-DeleteServersTestJSON-1855055854-project-member] Update host state from compute node: ComputeNode(cpu_allocation_ratio=4.0,cpu_info='{"arch": "x86_64", "model": "EPYC-Milan", "vendor": "AMD", "topology": {"cells": 1, "sockets": 16, "cores": 1, "threads": 1}, "maxphysaddr": {"mode": "emulate", "bits": 40}, "features": ["vaes", "misalignsse", "pni", "popcnt", "cmov", "pclmuldq", "amd-stibp", "clflush", "stibp", "fma", "svme-addr-chk", "pge", "pae", "pdpe1gb", "bmi2", "rdseed", "svm", "lbrv", "avx", "fpu", "msr", "fsgsbase", "skip-l1dfl-vmentry", "vme", "sse4.2", "spec-ctrl", "ssse3", "vpclmulqdq", "lm", "amd-psfd", "arat", "rdtscp", "amd-ssbd", "clwb", "mmx", "no-nested-data-bp", "ibpb", "de", "smep", "sse4a", "ibrs", "v-vmsave-vmload", "virt-ssbd", "xsaves", "fsrm", "xsavec", "ssbd", "sse4.1", "pse", "tsc_adjust", "xsaveopt", "npt", "rdctl-no", "sse2", "fxsr_opt", "xgetbv1", "rdpid", "clflushopt", "umip", "null-sel-clr-base", "mce", "mtrr", "clzero", "f16c", "gds-no", "smap", "tsc-scale", "topoext", "3dnowprefetch", "arch-capabilities", "sse", "perfctr_core", "tsc-deadline", "pat", "erms", "wbnoinvd", "flushbyasid", "pfthreshold", "syscall", "vmcb-clean", "pse36", "xsave", "pause-filter", "tsc", "mmxext", "cx16", "xsaveerptr", "fxsr", "x2apic", "stibp-always-on", "pschange-mc-no", "sep", "aes", "pcid", "nrip-save", "lahf_lm", "vgif", "apic", "mds-no", "pku", "nx", "bmi1", "cr8legacy", "cmp_legacy", "cx8", "hypervisor", "lfence-always-serializing", "rdrand", "mca", "invpcid", "movbe", "abm", "osvw", "sha-ni", "adx", "avx2"]}',created_at=2026-07-10T05:13:40Z,current_workload=0,deleted=False,deleted_at=None,disk_allocation_ratio=1.0,disk_available_least=73,free_disk_gb=95,free_ram_mb=62765,host='np0000004955',host_ip=10.4.3.27,hypervisor_hostname='np0000004955',hypervisor_type='QEMU',hypervisor_version=8002002,id=1,local_gb=95,local_gb_used=0,mapped=1,memory_mb=63277,memory_mb_used=512,metrics='[]',numa_topology='{"nova_object.name": "NUMATopology", "nova_object.namespace": "nova", "nova_object.version": "1.2", "nova_object.data": {"cells": [{"nova_object.name": "NUMACell", "nova_object.namespace": "nova", "nova_object.version": "1.5", "nova_object.data": {"id": 0, "cpuset": [0, 1, 2, 3, 4, 5, 6, 7, 8, 9, 10, 11, 12, 13, 14, 15], "pcpuset": [0, 1, 2, 3, 4, 5, 6, 7, 8, 9, 10, 11, 12, 13, 14, 15], "memory": 63277, "cpu_usage": 0, "memory_usage": 0, "pinned_cpus": [], "siblings": [[6], [12], [2], [15], [5], [11], [8], [14], [4], [1], [7], [10], [0], [13], [3], [9]], "mempages": [{"nova_object.name": "NUMAPagesTopology", "nova_object.namespace": "nova", "nova_object.version": "1.1", "nova_object.data": {"size_kb": 4, "total": 16177929, "used": 0, "reserved": 0}, "nova_object.changes": ["size_kb", "used", "reserved", "total"]}, {"nova_object.name": "NUMAPagesTopology", "nova_object.namespace": "nova", "nova_object.version": "1.1", "nova_object.data": {"size_kb": 2048, "total": 41, "used": 0, "reserved": 0}, "nova_object.changes": ["size_kb", "used", "reserved", "total"]}, {"nova_object.name": "NUMAPagesTopology", "nova_object.namespace": "nova", "nova_object.version": "1.1", "nova_object.data": {"size_kb": 1048576, "total": 0, "used": 0, "reserved": 0}, "nova_object.changes": ["size_kb", "used", "reserved", "total"]}], "network_metadata": {"nova_object.name": "NetworkMetadata", "nova_object.namespace": "nova", "nova_object.version": "1.0", "nova_object.data": {"physnets": [], "tunneled": false}, "nova_object.changes": ["tunneled", "physnets"]}, "socket": null}, "nova_object.changes": ["socket", "pcpuset", "siblings", "memory_usage", "cpuset", "mempages", "pinned_cpus", "network_metadata", "cpu_usage", "memory", "id"]}]}, "nova_object.changes": ["cells"]}',pci_device_pools=PciDevicePoolList,ram_allocation_ratio=1.0,running_vms=0,service_id=2,stats={failed_builds='0',uptime=' 05:15:25 up 13 min, 2 users, load average: 1.61, 1.51, 0.88
Jul 10 05:15:45.272759 np0000004955 nova-scheduler[93317]: '},supported_hv_specs=[HVSpec,HVSpec,HVSpec,HVSpec,HVSpec,HVSpec,HVSpec,HVSpec,HVSpec,HVSpec,HVSpec,HVSpec,HVSpec,HVSpec,HVSpec,HVSpec,HVSpec,HVSpec,HVSpec,HVSpec,HVSpec,HVSpec,HVSpec,HVSpec,HVSpec],updated_at=2026-07-10T05:15:27Z,uuid=16539de1-8263-4f36-9796-e93e071fad07,vcpus=16,vcpus_used=0) {{(pid=93317) _locked_update /opt/stack/nova/nova/scheduler/host_manager.py:168}}
Jul 10 05:15:45.273893 np0000004955 nova-scheduler[93317]: DEBUG nova.scheduler.host_manager [None req-17f15904-7c56-48d4-bb52-803377107ca1 tempest-DeleteServersTestJSON-1855055854 tempest-DeleteServersTestJSON-1855055854-project-member] Update host state with aggregates: [] {{(pid=93317) _locked_update /opt/stack/nova/nova/scheduler/host_manager.py:171}}
Jul 10 05:15:45.274186 np0000004955 nova-scheduler[93317]: DEBUG nova.scheduler.host_manager [None req-17f15904-7c56-48d4-bb52-803377107ca1 tempest-DeleteServersTestJSON-1855055854 tempest-DeleteServersTestJSON-1855055854-project-member] Update host state with service dict: {'id': 2, 'uuid': '6050810f-8904-460c-ad38-0b68b4384ef0', 'host': 'np0000004955', 'binary': 'nova-compute', 'topic': 'compute', 'report_count': 1, 'disabled': False, 'disabled_reason': None, 'last_seen_up': datetime.datetime(2026, 7, 10, 5, 13, 49, tzinfo=datetime.timezone.utc), 'forced_down': False, 'version': 72, 'created_at': datetime.datetime(2026, 7, 10, 5, 13, 39, tzinfo=datetime.timezone.utc), 'updated_at': datetime.datetime(2026, 7, 10, 5, 13, 49, tzinfo=datetime.timezone.utc), 'deleted_at': None, 'deleted': False} {{(pid=93317) _locked_update /opt/stack/nova/nova/scheduler/host_manager.py:174}}
Jul 10 05:15:45.274378 np0000004955 nova-scheduler[93317]: DEBUG nova.scheduler.host_manager [None req-17f15904-7c56-48d4-bb52-803377107ca1 tempest-DeleteServersTestJSON-1855055854 tempest-DeleteServersTestJSON-1855055854-project-member] Update host state with instances: [] {{(pid=93317) _locked_update /opt/stack/nova/nova/scheduler/host_manager.py:177}}
Jul 10 05:15:45.274477 np0000004955 nova-scheduler[93317]: DEBUG oslo_concurrency.lockutils [None req-17f15904-7c56-48d4-bb52-803377107ca1 tempest-DeleteServersTestJSON-1855055854 tempest-DeleteServersTestJSON-1855055854-project-member] Lock "np0000004955-np0000004955" "released" by "nova.scheduler.host_manager.HostState.update.._locked_update" :: held 0.004s {{(pid=93317) inner /opt/stack/data/venv/lib/python3.12/site-packages/oslo_concurrency/lockutils.py:543}}
Jul 10 05:15:45.275360 np0000004955 nova-scheduler[93317]: DEBUG nova.filters [None req-17f15904-7c56-48d4-bb52-803377107ca1 tempest-DeleteServersTestJSON-1855055854 tempest-DeleteServersTestJSON-1855055854-project-member] Starting with 1 host(s) {{(pid=93317) get_filtered_objects /opt/stack/nova/nova/filters.py:70}}
Jul 10 05:15:45.275360 np0000004955 nova-scheduler[93317]: DEBUG nova.filters [None req-17f15904-7c56-48d4-bb52-803377107ca1 tempest-DeleteServersTestJSON-1855055854 tempest-DeleteServersTestJSON-1855055854-project-member] Filter ComputeFilter returned 1 host(s) {{(pid=93317) get_filtered_objects /opt/stack/nova/nova/filters.py:102}}
Jul 10 05:15:45.275360 np0000004955 nova-scheduler[93317]: DEBUG nova.filters [None req-17f15904-7c56-48d4-bb52-803377107ca1 tempest-DeleteServersTestJSON-1855055854 tempest-DeleteServersTestJSON-1855055854-project-member] Filter ComputeCapabilitiesFilter returned 1 host(s) {{(pid=93317) get_filtered_objects /opt/stack/nova/nova/filters.py:102}}
Jul 10 05:15:45.275471 np0000004955 nova-scheduler[93317]: DEBUG nova.filters [None req-17f15904-7c56-48d4-bb52-803377107ca1 tempest-DeleteServersTestJSON-1855055854 tempest-DeleteServersTestJSON-1855055854-project-member] Filter ImagePropertiesFilter returned 1 host(s) {{(pid=93317) get_filtered_objects /opt/stack/nova/nova/filters.py:102}}
Jul 10 05:15:45.275585 np0000004955 nova-scheduler[93317]: DEBUG nova.filters [None req-17f15904-7c56-48d4-bb52-803377107ca1 tempest-DeleteServersTestJSON-1855055854 tempest-DeleteServersTestJSON-1855055854-project-member] Filter ServerGroupAntiAffinityFilter returned 1 host(s) {{(pid=93317) get_filtered_objects /opt/stack/nova/nova/filters.py:102}}
Jul 10 05:15:45.275696 np0000004955 nova-scheduler[93317]: DEBUG nova.filters [None req-17f15904-7c56-48d4-bb52-803377107ca1 tempest-DeleteServersTestJSON-1855055854 tempest-DeleteServersTestJSON-1855055854-project-member] Filter ServerGroupAffinityFilter returned 1 host(s) {{(pid=93317) get_filtered_objects /opt/stack/nova/nova/filters.py:102}}
Jul 10 05:15:45.275812 np0000004955 nova-scheduler[93317]: DEBUG nova.filters [None req-17f15904-7c56-48d4-bb52-803377107ca1 tempest-DeleteServersTestJSON-1855055854 tempest-DeleteServersTestJSON-1855055854-project-member] Filter SameHostFilter returned 1 host(s) {{(pid=93317) get_filtered_objects /opt/stack/nova/nova/filters.py:102}}
Jul 10 05:15:45.275989 np0000004955 nova-scheduler[93317]: DEBUG nova.filters [None req-17f15904-7c56-48d4-bb52-803377107ca1 tempest-DeleteServersTestJSON-1855055854 tempest-DeleteServersTestJSON-1855055854-project-member] Filter DifferentHostFilter returned 1 host(s) {{(pid=93317) get_filtered_objects /opt/stack/nova/nova/filters.py:102}}
Jul 10 05:15:45.276167 np0000004955 nova-scheduler[93317]: DEBUG nova.scheduler.manager [None req-17f15904-7c56-48d4-bb52-803377107ca1 tempest-DeleteServersTestJSON-1855055854 tempest-DeleteServersTestJSON-1855055854-project-member] Filtered [(np0000004955, np0000004955) ram: 62765MB disk: 74752MB io_ops: 0 instances: 0, allocation_candidates: 1] {{(pid=93317) _get_sorted_hosts /opt/stack/nova/nova/scheduler/manager.py:742}}
Jul 10 05:15:45.276503 np0000004955 nova-scheduler[93317]: DEBUG nova.scheduler.manager [None req-17f15904-7c56-48d4-bb52-803377107ca1 tempest-DeleteServersTestJSON-1855055854 tempest-DeleteServersTestJSON-1855055854-project-member] Weighed [WeighedHost [host: (np0000004955, np0000004955) ram: 62765MB disk: 74752MB io_ops: 0 instances: 0, allocation_candidates: 1, weight: 0.0]] {{(pid=93317) _get_sorted_hosts /opt/stack/nova/nova/scheduler/manager.py:764}}
Jul 10 05:15:45.276784 np0000004955 nova-scheduler[93317]: DEBUG nova.scheduler.utils [None req-17f15904-7c56-48d4-bb52-803377107ca1 tempest-DeleteServersTestJSON-1855055854 tempest-DeleteServersTestJSON-1855055854-project-member] Attempting to claim resources in the placement API for instance a4a71e77-b6cc-4824-a9ca-95cd7b37bfd2 {{(pid=93317) claim_resources /opt/stack/nova/nova/scheduler/utils.py:1345}}
Jul 10 05:15:45.350971 np0000004955 nova-scheduler[93319]: INFO nova.utils [None req-f9c54cf5-f82b-4710-8a1f-fbba0eed2c40 tempest-ServerActionsTestOtherB-80430137 tempest-ServerActionsTestOtherB-80430137-project-member] The cell worker thread pool ForkProcess-2.cell_worker is initialized
Jul 10 05:15:45.352053 np0000004955 nova-scheduler[93319]: DEBUG oslo_concurrency.lockutils [None req-f9c54cf5-f82b-4710-8a1f-fbba0eed2c40 tempest-ServerActionsTestOtherB-80430137 tempest-ServerActionsTestOtherB-80430137-project-member] Acquiring lock "8f466db4-c2e3-45ad-ab2b-65057b82fcee" by "nova.context.set_target_cell..get_or_set_cached_cell_and_set_connections" {{(pid=93319) inner /opt/stack/data/venv/lib/python3.12/site-packages/oslo_concurrency/lockutils.py:511}}
Jul 10 05:15:45.352053 np0000004955 nova-scheduler[93319]: DEBUG oslo_concurrency.lockutils [None req-f9c54cf5-f82b-4710-8a1f-fbba0eed2c40 tempest-ServerActionsTestOtherB-80430137 tempest-ServerActionsTestOtherB-80430137-project-member] Lock "8f466db4-c2e3-45ad-ab2b-65057b82fcee" acquired by "nova.context.set_target_cell..get_or_set_cached_cell_and_set_connections" :: waited 0.000s {{(pid=93319) inner /opt/stack/data/venv/lib/python3.12/site-packages/oslo_concurrency/lockutils.py:524}}
Jul 10 05:15:45.352872 np0000004955 nova-scheduler[93319]: DEBUG oslo_concurrency.lockutils [None req-f9c54cf5-f82b-4710-8a1f-fbba0eed2c40 tempest-ServerActionsTestOtherB-80430137 tempest-ServerActionsTestOtherB-80430137-project-member] Lock "8f466db4-c2e3-45ad-ab2b-65057b82fcee" "released" by "nova.context.set_target_cell..get_or_set_cached_cell_and_set_connections" :: held 0.001s {{(pid=93319) inner /opt/stack/data/venv/lib/python3.12/site-packages/oslo_concurrency/lockutils.py:543}}
Jul 10 05:15:45.355045 np0000004955 nova-scheduler[93319]: INFO dbcounter [None req-f9c54cf5-f82b-4710-8a1f-fbba0eed2c40 tempest-ServerActionsTestOtherB-80430137 tempest-ServerActionsTestOtherB-80430137-project-member] Registered counter for database nova_cell1
Jul 10 05:15:45.388850 np0000004955 nova-scheduler[93319]: DEBUG oslo_db.sqlalchemy.engines [None req-f9c54cf5-f82b-4710-8a1f-fbba0eed2c40 tempest-ServerActionsTestOtherB-80430137 tempest-ServerActionsTestOtherB-80430137-project-member] MySQL server mode set to STRICT_TRANS_TABLES,STRICT_ALL_TABLES,NO_ZERO_IN_DATE,NO_ZERO_DATE,ERROR_FOR_DIVISION_BY_ZERO,TRADITIONAL,NO_ENGINE_SUBSTITUTION {{(pid=93319) _check_effective_sql_mode /opt/stack/data/venv/lib/python3.12/site-packages/oslo_db/sqlalchemy/engines.py:325}}
Jul 10 05:15:45.393661 np0000004955 nova-scheduler[93319]: DEBUG dbcounter [-] [93319] Writer thread running {{(pid=93319) stat_writer /opt/stack/data/venv/lib/python3.12/site-packages/dbcounter.py:102}}
Jul 10 05:15:45.420357 np0000004955 nova-scheduler[93317]: DEBUG nova.scheduler.manager [None req-17f15904-7c56-48d4-bb52-803377107ca1 tempest-DeleteServersTestJSON-1855055854 tempest-DeleteServersTestJSON-1855055854-project-member] [instance: a4a71e77-b6cc-4824-a9ca-95cd7b37bfd2] Selected host: (np0000004955, np0000004955) ram: 62765MB disk: 74752MB io_ops: 0 instances: 0, allocation_candidates: 1 {{(pid=93317) _consume_selected_host /opt/stack/nova/nova/scheduler/manager.py:624}}
Jul 10 05:15:45.420357 np0000004955 nova-scheduler[93317]: DEBUG oslo_concurrency.lockutils [None req-17f15904-7c56-48d4-bb52-803377107ca1 tempest-DeleteServersTestJSON-1855055854 tempest-DeleteServersTestJSON-1855055854-project-member] Acquiring lock "np0000004955-np0000004955" by "nova.scheduler.host_manager.HostState.consume_from_request.._locked" {{(pid=93317) inner /opt/stack/data/venv/lib/python3.12/site-packages/oslo_concurrency/lockutils.py:511}}
Jul 10 05:15:45.420357 np0000004955 nova-scheduler[93317]: DEBUG oslo_concurrency.lockutils [None req-17f15904-7c56-48d4-bb52-803377107ca1 tempest-DeleteServersTestJSON-1855055854 tempest-DeleteServersTestJSON-1855055854-project-member] Lock "np0000004955-np0000004955" acquired by "nova.scheduler.host_manager.HostState.consume_from_request.._locked" :: waited 0.000s {{(pid=93317) inner /opt/stack/data/venv/lib/python3.12/site-packages/oslo_concurrency/lockutils.py:524}}
Jul 10 05:15:45.420357 np0000004955 nova-scheduler[93317]: DEBUG oslo_concurrency.lockutils [None req-17f15904-7c56-48d4-bb52-803377107ca1 tempest-DeleteServersTestJSON-1855055854 tempest-DeleteServersTestJSON-1855055854-project-member] Lock "np0000004955-np0000004955" "released" by "nova.scheduler.host_manager.HostState.consume_from_request.._locked" :: held 0.000s {{(pid=93317) inner /opt/stack/data/venv/lib/python3.12/site-packages/oslo_concurrency/lockutils.py:543}}
Jul 10 05:15:45.450181 np0000004955 nova-scheduler[93319]: DEBUG dbcounter [-] [93319] Writer thread running {{(pid=93319) stat_writer /opt/stack/data/venv/lib/python3.12/site-packages/dbcounter.py:102}}
