Aug 06 04:17:55.643134 np0000006614 devstack@g-api.service[99991]: DEBUG glance.api.middleware.version_negotiation [None req-2d0e6296-1ed1-4778-962f-2be2431811d0 tempest-ServerBootFromVolumeStableRescueTest-1927724590 tempest-ServerBootFromVolumeStableRescueTest-1927724590-project-member] new path /v2/images/2102242e-3f7d-4a17-b7ce-c64b45abfdcf/file {{(pid=99991) process_request /opt/stack/glance/glance/api/middleware/version_negotiation.py:70}}
Aug 06 04:17:55.866814 np0000006614 devstack@g-api.service[99992]: DEBUG glance.api.middleware.version_negotiation [None req-2d0e6296-1ed1-4778-962f-2be2431811d0 tempest-ServerBootFromVolumeStableRescueTest-1927724590 tempest-ServerBootFromVolumeStableRescueTest-1927724590-project-member] Determining version of request: GET /v2/images/2102242e-3f7d-4a17-b7ce-c64b45abfdcf Accept: application/json {{(pid=99992) process_request /opt/stack/glance/glance/api/middleware/version_negotiation.py:44}}
Aug 06 04:17:55.866916 np0000006614 devstack@g-api.service[99992]: DEBUG glance.api.middleware.version_negotiation [None req-2d0e6296-1ed1-4778-962f-2be2431811d0 tempest-ServerBootFromVolumeStableRescueTest-1927724590 tempest-ServerBootFromVolumeStableRescueTest-1927724590-project-member] Using url versioning {{(pid=99992) process_request /opt/stack/glance/glance/api/middleware/version_negotiation.py:57}}
Aug 06 04:17:55.867162 np0000006614 devstack@g-api.service[99992]: DEBUG glance.api.middleware.version_negotiation [None req-2d0e6296-1ed1-4778-962f-2be2431811d0 tempest-ServerBootFromVolumeStableRescueTest-1927724590 tempest-ServerBootFromVolumeStableRescueTest-1927724590-project-member] Matched version: v2 {{(pid=99992) process_request /opt/stack/glance/glance/api/middleware/version_negotiation.py:69}}
Aug 06 04:17:55.867322 np0000006614 devstack@g-api.service[99992]: DEBUG glance.api.middleware.version_negotiation [None req-2d0e6296-1ed1-4778-962f-2be2431811d0 tempest-ServerBootFromVolumeStableRescueTest-1927724590 tempest-ServerBootFromVolumeStableRescueTest-1927724590-project-member] new path /v2/images/2102242e-3f7d-4a17-b7ce-c64b45abfdcf {{(pid=99992) process_request /opt/stack/glance/glance/api/middleware/version_negotiation.py:70}}
Aug 06 04:17:55.885974 np0000006614 devstack@g-api.service[99992]: [pid: 99992|app: 0|req: 118/354] 127.0.0.1 () {40 vars in 838 bytes} [Thu Aug 6 04:17:55 2026] GET /v2/images/2102242e-3f7d-4a17-b7ce-c64b45abfdcf => generated 1471 bytes in 20 msecs (HTTP/1.1 200) 4 headers in 158 bytes (1 switches on core 0)
Aug 06 04:17:56.473379 np0000006614 devstack@g-api.service[99991]: INFO glance.api.v2.image_data [None req-2d0e6296-1ed1-4778-962f-2be2431811d0 tempest-ServerBootFromVolumeStableRescueTest-1927724590 tempest-ServerBootFromVolumeStableRescueTest-1927724590-project-member] Unable to create trust: no such option collect_timing in group [keystone_authtoken] Use the existing user token.
Aug 06 04:17:56.903157 np0000006614 devstack@g-api.service[99993]: DEBUG glance.api.middleware.version_negotiation [None req-2d0e6296-1ed1-4778-962f-2be2431811d0 tempest-ServerBootFromVolumeStableRescueTest-1927724590 tempest-ServerBootFromVolumeStableRescueTest-1927724590-project-member] Determining version of request: GET /v2/images/2102242e-3f7d-4a17-b7ce-c64b45abfdcf Accept: application/json {{(pid=99993) process_request /opt/stack/glance/glance/api/middleware/version_negotiation.py:44}}
Aug 06 04:17:56.903679 np0000006614 devstack@g-api.service[99993]: DEBUG glance.api.middleware.version_negotiation [None req-2d0e6296-1ed1-4778-962f-2be2431811d0 tempest-ServerBootFromVolumeStableRescueTest-1927724590 tempest-ServerBootFromVolumeStableRescueTest-1927724590-project-member] Using url versioning {{(pid=99993) process_request /opt/stack/glance/glance/api/middleware/version_negotiation.py:57}}
Aug 06 04:17:56.903679 np0000006614 devstack@g-api.service[99993]: DEBUG glance.api.middleware.version_negotiation [None req-2d0e6296-1ed1-4778-962f-2be2431811d0 tempest-ServerBootFromVolumeStableRescueTest-1927724590 tempest-ServerBootFromVolumeStableRescueTest-1927724590-project-member] Matched version: v2 {{(pid=99993) process_request /opt/stack/glance/glance/api/middleware/version_negotiation.py:69}}
Aug 06 04:17:56.903746 np0000006614 devstack@g-api.service[99993]: DEBUG glance.api.middleware.version_negotiation [None req-2d0e6296-1ed1-4778-962f-2be2431811d0 tempest-ServerBootFromVolumeStableRescueTest-1927724590 tempest-ServerBootFromVolumeStableRescueTest-1927724590-project-member] new path /v2/images/2102242e-3f7d-4a17-b7ce-c64b45abfdcf {{(pid=99993) process_request /opt/stack/glance/glance/api/middleware/version_negotiation.py:70}}
Aug 06 04:17:56.923919 np0000006614 devstack@g-api.service[99993]: [pid: 99993|app: 0|req: 119/355] 127.0.0.1 () {40 vars in 838 bytes} [Thu Aug 6 04:17:56 2026] GET /v2/images/2102242e-3f7d-4a17-b7ce-c64b45abfdcf => generated 1471 bytes in 22 msecs (HTTP/1.1 200) 4 headers in 158 bytes (1 switches on core 0)
Aug 06 04:17:57.204911 np0000006614 devstack@g-api.service[99991]: DEBUG glance.location [None req-2d0e6296-1ed1-4778-962f-2be2431811d0 tempest-ServerBootFromVolumeStableRescueTest-1927724590 tempest-ServerBootFromVolumeStableRescueTest-1927724590-project-member] Enabling in-flight format inspection for qcow2 {{(pid=99991) set_data /opt/stack/glance/glance/location.py:596}}
Aug 06 04:17:57.205401 np0000006614 devstack@g-api.service[99991]: DEBUG glance_store.backend [None req-2d0e6296-1ed1-4778-962f-2be2431811d0 tempest-ServerBootFromVolumeStableRescueTest-1927724590 tempest-ServerBootFromVolumeStableRescueTest-1927724590-project-member] Attempting to import store swift {{(pid=99991) _load_store /opt/stack/data/venv/lib/python3.12/site-packages/glance_store/backend.py:215}}
Aug 06 04:17:57.217582 np0000006614 devstack@g-api.service[99991]: DEBUG glance_store.capabilities [None req-2d0e6296-1ed1-4778-962f-2be2431811d0 tempest-ServerBootFromVolumeStableRescueTest-1927724590 tempest-ServerBootFromVolumeStableRescueTest-1927724590-project-member] Store glance_store._drivers.swift.store.SingleTenantStore doesn't support updating dynamic storage capabilities. Please overwrite 'update_capabilities' method of the store to implement updating logics if needed. {{(pid=99991) update_capabilities /opt/stack/data/venv/lib/python3.12/site-packages/glance_store/capabilities.py:91}}
Aug 06 04:17:57.217582 np0000006614 devstack@g-api.service[99991]: DEBUG glance_store.driver [None req-2d0e6296-1ed1-4778-962f-2be2431811d0 tempest-ServerBootFromVolumeStableRescueTest-1927724590 tempest-ServerBootFromVolumeStableRescueTest-1927724590-project-member] Late loading location class glance_store._drivers.swift.store.StoreLocation {{(pid=99991) get_store_location_class /opt/stack/data/venv/lib/python3.12/site-packages/glance_store/driver.py:134}}
Aug 06 04:17:57.217582 np0000006614 devstack@g-api.service[99991]: DEBUG glance_store.location [None req-2d0e6296-1ed1-4778-962f-2be2431811d0 tempest-ServerBootFromVolumeStableRescueTest-1927724590 tempest-ServerBootFromVolumeStableRescueTest-1927724590-project-member] Registering scheme swift+https with {'store': , 'location_class': , 'store_entry': 'swift'} {{(pid=99991) register_scheme_map /opt/stack/data/venv/lib/python3.12/site-packages/glance_store/location.py:146}}
Aug 06 04:17:57.217582 np0000006614 devstack@g-api.service[99991]: DEBUG glance_store.location [None req-2d0e6296-1ed1-4778-962f-2be2431811d0 tempest-ServerBootFromVolumeStableRescueTest-1927724590 tempest-ServerBootFromVolumeStableRescueTest-1927724590-project-member] Registering scheme swift+https with {'store': , 'location_class': , 'store_entry': 'swift'} {{(pid=99991) register_scheme_map /opt/stack/data/venv/lib/python3.12/site-packages/glance_store/location.py:146}}
Aug 06 04:17:57.217582 np0000006614 devstack@g-api.service[99991]: DEBUG glance_store.location [None req-2d0e6296-1ed1-4778-962f-2be2431811d0 tempest-ServerBootFromVolumeStableRescueTest-1927724590 tempest-ServerBootFromVolumeStableRescueTest-1927724590-project-member] Registering scheme swift with {'store': , 'location_class': , 'store_entry': 'swift'} {{(pid=99991) register_scheme_map /opt/stack/data/venv/lib/python3.12/site-packages/glance_store/location.py:146}}
Aug 06 04:17:57.217582 np0000006614 devstack@g-api.service[99991]: DEBUG glance_store.location [None req-2d0e6296-1ed1-4778-962f-2be2431811d0 tempest-ServerBootFromVolumeStableRescueTest-1927724590 tempest-ServerBootFromVolumeStableRescueTest-1927724590-project-member] Registering scheme swift+https with {'store': , 'location_class': , 'store_entry': 'swift'} {{(pid=99991) register_scheme_map /opt/stack/data/venv/lib/python3.12/site-packages/glance_store/location.py:146}}
Aug 06 04:17:57.217582 np0000006614 devstack@g-api.service[99991]: DEBUG glance_store.location [None req-2d0e6296-1ed1-4778-962f-2be2431811d0 tempest-ServerBootFromVolumeStableRescueTest-1927724590 tempest-ServerBootFromVolumeStableRescueTest-1927724590-project-member] Registering scheme swift with {'store': , 'location_class': , 'store_entry': 'swift'} {{(pid=99991) register_scheme_map /opt/stack/data/venv/lib/python3.12/site-packages/glance_store/location.py:146}}
Aug 06 04:17:57.217582 np0000006614 devstack@g-api.service[99991]: DEBUG glance_store.location [None req-2d0e6296-1ed1-4778-962f-2be2431811d0 tempest-ServerBootFromVolumeStableRescueTest-1927724590 tempest-ServerBootFromVolumeStableRescueTest-1927724590-project-member] Registering scheme swift+http with {'store': , 'location_class': , 'store_entry': 'swift'} {{(pid=99991) register_scheme_map /opt/stack/data/venv/lib/python3.12/site-packages/glance_store/location.py:146}}
Aug 06 04:17:57.217582 np0000006614 devstack@g-api.service[99991]: DEBUG glance_store.location [None req-2d0e6296-1ed1-4778-962f-2be2431811d0 tempest-ServerBootFromVolumeStableRescueTest-1927724590 tempest-ServerBootFromVolumeStableRescueTest-1927724590-project-member] Registering scheme swift+https with {'store': , 'location_class': , 'store_entry': 'swift'} {{(pid=99991) register_scheme_map /opt/stack/data/venv/lib/python3.12/site-packages/glance_store/location.py:146}}
Aug 06 04:17:57.218248 np0000006614 devstack@g-api.service[99991]: DEBUG glance_store.location [None req-2d0e6296-1ed1-4778-962f-2be2431811d0 tempest-ServerBootFromVolumeStableRescueTest-1927724590 tempest-ServerBootFromVolumeStableRescueTest-1927724590-project-member] Registering scheme swift with {'store': , 'location_class': , 'store_entry': 'swift'} {{(pid=99991) register_scheme_map /opt/stack/data/venv/lib/python3.12/site-packages/glance_store/location.py:146}}
Aug 06 04:17:57.218248 np0000006614 devstack@g-api.service[99991]: DEBUG glance_store.location [None req-2d0e6296-1ed1-4778-962f-2be2431811d0 tempest-ServerBootFromVolumeStableRescueTest-1927724590 tempest-ServerBootFromVolumeStableRescueTest-1927724590-project-member] Registering scheme swift+http with {'store': , 'location_class': , 'store_entry': 'swift'} {{(pid=99991) register_scheme_map /opt/stack/data/venv/lib/python3.12/site-packages/glance_store/location.py:146}}
Aug 06 04:17:57.218248 np0000006614 devstack@g-api.service[99991]: DEBUG glance_store.location [None req-2d0e6296-1ed1-4778-962f-2be2431811d0 tempest-ServerBootFromVolumeStableRescueTest-1927724590 tempest-ServerBootFromVolumeStableRescueTest-1927724590-project-member] Registering scheme swift+config with {'store': , 'location_class': , 'store_entry': 'swift'} {{(pid=99991) register_scheme_map /opt/stack/data/venv/lib/python3.12/site-packages/glance_store/location.py:146}}
Aug 06 04:17:57.615715 np0000006614 devstack@g-api.service[99991]: DEBUG swiftclient [None req-2d0e6296-1ed1-4778-962f-2be2431811d0 tempest-ServerBootFromVolumeStableRescueTest-1927724590 tempest-ServerBootFromVolumeStableRescueTest-1927724590-project-member] REQ: curl -i https://10.4.3.108:8080/v1/AUTH_0f2bb7a34a8c4e9f9eda5705e8ca994d/glance -I -H "X-Auth-Token: gAAAAABqdAr1EgKe..." {{(pid=99991) http_log /opt/stack/data/venv/lib/python3.12/site-packages/swiftclient/client.py:160}}
Aug 06 04:17:57.615715 np0000006614 devstack@g-api.service[99991]: DEBUG swiftclient [None req-2d0e6296-1ed1-4778-962f-2be2431811d0 tempest-ServerBootFromVolumeStableRescueTest-1927724590 tempest-ServerBootFromVolumeStableRescueTest-1927724590-project-member] RESP STATUS: 204 No Content {{(pid=99991) http_log /opt/stack/data/venv/lib/python3.12/site-packages/swiftclient/client.py:161}}
Aug 06 04:17:57.615715 np0000006614 devstack@g-api.service[99991]: DEBUG swiftclient [None req-2d0e6296-1ed1-4778-962f-2be2431811d0 tempest-ServerBootFromVolumeStableRescueTest-1927724590 tempest-ServerBootFromVolumeStableRescueTest-1927724590-project-member] RESP HEADERS: {'Date': 'Thu, 06 Aug 2026 04:17:57 GMT', 'Server': 'Apache/2.4.58 (Ubuntu)', 'Content-Type': 'text/plain; charset=utf-8', 'X-Container-Object-Count': '7', 'X-Container-Bytes-Used': '109576192', 'X-Timestamp': '1785989516.09780', 'Last-Modified': 'Thu, 06 Aug 2026 04:11:57 GMT', 'Accept-Ranges': 'bytes', 'X-Storage-Policy': 'Policy-0', 'X-Container-Sharding': 'False', 'Vary': 'Accept', 'X-Trans-Id': 'txa69795c1a1574bd098dee-006a740af5', 'X-Openstack-Request-Id': 'txa69795c1a1574bd098dee-006a740af5', 'Connection': 'close'} {{(pid=99991) http_log /opt/stack/data/venv/lib/python3.12/site-packages/swiftclient/client.py:162}}
Aug 06 04:17:57.616302 np0000006614 devstack@g-api.service[99991]: DEBUG glance_store._drivers.swift.store [None req-2d0e6296-1ed1-4778-962f-2be2431811d0 tempest-ServerBootFromVolumeStableRescueTest-1927724590 tempest-ServerBootFromVolumeStableRescueTest-1927724590-project-member] Adding image object '2102242e-3f7d-4a17-b7ce-c64b45abfdcf' to Swift {{(pid=99991) add /opt/stack/data/venv/lib/python3.12/site-packages/glance_store/_drivers/swift/store.py:970}}
Aug 06 04:17:57.616302 np0000006614 devstack@g-api.service[99991]: DEBUG glance_store._drivers.swift.store [None req-2d0e6296-1ed1-4778-962f-2be2431811d0 tempest-ServerBootFromVolumeStableRescueTest-1927724590 tempest-ServerBootFromVolumeStableRescueTest-1927724590-project-member] Cannot determine image size because it is either not provided in the request or chunked-transfer encoding is used. Adding image as a segmented object to Swift. {{(pid=99991) add /opt/stack/data/venv/lib/python3.12/site-packages/glance_store/_drivers/swift/store.py:994}}
Aug 06 04:17:57.624113 np0000006614 devstack@g-api.service[99991]: DEBUG oslo_utils.imageutils.format_inspector [None req-2d0e6296-1ed1-4778-962f-2be2431811d0 tempest-ServerBootFromVolumeStableRescueTest-1927724590 tempest-ServerBootFromVolumeStableRescueTest-1927724590-project-member] Format inspector for vmdk does not match, excluding from consideration (Signature KDMV not found: b'QFI\xfb') {{(pid=99991) _process_chunk /opt/stack/data/venv/lib/python3.12/site-packages/oslo_utils/imageutils/format_inspector.py:1758}}
Aug 06 04:17:57.627184 np0000006614 devstack@g-api.service[99991]: DEBUG oslo_utils.imageutils.format_inspector [None req-2d0e6296-1ed1-4778-962f-2be2431811d0 tempest-ServerBootFromVolumeStableRescueTest-1927724590 tempest-ServerBootFromVolumeStableRescueTest-1927724590-project-member] Format inspector for vhdx does not match, excluding from consideration (Region signature not found at 30000) {{(pid=99991) _process_chunk /opt/stack/data/venv/lib/python3.12/site-packages/oslo_utils/imageutils/format_inspector.py:1758}}
Aug 06 04:17:57.919301 np0000006614 devstack@g-api.service[99991]: DEBUG swiftclient [None req-2d0e6296-1ed1-4778-962f-2be2431811d0 tempest-ServerBootFromVolumeStableRescueTest-1927724590 tempest-ServerBootFromVolumeStableRescueTest-1927724590-project-member] REQ: curl -i https://10.4.3.108:8080/v1/AUTH_0f2bb7a34a8c4e9f9eda5705e8ca994d/glance/2102242e-3f7d-4a17-b7ce-c64b45abfdcf-00001 -X PUT -H "X-Auth-Token: gAAAAABqdAr1EgKe..." {{(pid=99991) http_log /opt/stack/data/venv/lib/python3.12/site-packages/swiftclient/client.py:160}}
Aug 06 04:17:57.919301 np0000006614 devstack@g-api.service[99991]: DEBUG swiftclient [None req-2d0e6296-1ed1-4778-962f-2be2431811d0 tempest-ServerBootFromVolumeStableRescueTest-1927724590 tempest-ServerBootFromVolumeStableRescueTest-1927724590-project-member] RESP STATUS: 201 Created {{(pid=99991) http_log /opt/stack/data/venv/lib/python3.12/site-packages/swiftclient/client.py:161}}
Aug 06 04:17:57.919301 np0000006614 devstack@g-api.service[99991]: DEBUG swiftclient [None req-2d0e6296-1ed1-4778-962f-2be2431811d0 tempest-ServerBootFromVolumeStableRescueTest-1927724590 tempest-ServerBootFromVolumeStableRescueTest-1927724590-project-member] RESP HEADERS: {'Date': 'Thu, 06 Aug 2026 04:17:57 GMT', 'Server': 'Apache/2.4.58 (Ubuntu)', 'Content-Type': 'text/html; charset=UTF-8', 'Content-Length': '0', 'Etag': '4fa343ee581d8d2e78533191fd1ac3e1', 'Last-Modified': 'Thu, 06 Aug 2026 04:17:58 GMT', 'X-Trans-Id': 'tx373e845cdead438298579-006a740af5', 'X-Openstack-Request-Id': 'tx373e845cdead438298579-006a740af5', 'Connection': 'close'} {{(pid=99991) http_log /opt/stack/data/venv/lib/python3.12/site-packages/swiftclient/client.py:162}}
Aug 06 04:17:57.919301 np0000006614 devstack@g-api.service[99991]: DEBUG glance_store._drivers.swift.store [None req-2d0e6296-1ed1-4778-962f-2be2431811d0 tempest-ServerBootFromVolumeStableRescueTest-1927724590 tempest-ServerBootFromVolumeStableRescueTest-1927724590-project-member] Wrote chunk 2102242e-3f7d-4a17-b7ce-c64b45abfdcf-00001 (1/?) of length 23527424 to Swift returning MD5 of content: 4fa343ee581d8d2e78533191fd1ac3e1 {{(pid=99991) add /opt/stack/data/venv/lib/python3.12/site-packages/glance_store/_drivers/swift/store.py:1059}}
Aug 06 04:17:57.919647 np0000006614 devstack@g-api.service[99991]: DEBUG glance_store._drivers.swift.store [None req-2d0e6296-1ed1-4778-962f-2be2431811d0 tempest-ServerBootFromVolumeStableRescueTest-1927724590 tempest-ServerBootFromVolumeStableRescueTest-1927724590-project-member] Not writing zero-length chunk. {{(pid=99991) add /opt/stack/data/venv/lib/python3.12/site-packages/glance_store/_drivers/swift/store.py:1028}}
Aug 06 04:17:57.934185 np0000006614 devstack@g-api.service[99992]: DEBUG glance.api.middleware.version_negotiation [None req-7ce06ebe-17c6-429f-94ce-a377522b729d tempest-ServerBootFromVolumeStableRescueTest-1927724590 tempest-ServerBootFromVolumeStableRescueTest-1927724590-project-member] Determining version of request: GET /v2/images/2102242e-3f7d-4a17-b7ce-c64b45abfdcf Accept: application/json {{(pid=99992) process_request /opt/stack/glance/glance/api/middleware/version_negotiation.py:44}}
Aug 06 04:17:57.936665 np0000006614 devstack@g-api.service[99992]: DEBUG glance.api.middleware.version_negotiation [None req-7ce06ebe-17c6-429f-94ce-a377522b729d tempest-ServerBootFromVolumeStableRescueTest-1927724590 tempest-ServerBootFromVolumeStableRescueTest-1927724590-project-member] Using url versioning {{(pid=99992) process_request /opt/stack/glance/glance/api/middleware/version_negotiation.py:57}}
Aug 06 04:17:57.936665 np0000006614 devstack@g-api.service[99992]: DEBUG glance.api.middleware.version_negotiation [None req-7ce06ebe-17c6-429f-94ce-a377522b729d tempest-ServerBootFromVolumeStableRescueTest-1927724590 tempest-ServerBootFromVolumeStableRescueTest-1927724590-project-member] Matched version: v2 {{(pid=99992) process_request /opt/stack/glance/glance/api/middleware/version_negotiation.py:69}}
Aug 06 04:17:57.936665 np0000006614 devstack@g-api.service[99992]: DEBUG glance.api.middleware.version_negotiation [None req-7ce06ebe-17c6-429f-94ce-a377522b729d tempest-ServerBootFromVolumeStableRescueTest-1927724590 tempest-ServerBootFromVolumeStableRescueTest-1927724590-project-member] new path /v2/images/2102242e-3f7d-4a17-b7ce-c64b45abfdcf {{(pid=99992) process_request /opt/stack/glance/glance/api/middleware/version_negotiation.py:70}}
Aug 06 04:17:57.962626 np0000006614 devstack@g-api.service[99991]: DEBUG swiftclient [None req-2d0e6296-1ed1-4778-962f-2be2431811d0 tempest-ServerBootFromVolumeStableRescueTest-1927724590 tempest-ServerBootFromVolumeStableRescueTest-1927724590-project-member] REQ: curl -i https://10.4.3.108:8080/v1/AUTH_0f2bb7a34a8c4e9f9eda5705e8ca994d/glance/2102242e-3f7d-4a17-b7ce-c64b45abfdcf -X PUT -H "X-Object-Manifest: glance/2102242e-3f7d-4a17-b7ce-c64b45abfdcf-" -H "X-Auth-Token: gAAAAABqdAr1EgKe..." -H "Content-Length: 0" {{(pid=99991) http_log /opt/stack/data/venv/lib/python3.12/site-packages/swiftclient/client.py:160}}
Aug 06 04:17:57.962809 np0000006614 devstack@g-api.service[99991]: DEBUG swiftclient [None req-2d0e6296-1ed1-4778-962f-2be2431811d0 tempest-ServerBootFromVolumeStableRescueTest-1927724590 tempest-ServerBootFromVolumeStableRescueTest-1927724590-project-member] RESP STATUS: 201 Created {{(pid=99991) http_log /opt/stack/data/venv/lib/python3.12/site-packages/swiftclient/client.py:161}}
Aug 06 04:17:57.965496 np0000006614 devstack@g-api.service[99991]: DEBUG swiftclient [None req-2d0e6296-1ed1-4778-962f-2be2431811d0 tempest-ServerBootFromVolumeStableRescueTest-1927724590 tempest-ServerBootFromVolumeStableRescueTest-1927724590-project-member] RESP HEADERS: {'Date': 'Thu, 06 Aug 2026 04:17:57 GMT', 'Server': 'Apache/2.4.58 (Ubuntu)', 'Content-Type': 'text/html; charset=UTF-8', 'Content-Length': '0', 'Etag': 'd41d8cd98f00b204e9800998ecf8427e', 'Last-Modified': 'Thu, 06 Aug 2026 04:17:58 GMT', 'X-Trans-Id': 'tx7e7ab85cd7604eada832b-006a740af5', 'X-Openstack-Request-Id': 'tx7e7ab85cd7604eada832b-006a740af5', 'Connection': 'close'} {{(pid=99991) http_log /opt/stack/data/venv/lib/python3.12/site-packages/swiftclient/client.py:162}}
Aug 06 04:17:57.966420 np0000006614 devstack@g-api.service[99992]: [pid: 99992|app: 0|req: 119/356] 127.0.0.1 () {40 vars in 838 bytes} [Thu Aug 6 04:17:57 2026] GET /v2/images/2102242e-3f7d-4a17-b7ce-c64b45abfdcf => generated 1471 bytes in 32 msecs (HTTP/1.1 200) 4 headers in 158 bytes (1 switches on core 0)
Aug 06 04:17:57.966649 np0000006614 devstack@g-api.service[99991]: INFO glance.location [None req-2d0e6296-1ed1-4778-962f-2be2431811d0 tempest-ServerBootFromVolumeStableRescueTest-1927724590 tempest-ServerBootFromVolumeStableRescueTest-1927724590-project-member] Image format matched and virtual size computed: 1073741824
Aug 06 04:17:58.028210 np0000006614 devstack@g-api.service[99991]: DEBUG glance_store.backend [None req-2d0e6296-1ed1-4778-962f-2be2431811d0 tempest-ServerBootFromVolumeStableRescueTest-1927724590 tempest-ServerBootFromVolumeStableRescueTest-1927724590-project-member] Attempting to import store swift {{(pid=99991) _load_store /opt/stack/data/venv/lib/python3.12/site-packages/glance_store/backend.py:215}}
Aug 06 04:17:58.029916 np0000006614 devstack@g-api.service[99991]: DEBUG glance_store.capabilities [None req-2d0e6296-1ed1-4778-962f-2be2431811d0 tempest-ServerBootFromVolumeStableRescueTest-1927724590 tempest-ServerBootFromVolumeStableRescueTest-1927724590-project-member] Store glance_store._drivers.swift.store.SingleTenantStore doesn't support updating dynamic storage capabilities. Please overwrite 'update_capabilities' method of the store to implement updating logics if needed. {{(pid=99991) update_capabilities /opt/stack/data/venv/lib/python3.12/site-packages/glance_store/capabilities.py:91}}
Aug 06 04:17:58.030473 np0000006614 devstack@g-api.service[99991]: DEBUG glance_store.driver [None req-2d0e6296-1ed1-4778-962f-2be2431811d0 tempest-ServerBootFromVolumeStableRescueTest-1927724590 tempest-ServerBootFromVolumeStableRescueTest-1927724590-project-member] Late loading location class glance_store._drivers.swift.store.StoreLocation {{(pid=99991) get_store_location_class /opt/stack/data/venv/lib/python3.12/site-packages/glance_store/driver.py:134}}
Aug 06 04:17:58.030622 np0000006614 devstack@g-api.service[99991]: DEBUG glance_store.location [None req-2d0e6296-1ed1-4778-962f-2be2431811d0 tempest-ServerBootFromVolumeStableRescueTest-1927724590 tempest-ServerBootFromVolumeStableRescueTest-1927724590-project-member] Registering scheme swift+https with {'store': , 'location_class': , 'store_entry': 'swift'} {{(pid=99991) register_scheme_map /opt/stack/data/venv/lib/python3.12/site-packages/glance_store/location.py:146}}
Aug 06 04:17:58.030766 np0000006614 devstack@g-api.service[99991]: DEBUG glance_store.location [None req-2d0e6296-1ed1-4778-962f-2be2431811d0 tempest-ServerBootFromVolumeStableRescueTest-1927724590 tempest-ServerBootFromVolumeStableRescueTest-1927724590-project-member] Registering scheme swift+https with {'store': , 'location_class': , 'store_entry': 'swift'} {{(pid=99991) register_scheme_map /opt/stack/data/venv/lib/python3.12/site-packages/glance_store/location.py:146}}
Aug 06 04:17:58.030832 np0000006614 devstack@g-api.service[99991]: DEBUG glance_store.location [None req-2d0e6296-1ed1-4778-962f-2be2431811d0 tempest-ServerBootFromVolumeStableRescueTest-1927724590 tempest-ServerBootFromVolumeStableRescueTest-1927724590-project-member] Registering scheme swift with {'store': , 'location_class': , 'store_entry': 'swift'} {{(pid=99991) register_scheme_map /opt/stack/data/venv/lib/python3.12/site-packages/glance_store/location.py:146}}
Aug 06 04:17:58.030902 np0000006614 devstack@g-api.service[99991]: DEBUG glance_store.location [None req-2d0e6296-1ed1-4778-962f-2be2431811d0 tempest-ServerBootFromVolumeStableRescueTest-1927724590 tempest-ServerBootFromVolumeStableRescueTest-1927724590-project-member] Registering scheme swift+https with {'store': , 'location_class': , 'store_entry': 'swift'} {{(pid=99991) register_scheme_map /opt/stack/data/venv/lib/python3.12/site-packages/glance_store/location.py:146}}
Aug 06 04:17:58.031068 np0000006614 devstack@g-api.service[99991]: DEBUG glance_store.location [None req-2d0e6296-1ed1-4778-962f-2be2431811d0 tempest-ServerBootFromVolumeStableRescueTest-1927724590 tempest-ServerBootFromVolumeStableRescueTest-1927724590-project-member] Registering scheme swift with {'store': , 'location_class': , 'store_entry': 'swift'} {{(pid=99991) register_scheme_map /opt/stack/data/venv/lib/python3.12/site-packages/glance_store/location.py:146}}
Aug 06 04:17:58.031140 np0000006614 devstack@g-api.service[99991]: DEBUG glance_store.location [None req-2d0e6296-1ed1-4778-962f-2be2431811d0 tempest-ServerBootFromVolumeStableRescueTest-1927724590 tempest-ServerBootFromVolumeStableRescueTest-1927724590-project-member] Registering scheme swift+http with {'store': , 'location_class': , 'store_entry': 'swift'} {{(pid=99991) register_scheme_map /opt/stack/data/venv/lib/python3.12/site-packages/glance_store/location.py:146}}
Aug 06 04:17:58.031219 np0000006614 devstack@g-api.service[99991]: DEBUG glance_store.location [None req-2d0e6296-1ed1-4778-962f-2be2431811d0 tempest-ServerBootFromVolumeStableRescueTest-1927724590 tempest-ServerBootFromVolumeStableRescueTest-1927724590-project-member] Registering scheme swift+https with {'store': , 'location_class': , 'store_entry': 'swift'} {{(pid=99991) register_scheme_map /opt/stack/data/venv/lib/python3.12/site-packages/glance_store/location.py:146}}
Aug 06 04:17:58.031264 np0000006614 devstack@g-api.service[99991]: DEBUG glance_store.location [None req-2d0e6296-1ed1-4778-962f-2be2431811d0 tempest-ServerBootFromVolumeStableRescueTest-1927724590 tempest-ServerBootFromVolumeStableRescueTest-1927724590-project-member] Registering scheme swift with {'store': , 'location_class': , 'store_entry': 'swift'} {{(pid=99991) register_scheme_map /opt/stack/data/venv/lib/python3.12/site-packages/glance_store/location.py:146}}
Aug 06 04:17:58.031332 np0000006614 devstack@g-api.service[99991]: DEBUG glance_store.location [None req-2d0e6296-1ed1-4778-962f-2be2431811d0 tempest-ServerBootFromVolumeStableRescueTest-1927724590 tempest-ServerBootFromVolumeStableRescueTest-1927724590-project-member] Registering scheme swift+http with {'store': , 'location_class': , 'store_entry': 'swift'} {{(pid=99991) register_scheme_map /opt/stack/data/venv/lib/python3.12/site-packages/glance_store/location.py:146}}
Aug 06 04:17:58.031488 np0000006614 devstack@g-api.service[99991]: DEBUG glance_store.location [None req-2d0e6296-1ed1-4778-962f-2be2431811d0 tempest-ServerBootFromVolumeStableRescueTest-1927724590 tempest-ServerBootFromVolumeStableRescueTest-1927724590-project-member] Registering scheme swift+config with {'store': , 'location_class': , 'store_entry': 'swift'} {{(pid=99991) register_scheme_map /opt/stack/data/venv/lib/python3.12/site-packages/glance_store/location.py:146}}
Aug 06 04:17:58.031559 np0000006614 devstack@g-api.service[99991]: DEBUG glance_store.backend [None req-2d0e6296-1ed1-4778-962f-2be2431811d0 tempest-ServerBootFromVolumeStableRescueTest-1927724590 tempest-ServerBootFromVolumeStableRescueTest-1927724590-project-member] Skipping store.set_acls... not implemented. {{(pid=99991) set_acls /opt/stack/data/venv/lib/python3.12/site-packages/glance_store/backend.py:507}}
Aug 06 04:17:58.034025 np0000006614 devstack@g-api.service[99991]: [pid: 99991|app: 0|req: 119/357] 127.0.0.1 () {46 vars in 1158 bytes} [Thu Aug 6 04:17:55 2026] PUT /v2/images/2102242e-3f7d-4a17-b7ce-c64b45abfdcf/file => generated 0 bytes in 2392 msecs (HTTP/1.1 204) 4 headers in 171 bytes (1 switches on core 0)
Aug 06 04:17:58.072848 np0000006614 devstack@g-api.service[99993]: DEBUG glance.api.middleware.version_negotiation [None req-9710a15e-8ca2-4edc-ab41-cd0705c8a597 tempest-ServerBootFromVolumeStableRescueTest-1927724590 tempest-ServerBootFromVolumeStableRescueTest-1927724590-project-member] Determining version of request: GET /v2/images/2102242e-3f7d-4a17-b7ce-c64b45abfdcf Accept: */* {{(pid=99993) process_request /opt/stack/glance/glance/api/middleware/version_negotiation.py:44}}
Aug 06 04:17:58.072848 np0000006614 devstack@g-api.service[99993]: DEBUG glance.api.middleware.version_negotiation [None req-9710a15e-8ca2-4edc-ab41-cd0705c8a597 tempest-ServerBootFromVolumeStableRescueTest-1927724590 tempest-ServerBootFromVolumeStableRescueTest-1927724590-project-member] Using url versioning {{(pid=99993) process_request /opt/stack/glance/glance/api/middleware/version_negotiation.py:57}}
Aug 06 04:17:58.073499 np0000006614 devstack@g-api.service[99993]: DEBUG glance.api.middleware.version_negotiation [None req-9710a15e-8ca2-4edc-ab41-cd0705c8a597 tempest-ServerBootFromVolumeStableRescueTest-1927724590 tempest-ServerBootFromVolumeStableRescueTest-1927724590-project-member] Matched version: v2 {{(pid=99993) process_request /opt/stack/glance/glance/api/middleware/version_negotiation.py:69}}
Aug 06 04:17:58.073499 np0000006614 devstack@g-api.service[99993]: DEBUG glance.api.middleware.version_negotiation [None req-9710a15e-8ca2-4edc-ab41-cd0705c8a597 tempest-ServerBootFromVolumeStableRescueTest-1927724590 tempest-ServerBootFromVolumeStableRescueTest-1927724590-project-member] new path /v2/images/2102242e-3f7d-4a17-b7ce-c64b45abfdcf {{(pid=99993) process_request /opt/stack/glance/glance/api/middleware/version_negotiation.py:70}}
Aug 06 04:17:58.092920 np0000006614 devstack@g-api.service[99993]: [pid: 99993|app: 0|req: 120/358] 127.0.0.1 () {44 vars in 1115 bytes} [Thu Aug 6 04:17:58 2026] GET /v2/images/2102242e-3f7d-4a17-b7ce-c64b45abfdcf => generated 1641 bytes in 20 msecs (HTTP/1.1 200) 4 headers in 158 bytes (1 switches on core 0)
Aug 06 04:17:58.120563 np0000006614 devstack@g-api.service[99992]: DEBUG glance.api.middleware.version_negotiation [None req-e6a333ae-3486-43ba-947e-aedf9d3b666f tempest-ServerBootFromVolumeStableRescueTest-1927724590 tempest-ServerBootFromVolumeStableRescueTest-1927724590-project-member] Determining version of request: GET /v2/schemas/image Accept: */* {{(pid=99992) process_request /opt/stack/glance/glance/api/middleware/version_negotiation.py:44}}
Aug 06 04:17:58.120857 np0000006614 devstack@g-api.service[99992]: DEBUG glance.api.middleware.version_negotiation [None req-e6a333ae-3486-43ba-947e-aedf9d3b666f tempest-ServerBootFromVolumeStableRescueTest-1927724590 tempest-ServerBootFromVolumeStableRescueTest-1927724590-project-member] Using url versioning {{(pid=99992) process_request /opt/stack/glance/glance/api/middleware/version_negotiation.py:57}}
Aug 06 04:17:58.121062 np0000006614 devstack@g-api.service[99992]: DEBUG glance.api.middleware.version_negotiation [None req-e6a333ae-3486-43ba-947e-aedf9d3b666f tempest-ServerBootFromVolumeStableRescueTest-1927724590 tempest-ServerBootFromVolumeStableRescueTest-1927724590-project-member] Matched version: v2 {{(pid=99992) process_request /opt/stack/glance/glance/api/middleware/version_negotiation.py:69}}
Aug 06 04:17:58.121201 np0000006614 devstack@g-api.service[99992]: DEBUG glance.api.middleware.version_negotiation [None req-e6a333ae-3486-43ba-947e-aedf9d3b666f tempest-ServerBootFromVolumeStableRescueTest-1927724590 tempest-ServerBootFromVolumeStableRescueTest-1927724590-project-member] new path /v2/schemas/image {{(pid=99992) process_request /opt/stack/glance/glance/api/middleware/version_negotiation.py:70}}
Aug 06 04:17:58.124084 np0000006614 devstack@g-api.service[99992]: [pid: 99992|app: 0|req: 120/359] 127.0.0.1 () {44 vars in 1055 bytes} [Thu Aug 6 04:17:58 2026] GET /v2/schemas/image => generated 6083 bytes in 4 msecs (HTTP/1.1 200) 4 headers in 158 bytes (1 switches on core 0)
Aug 06 04:17:58.977233 np0000006614 devstack@g-api.service[99991]: DEBUG glance.api.middleware.version_negotiation [None req-2d0e6296-1ed1-4778-962f-2be2431811d0 tempest-ServerBootFromVolumeStableRescueTest-1927724590 tempest-ServerBootFromVolumeStableRescueTest-1927724590-project-member] Determining version of request: GET /v2/images/2102242e-3f7d-4a17-b7ce-c64b45abfdcf Accept: application/json {{(pid=99991) process_request /opt/stack/glance/glance/api/middleware/version_negotiation.py:44}}
Aug 06 04:17:58.977233 np0000006614 devstack@g-api.service[99991]: DEBUG glance.api.middleware.version_negotiation [None req-2d0e6296-1ed1-4778-962f-2be2431811d0 tempest-ServerBootFromVolumeStableRescueTest-1927724590 tempest-ServerBootFromVolumeStableRescueTest-1927724590-project-member] Using url versioning {{(pid=99991) process_request /opt/stack/glance/glance/api/middleware/version_negotiation.py:57}}
Aug 06 04:17:58.977618 np0000006614 devstack@g-api.service[99991]: DEBUG glance.api.middleware.version_negotiation [None req-2d0e6296-1ed1-4778-962f-2be2431811d0 tempest-ServerBootFromVolumeStableRescueTest-1927724590 tempest-ServerBootFromVolumeStableRescueTest-1927724590-project-member] Matched version: v2 {{(pid=99991) process_request /opt/stack/glance/glance/api/middleware/version_negotiation.py:69}}
Aug 06 04:17:58.977618 np0000006614 devstack@g-api.service[99991]: DEBUG glance.api.middleware.version_negotiation [None req-2d0e6296-1ed1-4778-962f-2be2431811d0 tempest-ServerBootFromVolumeStableRescueTest-1927724590 tempest-ServerBootFromVolumeStableRescueTest-1927724590-project-member] new path /v2/images/2102242e-3f7d-4a17-b7ce-c64b45abfdcf {{(pid=99991) process_request /opt/stack/glance/glance/api/middleware/version_negotiation.py:70}}
Aug 06 04:17:58.989399 np0000006614 devstack@g-api.service[99991]: [pid: 99991|app: 0|req: 120/360] 127.0.0.1 () {40 vars in 838 bytes} [Thu Aug 6 04:17:58 2026] GET /v2/images/2102242e-3f7d-4a17-b7ce-c64b45abfdcf => generated 1641 bytes in 13 msecs (HTTP/1.1 200) 4 headers in 158 bytes (1 switches on core 0)
Aug 06 04:17:58.999239 np0000006614 devstack@g-api.service[99993]: DEBUG glance.api.middleware.version_negotiation [None req-2d0e6296-1ed1-4778-962f-2be2431811d0 tempest-ServerBootFromVolumeStableRescueTest-1927724590 tempest-ServerBootFromVolumeStableRescueTest-1927724590-project-member] Determining version of request: GET /v2/images/2102242e-3f7d-4a17-b7ce-c64b45abfdcf Accept: application/json {{(pid=99993) process_request /opt/stack/glance/glance/api/middleware/version_negotiation.py:44}}
Aug 06 04:17:58.999491 np0000006614 devstack@g-api.service[99993]: DEBUG glance.api.middleware.version_negotiation [None req-2d0e6296-1ed1-4778-962f-2be2431811d0 tempest-ServerBootFromVolumeStableRescueTest-1927724590 tempest-ServerBootFromVolumeStableRescueTest-1927724590-project-member] Using url versioning {{(pid=99993) process_request /opt/stack/glance/glance/api/middleware/version_negotiation.py:57}}
Aug 06 04:17:58.999659 np0000006614 devstack@g-api.service[99993]: DEBUG glance.api.middleware.version_negotiation [None req-2d0e6296-1ed1-4778-962f-2be2431811d0 tempest-ServerBootFromVolumeStableRescueTest-1927724590 tempest-ServerBootFromVolumeStableRescueTest-1927724590-project-member] Matched version: v2 {{(pid=99993) process_request /opt/stack/glance/glance/api/middleware/version_negotiation.py:69}}
Aug 06 04:17:58.999804 np0000006614 devstack@g-api.service[99993]: DEBUG glance.api.middleware.version_negotiation [None req-2d0e6296-1ed1-4778-962f-2be2431811d0 tempest-ServerBootFromVolumeStableRescueTest-1927724590 tempest-ServerBootFromVolumeStableRescueTest-1927724590-project-member] new path /v2/images/2102242e-3f7d-4a17-b7ce-c64b45abfdcf {{(pid=99993) process_request /opt/stack/glance/glance/api/middleware/version_negotiation.py:70}}
Aug 06 04:17:59.017629 np0000006614 devstack@g-api.service[99993]: [pid: 99993|app: 0|req: 121/361] 127.0.0.1 () {40 vars in 838 bytes} [Thu Aug 6 04:17:58 2026] GET /v2/images/2102242e-3f7d-4a17-b7ce-c64b45abfdcf => generated 1641 bytes in 18 msecs (HTTP/1.1 200) 4 headers in 158 bytes (1 switches on core 0)
Aug 06 04:17:59.500906 np0000006614 devstack@g-api.service[99992]: DEBUG glance.api.middleware.version_negotiation [None req-2d0e6296-1ed1-4778-962f-2be2431811d0 tempest-ServerBootFromVolumeStableRescueTest-1927724590 tempest-ServerBootFromVolumeStableRescueTest-1927724590-project-member] Determining version of request: GET /v2/images/ff480eb6-73b1-4390-bb8f-80a5fbbba765 Accept: */* {{(pid=99992) process_request /opt/stack/glance/glance/api/middleware/version_negotiation.py:44}}
Aug 06 04:17:59.501550 np0000006614 devstack@g-api.service[99992]: DEBUG glance.api.middleware.version_negotiation [None req-2d0e6296-1ed1-4778-962f-2be2431811d0 tempest-ServerBootFromVolumeStableRescueTest-1927724590 tempest-ServerBootFromVolumeStableRescueTest-1927724590-project-member] Using url versioning {{(pid=99992) process_request /opt/stack/glance/glance/api/middleware/version_negotiation.py:57}}
Aug 06 04:17:59.501550 np0000006614 devstack@g-api.service[99992]: DEBUG glance.api.middleware.version_negotiation [None req-2d0e6296-1ed1-4778-962f-2be2431811d0 tempest-ServerBootFromVolumeStableRescueTest-1927724590 tempest-ServerBootFromVolumeStableRescueTest-1927724590-project-member] Matched version: v2 {{(pid=99992) process_request /opt/stack/glance/glance/api/middleware/version_negotiation.py:69}}
Aug 06 04:17:59.501550 np0000006614 devstack@g-api.service[99992]: DEBUG glance.api.middleware.version_negotiation [None req-2d0e6296-1ed1-4778-962f-2be2431811d0 tempest-ServerBootFromVolumeStableRescueTest-1927724590 tempest-ServerBootFromVolumeStableRescueTest-1927724590-project-member] new path /v2/images/ff480eb6-73b1-4390-bb8f-80a5fbbba765 {{(pid=99992) process_request /opt/stack/glance/glance/api/middleware/version_negotiation.py:70}}
Aug 06 04:17:59.513981 np0000006614 devstack@g-api.service[99992]: [pid: 99992|app: 0|req: 121/362] 127.0.0.1 () {44 vars in 1115 bytes} [Thu Aug 6 04:17:59 2026] GET /v2/images/ff480eb6-73b1-4390-bb8f-80a5fbbba765 => generated 1044 bytes in 13 msecs (HTTP/1.1 200) 4 headers in 158 bytes (1 switches on core 0)
Aug 06 04:17:59.544465 np0000006614 devstack@g-api.service[99991]: DEBUG glance.api.middleware.version_negotiation [None req-944959af-1f7a-499e-aa2d-ee20592af128 tempest-ServerBootFromVolumeStableRescueTest-1927724590 tempest-ServerBootFromVolumeStableRescueTest-1927724590-project-member] Determining version of request: GET /v2/schemas/image Accept: */* {{(pid=99991) process_request /opt/stack/glance/glance/api/middleware/version_negotiation.py:44}}
Aug 06 04:17:59.544621 np0000006614 devstack@g-api.service[99991]: DEBUG glance.api.middleware.version_negotiation [None req-944959af-1f7a-499e-aa2d-ee20592af128 tempest-ServerBootFromVolumeStableRescueTest-1927724590 tempest-ServerBootFromVolumeStableRescueTest-1927724590-project-member] Using url versioning {{(pid=99991) process_request /opt/stack/glance/glance/api/middleware/version_negotiation.py:57}}
Aug 06 04:17:59.544779 np0000006614 devstack@g-api.service[99991]: DEBUG glance.api.middleware.version_negotiation [None req-944959af-1f7a-499e-aa2d-ee20592af128 tempest-ServerBootFromVolumeStableRescueTest-1927724590 tempest-ServerBootFromVolumeStableRescueTest-1927724590-project-member] Matched version: v2 {{(pid=99991) process_request /opt/stack/glance/glance/api/middleware/version_negotiation.py:69}}
Aug 06 04:17:59.544876 np0000006614 devstack@g-api.service[99991]: DEBUG glance.api.middleware.version_negotiation [None req-944959af-1f7a-499e-aa2d-ee20592af128 tempest-ServerBootFromVolumeStableRescueTest-1927724590 tempest-ServerBootFromVolumeStableRescueTest-1927724590-project-member] new path /v2/schemas/image {{(pid=99991) process_request /opt/stack/glance/glance/api/middleware/version_negotiation.py:70}}
Aug 06 04:17:59.550335 np0000006614 devstack@g-api.service[99991]: [pid: 99991|app: 0|req: 121/363] 127.0.0.1 () {44 vars in 1055 bytes} [Thu Aug 6 04:17:59 2026] GET /v2/schemas/image => generated 6083 bytes in 6 msecs (HTTP/1.1 200) 4 headers in 158 bytes (1 switches on core 0)
Aug 06 04:18:01.400486 np0000006614 devstack@g-api.service[99993]: DEBUG glance.api.middleware.version_negotiation [None req-85488199-cdf8-46ed-b433-46480f6d5c68 tempest-ServerBootFromVolumeStableRescueTest-1927724590 tempest-ServerBootFromVolumeStableRescueTest-1927724590-project-member] Determining version of request: GET /v2/images/ff480eb6-73b1-4390-bb8f-80a5fbbba765 Accept: */* {{(pid=99993) process_request /opt/stack/glance/glance/api/middleware/version_negotiation.py:44}}
Aug 06 04:18:01.400904 np0000006614 devstack@g-api.service[99993]: DEBUG glance.api.middleware.version_negotiation [None req-85488199-cdf8-46ed-b433-46480f6d5c68 tempest-ServerBootFromVolumeStableRescueTest-1927724590 tempest-ServerBootFromVolumeStableRescueTest-1927724590-project-member] Using url versioning {{(pid=99993) process_request /opt/stack/glance/glance/api/middleware/version_negotiation.py:57}}
Aug 06 04:18:01.400904 np0000006614 devstack@g-api.service[99993]: DEBUG glance.api.middleware.version_negotiation [None req-85488199-cdf8-46ed-b433-46480f6d5c68 tempest-ServerBootFromVolumeStableRescueTest-1927724590 tempest-ServerBootFromVolumeStableRescueTest-1927724590-project-member] Matched version: v2 {{(pid=99993) process_request /opt/stack/glance/glance/api/middleware/version_negotiation.py:69}}
Aug 06 04:18:01.400904 np0000006614 devstack@g-api.service[99993]: DEBUG glance.api.middleware.version_negotiation [None req-85488199-cdf8-46ed-b433-46480f6d5c68 tempest-ServerBootFromVolumeStableRescueTest-1927724590 tempest-ServerBootFromVolumeStableRescueTest-1927724590-project-member] new path /v2/images/ff480eb6-73b1-4390-bb8f-80a5fbbba765 {{(pid=99993) process_request /opt/stack/glance/glance/api/middleware/version_negotiation.py:70}}
Aug 06 04:18:01.413506 np0000006614 devstack@g-api.service[99993]: [pid: 99993|app: 0|req: 122/364] 127.0.0.1 () {44 vars in 1115 bytes} [Thu Aug 6 04:18:01 2026] GET /v2/images/ff480eb6-73b1-4390-bb8f-80a5fbbba765 => generated 1044 bytes in 13 msecs (HTTP/1.1 200) 4 headers in 158 bytes (1 switches on core 0)
Aug 06 04:18:01.425831 np0000006614 devstack@g-api.service[99992]: DEBUG glance.api.middleware.version_negotiation [None req-b028e1dc-0e25-4137-8c35-f29a4800b700 tempest-ServerBootFromVolumeStableRescueTest-1927724590 tempest-ServerBootFromVolumeStableRescueTest-1927724590-project-member] Determining version of request: GET /v2/schemas/image Accept: */* {{(pid=99992) process_request /opt/stack/glance/glance/api/middleware/version_negotiation.py:44}}
Aug 06 04:18:01.425831 np0000006614 devstack@g-api.service[99992]: DEBUG glance.api.middleware.version_negotiation [None req-b028e1dc-0e25-4137-8c35-f29a4800b700 tempest-ServerBootFromVolumeStableRescueTest-1927724590 tempest-ServerBootFromVolumeStableRescueTest-1927724590-project-member] Using url versioning {{(pid=99992) process_request /opt/stack/glance/glance/api/middleware/version_negotiation.py:57}}
Aug 06 04:18:01.425831 np0000006614 devstack@g-api.service[99992]: DEBUG glance.api.middleware.version_negotiation [None req-b028e1dc-0e25-4137-8c35-f29a4800b700 tempest-ServerBootFromVolumeStableRescueTest-1927724590 tempest-ServerBootFromVolumeStableRescueTest-1927724590-project-member] Matched version: v2 {{(pid=99992) process_request /opt/stack/glance/glance/api/middleware/version_negotiation.py:69}}
Aug 06 04:18:01.425831 np0000006614 devstack@g-api.service[99992]: DEBUG glance.api.middleware.version_negotiation [None req-b028e1dc-0e25-4137-8c35-f29a4800b700 tempest-ServerBootFromVolumeStableRescueTest-1927724590 tempest-ServerBootFromVolumeStableRescueTest-1927724590-project-member] new path /v2/schemas/image {{(pid=99992) process_request /opt/stack/glance/glance/api/middleware/version_negotiation.py:70}}
Aug 06 04:18:01.429268 np0000006614 devstack@g-api.service[99992]: [pid: 99992|app: 0|req: 122/365] 127.0.0.1 () {44 vars in 1055 bytes} [Thu Aug 6 04:18:01 2026] GET /v2/schemas/image => generated 6083 bytes in 4 msecs (HTTP/1.1 200) 4 headers in 158 bytes (1 switches on core 0)
Aug 06 04:18:01.439341 np0000006614 devstack@g-api.service[99991]: DEBUG glance.api.middleware.version_negotiation [None req-b028e1dc-0e25-4137-8c35-f29a4800b700 tempest-ServerBootFromVolumeStableRescueTest-1927724590 tempest-ServerBootFromVolumeStableRescueTest-1927724590-project-member] Determining version of request: GET /v2/schemas/image Accept: */* {{(pid=99991) process_request /opt/stack/glance/glance/api/middleware/version_negotiation.py:44}}
Aug 06 04:18:01.440840 np0000006614 devstack@g-api.service[99991]: DEBUG glance.api.middleware.version_negotiation [None req-b028e1dc-0e25-4137-8c35-f29a4800b700 tempest-ServerBootFromVolumeStableRescueTest-1927724590 tempest-ServerBootFromVolumeStableRescueTest-1927724590-project-member] Using url versioning {{(pid=99991) process_request /opt/stack/glance/glance/api/middleware/version_negotiation.py:57}}
Aug 06 04:18:01.440840 np0000006614 devstack@g-api.service[99991]: DEBUG glance.api.middleware.version_negotiation [None req-b028e1dc-0e25-4137-8c35-f29a4800b700 tempest-ServerBootFromVolumeStableRescueTest-1927724590 tempest-ServerBootFromVolumeStableRescueTest-1927724590-project-member] Matched version: v2 {{(pid=99991) process_request /opt/stack/glance/glance/api/middleware/version_negotiation.py:69}}
Aug 06 04:18:01.440840 np0000006614 devstack@g-api.service[99991]: DEBUG glance.api.middleware.version_negotiation [None req-b028e1dc-0e25-4137-8c35-f29a4800b700 tempest-ServerBootFromVolumeStableRescueTest-1927724590 tempest-ServerBootFromVolumeStableRescueTest-1927724590-project-member] new path /v2/schemas/image {{(pid=99991) process_request /opt/stack/glance/glance/api/middleware/version_negotiation.py:70}}
Aug 06 04:18:01.449308 np0000006614 devstack@g-api.service[99991]: [pid: 99991|app: 0|req: 122/366] 127.0.0.1 () {44 vars in 1055 bytes} [Thu Aug 6 04:18:01 2026] GET /v2/schemas/image => generated 6083 bytes in 10 msecs (HTTP/1.1 200) 4 headers in 158 bytes (1 switches on core 0)
Aug 06 04:18:01.460489 np0000006614 devstack@g-api.service[99993]: DEBUG glance.api.middleware.version_negotiation [None req-b028e1dc-0e25-4137-8c35-f29a4800b700 tempest-ServerBootFromVolumeStableRescueTest-1927724590 tempest-ServerBootFromVolumeStableRescueTest-1927724590-project-member] Determining version of request: GET /v2/images/ff480eb6-73b1-4390-bb8f-80a5fbbba765 Accept: */* {{(pid=99993) process_request /opt/stack/glance/glance/api/middleware/version_negotiation.py:44}}
Aug 06 04:18:01.460794 np0000006614 devstack@g-api.service[99993]: DEBUG glance.api.middleware.version_negotiation [None req-b028e1dc-0e25-4137-8c35-f29a4800b700 tempest-ServerBootFromVolumeStableRescueTest-1927724590 tempest-ServerBootFromVolumeStableRescueTest-1927724590-project-member] Using url versioning {{(pid=99993) process_request /opt/stack/glance/glance/api/middleware/version_negotiation.py:57}}
Aug 06 04:18:01.460981 np0000006614 devstack@g-api.service[99993]: DEBUG glance.api.middleware.version_negotiation [None req-b028e1dc-0e25-4137-8c35-f29a4800b700 tempest-ServerBootFromVolumeStableRescueTest-1927724590 tempest-ServerBootFromVolumeStableRescueTest-1927724590-project-member] Matched version: v2 {{(pid=99993) process_request /opt/stack/glance/glance/api/middleware/version_negotiation.py:69}}
Aug 06 04:18:01.461186 np0000006614 devstack@g-api.service[99993]: DEBUG glance.api.middleware.version_negotiation [None req-b028e1dc-0e25-4137-8c35-f29a4800b700 tempest-ServerBootFromVolumeStableRescueTest-1927724590 tempest-ServerBootFromVolumeStableRescueTest-1927724590-project-member] new path /v2/images/ff480eb6-73b1-4390-bb8f-80a5fbbba765 {{(pid=99993) process_request /opt/stack/glance/glance/api/middleware/version_negotiation.py:70}}
Aug 06 04:18:01.477980 np0000006614 devstack@g-api.service[99993]: [pid: 99993|app: 0|req: 123/367] 127.0.0.1 () {44 vars in 1115 bytes} [Thu Aug 6 04:18:01 2026] GET /v2/images/ff480eb6-73b1-4390-bb8f-80a5fbbba765 => generated 1044 bytes in 18 msecs (HTTP/1.1 200) 4 headers in 158 bytes (1 switches on core 0)
Aug 06 04:18:01.495033 np0000006614 devstack@g-api.service[99992]: DEBUG glance.api.middleware.version_negotiation [None req-b028e1dc-0e25-4137-8c35-f29a4800b700 tempest-ServerBootFromVolumeStableRescueTest-1927724590 tempest-ServerBootFromVolumeStableRescueTest-1927724590-project-member] Determining version of request: GET /v2/schemas/image Accept: */* {{(pid=99992) process_request /opt/stack/glance/glance/api/middleware/version_negotiation.py:44}}
