Aug 06 04:15:09.046504 np0000006614 devstack@g-api.service[99992]: DEBUG glance.api.middleware.version_negotiation [None req-9f95c4f3-7f10-40ad-92d1-09bfde149f2b tempest-ServerStableDeviceRescueTest-986676556 tempest-ServerStableDeviceRescueTest-986676556-project-member] new path /v2/images/fccc5934-6096-4623-ad11-5d18fa85ee9d {{(pid=99992) process_request /opt/stack/glance/glance/api/middleware/version_negotiation.py:70}}
Aug 06 04:15:09.064613 np0000006614 devstack@g-api.service[99992]: [pid: 99992|app: 0|req: 40/114] 127.0.0.1 () {44 vars in 1115 bytes} [Thu Aug 6 04:15:09 2026] GET /v2/images/fccc5934-6096-4623-ad11-5d18fa85ee9d => generated 1444 bytes in 18 msecs (HTTP/1.1 200) 4 headers in 158 bytes (1 switches on core 0)
Aug 06 04:15:09.105093 np0000006614 devstack@g-api.service[99991]: DEBUG glance.api.middleware.version_negotiation [None req-35aed8b8-6aa2-4b80-a3c7-4bd61675df11 tempest-AttachVolumeShelveTestJSON-1437289131 tempest-AttachVolumeShelveTestJSON-1437289131-project-member] Determining version of request: GET /v2/schemas/image Accept: */* {{(pid=99991) process_request /opt/stack/glance/glance/api/middleware/version_negotiation.py:44}}
Aug 06 04:15:09.105468 np0000006614 devstack@g-api.service[99991]: DEBUG glance.api.middleware.version_negotiation [None req-35aed8b8-6aa2-4b80-a3c7-4bd61675df11 tempest-AttachVolumeShelveTestJSON-1437289131 tempest-AttachVolumeShelveTestJSON-1437289131-project-member] Using url versioning {{(pid=99991) process_request /opt/stack/glance/glance/api/middleware/version_negotiation.py:57}}
Aug 06 04:15:09.105739 np0000006614 devstack@g-api.service[99991]: DEBUG glance.api.middleware.version_negotiation [None req-35aed8b8-6aa2-4b80-a3c7-4bd61675df11 tempest-AttachVolumeShelveTestJSON-1437289131 tempest-AttachVolumeShelveTestJSON-1437289131-project-member] Matched version: v2 {{(pid=99991) process_request /opt/stack/glance/glance/api/middleware/version_negotiation.py:69}}
Aug 06 04:15:09.106396 np0000006614 devstack@g-api.service[99991]: DEBUG glance.api.middleware.version_negotiation [None req-35aed8b8-6aa2-4b80-a3c7-4bd61675df11 tempest-AttachVolumeShelveTestJSON-1437289131 tempest-AttachVolumeShelveTestJSON-1437289131-project-member] new path /v2/schemas/image {{(pid=99991) process_request /opt/stack/glance/glance/api/middleware/version_negotiation.py:70}}
Aug 06 04:15:09.110470 np0000006614 devstack@g-api.service[99991]: [pid: 99991|app: 0|req: 37/115] 127.0.0.1 () {44 vars in 1055 bytes} [Thu Aug 6 04:15:09 2026] GET /v2/schemas/image => generated 6083 bytes in 6 msecs (HTTP/1.1 200) 4 headers in 158 bytes (1 switches on core 0)
Aug 06 04:15:09.250776 np0000006614 devstack@g-api.service[99992]: DEBUG glance.api.middleware.version_negotiation [None req-792c66a0-7059-4a18-9704-298b8e12c7e1 tempest-ServerStableDeviceRescueTest-986676556 tempest-ServerStableDeviceRescueTest-986676556-project-member] Determining version of request: GET /v2/images/5454aa85-b126-45b9-838d-3a42ac31aed8 Accept: */* {{(pid=99992) process_request /opt/stack/glance/glance/api/middleware/version_negotiation.py:44}}
Aug 06 04:15:09.251381 np0000006614 devstack@g-api.service[99992]: DEBUG glance.api.middleware.version_negotiation [None req-792c66a0-7059-4a18-9704-298b8e12c7e1 tempest-ServerStableDeviceRescueTest-986676556 tempest-ServerStableDeviceRescueTest-986676556-project-member] Using url versioning {{(pid=99992) process_request /opt/stack/glance/glance/api/middleware/version_negotiation.py:57}}
Aug 06 04:15:09.251882 np0000006614 devstack@g-api.service[99992]: DEBUG glance.api.middleware.version_negotiation [None req-792c66a0-7059-4a18-9704-298b8e12c7e1 tempest-ServerStableDeviceRescueTest-986676556 tempest-ServerStableDeviceRescueTest-986676556-project-member] Matched version: v2 {{(pid=99992) process_request /opt/stack/glance/glance/api/middleware/version_negotiation.py:69}}
Aug 06 04:15:09.252177 np0000006614 devstack@g-api.service[99992]: DEBUG glance.api.middleware.version_negotiation [None req-792c66a0-7059-4a18-9704-298b8e12c7e1 tempest-ServerStableDeviceRescueTest-986676556 tempest-ServerStableDeviceRescueTest-986676556-project-member] new path /v2/images/5454aa85-b126-45b9-838d-3a42ac31aed8 {{(pid=99992) process_request /opt/stack/glance/glance/api/middleware/version_negotiation.py:70}}
Aug 06 04:15:09.266557 np0000006614 devstack@g-api.service[99992]: [pid: 99992|app: 0|req: 41/116] 127.0.0.1 () {44 vars in 1115 bytes} [Thu Aug 6 04:15:09 2026] GET /v2/images/5454aa85-b126-45b9-838d-3a42ac31aed8 => generated 1338 bytes in 16 msecs (HTTP/1.1 200) 4 headers in 158 bytes (1 switches on core 0)
Aug 06 04:15:09.308721 np0000006614 devstack@g-api.service[99991]: DEBUG glance.api.middleware.version_negotiation [None req-792c66a0-7059-4a18-9704-298b8e12c7e1 tempest-ServerStableDeviceRescueTest-986676556 tempest-ServerStableDeviceRescueTest-986676556-project-member] Determining version of request: GET /v2/schemas/image Accept: */* {{(pid=99991) process_request /opt/stack/glance/glance/api/middleware/version_negotiation.py:44}}
Aug 06 04:15:09.310250 np0000006614 devstack@g-api.service[99991]: DEBUG glance.api.middleware.version_negotiation [None req-792c66a0-7059-4a18-9704-298b8e12c7e1 tempest-ServerStableDeviceRescueTest-986676556 tempest-ServerStableDeviceRescueTest-986676556-project-member] Using url versioning {{(pid=99991) process_request /opt/stack/glance/glance/api/middleware/version_negotiation.py:57}}
Aug 06 04:15:09.310250 np0000006614 devstack@g-api.service[99991]: DEBUG glance.api.middleware.version_negotiation [None req-792c66a0-7059-4a18-9704-298b8e12c7e1 tempest-ServerStableDeviceRescueTest-986676556 tempest-ServerStableDeviceRescueTest-986676556-project-member] Matched version: v2 {{(pid=99991) process_request /opt/stack/glance/glance/api/middleware/version_negotiation.py:69}}
Aug 06 04:15:09.310250 np0000006614 devstack@g-api.service[99991]: DEBUG glance.api.middleware.version_negotiation [None req-792c66a0-7059-4a18-9704-298b8e12c7e1 tempest-ServerStableDeviceRescueTest-986676556 tempest-ServerStableDeviceRescueTest-986676556-project-member] new path /v2/schemas/image {{(pid=99991) process_request /opt/stack/glance/glance/api/middleware/version_negotiation.py:70}}
Aug 06 04:15:09.313372 np0000006614 devstack@g-api.service[99991]: [pid: 99991|app: 0|req: 38/117] 127.0.0.1 () {44 vars in 1055 bytes} [Thu Aug 6 04:15:09 2026] GET /v2/schemas/image => generated 6083 bytes in 5 msecs (HTTP/1.1 200) 4 headers in 158 bytes (1 switches on core 0)
Aug 06 04:15:09.676403 np0000006614 devstack@g-api.service[99993]: DEBUG swiftclient [None req-e7f29dc3-6330-4c89-a55d-697bf42a92a3 tempest-ServerStableDeviceRescueTest-986676556 tempest-ServerStableDeviceRescueTest-986676556-project-member] REQ: curl -i https://10.4.3.108:8080/v1/AUTH_0f2bb7a34a8c4e9f9eda5705e8ca994d/glance -I -H "X-Auth-Token: gAAAAABqdApNPIL0..." {{(pid=99993) http_log /opt/stack/data/venv/lib/python3.12/site-packages/swiftclient/client.py:160}}
Aug 06 04:15:09.676935 np0000006614 devstack@g-api.service[99993]: DEBUG swiftclient [None req-e7f29dc3-6330-4c89-a55d-697bf42a92a3 tempest-ServerStableDeviceRescueTest-986676556 tempest-ServerStableDeviceRescueTest-986676556-project-member] RESP STATUS: 204 No Content {{(pid=99993) http_log /opt/stack/data/venv/lib/python3.12/site-packages/swiftclient/client.py:161}}
Aug 06 04:15:09.676935 np0000006614 devstack@g-api.service[99993]: DEBUG swiftclient [None req-e7f29dc3-6330-4c89-a55d-697bf42a92a3 tempest-ServerStableDeviceRescueTest-986676556 tempest-ServerStableDeviceRescueTest-986676556-project-member] RESP HEADERS: {'Date': 'Thu, 06 Aug 2026 04:15:09 GMT', 'Server': 'Apache/2.4.58 (Ubuntu)', 'Content-Type': 'text/plain; charset=utf-8', 'X-Container-Object-Count': '4', 'X-Container-Bytes-Used': '64357376', 'X-Timestamp': '1785989516.09780', 'Last-Modified': 'Thu, 06 Aug 2026 04:11:57 GMT', 'Accept-Ranges': 'bytes', 'X-Storage-Policy': 'Policy-0', 'X-Container-Sharding': 'False', 'Vary': 'Accept', 'X-Trans-Id': 'txdc9390eb38994e2e90c3f-006a740a4d', 'X-Openstack-Request-Id': 'txdc9390eb38994e2e90c3f-006a740a4d', 'Connection': 'close'} {{(pid=99993) http_log /opt/stack/data/venv/lib/python3.12/site-packages/swiftclient/client.py:162}}
Aug 06 04:15:09.680177 np0000006614 devstack@g-api.service[99993]: DEBUG glance_store._drivers.swift.store [None req-e7f29dc3-6330-4c89-a55d-697bf42a92a3 tempest-ServerStableDeviceRescueTest-986676556 tempest-ServerStableDeviceRescueTest-986676556-project-member] Adding image object 'fccc5934-6096-4623-ad11-5d18fa85ee9d' to Swift {{(pid=99993) add /opt/stack/data/venv/lib/python3.12/site-packages/glance_store/_drivers/swift/store.py:970}}
Aug 06 04:15:09.680453 np0000006614 devstack@g-api.service[99993]: DEBUG glance_store._drivers.swift.store [None req-e7f29dc3-6330-4c89-a55d-697bf42a92a3 tempest-ServerStableDeviceRescueTest-986676556 tempest-ServerStableDeviceRescueTest-986676556-project-member] Cannot determine image size because it is either not provided in the request or chunked-transfer encoding is used. Adding image as a segmented object to Swift. {{(pid=99993) add /opt/stack/data/venv/lib/python3.12/site-packages/glance_store/_drivers/swift/store.py:994}}
Aug 06 04:15:09.692706 np0000006614 devstack@g-api.service[99993]: DEBUG oslo_utils.imageutils.format_inspector [None req-e7f29dc3-6330-4c89-a55d-697bf42a92a3 tempest-ServerStableDeviceRescueTest-986676556 tempest-ServerStableDeviceRescueTest-986676556-project-member] Format inspector for vmdk does not match, excluding from consideration (Signature KDMV not found: b'QFI\xfb') {{(pid=99993) _process_chunk /opt/stack/data/venv/lib/python3.12/site-packages/oslo_utils/imageutils/format_inspector.py:1758}}
Aug 06 04:15:09.695589 np0000006614 devstack@g-api.service[99993]: DEBUG oslo_utils.imageutils.format_inspector [None req-e7f29dc3-6330-4c89-a55d-697bf42a92a3 tempest-ServerStableDeviceRescueTest-986676556 tempest-ServerStableDeviceRescueTest-986676556-project-member] Format inspector for vhdx does not match, excluding from consideration (Region signature not found at 30000) {{(pid=99993) _process_chunk /opt/stack/data/venv/lib/python3.12/site-packages/oslo_utils/imageutils/format_inspector.py:1758}}
Aug 06 04:15:10.019179 np0000006614 devstack@g-api.service[99992]: DEBUG glance.api.middleware.version_negotiation [None req-35aed8b8-6aa2-4b80-a3c7-4bd61675df11 tempest-AttachVolumeShelveTestJSON-1437289131 tempest-AttachVolumeShelveTestJSON-1437289131-project-member] Determining version of request: GET /v2/images/5454aa85-b126-45b9-838d-3a42ac31aed8 Accept: */* {{(pid=99992) process_request /opt/stack/glance/glance/api/middleware/version_negotiation.py:44}}
Aug 06 04:15:10.019815 np0000006614 devstack@g-api.service[99992]: DEBUG glance.api.middleware.version_negotiation [None req-35aed8b8-6aa2-4b80-a3c7-4bd61675df11 tempest-AttachVolumeShelveTestJSON-1437289131 tempest-AttachVolumeShelveTestJSON-1437289131-project-member] Using url versioning {{(pid=99992) process_request /opt/stack/glance/glance/api/middleware/version_negotiation.py:57}}
Aug 06 04:15:10.019815 np0000006614 devstack@g-api.service[99992]: DEBUG glance.api.middleware.version_negotiation [None req-35aed8b8-6aa2-4b80-a3c7-4bd61675df11 tempest-AttachVolumeShelveTestJSON-1437289131 tempest-AttachVolumeShelveTestJSON-1437289131-project-member] Matched version: v2 {{(pid=99992) process_request /opt/stack/glance/glance/api/middleware/version_negotiation.py:69}}
Aug 06 04:15:10.019815 np0000006614 devstack@g-api.service[99992]: DEBUG glance.api.middleware.version_negotiation [None req-35aed8b8-6aa2-4b80-a3c7-4bd61675df11 tempest-AttachVolumeShelveTestJSON-1437289131 tempest-AttachVolumeShelveTestJSON-1437289131-project-member] new path /v2/images/5454aa85-b126-45b9-838d-3a42ac31aed8 {{(pid=99992) process_request /opt/stack/glance/glance/api/middleware/version_negotiation.py:70}}
Aug 06 04:15:10.046827 np0000006614 devstack@g-api.service[99992]: [pid: 99992|app: 0|req: 42/118] 127.0.0.1 () {44 vars in 1115 bytes} [Thu Aug 6 04:15:10 2026] GET /v2/images/5454aa85-b126-45b9-838d-3a42ac31aed8 => generated 1338 bytes in 28 msecs (HTTP/1.1 200) 4 headers in 158 bytes (1 switches on core 0)
Aug 06 04:15:10.100830 np0000006614 devstack@g-api.service[99991]: DEBUG glance.api.middleware.version_negotiation [None req-35aed8b8-6aa2-4b80-a3c7-4bd61675df11 tempest-AttachVolumeShelveTestJSON-1437289131 tempest-AttachVolumeShelveTestJSON-1437289131-project-member] Determining version of request: GET /v2/schemas/image Accept: */* {{(pid=99991) process_request /opt/stack/glance/glance/api/middleware/version_negotiation.py:44}}
Aug 06 04:15:10.100830 np0000006614 devstack@g-api.service[99991]: DEBUG glance.api.middleware.version_negotiation [None req-35aed8b8-6aa2-4b80-a3c7-4bd61675df11 tempest-AttachVolumeShelveTestJSON-1437289131 tempest-AttachVolumeShelveTestJSON-1437289131-project-member] Using url versioning {{(pid=99991) process_request /opt/stack/glance/glance/api/middleware/version_negotiation.py:57}}
Aug 06 04:15:10.100830 np0000006614 devstack@g-api.service[99991]: DEBUG glance.api.middleware.version_negotiation [None req-35aed8b8-6aa2-4b80-a3c7-4bd61675df11 tempest-AttachVolumeShelveTestJSON-1437289131 tempest-AttachVolumeShelveTestJSON-1437289131-project-member] Matched version: v2 {{(pid=99991) process_request /opt/stack/glance/glance/api/middleware/version_negotiation.py:69}}
Aug 06 04:15:10.100830 np0000006614 devstack@g-api.service[99991]: DEBUG glance.api.middleware.version_negotiation [None req-35aed8b8-6aa2-4b80-a3c7-4bd61675df11 tempest-AttachVolumeShelveTestJSON-1437289131 tempest-AttachVolumeShelveTestJSON-1437289131-project-member] new path /v2/schemas/image {{(pid=99991) process_request /opt/stack/glance/glance/api/middleware/version_negotiation.py:70}}
Aug 06 04:15:10.105060 np0000006614 devstack@g-api.service[99991]: [pid: 99991|app: 0|req: 39/119] 127.0.0.1 () {44 vars in 1055 bytes} [Thu Aug 6 04:15:10 2026] GET /v2/schemas/image => generated 6083 bytes in 5 msecs (HTTP/1.1 200) 4 headers in 158 bytes (1 switches on core 0)
Aug 06 04:15:10.153490 np0000006614 devstack@g-api.service[99992]: DEBUG glance.api.middleware.version_negotiation [None req-35aed8b8-6aa2-4b80-a3c7-4bd61675df11 tempest-AttachVolumeShelveTestJSON-1437289131 tempest-AttachVolumeShelveTestJSON-1437289131-project-member] Determining version of request: GET /v2/schemas/image Accept: */* {{(pid=99992) process_request /opt/stack/glance/glance/api/middleware/version_negotiation.py:44}}
Aug 06 04:15:10.153490 np0000006614 devstack@g-api.service[99992]: DEBUG glance.api.middleware.version_negotiation [None req-35aed8b8-6aa2-4b80-a3c7-4bd61675df11 tempest-AttachVolumeShelveTestJSON-1437289131 tempest-AttachVolumeShelveTestJSON-1437289131-project-member] Using url versioning {{(pid=99992) process_request /opt/stack/glance/glance/api/middleware/version_negotiation.py:57}}
Aug 06 04:15:10.153713 np0000006614 devstack@g-api.service[99992]: DEBUG glance.api.middleware.version_negotiation [None req-35aed8b8-6aa2-4b80-a3c7-4bd61675df11 tempest-AttachVolumeShelveTestJSON-1437289131 tempest-AttachVolumeShelveTestJSON-1437289131-project-member] Matched version: v2 {{(pid=99992) process_request /opt/stack/glance/glance/api/middleware/version_negotiation.py:69}}
Aug 06 04:15:10.153713 np0000006614 devstack@g-api.service[99992]: DEBUG glance.api.middleware.version_negotiation [None req-35aed8b8-6aa2-4b80-a3c7-4bd61675df11 tempest-AttachVolumeShelveTestJSON-1437289131 tempest-AttachVolumeShelveTestJSON-1437289131-project-member] new path /v2/schemas/image {{(pid=99992) process_request /opt/stack/glance/glance/api/middleware/version_negotiation.py:70}}
Aug 06 04:15:10.166237 np0000006614 devstack@g-api.service[99992]: [pid: 99992|app: 0|req: 43/120] 127.0.0.1 () {44 vars in 1055 bytes} [Thu Aug 6 04:15:10 2026] GET /v2/schemas/image => generated 6083 bytes in 10 msecs (HTTP/1.1 200) 4 headers in 158 bytes (1 switches on core 0)
Aug 06 04:15:10.201534 np0000006614 devstack@g-api.service[99991]: DEBUG glance.api.middleware.version_negotiation [None req-35aed8b8-6aa2-4b80-a3c7-4bd61675df11 tempest-AttachVolumeShelveTestJSON-1437289131 tempest-AttachVolumeShelveTestJSON-1437289131-project-member] Determining version of request: GET /v2/images/fccc5934-6096-4623-ad11-5d18fa85ee9d Accept: */* {{(pid=99991) process_request /opt/stack/glance/glance/api/middleware/version_negotiation.py:44}}
Aug 06 04:15:10.201534 np0000006614 devstack@g-api.service[99991]: DEBUG glance.api.middleware.version_negotiation [None req-35aed8b8-6aa2-4b80-a3c7-4bd61675df11 tempest-AttachVolumeShelveTestJSON-1437289131 tempest-AttachVolumeShelveTestJSON-1437289131-project-member] Using url versioning {{(pid=99991) process_request /opt/stack/glance/glance/api/middleware/version_negotiation.py:57}}
Aug 06 04:15:10.201534 np0000006614 devstack@g-api.service[99991]: DEBUG glance.api.middleware.version_negotiation [None req-35aed8b8-6aa2-4b80-a3c7-4bd61675df11 tempest-AttachVolumeShelveTestJSON-1437289131 tempest-AttachVolumeShelveTestJSON-1437289131-project-member] Matched version: v2 {{(pid=99991) process_request /opt/stack/glance/glance/api/middleware/version_negotiation.py:69}}
Aug 06 04:15:10.201534 np0000006614 devstack@g-api.service[99991]: DEBUG glance.api.middleware.version_negotiation [None req-35aed8b8-6aa2-4b80-a3c7-4bd61675df11 tempest-AttachVolumeShelveTestJSON-1437289131 tempest-AttachVolumeShelveTestJSON-1437289131-project-member] new path /v2/images/fccc5934-6096-4623-ad11-5d18fa85ee9d {{(pid=99991) process_request /opt/stack/glance/glance/api/middleware/version_negotiation.py:70}}
Aug 06 04:15:10.213516 np0000006614 devstack@g-api.service[99992]: DEBUG glance.api.middleware.version_negotiation [None req-35aed8b8-6aa2-4b80-a3c7-4bd61675df11 tempest-AttachVolumeShelveTestJSON-1437289131 tempest-AttachVolumeShelveTestJSON-1437289131-project-member] Determining version of request: PATCH /v2/images/5454aa85-b126-45b9-838d-3a42ac31aed8 Accept: */* {{(pid=99992) process_request /opt/stack/glance/glance/api/middleware/version_negotiation.py:44}}
Aug 06 04:15:10.213516 np0000006614 devstack@g-api.service[99992]: DEBUG glance.api.middleware.version_negotiation [None req-35aed8b8-6aa2-4b80-a3c7-4bd61675df11 tempest-AttachVolumeShelveTestJSON-1437289131 tempest-AttachVolumeShelveTestJSON-1437289131-project-member] Using url versioning {{(pid=99992) process_request /opt/stack/glance/glance/api/middleware/version_negotiation.py:57}}
Aug 06 04:15:10.213516 np0000006614 devstack@g-api.service[99992]: DEBUG glance.api.middleware.version_negotiation [None req-35aed8b8-6aa2-4b80-a3c7-4bd61675df11 tempest-AttachVolumeShelveTestJSON-1437289131 tempest-AttachVolumeShelveTestJSON-1437289131-project-member] Matched version: v2 {{(pid=99992) process_request /opt/stack/glance/glance/api/middleware/version_negotiation.py:69}}
Aug 06 04:15:10.213516 np0000006614 devstack@g-api.service[99992]: DEBUG glance.api.middleware.version_negotiation [None req-35aed8b8-6aa2-4b80-a3c7-4bd61675df11 tempest-AttachVolumeShelveTestJSON-1437289131 tempest-AttachVolumeShelveTestJSON-1437289131-project-member] new path /v2/images/5454aa85-b126-45b9-838d-3a42ac31aed8 {{(pid=99992) process_request /opt/stack/glance/glance/api/middleware/version_negotiation.py:70}}
Aug 06 04:15:10.232350 np0000006614 devstack@g-api.service[99991]: [pid: 99991|app: 0|req: 40/121] 127.0.0.1 () {44 vars in 1115 bytes} [Thu Aug 6 04:15:10 2026] GET /v2/images/fccc5934-6096-4623-ad11-5d18fa85ee9d => generated 1444 bytes in 31 msecs (HTTP/1.1 200) 4 headers in 158 bytes (1 switches on core 0)
Aug 06 04:15:10.285101 np0000006614 devstack@g-api.service[99991]: DEBUG glance.api.middleware.version_negotiation [None req-774efcb9-34d0-4dce-adc6-0606231bc8d7 tempest-ServerStableDeviceRescueTest-986676556 tempest-ServerStableDeviceRescueTest-986676556-project-member] Determining version of request: GET /v2/schemas/image Accept: */* {{(pid=99991) process_request /opt/stack/glance/glance/api/middleware/version_negotiation.py:44}}
Aug 06 04:15:10.285356 np0000006614 devstack@g-api.service[99991]: DEBUG glance.api.middleware.version_negotiation [None req-774efcb9-34d0-4dce-adc6-0606231bc8d7 tempest-ServerStableDeviceRescueTest-986676556 tempest-ServerStableDeviceRescueTest-986676556-project-member] Using url versioning {{(pid=99991) process_request /opt/stack/glance/glance/api/middleware/version_negotiation.py:57}}
Aug 06 04:15:10.285567 np0000006614 devstack@g-api.service[99991]: DEBUG glance.api.middleware.version_negotiation [None req-774efcb9-34d0-4dce-adc6-0606231bc8d7 tempest-ServerStableDeviceRescueTest-986676556 tempest-ServerStableDeviceRescueTest-986676556-project-member] Matched version: v2 {{(pid=99991) process_request /opt/stack/glance/glance/api/middleware/version_negotiation.py:69}}
Aug 06 04:15:10.285777 np0000006614 devstack@g-api.service[99991]: DEBUG glance.api.middleware.version_negotiation [None req-774efcb9-34d0-4dce-adc6-0606231bc8d7 tempest-ServerStableDeviceRescueTest-986676556 tempest-ServerStableDeviceRescueTest-986676556-project-member] new path /v2/schemas/image {{(pid=99991) process_request /opt/stack/glance/glance/api/middleware/version_negotiation.py:70}}
Aug 06 04:15:10.289608 np0000006614 devstack@g-api.service[99991]: [pid: 99991|app: 0|req: 41/122] 127.0.0.1 () {44 vars in 1055 bytes} [Thu Aug 6 04:15:10 2026] GET /v2/schemas/image => generated 6083 bytes in 5 msecs (HTTP/1.1 200) 4 headers in 158 bytes (1 switches on core 0)
Aug 06 04:15:10.325413 np0000006614 devstack@g-api.service[99993]: DEBUG swiftclient [None req-e7f29dc3-6330-4c89-a55d-697bf42a92a3 tempest-ServerStableDeviceRescueTest-986676556 tempest-ServerStableDeviceRescueTest-986676556-project-member] REQ: curl -i https://10.4.3.108:8080/v1/AUTH_0f2bb7a34a8c4e9f9eda5705e8ca994d/glance/fccc5934-6096-4623-ad11-5d18fa85ee9d-00001 -X PUT -H "X-Auth-Token: gAAAAABqdApNPIL0..." {{(pid=99993) http_log /opt/stack/data/venv/lib/python3.12/site-packages/swiftclient/client.py:160}}
Aug 06 04:15:10.325573 np0000006614 devstack@g-api.service[99993]: DEBUG swiftclient [None req-e7f29dc3-6330-4c89-a55d-697bf42a92a3 tempest-ServerStableDeviceRescueTest-986676556 tempest-ServerStableDeviceRescueTest-986676556-project-member] RESP STATUS: 201 Created {{(pid=99993) http_log /opt/stack/data/venv/lib/python3.12/site-packages/swiftclient/client.py:161}}
Aug 06 04:15:10.325786 np0000006614 devstack@g-api.service[99993]: DEBUG swiftclient [None req-e7f29dc3-6330-4c89-a55d-697bf42a92a3 tempest-ServerStableDeviceRescueTest-986676556 tempest-ServerStableDeviceRescueTest-986676556-project-member] RESP HEADERS: {'Date': 'Thu, 06 Aug 2026 04:15:10 GMT', 'Server': 'Apache/2.4.58 (Ubuntu)', 'Content-Type': 'text/html; charset=UTF-8', 'Content-Length': '0', 'Etag': 'dafc23fd2e93ace7aeb6f97d1ecd0f53', 'Last-Modified': 'Thu, 06 Aug 2026 04:15:10 GMT', 'X-Trans-Id': 'tx137e18c814114027a3204-006a740a4d', 'X-Openstack-Request-Id': 'tx137e18c814114027a3204-006a740a4d', 'Connection': 'close'} {{(pid=99993) http_log /opt/stack/data/venv/lib/python3.12/site-packages/swiftclient/client.py:162}}
Aug 06 04:15:10.325924 np0000006614 devstack@g-api.service[99993]: DEBUG glance_store._drivers.swift.store [None req-e7f29dc3-6330-4c89-a55d-697bf42a92a3 tempest-ServerStableDeviceRescueTest-986676556 tempest-ServerStableDeviceRescueTest-986676556-project-member] Wrote chunk fccc5934-6096-4623-ad11-5d18fa85ee9d-00001 (1/?) of length 53542912 to Swift returning MD5 of content: dafc23fd2e93ace7aeb6f97d1ecd0f53 {{(pid=99993) add /opt/stack/data/venv/lib/python3.12/site-packages/glance_store/_drivers/swift/store.py:1059}}
Aug 06 04:15:10.328660 np0000006614 devstack@g-api.service[99993]: DEBUG glance_store._drivers.swift.store [None req-e7f29dc3-6330-4c89-a55d-697bf42a92a3 tempest-ServerStableDeviceRescueTest-986676556 tempest-ServerStableDeviceRescueTest-986676556-project-member] Not writing zero-length chunk. {{(pid=99993) add /opt/stack/data/venv/lib/python3.12/site-packages/glance_store/_drivers/swift/store.py:1028}}
Aug 06 04:15:10.355365 np0000006614 devstack@g-api.service[99993]: DEBUG swiftclient [None req-e7f29dc3-6330-4c89-a55d-697bf42a92a3 tempest-ServerStableDeviceRescueTest-986676556 tempest-ServerStableDeviceRescueTest-986676556-project-member] REQ: curl -i https://10.4.3.108:8080/v1/AUTH_0f2bb7a34a8c4e9f9eda5705e8ca994d/glance/fccc5934-6096-4623-ad11-5d18fa85ee9d -X PUT -H "X-Object-Manifest: glance/fccc5934-6096-4623-ad11-5d18fa85ee9d-" -H "X-Auth-Token: gAAAAABqdApNPIL0..." -H "Content-Length: 0" {{(pid=99993) http_log /opt/stack/data/venv/lib/python3.12/site-packages/swiftclient/client.py:160}}
Aug 06 04:15:10.355547 np0000006614 devstack@g-api.service[99993]: DEBUG swiftclient [None req-e7f29dc3-6330-4c89-a55d-697bf42a92a3 tempest-ServerStableDeviceRescueTest-986676556 tempest-ServerStableDeviceRescueTest-986676556-project-member] RESP STATUS: 201 Created {{(pid=99993) http_log /opt/stack/data/venv/lib/python3.12/site-packages/swiftclient/client.py:161}}
Aug 06 04:15:10.355627 np0000006614 devstack@g-api.service[99993]: DEBUG swiftclient [None req-e7f29dc3-6330-4c89-a55d-697bf42a92a3 tempest-ServerStableDeviceRescueTest-986676556 tempest-ServerStableDeviceRescueTest-986676556-project-member] RESP HEADERS: {'Date': 'Thu, 06 Aug 2026 04:15:10 GMT', 'Server': 'Apache/2.4.58 (Ubuntu)', 'Content-Type': 'text/html; charset=UTF-8', 'Content-Length': '0', 'Etag': 'd41d8cd98f00b204e9800998ecf8427e', 'Last-Modified': 'Thu, 06 Aug 2026 04:15:11 GMT', 'X-Trans-Id': 'tx6f737c471d0e43358e2ab-006a740a4e', 'X-Openstack-Request-Id': 'tx6f737c471d0e43358e2ab-006a740a4e', 'Connection': 'close'} {{(pid=99993) http_log /opt/stack/data/venv/lib/python3.12/site-packages/swiftclient/client.py:162}}
Aug 06 04:15:10.356120 np0000006614 devstack@g-api.service[99993]: INFO glance.location [None req-e7f29dc3-6330-4c89-a55d-697bf42a92a3 tempest-ServerStableDeviceRescueTest-986676556 tempest-ServerStableDeviceRescueTest-986676556-project-member] Image format matched and virtual size computed: 1073741824
Aug 06 04:15:10.366749 np0000006614 devstack@g-api.service[99992]: [pid: 99992|app: 0|req: 44/123] 127.0.0.1 () {46 vars in 1158 bytes} [Thu Aug 6 04:15:10 2026] PATCH /v2/images/5454aa85-b126-45b9-838d-3a42ac31aed8 => generated 1449 bytes in 154 msecs (HTTP/1.1 200) 4 headers in 158 bytes (1 switches on core 0)
Aug 06 04:15:10.402246 np0000006614 devstack@g-api.service[99993]: DEBUG glance_store.backend [None req-e7f29dc3-6330-4c89-a55d-697bf42a92a3 tempest-ServerStableDeviceRescueTest-986676556 tempest-ServerStableDeviceRescueTest-986676556-project-member] Attempting to import store swift {{(pid=99993) _load_store /opt/stack/data/venv/lib/python3.12/site-packages/glance_store/backend.py:215}}
Aug 06 04:15:10.402681 np0000006614 devstack@g-api.service[99991]: DEBUG glance.api.middleware.version_negotiation [None req-774efcb9-34d0-4dce-adc6-0606231bc8d7 tempest-ServerStableDeviceRescueTest-986676556 tempest-ServerStableDeviceRescueTest-986676556-project-member] Determining version of request: GET /v2/images/5454aa85-b126-45b9-838d-3a42ac31aed8 Accept: */* {{(pid=99991) process_request /opt/stack/glance/glance/api/middleware/version_negotiation.py:44}}
Aug 06 04:15:10.403006 np0000006614 devstack@g-api.service[99991]: DEBUG glance.api.middleware.version_negotiation [None req-774efcb9-34d0-4dce-adc6-0606231bc8d7 tempest-ServerStableDeviceRescueTest-986676556 tempest-ServerStableDeviceRescueTest-986676556-project-member] Using url versioning {{(pid=99991) process_request /opt/stack/glance/glance/api/middleware/version_negotiation.py:57}}
Aug 06 04:15:10.403192 np0000006614 devstack@g-api.service[99991]: DEBUG glance.api.middleware.version_negotiation [None req-774efcb9-34d0-4dce-adc6-0606231bc8d7 tempest-ServerStableDeviceRescueTest-986676556 tempest-ServerStableDeviceRescueTest-986676556-project-member] Matched version: v2 {{(pid=99991) process_request /opt/stack/glance/glance/api/middleware/version_negotiation.py:69}}
Aug 06 04:15:10.403331 np0000006614 devstack@g-api.service[99991]: DEBUG glance.api.middleware.version_negotiation [None req-774efcb9-34d0-4dce-adc6-0606231bc8d7 tempest-ServerStableDeviceRescueTest-986676556 tempest-ServerStableDeviceRescueTest-986676556-project-member] new path /v2/images/5454aa85-b126-45b9-838d-3a42ac31aed8 {{(pid=99991) process_request /opt/stack/glance/glance/api/middleware/version_negotiation.py:70}}
Aug 06 04:15:10.403822 np0000006614 devstack@g-api.service[99993]: DEBUG glance_store.capabilities [None req-e7f29dc3-6330-4c89-a55d-697bf42a92a3 tempest-ServerStableDeviceRescueTest-986676556 tempest-ServerStableDeviceRescueTest-986676556-project-member] Store glance_store._drivers.swift.store.SingleTenantStore doesn't support updating dynamic storage capabilities. Please overwrite 'update_capabilities' method of the store to implement updating logics if needed. {{(pid=99993) update_capabilities /opt/stack/data/venv/lib/python3.12/site-packages/glance_store/capabilities.py:91}}
Aug 06 04:15:10.404081 np0000006614 devstack@g-api.service[99993]: DEBUG glance_store.driver [None req-e7f29dc3-6330-4c89-a55d-697bf42a92a3 tempest-ServerStableDeviceRescueTest-986676556 tempest-ServerStableDeviceRescueTest-986676556-project-member] Late loading location class glance_store._drivers.swift.store.StoreLocation {{(pid=99993) get_store_location_class /opt/stack/data/venv/lib/python3.12/site-packages/glance_store/driver.py:134}}
Aug 06 04:15:10.404211 np0000006614 devstack@g-api.service[99993]: DEBUG glance_store.location [None req-e7f29dc3-6330-4c89-a55d-697bf42a92a3 tempest-ServerStableDeviceRescueTest-986676556 tempest-ServerStableDeviceRescueTest-986676556-project-member] Registering scheme swift+https with {'store': , 'location_class': , 'store_entry': 'swift'} {{(pid=99993) register_scheme_map /opt/stack/data/venv/lib/python3.12/site-packages/glance_store/location.py:146}}
Aug 06 04:15:10.404335 np0000006614 devstack@g-api.service[99993]: DEBUG glance_store.location [None req-e7f29dc3-6330-4c89-a55d-697bf42a92a3 tempest-ServerStableDeviceRescueTest-986676556 tempest-ServerStableDeviceRescueTest-986676556-project-member] Registering scheme swift+https with {'store': , 'location_class': , 'store_entry': 'swift'} {{(pid=99993) register_scheme_map /opt/stack/data/venv/lib/python3.12/site-packages/glance_store/location.py:146}}
Aug 06 04:15:10.404405 np0000006614 devstack@g-api.service[99993]: DEBUG glance_store.location [None req-e7f29dc3-6330-4c89-a55d-697bf42a92a3 tempest-ServerStableDeviceRescueTest-986676556 tempest-ServerStableDeviceRescueTest-986676556-project-member] Registering scheme swift with {'store': , 'location_class': , 'store_entry': 'swift'} {{(pid=99993) register_scheme_map /opt/stack/data/venv/lib/python3.12/site-packages/glance_store/location.py:146}}
Aug 06 04:15:10.404478 np0000006614 devstack@g-api.service[99993]: DEBUG glance_store.location [None req-e7f29dc3-6330-4c89-a55d-697bf42a92a3 tempest-ServerStableDeviceRescueTest-986676556 tempest-ServerStableDeviceRescueTest-986676556-project-member] Registering scheme swift+https with {'store': , 'location_class': , 'store_entry': 'swift'} {{(pid=99993) register_scheme_map /opt/stack/data/venv/lib/python3.12/site-packages/glance_store/location.py:146}}
Aug 06 04:15:10.404998 np0000006614 devstack@g-api.service[99993]: DEBUG glance_store.location [None req-e7f29dc3-6330-4c89-a55d-697bf42a92a3 tempest-ServerStableDeviceRescueTest-986676556 tempest-ServerStableDeviceRescueTest-986676556-project-member] Registering scheme swift with {'store': , 'location_class': , 'store_entry': 'swift'} {{(pid=99993) register_scheme_map /opt/stack/data/venv/lib/python3.12/site-packages/glance_store/location.py:146}}
Aug 06 04:15:10.404998 np0000006614 devstack@g-api.service[99993]: DEBUG glance_store.location [None req-e7f29dc3-6330-4c89-a55d-697bf42a92a3 tempest-ServerStableDeviceRescueTest-986676556 tempest-ServerStableDeviceRescueTest-986676556-project-member] Registering scheme swift+http with {'store': , 'location_class': , 'store_entry': 'swift'} {{(pid=99993) register_scheme_map /opt/stack/data/venv/lib/python3.12/site-packages/glance_store/location.py:146}}
Aug 06 04:15:10.404998 np0000006614 devstack@g-api.service[99993]: DEBUG glance_store.location [None req-e7f29dc3-6330-4c89-a55d-697bf42a92a3 tempest-ServerStableDeviceRescueTest-986676556 tempest-ServerStableDeviceRescueTest-986676556-project-member] Registering scheme swift+https with {'store': , 'location_class': , 'store_entry': 'swift'} {{(pid=99993) register_scheme_map /opt/stack/data/venv/lib/python3.12/site-packages/glance_store/location.py:146}}
Aug 06 04:15:10.405277 np0000006614 devstack@g-api.service[99993]: DEBUG glance_store.location [None req-e7f29dc3-6330-4c89-a55d-697bf42a92a3 tempest-ServerStableDeviceRescueTest-986676556 tempest-ServerStableDeviceRescueTest-986676556-project-member] Registering scheme swift with {'store': , 'location_class': , 'store_entry': 'swift'} {{(pid=99993) register_scheme_map /opt/stack/data/venv/lib/python3.12/site-packages/glance_store/location.py:146}}
Aug 06 04:15:10.405277 np0000006614 devstack@g-api.service[99993]: DEBUG glance_store.location [None req-e7f29dc3-6330-4c89-a55d-697bf42a92a3 tempest-ServerStableDeviceRescueTest-986676556 tempest-ServerStableDeviceRescueTest-986676556-project-member] Registering scheme swift+http with {'store': , 'location_class': , 'store_entry': 'swift'} {{(pid=99993) register_scheme_map /opt/stack/data/venv/lib/python3.12/site-packages/glance_store/location.py:146}}
Aug 06 04:15:10.405277 np0000006614 devstack@g-api.service[99993]: DEBUG glance_store.location [None req-e7f29dc3-6330-4c89-a55d-697bf42a92a3 tempest-ServerStableDeviceRescueTest-986676556 tempest-ServerStableDeviceRescueTest-986676556-project-member] Registering scheme swift+config with {'store': , 'location_class': , 'store_entry': 'swift'} {{(pid=99993) register_scheme_map /opt/stack/data/venv/lib/python3.12/site-packages/glance_store/location.py:146}}
Aug 06 04:15:10.405527 np0000006614 devstack@g-api.service[99993]: DEBUG glance_store.backend [None req-e7f29dc3-6330-4c89-a55d-697bf42a92a3 tempest-ServerStableDeviceRescueTest-986676556 tempest-ServerStableDeviceRescueTest-986676556-project-member] Skipping store.set_acls... not implemented. {{(pid=99993) set_acls /opt/stack/data/venv/lib/python3.12/site-packages/glance_store/backend.py:507}}
Aug 06 04:15:10.407005 np0000006614 devstack@g-api.service[99993]: [pid: 99993|app: 0|req: 39/124] 127.0.0.1 () {46 vars in 1158 bytes} [Thu Aug 6 04:15:07 2026] PUT /v2/images/fccc5934-6096-4623-ad11-5d18fa85ee9d/file => generated 0 bytes in 3193 msecs (HTTP/1.1 204) 4 headers in 171 bytes (1 switches on core 0)
Aug 06 04:15:10.431122 np0000006614 devstack@g-api.service[99991]: [pid: 99991|app: 0|req: 42/125] 127.0.0.1 () {44 vars in 1115 bytes} [Thu Aug 6 04:15:10 2026] GET /v2/images/5454aa85-b126-45b9-838d-3a42ac31aed8 => generated 1449 bytes in 29 msecs (HTTP/1.1 200) 4 headers in 158 bytes (1 switches on core 0)
Aug 06 04:15:10.466443 np0000006614 devstack@g-api.service[99992]: DEBUG glance.api.middleware.version_negotiation [None req-35aed8b8-6aa2-4b80-a3c7-4bd61675df11 tempest-AttachVolumeShelveTestJSON-1437289131 tempest-AttachVolumeShelveTestJSON-1437289131-project-member] Determining version of request: GET /v2/images/fccc5934-6096-4623-ad11-5d18fa85ee9d Accept: */* {{(pid=99992) process_request /opt/stack/glance/glance/api/middleware/version_negotiation.py:44}}
Aug 06 04:15:10.466622 np0000006614 devstack@g-api.service[99992]: DEBUG glance.api.middleware.version_negotiation [None req-35aed8b8-6aa2-4b80-a3c7-4bd61675df11 tempest-AttachVolumeShelveTestJSON-1437289131 tempest-AttachVolumeShelveTestJSON-1437289131-project-member] Using url versioning {{(pid=99992) process_request /opt/stack/glance/glance/api/middleware/version_negotiation.py:57}}
Aug 06 04:15:10.466801 np0000006614 devstack@g-api.service[99992]: DEBUG glance.api.middleware.version_negotiation [None req-35aed8b8-6aa2-4b80-a3c7-4bd61675df11 tempest-AttachVolumeShelveTestJSON-1437289131 tempest-AttachVolumeShelveTestJSON-1437289131-project-member] Matched version: v2 {{(pid=99992) process_request /opt/stack/glance/glance/api/middleware/version_negotiation.py:69}}
Aug 06 04:15:10.466920 np0000006614 devstack@g-api.service[99992]: DEBUG glance.api.middleware.version_negotiation [None req-35aed8b8-6aa2-4b80-a3c7-4bd61675df11 tempest-AttachVolumeShelveTestJSON-1437289131 tempest-AttachVolumeShelveTestJSON-1437289131-project-member] new path /v2/images/fccc5934-6096-4623-ad11-5d18fa85ee9d {{(pid=99992) process_request /opt/stack/glance/glance/api/middleware/version_negotiation.py:70}}
Aug 06 04:15:10.486577 np0000006614 devstack@g-api.service[99992]: [pid: 99992|app: 0|req: 45/126] 127.0.0.1 () {44 vars in 1115 bytes} [Thu Aug 6 04:15:10 2026] GET /v2/images/fccc5934-6096-4623-ad11-5d18fa85ee9d => generated 1614 bytes in 20 msecs (HTTP/1.1 200) 4 headers in 158 bytes (1 switches on core 0)
Aug 06 04:15:10.496604 np0000006614 devstack@g-api.service[99993]: DEBUG glance.api.middleware.version_negotiation [None req-e7f29dc3-6330-4c89-a55d-697bf42a92a3 tempest-ServerStableDeviceRescueTest-986676556 tempest-ServerStableDeviceRescueTest-986676556-project-member] Determining version of request: PUT /v2/images/5454aa85-b126-45b9-838d-3a42ac31aed8/file Accept: */* {{(pid=99993) process_request /opt/stack/glance/glance/api/middleware/version_negotiation.py:44}}
Aug 06 04:15:10.496830 np0000006614 devstack@g-api.service[99993]: DEBUG glance.api.middleware.version_negotiation [None req-e7f29dc3-6330-4c89-a55d-697bf42a92a3 tempest-ServerStableDeviceRescueTest-986676556 tempest-ServerStableDeviceRescueTest-986676556-project-member] Using url versioning {{(pid=99993) process_request /opt/stack/glance/glance/api/middleware/version_negotiation.py:57}}
Aug 06 04:15:10.496941 np0000006614 devstack@g-api.service[99993]: DEBUG glance.api.middleware.version_negotiation [None req-e7f29dc3-6330-4c89-a55d-697bf42a92a3 tempest-ServerStableDeviceRescueTest-986676556 tempest-ServerStableDeviceRescueTest-986676556-project-member] Matched version: v2 {{(pid=99993) process_request /opt/stack/glance/glance/api/middleware/version_negotiation.py:69}}
Aug 06 04:15:10.497135 np0000006614 devstack@g-api.service[99993]: DEBUG glance.api.middleware.version_negotiation [None req-e7f29dc3-6330-4c89-a55d-697bf42a92a3 tempest-ServerStableDeviceRescueTest-986676556 tempest-ServerStableDeviceRescueTest-986676556-project-member] new path /v2/images/5454aa85-b126-45b9-838d-3a42ac31aed8/file {{(pid=99993) process_request /opt/stack/glance/glance/api/middleware/version_negotiation.py:70}}
Aug 06 04:15:10.525424 np0000006614 devstack@g-api.service[99991]: DEBUG glance.api.middleware.version_negotiation [None req-35aed8b8-6aa2-4b80-a3c7-4bd61675df11 tempest-AttachVolumeShelveTestJSON-1437289131 tempest-AttachVolumeShelveTestJSON-1437289131-project-member] Determining version of request: GET /v2/schemas/image Accept: */* {{(pid=99991) process_request /opt/stack/glance/glance/api/middleware/version_negotiation.py:44}}
Aug 06 04:15:10.525679 np0000006614 devstack@g-api.service[99991]: DEBUG glance.api.middleware.version_negotiation [None req-35aed8b8-6aa2-4b80-a3c7-4bd61675df11 tempest-AttachVolumeShelveTestJSON-1437289131 tempest-AttachVolumeShelveTestJSON-1437289131-project-member] Using url versioning {{(pid=99991) process_request /opt/stack/glance/glance/api/middleware/version_negotiation.py:57}}
Aug 06 04:15:10.529186 np0000006614 devstack@g-api.service[99991]: DEBUG glance.api.middleware.version_negotiation [None req-35aed8b8-6aa2-4b80-a3c7-4bd61675df11 tempest-AttachVolumeShelveTestJSON-1437289131 tempest-AttachVolumeShelveTestJSON-1437289131-project-member] Matched version: v2 {{(pid=99991) process_request /opt/stack/glance/glance/api/middleware/version_negotiation.py:69}}
Aug 06 04:15:10.529374 np0000006614 devstack@g-api.service[99991]: DEBUG glance.api.middleware.version_negotiation [None req-35aed8b8-6aa2-4b80-a3c7-4bd61675df11 tempest-AttachVolumeShelveTestJSON-1437289131 tempest-AttachVolumeShelveTestJSON-1437289131-project-member] new path /v2/schemas/image {{(pid=99991) process_request /opt/stack/glance/glance/api/middleware/version_negotiation.py:70}}
Aug 06 04:15:10.532491 np0000006614 devstack@g-api.service[99991]: [pid: 99991|app: 0|req: 43/127] 127.0.0.1 () {44 vars in 1055 bytes} [Thu Aug 6 04:15:10 2026] GET /v2/schemas/image => generated 6083 bytes in 7 msecs (HTTP/1.1 200) 4 headers in 158 bytes (1 switches on core 0)
Aug 06 04:15:11.170839 np0000006614 devstack@g-api.service[99993]: INFO glance.api.v2.image_data [None req-35aed8b8-6aa2-4b80-a3c7-4bd61675df11 tempest-AttachVolumeShelveTestJSON-1437289131 tempest-AttachVolumeShelveTestJSON-1437289131-project-member] Unable to create trust: no such option collect_timing in group [keystone_authtoken] Use the existing user token.
Aug 06 04:15:11.384497 np0000006614 devstack@g-api.service[99992]: DEBUG glance.api.middleware.version_negotiation [None req-e7f29dc3-6330-4c89-a55d-697bf42a92a3 tempest-ServerStableDeviceRescueTest-986676556 tempest-ServerStableDeviceRescueTest-986676556-project-member] Determining version of request: GET /v2/images/fccc5934-6096-4623-ad11-5d18fa85ee9d Accept: */* {{(pid=99992) process_request /opt/stack/glance/glance/api/middleware/version_negotiation.py:44}}
Aug 06 04:15:11.385304 np0000006614 devstack@g-api.service[99992]: DEBUG glance.api.middleware.version_negotiation [None req-e7f29dc3-6330-4c89-a55d-697bf42a92a3 tempest-ServerStableDeviceRescueTest-986676556 tempest-ServerStableDeviceRescueTest-986676556-project-member] Using url versioning {{(pid=99992) process_request /opt/stack/glance/glance/api/middleware/version_negotiation.py:57}}
Aug 06 04:15:11.385304 np0000006614 devstack@g-api.service[99992]: DEBUG glance.api.middleware.version_negotiation [None req-e7f29dc3-6330-4c89-a55d-697bf42a92a3 tempest-ServerStableDeviceRescueTest-986676556 tempest-ServerStableDeviceRescueTest-986676556-project-member] Matched version: v2 {{(pid=99992) process_request /opt/stack/glance/glance/api/middleware/version_negotiation.py:69}}
Aug 06 04:15:11.385304 np0000006614 devstack@g-api.service[99992]: DEBUG glance.api.middleware.version_negotiation [None req-e7f29dc3-6330-4c89-a55d-697bf42a92a3 tempest-ServerStableDeviceRescueTest-986676556 tempest-ServerStableDeviceRescueTest-986676556-project-member] new path /v2/images/fccc5934-6096-4623-ad11-5d18fa85ee9d {{(pid=99992) process_request /opt/stack/glance/glance/api/middleware/version_negotiation.py:70}}
Aug 06 04:15:11.401920 np0000006614 devstack@g-api.service[99992]: [pid: 99992|app: 0|req: 46/128] 127.0.0.1 () {44 vars in 1115 bytes} [Thu Aug 6 04:15:11 2026] GET /v2/images/fccc5934-6096-4623-ad11-5d18fa85ee9d => generated 1614 bytes in 18 msecs (HTTP/1.1 200) 4 headers in 158 bytes (1 switches on core 0)
Aug 06 04:15:11.440874 np0000006614 devstack@g-api.service[99991]: DEBUG glance.api.middleware.version_negotiation [None req-e7f29dc3-6330-4c89-a55d-697bf42a92a3 tempest-ServerStableDeviceRescueTest-986676556 tempest-ServerStableDeviceRescueTest-986676556-project-member] Determining version of request: GET /v2/schemas/image Accept: */* {{(pid=99991) process_request /opt/stack/glance/glance/api/middleware/version_negotiation.py:44}}
Aug 06 04:15:11.441514 np0000006614 devstack@g-api.service[99991]: DEBUG glance.api.middleware.version_negotiation [None req-e7f29dc3-6330-4c89-a55d-697bf42a92a3 tempest-ServerStableDeviceRescueTest-986676556 tempest-ServerStableDeviceRescueTest-986676556-project-member] Using url versioning {{(pid=99991) process_request /opt/stack/glance/glance/api/middleware/version_negotiation.py:57}}
Aug 06 04:15:11.441514 np0000006614 devstack@g-api.service[99991]: DEBUG glance.api.middleware.version_negotiation [None req-e7f29dc3-6330-4c89-a55d-697bf42a92a3 tempest-ServerStableDeviceRescueTest-986676556 tempest-ServerStableDeviceRescueTest-986676556-project-member] Matched version: v2 {{(pid=99991) process_request /opt/stack/glance/glance/api/middleware/version_negotiation.py:69}}
Aug 06 04:15:11.441514 np0000006614 devstack@g-api.service[99991]: DEBUG glance.api.middleware.version_negotiation [None req-e7f29dc3-6330-4c89-a55d-697bf42a92a3 tempest-ServerStableDeviceRescueTest-986676556 tempest-ServerStableDeviceRescueTest-986676556-project-member] new path /v2/schemas/image {{(pid=99991) process_request /opt/stack/glance/glance/api/middleware/version_negotiation.py:70}}
Aug 06 04:15:11.449053 np0000006614 devstack@g-api.service[99991]: [pid: 99991|app: 0|req: 44/129] 127.0.0.1 () {44 vars in 1055 bytes} [Thu Aug 6 04:15:11 2026] GET /v2/schemas/image => generated 6083 bytes in 8 msecs (HTTP/1.1 200) 4 headers in 158 bytes (1 switches on core 0)
Aug 06 04:15:11.527313 np0000006614 devstack@g-api.service[99992]: DEBUG glance.api.middleware.version_negotiation [None req-8583f9d3-01d8-44dd-925e-f232a7cda4b8 tempest-ServerStableDeviceRescueTest-986676556 tempest-ServerStableDeviceRescueTest-986676556-project-member] Determining version of request: GET /v2/images/fccc5934-6096-4623-ad11-5d18fa85ee9d Accept: */* {{(pid=99992) process_request /opt/stack/glance/glance/api/middleware/version_negotiation.py:44}}
Aug 06 04:15:11.527548 np0000006614 devstack@g-api.service[99992]: DEBUG glance.api.middleware.version_negotiation [None req-8583f9d3-01d8-44dd-925e-f232a7cda4b8 tempest-ServerStableDeviceRescueTest-986676556 tempest-ServerStableDeviceRescueTest-986676556-project-member] Using url versioning {{(pid=99992) process_request /opt/stack/glance/glance/api/middleware/version_negotiation.py:57}}
Aug 06 04:15:11.527940 np0000006614 devstack@g-api.service[99992]: DEBUG glance.api.middleware.version_negotiation [None req-8583f9d3-01d8-44dd-925e-f232a7cda4b8 tempest-ServerStableDeviceRescueTest-986676556 tempest-ServerStableDeviceRescueTest-986676556-project-member] Matched version: v2 {{(pid=99992) process_request /opt/stack/glance/glance/api/middleware/version_negotiation.py:69}}
Aug 06 04:15:11.528041 np0000006614 devstack@g-api.service[99992]: DEBUG glance.api.middleware.version_negotiation [None req-8583f9d3-01d8-44dd-925e-f232a7cda4b8 tempest-ServerStableDeviceRescueTest-986676556 tempest-ServerStableDeviceRescueTest-986676556-project-member] new path /v2/images/fccc5934-6096-4623-ad11-5d18fa85ee9d {{(pid=99992) process_request /opt/stack/glance/glance/api/middleware/version_negotiation.py:70}}
Aug 06 04:15:11.541369 np0000006614 devstack@g-api.service[99992]: [pid: 99992|app: 0|req: 47/130] 127.0.0.1 () {44 vars in 1115 bytes} [Thu Aug 6 04:15:11 2026] GET /v2/images/fccc5934-6096-4623-ad11-5d18fa85ee9d => generated 1614 bytes in 14 msecs (HTTP/1.1 200) 4 headers in 158 bytes (1 switches on core 0)
Aug 06 04:15:11.590975 np0000006614 devstack@g-api.service[99991]: DEBUG glance.api.middleware.version_negotiation [None req-8583f9d3-01d8-44dd-925e-f232a7cda4b8 tempest-ServerStableDeviceRescueTest-986676556 tempest-ServerStableDeviceRescueTest-986676556-project-member] Determining version of request: GET /v2/schemas/image Accept: */* {{(pid=99991) process_request /opt/stack/glance/glance/api/middleware/version_negotiation.py:44}}
Aug 06 04:15:11.591219 np0000006614 devstack@g-api.service[99991]: DEBUG glance.api.middleware.version_negotiation [None req-8583f9d3-01d8-44dd-925e-f232a7cda4b8 tempest-ServerStableDeviceRescueTest-986676556 tempest-ServerStableDeviceRescueTest-986676556-project-member] Using url versioning {{(pid=99991) process_request /opt/stack/glance/glance/api/middleware/version_negotiation.py:57}}
Aug 06 04:15:11.591462 np0000006614 devstack@g-api.service[99991]: DEBUG glance.api.middleware.version_negotiation [None req-8583f9d3-01d8-44dd-925e-f232a7cda4b8 tempest-ServerStableDeviceRescueTest-986676556 tempest-ServerStableDeviceRescueTest-986676556-project-member] Matched version: v2 {{(pid=99991) process_request /opt/stack/glance/glance/api/middleware/version_negotiation.py:69}}
Aug 06 04:15:11.591633 np0000006614 devstack@g-api.service[99991]: DEBUG glance.api.middleware.version_negotiation [None req-8583f9d3-01d8-44dd-925e-f232a7cda4b8 tempest-ServerStableDeviceRescueTest-986676556 tempest-ServerStableDeviceRescueTest-986676556-project-member] new path /v2/schemas/image {{(pid=99991) process_request /opt/stack/glance/glance/api/middleware/version_negotiation.py:70}}
Aug 06 04:15:11.597706 np0000006614 devstack@g-api.service[99991]: [pid: 99991|app: 0|req: 45/131] 127.0.0.1 () {44 vars in 1055 bytes} [Thu Aug 6 04:15:11 2026] GET /v2/schemas/image => generated 6083 bytes in 7 msecs (HTTP/1.1 200) 4 headers in 158 bytes (1 switches on core 0)
Aug 06 04:15:11.973874 np0000006614 devstack@g-api.service[99993]: DEBUG glance.location [None req-35aed8b8-6aa2-4b80-a3c7-4bd61675df11 tempest-AttachVolumeShelveTestJSON-1437289131 tempest-AttachVolumeShelveTestJSON-1437289131-project-member] Enabling in-flight format inspection for qcow2 {{(pid=99993) set_data /opt/stack/glance/glance/location.py:596}}
Aug 06 04:15:11.974327 np0000006614 devstack@g-api.service[99993]: DEBUG glance_store.backend [None req-35aed8b8-6aa2-4b80-a3c7-4bd61675df11 tempest-AttachVolumeShelveTestJSON-1437289131 tempest-AttachVolumeShelveTestJSON-1437289131-project-member] Attempting to import store swift {{(pid=99993) _load_store /opt/stack/data/venv/lib/python3.12/site-packages/glance_store/backend.py:215}}
