Aug 06 04:11:28.895420 np0000006614 nova-conductor[96024]: DEBUG cotyledon.oslo_config_glue [-] oslo_messaging_rabbit.rabbit_qos_prefetch_count = 0 {{(pid=96024) log_opt_values /opt/stack/data/venv/lib/python3.12/site-packages/oslo_config/cfg.py:3545}}
Aug 06 04:11:28.895420 np0000006614 nova-conductor[96024]: DEBUG cotyledon.oslo_config_glue [-] oslo_messaging_rabbit.rabbit_quorum_delivery_limit = 0 {{(pid=96024) log_opt_values /opt/stack/data/venv/lib/python3.12/site-packages/oslo_config/cfg.py:3545}}
Aug 06 04:11:28.895420 np0000006614 nova-conductor[96024]: DEBUG cotyledon.oslo_config_glue [-] oslo_messaging_rabbit.rabbit_quorum_max_memory_bytes = 0 {{(pid=96024) log_opt_values /opt/stack/data/venv/lib/python3.12/site-packages/oslo_config/cfg.py:3545}}
Aug 06 04:11:28.895420 np0000006614 nova-conductor[96024]: DEBUG cotyledon.oslo_config_glue [-] oslo_messaging_rabbit.rabbit_quorum_max_memory_length = 0 {{(pid=96024) log_opt_values /opt/stack/data/venv/lib/python3.12/site-packages/oslo_config/cfg.py:3545}}
Aug 06 04:11:28.895420 np0000006614 nova-conductor[96024]: DEBUG cotyledon.oslo_config_glue [-] oslo_messaging_rabbit.rabbit_quorum_queue = False {{(pid=96024) log_opt_values /opt/stack/data/venv/lib/python3.12/site-packages/oslo_config/cfg.py:3545}}
Aug 06 04:11:28.895420 np0000006614 nova-conductor[96024]: DEBUG cotyledon.oslo_config_glue [-] oslo_messaging_rabbit.rabbit_retry_backoff = 2 {{(pid=96024) log_opt_values /opt/stack/data/venv/lib/python3.12/site-packages/oslo_config/cfg.py:3545}}
Aug 06 04:11:28.895420 np0000006614 nova-conductor[96024]: DEBUG cotyledon.oslo_config_glue [-] oslo_messaging_rabbit.rabbit_retry_interval = 1 {{(pid=96024) log_opt_values /opt/stack/data/venv/lib/python3.12/site-packages/oslo_config/cfg.py:3545}}
Aug 06 04:11:28.895420 np0000006614 nova-conductor[96024]: DEBUG cotyledon.oslo_config_glue [-] oslo_messaging_rabbit.rabbit_stream_fanout = False {{(pid=96024) log_opt_values /opt/stack/data/venv/lib/python3.12/site-packages/oslo_config/cfg.py:3545}}
Aug 06 04:11:28.895640 np0000006614 nova-conductor[96024]: DEBUG cotyledon.oslo_config_glue [-] oslo_messaging_rabbit.rabbit_transient_queues_ttl = 1800 {{(pid=96024) log_opt_values /opt/stack/data/venv/lib/python3.12/site-packages/oslo_config/cfg.py:3545}}
Aug 06 04:11:28.895640 np0000006614 nova-conductor[96024]: DEBUG cotyledon.oslo_config_glue [-] oslo_messaging_rabbit.rabbit_transient_quorum_queue = False {{(pid=96024) log_opt_values /opt/stack/data/venv/lib/python3.12/site-packages/oslo_config/cfg.py:3545}}
Aug 06 04:11:28.895640 np0000006614 nova-conductor[96024]: DEBUG cotyledon.oslo_config_glue [-] oslo_messaging_rabbit.rpc_conn_pool_size = 30 {{(pid=96024) log_opt_values /opt/stack/data/venv/lib/python3.12/site-packages/oslo_config/cfg.py:3545}}
Aug 06 04:11:28.895640 np0000006614 nova-conductor[96024]: DEBUG cotyledon.oslo_config_glue [-] oslo_messaging_rabbit.ssl = False {{(pid=96024) log_opt_values /opt/stack/data/venv/lib/python3.12/site-packages/oslo_config/cfg.py:3545}}
Aug 06 04:11:28.895640 np0000006614 nova-conductor[96024]: DEBUG cotyledon.oslo_config_glue [-] oslo_messaging_rabbit.ssl_ca_file = {{(pid=96024) log_opt_values /opt/stack/data/venv/lib/python3.12/site-packages/oslo_config/cfg.py:3545}}
Aug 06 04:11:28.895640 np0000006614 nova-conductor[96024]: DEBUG cotyledon.oslo_config_glue [-] oslo_messaging_rabbit.ssl_cert_file = {{(pid=96024) log_opt_values /opt/stack/data/venv/lib/python3.12/site-packages/oslo_config/cfg.py:3545}}
Aug 06 04:11:28.895640 np0000006614 nova-conductor[96024]: DEBUG cotyledon.oslo_config_glue [-] oslo_messaging_rabbit.ssl_enforce_fips_mode = False {{(pid=96024) log_opt_values /opt/stack/data/venv/lib/python3.12/site-packages/oslo_config/cfg.py:3545}}
Aug 06 04:11:28.895640 np0000006614 nova-conductor[96024]: DEBUG cotyledon.oslo_config_glue [-] oslo_messaging_rabbit.ssl_enforce_hostname_verification = True {{(pid=96024) log_opt_values /opt/stack/data/venv/lib/python3.12/site-packages/oslo_config/cfg.py:3545}}
Aug 06 04:11:28.895640 np0000006614 nova-conductor[96024]: DEBUG cotyledon.oslo_config_glue [-] oslo_messaging_rabbit.ssl_key_file = {{(pid=96024) log_opt_values /opt/stack/data/venv/lib/python3.12/site-packages/oslo_config/cfg.py:3545}}
Aug 06 04:11:28.895923 np0000006614 nova-conductor[96024]: DEBUG cotyledon.oslo_config_glue [-] oslo_messaging_rabbit.ssl_version = {{(pid=96024) log_opt_values /opt/stack/data/venv/lib/python3.12/site-packages/oslo_config/cfg.py:3545}}
Aug 06 04:11:28.895923 np0000006614 nova-conductor[96024]: DEBUG cotyledon.oslo_config_glue [-] oslo_messaging_rabbit.use_queue_manager = False {{(pid=96024) log_opt_values /opt/stack/data/venv/lib/python3.12/site-packages/oslo_config/cfg.py:3545}}
Aug 06 04:11:28.895923 np0000006614 nova-conductor[96024]: DEBUG cotyledon.oslo_config_glue [-] oslo_messaging_notifications.driver = ['messagingv2'] {{(pid=96024) log_opt_values /opt/stack/data/venv/lib/python3.12/site-packages/oslo_config/cfg.py:3545}}
Aug 06 04:11:28.895923 np0000006614 nova-conductor[96024]: DEBUG cotyledon.oslo_config_glue [-] oslo_messaging_notifications.retry = -1 {{(pid=96024) log_opt_values /opt/stack/data/venv/lib/python3.12/site-packages/oslo_config/cfg.py:3545}}
Aug 06 04:11:28.895923 np0000006614 nova-conductor[96024]: DEBUG cotyledon.oslo_config_glue [-] oslo_messaging_notifications.topics = ['notifications'] {{(pid=96024) log_opt_values /opt/stack/data/venv/lib/python3.12/site-packages/oslo_config/cfg.py:3545}}
Aug 06 04:11:28.895923 np0000006614 nova-conductor[96024]: DEBUG cotyledon.oslo_config_glue [-] oslo_messaging_notifications.transport_url = **** {{(pid=96024) log_opt_values /opt/stack/data/venv/lib/python3.12/site-packages/oslo_config/cfg.py:3545}}
Aug 06 04:11:28.895923 np0000006614 nova-conductor[96024]: DEBUG cotyledon.oslo_config_glue [-] oslo_limit.auth_section = None {{(pid=96024) log_opt_values /opt/stack/data/venv/lib/python3.12/site-packages/oslo_config/cfg.py:3545}}
Aug 06 04:11:28.895923 np0000006614 nova-conductor[96024]: DEBUG cotyledon.oslo_config_glue [-] oslo_limit.auth_type = None {{(pid=96024) log_opt_values /opt/stack/data/venv/lib/python3.12/site-packages/oslo_config/cfg.py:3545}}
Aug 06 04:11:28.895923 np0000006614 nova-conductor[96024]: DEBUG cotyledon.oslo_config_glue [-] oslo_limit.cafile = None {{(pid=96024) log_opt_values /opt/stack/data/venv/lib/python3.12/site-packages/oslo_config/cfg.py:3545}}
Aug 06 04:11:28.896212 np0000006614 nova-conductor[96024]: DEBUG cotyledon.oslo_config_glue [-] oslo_limit.certfile = None {{(pid=96024) log_opt_values /opt/stack/data/venv/lib/python3.12/site-packages/oslo_config/cfg.py:3545}}
Aug 06 04:11:28.896212 np0000006614 nova-conductor[96024]: DEBUG cotyledon.oslo_config_glue [-] oslo_limit.collect_timing = False {{(pid=96024) log_opt_values /opt/stack/data/venv/lib/python3.12/site-packages/oslo_config/cfg.py:3545}}
Aug 06 04:11:28.896212 np0000006614 nova-conductor[96024]: DEBUG cotyledon.oslo_config_glue [-] oslo_limit.connect_retries = None {{(pid=96024) log_opt_values /opt/stack/data/venv/lib/python3.12/site-packages/oslo_config/cfg.py:3545}}
Aug 06 04:11:28.896212 np0000006614 nova-conductor[96024]: DEBUG cotyledon.oslo_config_glue [-] oslo_limit.connect_retry_delay = None {{(pid=96024) log_opt_values /opt/stack/data/venv/lib/python3.12/site-packages/oslo_config/cfg.py:3545}}
Aug 06 04:11:28.896212 np0000006614 nova-conductor[96024]: DEBUG cotyledon.oslo_config_glue [-] oslo_limit.endpoint_id = None {{(pid=96024) log_opt_values /opt/stack/data/venv/lib/python3.12/site-packages/oslo_config/cfg.py:3545}}
Aug 06 04:11:28.896212 np0000006614 nova-conductor[96024]: DEBUG cotyledon.oslo_config_glue [-] oslo_limit.endpoint_interface = public {{(pid=96024) log_opt_values /opt/stack/data/venv/lib/python3.12/site-packages/oslo_config/cfg.py:3545}}
Aug 06 04:11:28.896212 np0000006614 nova-conductor[96024]: DEBUG cotyledon.oslo_config_glue [-] oslo_limit.endpoint_override = None {{(pid=96024) log_opt_values /opt/stack/data/venv/lib/python3.12/site-packages/oslo_config/cfg.py:3545}}
Aug 06 04:11:28.896212 np0000006614 nova-conductor[96024]: DEBUG cotyledon.oslo_config_glue [-] oslo_limit.endpoint_region_name = None {{(pid=96024) log_opt_values /opt/stack/data/venv/lib/python3.12/site-packages/oslo_config/cfg.py:3545}}
Aug 06 04:11:28.896212 np0000006614 nova-conductor[96024]: DEBUG cotyledon.oslo_config_glue [-] oslo_limit.endpoint_service_name = None {{(pid=96024) log_opt_values /opt/stack/data/venv/lib/python3.12/site-packages/oslo_config/cfg.py:3545}}
Aug 06 04:11:28.896468 np0000006614 nova-conductor[96024]: DEBUG cotyledon.oslo_config_glue [-] oslo_limit.endpoint_service_type = None {{(pid=96024) log_opt_values /opt/stack/data/venv/lib/python3.12/site-packages/oslo_config/cfg.py:3545}}
Aug 06 04:11:28.896468 np0000006614 nova-conductor[96024]: DEBUG cotyledon.oslo_config_glue [-] oslo_limit.insecure = False {{(pid=96024) log_opt_values /opt/stack/data/venv/lib/python3.12/site-packages/oslo_config/cfg.py:3545}}
Aug 06 04:11:28.896468 np0000006614 nova-conductor[96024]: DEBUG cotyledon.oslo_config_glue [-] oslo_limit.keyfile = None {{(pid=96024) log_opt_values /opt/stack/data/venv/lib/python3.12/site-packages/oslo_config/cfg.py:3545}}
Aug 06 04:11:28.896468 np0000006614 nova-conductor[96024]: DEBUG cotyledon.oslo_config_glue [-] oslo_limit.max_version = None {{(pid=96024) log_opt_values /opt/stack/data/venv/lib/python3.12/site-packages/oslo_config/cfg.py:3545}}
Aug 06 04:11:28.896468 np0000006614 nova-conductor[96024]: DEBUG cotyledon.oslo_config_glue [-] oslo_limit.min_version = None {{(pid=96024) log_opt_values /opt/stack/data/venv/lib/python3.12/site-packages/oslo_config/cfg.py:3545}}
Aug 06 04:11:28.896468 np0000006614 nova-conductor[96024]: DEBUG cotyledon.oslo_config_glue [-] oslo_limit.region_name = None {{(pid=96024) log_opt_values /opt/stack/data/venv/lib/python3.12/site-packages/oslo_config/cfg.py:3545}}
Aug 06 04:11:28.896468 np0000006614 nova-conductor[96024]: DEBUG cotyledon.oslo_config_glue [-] oslo_limit.retriable_status_codes = None {{(pid=96024) log_opt_values /opt/stack/data/venv/lib/python3.12/site-packages/oslo_config/cfg.py:3545}}
Aug 06 04:11:28.896468 np0000006614 nova-conductor[96024]: DEBUG cotyledon.oslo_config_glue [-] oslo_limit.service_name = None {{(pid=96024) log_opt_values /opt/stack/data/venv/lib/python3.12/site-packages/oslo_config/cfg.py:3545}}
Aug 06 04:11:28.896468 np0000006614 nova-conductor[96024]: DEBUG cotyledon.oslo_config_glue [-] oslo_limit.service_type = None {{(pid=96024) log_opt_values /opt/stack/data/venv/lib/python3.12/site-packages/oslo_config/cfg.py:3545}}
Aug 06 04:11:28.896730 np0000006614 nova-conductor[96024]: DEBUG cotyledon.oslo_config_glue [-] oslo_limit.split_loggers = False {{(pid=96024) log_opt_values /opt/stack/data/venv/lib/python3.12/site-packages/oslo_config/cfg.py:3545}}
Aug 06 04:11:28.896730 np0000006614 nova-conductor[96024]: DEBUG cotyledon.oslo_config_glue [-] oslo_limit.status_code_retries = None {{(pid=96024) log_opt_values /opt/stack/data/venv/lib/python3.12/site-packages/oslo_config/cfg.py:3545}}
Aug 06 04:11:28.896730 np0000006614 nova-conductor[96024]: DEBUG cotyledon.oslo_config_glue [-] oslo_limit.status_code_retry_delay = None {{(pid=96024) log_opt_values /opt/stack/data/venv/lib/python3.12/site-packages/oslo_config/cfg.py:3545}}
Aug 06 04:11:28.896730 np0000006614 nova-conductor[96024]: DEBUG cotyledon.oslo_config_glue [-] oslo_limit.timeout = None {{(pid=96024) log_opt_values /opt/stack/data/venv/lib/python3.12/site-packages/oslo_config/cfg.py:3545}}
Aug 06 04:11:28.896730 np0000006614 nova-conductor[96024]: DEBUG cotyledon.oslo_config_glue [-] oslo_limit.valid_interfaces = None {{(pid=96024) log_opt_values /opt/stack/data/venv/lib/python3.12/site-packages/oslo_config/cfg.py:3545}}
Aug 06 04:11:28.896730 np0000006614 nova-conductor[96024]: DEBUG cotyledon.oslo_config_glue [-] oslo_limit.version = None {{(pid=96024) log_opt_values /opt/stack/data/venv/lib/python3.12/site-packages/oslo_config/cfg.py:3545}}
Aug 06 04:11:28.896730 np0000006614 nova-conductor[96024]: DEBUG cotyledon.oslo_config_glue [-] oslo_reports.file_event_handler = None {{(pid=96024) log_opt_values /opt/stack/data/venv/lib/python3.12/site-packages/oslo_config/cfg.py:3545}}
Aug 06 04:11:28.896730 np0000006614 nova-conductor[96024]: DEBUG cotyledon.oslo_config_glue [-] oslo_reports.file_event_handler_interval = 1 {{(pid=96024) log_opt_values /opt/stack/data/venv/lib/python3.12/site-packages/oslo_config/cfg.py:3545}}
Aug 06 04:11:28.896730 np0000006614 nova-conductor[96024]: DEBUG cotyledon.oslo_config_glue [-] oslo_reports.log_dir = None {{(pid=96024) log_opt_values /opt/stack/data/venv/lib/python3.12/site-packages/oslo_config/cfg.py:3545}}
Aug 06 04:11:28.897017 np0000006614 nova-conductor[96024]: DEBUG cotyledon.oslo_config_glue [-] ******************************************************************************** {{(pid=96024) log_opt_values /opt/stack/data/venv/lib/python3.12/site-packages/oslo_config/cfg.py:3552}}
Aug 06 04:11:28.897017 np0000006614 nova-conductor[96024]: DEBUG cotyledon._service_worker [-] Run service ServiceWrapper(1) [96024] {{(pid=96024) wait_forever /opt/stack/data/venv/lib/python3.12/site-packages/cotyledon/_service_worker.py:218}}
Aug 06 04:11:28.897017 np0000006614 nova-conductor[96024]: INFO nova.service [-] Starting conductor node (version 33.1.0)
Aug 06 04:11:28.897017 np0000006614 nova-conductor[96024]: INFO dbcounter [None req-a459eda7-4f70-4a67-9064-37773b5a9c17 None None] Registered counter for database nova_cell0
Aug 06 04:11:28.897208 np0000006614 nova-conductor[96011]: DEBUG oslo_db.sqlalchemy.engines [None req-58fad7f0-3118-4923-ad37-a6dc256adde1 None None] MySQL server mode set to STRICT_TRANS_TABLES,STRICT_ALL_TABLES,NO_ZERO_IN_DATE,NO_ZERO_DATE,ERROR_FOR_DIVISION_BY_ZERO,TRADITIONAL,NO_ENGINE_SUBSTITUTION {{(pid=96011) _check_effective_sql_mode /opt/stack/data/venv/lib/python3.12/site-packages/oslo_db/sqlalchemy/engines.py:325}}
Aug 06 04:11:28.907610 np0000006614 nova-conductor[96011]: DEBUG dbcounter [-] [96011] Writer thread running {{(pid=96011) stat_writer /opt/stack/data/venv/lib/python3.12/site-packages/dbcounter.py:102}}
Aug 06 04:11:28.913573 np0000006614 nova-conductor[96032]: DEBUG oslo_db.sqlalchemy.engines [None req-1d51c10d-c406-4560-9ebd-3ef64135eee5 None None] MySQL server mode set to STRICT_TRANS_TABLES,STRICT_ALL_TABLES,NO_ZERO_IN_DATE,NO_ZERO_DATE,ERROR_FOR_DIVISION_BY_ZERO,TRADITIONAL,NO_ENGINE_SUBSTITUTION {{(pid=96032) _check_effective_sql_mode /opt/stack/data/venv/lib/python3.12/site-packages/oslo_db/sqlalchemy/engines.py:325}}
Aug 06 04:11:28.922947 np0000006614 nova-conductor[96032]: DEBUG dbcounter [-] [96032] Writer thread running {{(pid=96032) stat_writer /opt/stack/data/venv/lib/python3.12/site-packages/dbcounter.py:102}}
Aug 06 04:11:28.928428 np0000006614 nova-conductor[96011]: DEBUG nova.service [None req-58fad7f0-3118-4923-ad37-a6dc256adde1 None None] Creating RPC server for service: nova-conductor on topic: conductor {{(pid=96011) start /opt/stack/nova/nova/service.py:196}}
Aug 06 04:11:28.939539 np0000006614 nova-conductor[96032]: DEBUG nova.service [None req-1d51c10d-c406-4560-9ebd-3ef64135eee5 None None] Creating RPC server for service: nova-conductor on topic: conductor {{(pid=96032) start /opt/stack/nova/nova/service.py:196}}
Aug 06 04:11:28.947562 np0000006614 nova-conductor[96024]: DEBUG oslo_db.sqlalchemy.engines [None req-a459eda7-4f70-4a67-9064-37773b5a9c17 None None] MySQL server mode set to STRICT_TRANS_TABLES,STRICT_ALL_TABLES,NO_ZERO_IN_DATE,NO_ZERO_DATE,ERROR_FOR_DIVISION_BY_ZERO,TRADITIONAL,NO_ENGINE_SUBSTITUTION {{(pid=96024) _check_effective_sql_mode /opt/stack/data/venv/lib/python3.12/site-packages/oslo_db/sqlalchemy/engines.py:325}}
Aug 06 04:11:28.961005 np0000006614 nova-conductor[96011]: DEBUG nova.service [None req-58fad7f0-3118-4923-ad37-a6dc256adde1 None None] Join ServiceGroup membership for this service conductor {{(pid=96011) start /opt/stack/nova/nova/service.py:222}}
Aug 06 04:11:28.961069 np0000006614 nova-conductor[96024]: DEBUG dbcounter [-] [96024] Writer thread running {{(pid=96024) stat_writer /opt/stack/data/venv/lib/python3.12/site-packages/dbcounter.py:102}}
Aug 06 04:11:28.961207 np0000006614 nova-conductor[96011]: DEBUG nova.servicegroup.drivers.db [None req-58fad7f0-3118-4923-ad37-a6dc256adde1 None None] DB_Driver: join new ServiceGroup member np0000006614 to the conductor group, service = {{(pid=96011) join /opt/stack/nova/nova/servicegroup/drivers/db.py:44}}
Aug 06 04:11:28.963119 np0000006614 nova-conductor[96032]: DEBUG nova.service [None req-1d51c10d-c406-4560-9ebd-3ef64135eee5 None None] Join ServiceGroup membership for this service conductor {{(pid=96032) start /opt/stack/nova/nova/service.py:222}}
Aug 06 04:11:28.963480 np0000006614 nova-conductor[96032]: DEBUG nova.servicegroup.drivers.db [None req-1d51c10d-c406-4560-9ebd-3ef64135eee5 None None] DB_Driver: join new ServiceGroup member np0000006614 to the conductor group, service = {{(pid=96032) join /opt/stack/nova/nova/servicegroup/drivers/db.py:44}}
Aug 06 04:11:28.965400 np0000006614 nova-conductor[96024]: DEBUG nova.service [None req-a459eda7-4f70-4a67-9064-37773b5a9c17 None None] Creating RPC server for service: nova-conductor on topic: conductor {{(pid=96024) start /opt/stack/nova/nova/service.py:196}}
Aug 06 04:11:28.983669 np0000006614 nova-conductor[96024]: DEBUG nova.service [None req-a459eda7-4f70-4a67-9064-37773b5a9c17 None None] Join ServiceGroup membership for this service conductor {{(pid=96024) start /opt/stack/nova/nova/service.py:222}}
Aug 06 04:11:28.984001 np0000006614 nova-conductor[96024]: DEBUG nova.servicegroup.drivers.db [None req-a459eda7-4f70-4a67-9064-37773b5a9c17 None None] DB_Driver: join new ServiceGroup member np0000006614 to the conductor group, service = {{(pid=96024) join /opt/stack/nova/nova/servicegroup/drivers/db.py:44}}
Aug 06 04:11:33.980599 np0000006614 nova-conductor[96032]: DEBUG oslo.service.backend._threading.loopingcall [-] Fixed interval looping call 'nova.servicegroup.drivers.db.DbDriver._report_state' sleeping for 119.99 seconds {{(pid=96032) _run_loop /opt/stack/data/venv/lib/python3.12/site-packages/oslo_service/backend/_threading/loopingcall.py:125}}
Aug 06 04:11:33.982213 np0000006614 nova-conductor[96011]: DEBUG oslo.service.backend._threading.loopingcall [-] Fixed interval looping call 'nova.servicegroup.drivers.db.DbDriver._report_state' sleeping for 119.98 seconds {{(pid=96011) _run_loop /opt/stack/data/venv/lib/python3.12/site-packages/oslo_service/backend/_threading/loopingcall.py:125}}
Aug 06 04:11:33.998614 np0000006614 nova-conductor[96024]: DEBUG oslo.service.backend._threading.loopingcall [-] Fixed interval looping call 'nova.servicegroup.drivers.db.DbDriver._report_state' sleeping for 119.99 seconds {{(pid=96024) _run_loop /opt/stack/data/venv/lib/python3.12/site-packages/oslo_service/backend/_threading/loopingcall.py:125}}
Aug 06 04:11:37.514374 np0000006614 nova-conductor[94591]: DEBUG dbcounter [-] [94591] Writing DB stats nova_api:SELECT=1 {{(pid=94591) stat_writer /opt/stack/data/venv/lib/python3.12/site-packages/dbcounter.py:115}}
Aug 06 04:11:37.649994 np0000006614 nova-conductor[94591]: DEBUG dbcounter [-] [94591] Writing DB stats nova_cell0:SELECT=1 {{(pid=94591) stat_writer /opt/stack/data/venv/lib/python3.12/site-packages/dbcounter.py:115}}
Aug 06 04:11:37.654537 np0000006614 nova-conductor[94591]: DEBUG dbcounter [-] [94591] Writing DB stats nova_cell1:SELECT=1 {{(pid=94591) stat_writer /opt/stack/data/venv/lib/python3.12/site-packages/dbcounter.py:115}}
Aug 06 04:11:39.966663 np0000006614 nova-conductor[96032]: DEBUG oslo.service.backend._threading.loopingcall [None req-478cf149-f4d9-4155-9d63-b6700bf50a45 None None] Dynamic interval looping call 'nova.service.Service.periodic_tasks' sleeping for 60.00 seconds {{(pid=96032) _run_loop /opt/stack/data/venv/lib/python3.12/site-packages/oslo_service/backend/_threading/loopingcall.py:125}}
Aug 06 04:11:43.973041 np0000006614 nova-conductor[96032]: DEBUG dbcounter [-] [96032] Writing DB stats nova_cell0:SELECT=4,nova_cell0:INSERT=1,nova_cell0:UPDATE=1 {{(pid=96032) stat_writer /opt/stack/data/venv/lib/python3.12/site-packages/dbcounter.py:115}}
Aug 06 04:11:43.980312 np0000006614 nova-conductor[96011]: DEBUG dbcounter [-] [96011] Writing DB stats nova_cell0:SELECT=4,nova_cell0:INSERT=1,nova_cell0:UPDATE=1 {{(pid=96011) stat_writer /opt/stack/data/venv/lib/python3.12/site-packages/dbcounter.py:115}}
Aug 06 04:11:43.995248 np0000006614 nova-conductor[96024]: DEBUG dbcounter [-] [96024] Writing DB stats nova_cell0:SELECT=3 {{(pid=96024) stat_writer /opt/stack/data/venv/lib/python3.12/site-packages/dbcounter.py:115}}
Aug 06 04:12:01.963792 np0000006614 nova-conductor[96011]: DEBUG oslo.service.backend._threading.loopingcall [None req-daea058e-8fe9-4ddd-accf-e0ddcb2085a0 None None] Dynamic interval looping call 'nova.service.Service.periodic_tasks' sleeping for 60.00 seconds {{(pid=96011) _run_loop /opt/stack/data/venv/lib/python3.12/site-packages/oslo_service/backend/_threading/loopingcall.py:125}}
Aug 06 04:12:15.986188 np0000006614 nova-conductor[96024]: DEBUG oslo.service.backend._threading.loopingcall [None req-619c96f6-7820-4131-b1e9-011e2f0fd509 None None] Dynamic interval looping call 'nova.service.Service.periodic_tasks' sleeping for 60.00 seconds {{(pid=96024) _run_loop /opt/stack/data/venv/lib/python3.12/site-packages/oslo_service/backend/_threading/loopingcall.py:125}}
Aug 06 04:12:39.967244 np0000006614 nova-conductor[96032]: DEBUG oslo.service.backend._threading.loopingcall [None req-478cf149-f4d9-4155-9d63-b6700bf50a45 None None] Dynamic interval looping call 'nova.service.Service.periodic_tasks' sleeping for 60.00 seconds {{(pid=96032) _run_loop /opt/stack/data/venv/lib/python3.12/site-packages/oslo_service/backend/_threading/loopingcall.py:125}}
Aug 06 04:13:01.964265 np0000006614 nova-conductor[96011]: DEBUG oslo.service.backend._threading.loopingcall [None req-daea058e-8fe9-4ddd-accf-e0ddcb2085a0 None None] Dynamic interval looping call 'nova.service.Service.periodic_tasks' sleeping for 60.00 seconds {{(pid=96011) _run_loop /opt/stack/data/venv/lib/python3.12/site-packages/oslo_service/backend/_threading/loopingcall.py:125}}
Aug 06 04:13:15.987320 np0000006614 nova-conductor[96024]: DEBUG oslo.service.backend._threading.loopingcall [None req-619c96f6-7820-4131-b1e9-011e2f0fd509 None None] Dynamic interval looping call 'nova.service.Service.periodic_tasks' sleeping for 60.00 seconds {{(pid=96024) _run_loop /opt/stack/data/venv/lib/python3.12/site-packages/oslo_service/backend/_threading/loopingcall.py:125}}
Aug 06 04:13:33.970124 np0000006614 nova-conductor[96011]: DEBUG oslo.service.backend._threading.loopingcall [-] Fixed interval looping call 'nova.servicegroup.drivers.db.DbDriver._report_state' sleeping for 119.99 seconds {{(pid=96011) _run_loop /opt/stack/data/venv/lib/python3.12/site-packages/oslo_service/backend/_threading/loopingcall.py:125}}
Aug 06 04:13:33.974395 np0000006614 nova-conductor[96032]: DEBUG oslo.service.backend._threading.loopingcall [-] Fixed interval looping call 'nova.servicegroup.drivers.db.DbDriver._report_state' sleeping for 120.00 seconds {{(pid=96032) _run_loop /opt/stack/data/venv/lib/python3.12/site-packages/oslo_service/backend/_threading/loopingcall.py:125}}
Aug 06 04:13:33.993070 np0000006614 nova-conductor[96024]: DEBUG oslo.service.backend._threading.loopingcall [-] Fixed interval looping call 'nova.servicegroup.drivers.db.DbDriver._report_state' sleeping for 120.00 seconds {{(pid=96024) _run_loop /opt/stack/data/venv/lib/python3.12/site-packages/oslo_service/backend/_threading/loopingcall.py:125}}
Aug 06 04:13:39.967723 np0000006614 nova-conductor[96032]: DEBUG oslo.service.backend._threading.loopingcall [None req-478cf149-f4d9-4155-9d63-b6700bf50a45 None None] Dynamic interval looping call 'nova.service.Service.periodic_tasks' sleeping for 60.00 seconds {{(pid=96032) _run_loop /opt/stack/data/venv/lib/python3.12/site-packages/oslo_service/backend/_threading/loopingcall.py:125}}
Aug 06 04:13:43.966222 np0000006614 nova-conductor[96011]: DEBUG dbcounter [-] [96011] Writing DB stats nova_cell0:SELECT=1,nova_cell0:UPDATE=1 {{(pid=96011) stat_writer /opt/stack/data/venv/lib/python3.12/site-packages/dbcounter.py:115}}
Aug 06 04:13:43.972615 np0000006614 nova-conductor[96032]: DEBUG dbcounter [-] [96032] Writing DB stats nova_cell0:SELECT=1 {{(pid=96032) stat_writer /opt/stack/data/venv/lib/python3.12/site-packages/dbcounter.py:115}}
Aug 06 04:13:43.991398 np0000006614 nova-conductor[96024]: DEBUG dbcounter [-] [96024] Writing DB stats nova_cell0:SELECT=1 {{(pid=96024) stat_writer /opt/stack/data/venv/lib/python3.12/site-packages/dbcounter.py:115}}
Aug 06 04:14:01.965257 np0000006614 nova-conductor[96011]: DEBUG oslo.service.backend._threading.loopingcall [None req-daea058e-8fe9-4ddd-accf-e0ddcb2085a0 None None] Dynamic interval looping call 'nova.service.Service.periodic_tasks' sleeping for 60.00 seconds {{(pid=96011) _run_loop /opt/stack/data/venv/lib/python3.12/site-packages/oslo_service/backend/_threading/loopingcall.py:125}}
Aug 06 04:14:04.216690 np0000006614 nova-conductor[96011]: DEBUG oslo_db.sqlalchemy.engines [None req-f4cd70ff-4478-4b96-b856-3d730087faa5 tempest-ServersNegativeTestJSON-1539253745 tempest-ServersNegativeTestJSON-1539253745-project-member] Parent process 94591 forked (96011) with an open database connection, which is being discarded and recreated. {{(pid=96011) checkout /opt/stack/data/venv/lib/python3.12/site-packages/oslo_db/sqlalchemy/engines.py:402}}
Aug 06 04:14:04.261482 np0000006614 nova-conductor[96011]: DEBUG dbcounter [-] [96011] Writer thread running {{(pid=96011) stat_writer /opt/stack/data/venv/lib/python3.12/site-packages/dbcounter.py:102}}
Aug 06 04:14:05.126436 np0000006614 nova-conductor[96011]: DEBUG nova.conductor.manager [None req-f4cd70ff-4478-4b96-b856-3d730087faa5 tempest-ServersNegativeTestJSON-1539253745 tempest-ServersNegativeTestJSON-1539253745-project-member] Took 0.86 seconds to select destinations for 1 instance(s). {{(pid=96011) _schedule_instances /opt/stack/nova/nova/conductor/manager.py:968}}
Aug 06 04:14:05.161176 np0000006614 nova-conductor[96011]: DEBUG oslo_concurrency.lockutils [None req-f4cd70ff-4478-4b96-b856-3d730087faa5 tempest-ServersNegativeTestJSON-1539253745 tempest-ServersNegativeTestJSON-1539253745-project-member] Acquiring lock "228b1e68-7f99-46c6-a44f-646300ec8c0f" by "nova.context.set_target_cell..get_or_set_cached_cell_and_set_connections" {{(pid=96011) inner /opt/stack/data/venv/lib/python3.12/site-packages/oslo_concurrency/lockutils.py:512}}
Aug 06 04:14:05.161303 np0000006614 nova-conductor[96011]: DEBUG oslo_concurrency.lockutils [None req-f4cd70ff-4478-4b96-b856-3d730087faa5 tempest-ServersNegativeTestJSON-1539253745 tempest-ServersNegativeTestJSON-1539253745-project-member] Lock "228b1e68-7f99-46c6-a44f-646300ec8c0f" acquired by "nova.context.set_target_cell..get_or_set_cached_cell_and_set_connections" :: waited 0.000s {{(pid=96011) inner /opt/stack/data/venv/lib/python3.12/site-packages/oslo_concurrency/lockutils.py:525}}
Aug 06 04:14:05.162700 np0000006614 nova-conductor[96011]: DEBUG oslo_concurrency.lockutils [None req-f4cd70ff-4478-4b96-b856-3d730087faa5 tempest-ServersNegativeTestJSON-1539253745 tempest-ServersNegativeTestJSON-1539253745-project-member] Lock "228b1e68-7f99-46c6-a44f-646300ec8c0f" "released" by "nova.context.set_target_cell..get_or_set_cached_cell_and_set_connections" :: held 0.001s {{(pid=96011) inner /opt/stack/data/venv/lib/python3.12/site-packages/oslo_concurrency/lockutils.py:544}}
Aug 06 04:14:05.164464 np0000006614 nova-conductor[96011]: INFO dbcounter [None req-f4cd70ff-4478-4b96-b856-3d730087faa5 tempest-ServersNegativeTestJSON-1539253745 tempest-ServersNegativeTestJSON-1539253745-project-member] Registered counter for database nova_cell1
Aug 06 04:14:05.200158 np0000006614 nova-conductor[96032]: DEBUG dbcounter [-] [96032] Writer thread running {{(pid=96032) stat_writer /opt/stack/data/venv/lib/python3.12/site-packages/dbcounter.py:102}}
Aug 06 04:14:05.204291 np0000006614 nova-conductor[96011]: DEBUG oslo_db.sqlalchemy.engines [None req-f4cd70ff-4478-4b96-b856-3d730087faa5 tempest-ServersNegativeTestJSON-1539253745 tempest-ServersNegativeTestJSON-1539253745-project-member] MySQL server mode set to STRICT_TRANS_TABLES,STRICT_ALL_TABLES,NO_ZERO_IN_DATE,NO_ZERO_DATE,ERROR_FOR_DIVISION_BY_ZERO,TRADITIONAL,NO_ENGINE_SUBSTITUTION {{(pid=96011) _check_effective_sql_mode /opt/stack/data/venv/lib/python3.12/site-packages/oslo_db/sqlalchemy/engines.py:325}}
Aug 06 04:14:05.210958 np0000006614 nova-conductor[96011]: DEBUG dbcounter [-] [96011] Writer thread running {{(pid=96011) stat_writer /opt/stack/data/venv/lib/python3.12/site-packages/dbcounter.py:102}}
Aug 06 04:14:05.280188 np0000006614 nova-conductor[96011]: INFO nova.utils [None req-f4cd70ff-4478-4b96-b856-3d730087faa5 tempest-ServersNegativeTestJSON-1539253745 tempest-ServersNegativeTestJSON-1539253745-project-member] The cell worker thread pool ForkProcess-1.cell_worker is initialized
Aug 06 04:14:05.280729 np0000006614 nova-conductor[96011]: DEBUG oslo_concurrency.lockutils [None req-f4cd70ff-4478-4b96-b856-3d730087faa5 tempest-ServersNegativeTestJSON-1539253745 tempest-ServersNegativeTestJSON-1539253745-project-member] Acquiring lock "00000000-0000-0000-0000-000000000000" by "nova.context.set_target_cell..get_or_set_cached_cell_and_set_connections" {{(pid=96011) inner /opt/stack/data/venv/lib/python3.12/site-packages/oslo_concurrency/lockutils.py:512}}
Aug 06 04:14:05.280943 np0000006614 nova-conductor[96011]: DEBUG oslo_concurrency.lockutils [None req-f4cd70ff-4478-4b96-b856-3d730087faa5 tempest-ServersNegativeTestJSON-1539253745 tempest-ServersNegativeTestJSON-1539253745-project-member] Lock "00000000-0000-0000-0000-000000000000" acquired by "nova.context.set_target_cell..get_or_set_cached_cell_and_set_connections" :: waited 0.000s {{(pid=96011) inner /opt/stack/data/venv/lib/python3.12/site-packages/oslo_concurrency/lockutils.py:525}}
Aug 06 04:14:05.281438 np0000006614 nova-conductor[96011]: DEBUG oslo_concurrency.lockutils [None req-f4cd70ff-4478-4b96-b856-3d730087faa5 tempest-ServersNegativeTestJSON-1539253745 tempest-ServersNegativeTestJSON-1539253745-project-member] Lock "00000000-0000-0000-0000-000000000000" "released" by "nova.context.set_target_cell..get_or_set_cached_cell_and_set_connections" :: held 0.000s {{(pid=96011) inner /opt/stack/data/venv/lib/python3.12/site-packages/oslo_concurrency/lockutils.py:544}}
Aug 06 04:14:05.282651 np0000006614 nova-conductor[96011]: DEBUG oslo_concurrency.lockutils [None req-f4cd70ff-4478-4b96-b856-3d730087faa5 tempest-ServersNegativeTestJSON-1539253745 tempest-ServersNegativeTestJSON-1539253745-project-member] Acquiring lock "228b1e68-7f99-46c6-a44f-646300ec8c0f" by "nova.context.set_target_cell..get_or_set_cached_cell_and_set_connections" {{(pid=96011) inner /opt/stack/data/venv/lib/python3.12/site-packages/oslo_concurrency/lockutils.py:512}}
Aug 06 04:14:05.282651 np0000006614 nova-conductor[96011]: DEBUG oslo_concurrency.lockutils [None req-f4cd70ff-4478-4b96-b856-3d730087faa5 tempest-ServersNegativeTestJSON-1539253745 tempest-ServersNegativeTestJSON-1539253745-project-member] Lock "228b1e68-7f99-46c6-a44f-646300ec8c0f" acquired by "nova.context.set_target_cell..get_or_set_cached_cell_and_set_connections" :: waited 0.000s {{(pid=96011) inner /opt/stack/data/venv/lib/python3.12/site-packages/oslo_concurrency/lockutils.py:525}}
Aug 06 04:14:05.282729 np0000006614 nova-conductor[96011]: DEBUG oslo_concurrency.lockutils [None req-f4cd70ff-4478-4b96-b856-3d730087faa5 tempest-ServersNegativeTestJSON-1539253745 tempest-ServersNegativeTestJSON-1539253745-project-member] Lock "228b1e68-7f99-46c6-a44f-646300ec8c0f" "released" by "nova.context.set_target_cell..get_or_set_cached_cell_and_set_connections" :: held 0.000s {{(pid=96011) inner /opt/stack/data/venv/lib/python3.12/site-packages/oslo_concurrency/lockutils.py:544}}
Aug 06 04:14:05.284006 np0000006614 nova-conductor[96011]: INFO dbcounter [None req-f4cd70ff-4478-4b96-b856-3d730087faa5 tempest-ServersNegativeTestJSON-1539253745 tempest-ServersNegativeTestJSON-1539253745-project-member] Registered counter for database nova_cell0
Aug 06 04:14:05.320251 np0000006614 nova-conductor[96011]: DEBUG oslo_db.sqlalchemy.engines [None req-f4cd70ff-4478-4b96-b856-3d730087faa5 tempest-ServersNegativeTestJSON-1539253745 tempest-ServersNegativeTestJSON-1539253745-project-member] MySQL server mode set to STRICT_TRANS_TABLES,STRICT_ALL_TABLES,NO_ZERO_IN_DATE,NO_ZERO_DATE,ERROR_FOR_DIVISION_BY_ZERO,TRADITIONAL,NO_ENGINE_SUBSTITUTION {{(pid=96011) _check_effective_sql_mode /opt/stack/data/venv/lib/python3.12/site-packages/oslo_db/sqlalchemy/engines.py:325}}
Aug 06 04:14:05.326113 np0000006614 nova-conductor[96011]: DEBUG dbcounter [-] [96011] Writer thread running {{(pid=96011) stat_writer /opt/stack/data/venv/lib/python3.12/site-packages/dbcounter.py:102}}
Aug 06 04:14:05.335156 np0000006614 nova-conductor[96011]: DEBUG nova.quota [None req-f4cd70ff-4478-4b96-b856-3d730087faa5 tempest-ServersNegativeTestJSON-1539253745 tempest-ServersNegativeTestJSON-1539253745-project-member] Getting quotas for project 8ce12fea1c47418ebf1b372780753b83. Resources: {'ram', 'cores', 'instances'} {{(pid=96011) _get_quotas /opt/stack/nova/nova/quota.py:389}}
Aug 06 04:14:05.338379 np0000006614 nova-conductor[96011]: DEBUG nova.quota [None req-f4cd70ff-4478-4b96-b856-3d730087faa5 tempest-ServersNegativeTestJSON-1539253745 tempest-ServersNegativeTestJSON-1539253745-project-member] Getting quotas for user 0a8e427abc4a43e6b2dc4164769ec685 and project 8ce12fea1c47418ebf1b372780753b83. Resources: {'ram', 'cores', 'instances'} {{(pid=96011) _get_quotas /opt/stack/nova/nova/quota.py:379}}
Aug 06 04:14:05.344197 np0000006614 nova-conductor[96011]: DEBUG nova.conductor.manager [None req-f4cd70ff-4478-4b96-b856-3d730087faa5 tempest-ServersNegativeTestJSON-1539253745 tempest-ServersNegativeTestJSON-1539253745-project-member] [instance: 732aa89b-db66-4624-b860-dd58fb5abb6a] Selected host: np0000006614; Selected node: np0000006614; Alternates: [] {{(pid=96011) schedule_and_build_instances /opt/stack/nova/nova/conductor/manager.py:1784}}
Aug 06 04:14:05.344606 np0000006614 nova-conductor[96011]: DEBUG oslo_concurrency.lockutils [None req-f4cd70ff-4478-4b96-b856-3d730087faa5 tempest-ServersNegativeTestJSON-1539253745 tempest-ServersNegativeTestJSON-1539253745-project-member] Acquiring lock "228b1e68-7f99-46c6-a44f-646300ec8c0f" by "nova.context.set_target_cell..get_or_set_cached_cell_and_set_connections" {{(pid=96011) inner /opt/stack/data/venv/lib/python3.12/site-packages/oslo_concurrency/lockutils.py:512}}
Aug 06 04:14:05.344745 np0000006614 nova-conductor[96011]: DEBUG oslo_concurrency.lockutils [None req-f4cd70ff-4478-4b96-b856-3d730087faa5 tempest-ServersNegativeTestJSON-1539253745 tempest-ServersNegativeTestJSON-1539253745-project-member] Lock "228b1e68-7f99-46c6-a44f-646300ec8c0f" acquired by "nova.context.set_target_cell..get_or_set_cached_cell_and_set_connections" :: waited 0.000s {{(pid=96011) inner /opt/stack/data/venv/lib/python3.12/site-packages/oslo_concurrency/lockutils.py:525}}
Aug 06 04:14:05.344842 np0000006614 nova-conductor[96011]: DEBUG oslo_concurrency.lockutils [None req-f4cd70ff-4478-4b96-b856-3d730087faa5 tempest-ServersNegativeTestJSON-1539253745 tempest-ServersNegativeTestJSON-1539253745-project-member] Lock "228b1e68-7f99-46c6-a44f-646300ec8c0f" "released" by "nova.context.set_target_cell..get_or_set_cached_cell_and_set_connections" :: held 0.000s {{(pid=96011) inner /opt/stack/data/venv/lib/python3.12/site-packages/oslo_concurrency/lockutils.py:544}}
Aug 06 04:14:05.358100 np0000006614 nova-conductor[96011]: DEBUG nova.conductor.manager [None req-f4cd70ff-4478-4b96-b856-3d730087faa5 tempest-ServersNegativeTestJSON-1539253745 tempest-ServersNegativeTestJSON-1539253745-project-member] [instance: 732aa89b-db66-4624-b860-dd58fb5abb6a] block_device_mapping [BlockDeviceMapping(attachment_id=,boot_index=0,connection_info=None,created_at=,delete_on_termination=True,deleted=,deleted_at=,destination_type='local',device_name=None,device_type='disk',disk_bus=None,encrypted=False,encryption_format=None,encryption_options=None,encryption_secret_uuid=None,guest_format=None,id=,image_id='ff480eb6-73b1-4390-bb8f-80a5fbbba765',instance=,instance_uuid=,no_device=False,snapshot_id=None,source_type='image',tag=None,updated_at=,uuid=,volume_id=None,volume_size=None,volume_type=None)] {{(pid=96011) _create_block_device_mapping /opt/stack/nova/nova/conductor/manager.py:1529}}
Aug 06 04:14:05.358304 np0000006614 nova-conductor[96011]: DEBUG oslo_concurrency.lockutils [None req-f4cd70ff-4478-4b96-b856-3d730087faa5 tempest-ServersNegativeTestJSON-1539253745 tempest-ServersNegativeTestJSON-1539253745-project-member] Acquiring lock "228b1e68-7f99-46c6-a44f-646300ec8c0f" by "nova.context.set_target_cell..get_or_set_cached_cell_and_set_connections" {{(pid=96011) inner /opt/stack/data/venv/lib/python3.12/site-packages/oslo_concurrency/lockutils.py:512}}
Aug 06 04:14:05.358910 np0000006614 nova-conductor[96011]: DEBUG oslo_concurrency.lockutils [None req-f4cd70ff-4478-4b96-b856-3d730087faa5 tempest-ServersNegativeTestJSON-1539253745 tempest-ServersNegativeTestJSON-1539253745-project-member] Lock "228b1e68-7f99-46c6-a44f-646300ec8c0f" acquired by "nova.context.set_target_cell..get_or_set_cached_cell_and_set_connections" :: waited 0.000s {{(pid=96011) inner /opt/stack/data/venv/lib/python3.12/site-packages/oslo_concurrency/lockutils.py:525}}
Aug 06 04:14:05.358910 np0000006614 nova-conductor[96011]: DEBUG oslo_concurrency.lockutils [None req-f4cd70ff-4478-4b96-b856-3d730087faa5 tempest-ServersNegativeTestJSON-1539253745 tempest-ServersNegativeTestJSON-1539253745-project-member] Lock "228b1e68-7f99-46c6-a44f-646300ec8c0f" "released" by "nova.context.set_target_cell..get_or_set_cached_cell_and_set_connections" :: held 0.000s {{(pid=96011) inner /opt/stack/data/venv/lib/python3.12/site-packages/oslo_concurrency/lockutils.py:544}}
Aug 06 04:14:05.402235 np0000006614 nova-conductor[96011]: DEBUG oslo_concurrency.lockutils [None req-f4cd70ff-4478-4b96-b856-3d730087faa5 tempest-ServersNegativeTestJSON-1539253745 tempest-ServersNegativeTestJSON-1539253745-project-member] Acquiring lock "228b1e68-7f99-46c6-a44f-646300ec8c0f" by "nova.context.set_target_cell..get_or_set_cached_cell_and_set_connections" {{(pid=96011) inner /opt/stack/data/venv/lib/python3.12/site-packages/oslo_concurrency/lockutils.py:512}}
Aug 06 04:14:05.402372 np0000006614 nova-conductor[96011]: DEBUG oslo_concurrency.lockutils [None req-f4cd70ff-4478-4b96-b856-3d730087faa5 tempest-ServersNegativeTestJSON-1539253745 tempest-ServersNegativeTestJSON-1539253745-project-member] Lock "228b1e68-7f99-46c6-a44f-646300ec8c0f" acquired by "nova.context.set_target_cell..get_or_set_cached_cell_and_set_connections" :: waited 0.000s {{(pid=96011) inner /opt/stack/data/venv/lib/python3.12/site-packages/oslo_concurrency/lockutils.py:525}}
Aug 06 04:14:05.402505 np0000006614 nova-conductor[96011]: DEBUG oslo_concurrency.lockutils [None req-f4cd70ff-4478-4b96-b856-3d730087faa5 tempest-ServersNegativeTestJSON-1539253745 tempest-ServersNegativeTestJSON-1539253745-project-member] Lock "228b1e68-7f99-46c6-a44f-646300ec8c0f" "released" by "nova.context.set_target_cell..get_or_set_cached_cell_and_set_connections" :: held 0.000s {{(pid=96011) inner /opt/stack/data/venv/lib/python3.12/site-packages/oslo_concurrency/lockutils.py:544}}
Aug 06 04:14:05.402671 np0000006614 nova-conductor[96011]: DEBUG oslo_concurrency.lockutils [None req-f4cd70ff-4478-4b96-b856-3d730087faa5 tempest-ServersNegativeTestJSON-1539253745 tempest-ServersNegativeTestJSON-1539253745-project-member] Acquiring lock "compute-rpcapi-router" {{(pid=96011) lock /opt/stack/data/venv/lib/python3.12/site-packages/oslo_concurrency/lockutils.py:396}}
Aug 06 04:14:05.402747 np0000006614 nova-conductor[96011]: DEBUG oslo_concurrency.lockutils [None req-f4cd70ff-4478-4b96-b856-3d730087faa5 tempest-ServersNegativeTestJSON-1539253745 tempest-ServersNegativeTestJSON-1539253745-project-member] Acquired lock "compute-rpcapi-router" {{(pid=96011) lock /opt/stack/data/venv/lib/python3.12/site-packages/oslo_concurrency/lockutils.py:399}}
Aug 06 04:14:05.403100 np0000006614 nova-conductor[96011]: DEBUG oslo_concurrency.lockutils [None req-0363be2a-9da9-412e-ac7d-0102e2ac3cf6 None None] Acquiring lock "00000000-0000-0000-0000-000000000000" by "nova.context.set_target_cell..get_or_set_cached_cell_and_set_connections" {{(pid=96011) inner /opt/stack/data/venv/lib/python3.12/site-packages/oslo_concurrency/lockutils.py:512}}
Aug 06 04:14:05.403219 np0000006614 nova-conductor[96011]: DEBUG oslo_concurrency.lockutils [None req-0363be2a-9da9-412e-ac7d-0102e2ac3cf6 None None] Lock "00000000-0000-0000-0000-000000000000" acquired by "nova.context.set_target_cell..get_or_set_cached_cell_and_set_connections" :: waited 0.000s {{(pid=96011) inner /opt/stack/data/venv/lib/python3.12/site-packages/oslo_concurrency/lockutils.py:525}}
Aug 06 04:14:05.403327 np0000006614 nova-conductor[96011]: DEBUG oslo_concurrency.lockutils [None req-0363be2a-9da9-412e-ac7d-0102e2ac3cf6 None None] Lock "00000000-0000-0000-0000-000000000000" "released" by "nova.context.set_target_cell..get_or_set_cached_cell_and_set_connections" :: held 0.000s {{(pid=96011) inner /opt/stack/data/venv/lib/python3.12/site-packages/oslo_concurrency/lockutils.py:544}}
Aug 06 04:14:05.403889 np0000006614 nova-conductor[96011]: DEBUG oslo_concurrency.lockutils [None req-0363be2a-9da9-412e-ac7d-0102e2ac3cf6 None None] Acquiring lock "228b1e68-7f99-46c6-a44f-646300ec8c0f" by "nova.context.set_target_cell..get_or_set_cached_cell_and_set_connections" {{(pid=96011) inner /opt/stack/data/venv/lib/python3.12/site-packages/oslo_concurrency/lockutils.py:512}}
Aug 06 04:14:05.404014 np0000006614 nova-conductor[96011]: DEBUG oslo_concurrency.lockutils [None req-0363be2a-9da9-412e-ac7d-0102e2ac3cf6 None None] Lock "228b1e68-7f99-46c6-a44f-646300ec8c0f" acquired by "nova.context.set_target_cell..get_or_set_cached_cell_and_set_connections" :: waited 0.000s {{(pid=96011) inner /opt/stack/data/venv/lib/python3.12/site-packages/oslo_concurrency/lockutils.py:525}}
Aug 06 04:14:05.405088 np0000006614 nova-conductor[96011]: DEBUG oslo_concurrency.lockutils [None req-0363be2a-9da9-412e-ac7d-0102e2ac3cf6 None None] Lock "228b1e68-7f99-46c6-a44f-646300ec8c0f" "released" by "nova.context.set_target_cell..get_or_set_cached_cell_and_set_connections" :: held 0.000s {{(pid=96011) inner /opt/stack/data/venv/lib/python3.12/site-packages/oslo_concurrency/lockutils.py:544}}
Aug 06 04:14:05.410940 np0000006614 nova-conductor[96011]: INFO nova.compute.rpcapi [None req-0363be2a-9da9-412e-ac7d-0102e2ac3cf6 None None] Automatically selected compute RPC version 6.5 from minimum service version 72
Aug 06 04:14:05.411299 np0000006614 nova-conductor[96011]: DEBUG oslo_concurrency.lockutils [None req-0363be2a-9da9-412e-ac7d-0102e2ac3cf6 None None] Releasing lock "compute-rpcapi-router" {{(pid=96011) lock /opt/stack/data/venv/lib/python3.12/site-packages/oslo_concurrency/lockutils.py:419}}
Aug 06 04:14:05.605499 np0000006614 nova-conductor[96032]: DEBUG nova.conductor.manager [None req-c6e0b6e1-a901-43f6-ad02-0f912141bf3c tempest-DeleteServersTestJSON-122852657 tempest-DeleteServersTestJSON-122852657-project-member] Took 0.40 seconds to select destinations for 1 instance(s). {{(pid=96032) _schedule_instances /opt/stack/nova/nova/conductor/manager.py:968}}
Aug 06 04:14:05.642191 np0000006614 nova-conductor[96032]: DEBUG oslo_concurrency.lockutils [None req-c6e0b6e1-a901-43f6-ad02-0f912141bf3c tempest-DeleteServersTestJSON-122852657 tempest-DeleteServersTestJSON-122852657-project-member] Acquiring lock "228b1e68-7f99-46c6-a44f-646300ec8c0f" by "nova.context.set_target_cell..get_or_set_cached_cell_and_set_connections" {{(pid=96032) inner /opt/stack/data/venv/lib/python3.12/site-packages/oslo_concurrency/lockutils.py:512}}
Aug 06 04:14:05.642520 np0000006614 nova-conductor[96032]: DEBUG oslo_concurrency.lockutils [None req-c6e0b6e1-a901-43f6-ad02-0f912141bf3c tempest-DeleteServersTestJSON-122852657 tempest-DeleteServersTestJSON-122852657-project-member] Lock "228b1e68-7f99-46c6-a44f-646300ec8c0f" acquired by "nova.context.set_target_cell..get_or_set_cached_cell_and_set_connections" :: waited 0.001s {{(pid=96032) inner /opt/stack/data/venv/lib/python3.12/site-packages/oslo_concurrency/lockutils.py:525}}
Aug 06 04:14:05.643997 np0000006614 nova-conductor[96032]: DEBUG oslo_concurrency.lockutils [None req-c6e0b6e1-a901-43f6-ad02-0f912141bf3c tempest-DeleteServersTestJSON-122852657 tempest-DeleteServersTestJSON-122852657-project-member] Lock "228b1e68-7f99-46c6-a44f-646300ec8c0f" "released" by "nova.context.set_target_cell..get_or_set_cached_cell_and_set_connections" :: held 0.001s {{(pid=96032) inner /opt/stack/data/venv/lib/python3.12/site-packages/oslo_concurrency/lockutils.py:544}}
Aug 06 04:14:05.646647 np0000006614 nova-conductor[96032]: INFO dbcounter [None req-c6e0b6e1-a901-43f6-ad02-0f912141bf3c tempest-DeleteServersTestJSON-122852657 tempest-DeleteServersTestJSON-122852657-project-member] Registered counter for database nova_cell1
Aug 06 04:14:05.687547 np0000006614 nova-conductor[96032]: DEBUG oslo_db.sqlalchemy.engines [None req-c6e0b6e1-a901-43f6-ad02-0f912141bf3c tempest-DeleteServersTestJSON-122852657 tempest-DeleteServersTestJSON-122852657-project-member] MySQL server mode set to STRICT_TRANS_TABLES,STRICT_ALL_TABLES,NO_ZERO_IN_DATE,NO_ZERO_DATE,ERROR_FOR_DIVISION_BY_ZERO,TRADITIONAL,NO_ENGINE_SUBSTITUTION {{(pid=96032) _check_effective_sql_mode /opt/stack/data/venv/lib/python3.12/site-packages/oslo_db/sqlalchemy/engines.py:325}}
Aug 06 04:14:05.696092 np0000006614 nova-conductor[96032]: DEBUG dbcounter [-] [96032] Writer thread running {{(pid=96032) stat_writer /opt/stack/data/venv/lib/python3.12/site-packages/dbcounter.py:102}}
Aug 06 04:14:05.755808 np0000006614 nova-conductor[96032]: INFO nova.utils [None req-c6e0b6e1-a901-43f6-ad02-0f912141bf3c tempest-DeleteServersTestJSON-122852657 tempest-DeleteServersTestJSON-122852657-project-member] The cell worker thread pool ForkProcess-3.cell_worker is initialized
Aug 06 04:14:05.756106 np0000006614 nova-conductor[96032]: DEBUG oslo_concurrency.lockutils [None req-c6e0b6e1-a901-43f6-ad02-0f912141bf3c tempest-DeleteServersTestJSON-122852657 tempest-DeleteServersTestJSON-122852657-project-member] Acquiring lock "00000000-0000-0000-0000-000000000000" by "nova.context.set_target_cell..get_or_set_cached_cell_and_set_connections" {{(pid=96032) inner /opt/stack/data/venv/lib/python3.12/site-packages/oslo_concurrency/lockutils.py:512}}
Aug 06 04:14:05.756252 np0000006614 nova-conductor[96032]: DEBUG oslo_concurrency.lockutils [None req-c6e0b6e1-a901-43f6-ad02-0f912141bf3c tempest-DeleteServersTestJSON-122852657 tempest-DeleteServersTestJSON-122852657-project-member] Lock "00000000-0000-0000-0000-000000000000" acquired by "nova.context.set_target_cell..get_or_set_cached_cell_and_set_connections" :: waited 0.000s {{(pid=96032) inner /opt/stack/data/venv/lib/python3.12/site-packages/oslo_concurrency/lockutils.py:525}}
Aug 06 04:14:05.756605 np0000006614 nova-conductor[96032]: DEBUG oslo_concurrency.lockutils [None req-c6e0b6e1-a901-43f6-ad02-0f912141bf3c tempest-DeleteServersTestJSON-122852657 tempest-DeleteServersTestJSON-122852657-project-member] Lock "00000000-0000-0000-0000-000000000000" "released" by "nova.context.set_target_cell..get_or_set_cached_cell_and_set_connections" :: held 0.000s {{(pid=96032) inner /opt/stack/data/venv/lib/python3.12/site-packages/oslo_concurrency/lockutils.py:544}}
Aug 06 04:14:05.757242 np0000006614 nova-conductor[96032]: DEBUG oslo_concurrency.lockutils [None req-c6e0b6e1-a901-43f6-ad02-0f912141bf3c tempest-DeleteServersTestJSON-122852657 tempest-DeleteServersTestJSON-122852657-project-member] Acquiring lock "228b1e68-7f99-46c6-a44f-646300ec8c0f" by "nova.context.set_target_cell..get_or_set_cached_cell_and_set_connections" {{(pid=96032) inner /opt/stack/data/venv/lib/python3.12/site-packages/oslo_concurrency/lockutils.py:512}}
Aug 06 04:14:05.757417 np0000006614 nova-conductor[96032]: DEBUG oslo_concurrency.lockutils [None req-c6e0b6e1-a901-43f6-ad02-0f912141bf3c tempest-DeleteServersTestJSON-122852657 tempest-DeleteServersTestJSON-122852657-project-member] Lock "228b1e68-7f99-46c6-a44f-646300ec8c0f" acquired by "nova.context.set_target_cell..get_or_set_cached_cell_and_set_connections" :: waited 0.000s {{(pid=96032) inner /opt/stack/data/venv/lib/python3.12/site-packages/oslo_concurrency/lockutils.py:525}}
Aug 06 04:14:05.758651 np0000006614 nova-conductor[96032]: INFO dbcounter [None req-c6e0b6e1-a901-43f6-ad02-0f912141bf3c tempest-DeleteServersTestJSON-122852657 tempest-DeleteServersTestJSON-122852657-project-member] Registered counter for database nova_cell0
Aug 06 04:14:05.759609 np0000006614 nova-conductor[96032]: DEBUG oslo_concurrency.lockutils [None req-c6e0b6e1-a901-43f6-ad02-0f912141bf3c tempest-DeleteServersTestJSON-122852657 tempest-DeleteServersTestJSON-122852657-project-member] Lock "228b1e68-7f99-46c6-a44f-646300ec8c0f" "released" by "nova.context.set_target_cell..get_or_set_cached_cell_and_set_connections" :: held 0.001s {{(pid=96032) inner /opt/stack/data/venv/lib/python3.12/site-packages/oslo_concurrency/lockutils.py:544}}
