Jun 19 06:54:23.050781 np0000003251 devstack@c-api.service[96100]: WARNING cinder.quota [None req-626ab385-298d-448a-99d4-c1a46b5d0668 tempest-VolumeQuotasAdminTestJSON-1164756106 tempest-VolumeQuotasAdminTestJSON-1164756106-project-admin] Deprecated: Default quota for resource: gigabytes_tempest-VolumeTypesTest-volume-type-1764393450 is set by the default quota flag: quota_gigabytes_tempest-VolumeTypesTest-volume-type-1764393450, it is now deprecated. Please use the default quota class for default quota.
Jun 19 06:54:23.051674 np0000003251 devstack@c-api.service[96100]: WARNING cinder.quota [None req-626ab385-298d-448a-99d4-c1a46b5d0668 tempest-VolumeQuotasAdminTestJSON-1164756106 tempest-VolumeQuotasAdminTestJSON-1164756106-project-admin] Deprecated: Default quota for resource: snapshots_tempest-VolumeTypesTest-volume-type-1764393450 is set by the default quota flag: quota_snapshots_tempest-VolumeTypesTest-volume-type-1764393450, it is now deprecated. Please use the default quota class for default quota.
Jun 19 06:54:23.072260 np0000003251 devstack@c-api.service[96100]: INFO cinder.api.openstack.wsgi [None req-626ab385-298d-448a-99d4-c1a46b5d0668 tempest-VolumeQuotasAdminTestJSON-1164756106 tempest-VolumeQuotasAdminTestJSON-1164756106-project-admin] https://10.4.3.19/volume/v3/os-quota-sets/7d5603c2b2654d04a91b75ae8aa74590?usage=True returned with HTTP 200
Jun 19 06:54:23.074228 np0000003251 devstack@c-api.service[96100]: [pid: 96100|app: 0|req: 202/376] 10.4.3.19 () {66 vars in 1368 bytes} [Fri Jun 19 06:54:23 2026] GET /volume/v3/os-quota-sets/7d5603c2b2654d04a91b75ae8aa74590?usage=True => generated 1473 bytes in 58 msecs (HTTP/1.1 200) 7 headers in 286 bytes (1 switches on core 0)
Jun 19 06:54:23.096242 np0000003251 devstack@c-api.service[96101]: DEBUG cinder.api.middleware.request_id [None req-1afaea3b-466c-4802-bd77-707a7b03a906 None None] RequestId filter calling following filter/app {{(pid=96101) _context_setter /opt/stack/cinder/cinder/api/middleware/request_id.py:62}}
Jun 19 06:54:23.098800 np0000003251 devstack@c-api.service[96101]: INFO cinder.api.openstack.wsgi [None req-1afaea3b-466c-4802-bd77-707a7b03a906 tempest-VolumeQuotasAdminTestJSON-1164756106 tempest-VolumeQuotasAdminTestJSON-1164756106-project-admin] GET https://10.4.3.19/volume/v3/os-quota-sets/ffc002369f9c4a0b9f9bc7bbe3e8b15a?usage=True
Jun 19 06:54:23.098800 np0000003251 devstack@c-api.service[96101]: DEBUG cinder.api.openstack.wsgi [None req-1afaea3b-466c-4802-bd77-707a7b03a906 tempest-VolumeQuotasAdminTestJSON-1164756106 tempest-VolumeQuotasAdminTestJSON-1164756106-project-admin] Empty body provided in request {{(pid=96101) get_body /opt/stack/cinder/cinder/api/openstack/wsgi.py:725}}
Jun 19 06:54:23.099119 np0000003251 devstack@c-api.service[96101]: DEBUG cinder.api.openstack.wsgi [None req-1afaea3b-466c-4802-bd77-707a7b03a906 tempest-VolumeQuotasAdminTestJSON-1164756106 tempest-VolumeQuotasAdminTestJSON-1164756106-project-admin] Calling method 'show' {{(pid=96101) _process_stack /opt/stack/cinder/cinder/api/openstack/wsgi.py:878}}
Jun 19 06:54:23.116340 np0000003251 devstack@c-api.service[96101]: WARNING cinder.quota [None req-1afaea3b-466c-4802-bd77-707a7b03a906 tempest-VolumeQuotasAdminTestJSON-1164756106 tempest-VolumeQuotasAdminTestJSON-1164756106-project-admin] Deprecated: Default quota for resource: volumes_tempest-VolumeTypesTest-volume-type-1362410351 is set by the default quota flag: quota_volumes_tempest-VolumeTypesTest-volume-type-1362410351, it is now deprecated. Please use the default quota class for default quota.
Jun 19 06:54:23.117101 np0000003251 devstack@c-api.service[96101]: WARNING cinder.quota [None req-1afaea3b-466c-4802-bd77-707a7b03a906 tempest-VolumeQuotasAdminTestJSON-1164756106 tempest-VolumeQuotasAdminTestJSON-1164756106-project-admin] Deprecated: Default quota for resource: gigabytes_tempest-VolumeTypesTest-volume-type-1362410351 is set by the default quota flag: quota_gigabytes_tempest-VolumeTypesTest-volume-type-1362410351, it is now deprecated. Please use the default quota class for default quota.
Jun 19 06:54:23.117168 np0000003251 devstack@c-api.service[96101]: WARNING cinder.quota [None req-1afaea3b-466c-4802-bd77-707a7b03a906 tempest-VolumeQuotasAdminTestJSON-1164756106 tempest-VolumeQuotasAdminTestJSON-1164756106-project-admin] Deprecated: Default quota for resource: snapshots_tempest-VolumeTypesTest-volume-type-1362410351 is set by the default quota flag: quota_snapshots_tempest-VolumeTypesTest-volume-type-1362410351, it is now deprecated. Please use the default quota class for default quota.
Jun 19 06:54:23.118128 np0000003251 devstack@c-api.service[96101]: WARNING cinder.quota [None req-1afaea3b-466c-4802-bd77-707a7b03a906 tempest-VolumeQuotasAdminTestJSON-1164756106 tempest-VolumeQuotasAdminTestJSON-1164756106-project-admin] Deprecated: Default quota for resource: snapshots_tempest-VolumeTypesTest-volume-type-1764393450 is set by the default quota flag: quota_snapshots_tempest-VolumeTypesTest-volume-type-1764393450, it is now deprecated. Please use the default quota class for default quota.
Jun 19 06:54:23.128900 np0000003251 devstack@c-api.service[96101]: INFO cinder.api.openstack.wsgi [None req-1afaea3b-466c-4802-bd77-707a7b03a906 tempest-VolumeQuotasAdminTestJSON-1164756106 tempest-VolumeQuotasAdminTestJSON-1164756106-project-admin] https://10.4.3.19/volume/v3/os-quota-sets/ffc002369f9c4a0b9f9bc7bbe3e8b15a?usage=True returned with HTTP 200
Jun 19 06:54:23.129521 np0000003251 devstack@c-api.service[96101]: [pid: 96101|app: 0|req: 175/377] 10.4.3.19 () {66 vars in 1368 bytes} [Fri Jun 19 06:54:23 2026] GET /volume/v3/os-quota-sets/ffc002369f9c4a0b9f9bc7bbe3e8b15a?usage=True => generated 1473 bytes in 34 msecs (HTTP/1.1 200) 7 headers in 286 bytes (1 switches on core 0)
Jun 19 06:54:23.146434 np0000003251 devstack@c-api.service[96100]: DEBUG cinder.api.middleware.request_id [None req-9a967353-cfda-40d3-96a7-2cfd0f40d620 None None] RequestId filter calling following filter/app {{(pid=96100) _context_setter /opt/stack/cinder/cinder/api/middleware/request_id.py:62}}
Jun 19 06:54:23.149534 np0000003251 devstack@c-api.service[96100]: INFO cinder.api.openstack.wsgi [None req-9a967353-cfda-40d3-96a7-2cfd0f40d620 tempest-VolumeQuotasAdminTestJSON-2079716084 tempest-VolumeQuotasAdminTestJSON-2079716084-project-member] POST https://10.4.3.19/volume/v3/os-volume-transfer
Jun 19 06:54:23.150528 np0000003251 devstack@c-api.service[96100]: DEBUG cinder.api.openstack.wsgi [None req-9a967353-cfda-40d3-96a7-2cfd0f40d620 tempest-VolumeQuotasAdminTestJSON-2079716084 tempest-VolumeQuotasAdminTestJSON-2079716084-project-member] Action: 'create', calling method: create, body: {"transfer": {"volume_id": "e2d06ff9-6bc1-4a12-8afd-67c134977575"}} {{(pid=96100) _process_stack /opt/stack/cinder/cinder/api/openstack/wsgi.py:876}}
Jun 19 06:54:23.152514 np0000003251 devstack@c-api.service[96100]: DEBUG cinder.api.contrib.volume_transfer [None req-9a967353-cfda-40d3-96a7-2cfd0f40d620 tempest-VolumeQuotasAdminTestJSON-2079716084 tempest-VolumeQuotasAdminTestJSON-2079716084-project-member] Creating new volume transfer {'transfer': {'volume_id': 'e2d06ff9-6bc1-4a12-8afd-67c134977575'}} {{(pid=96100) create /opt/stack/cinder/cinder/api/contrib/volume_transfer.py:85}}
Jun 19 06:54:23.152667 np0000003251 devstack@c-api.service[96100]: INFO cinder.api.contrib.volume_transfer [None req-9a967353-cfda-40d3-96a7-2cfd0f40d620 tempest-VolumeQuotasAdminTestJSON-2079716084 tempest-VolumeQuotasAdminTestJSON-2079716084-project-member] Creating transfer of volume e2d06ff9-6bc1-4a12-8afd-67c134977575
Jun 19 06:54:23.152838 np0000003251 devstack@c-api.service[96100]: INFO cinder.transfer.api [None req-9a967353-cfda-40d3-96a7-2cfd0f40d620 tempest-VolumeQuotasAdminTestJSON-2079716084 tempest-VolumeQuotasAdminTestJSON-2079716084-project-member] Generating transfer record for volume e2d06ff9-6bc1-4a12-8afd-67c134977575
Jun 19 06:54:23.166790 np0000003251 devstack@c-api.service[96100]: /opt/stack/data/venv/lib/python3.12/site-packages/oslo_context/context.py:102: DeprecationWarning: Policy enforcement is depending on the value of is_admin. This key is deprecated. Please update your policy file to use the standard policy values.
Jun 19 06:54:23.166790 np0000003251 devstack@c-api.service[96100]: warnings.warn(
Jun 19 06:54:23.191574 np0000003251 devstack@c-api.service[96100]: INFO cinder.api.openstack.wsgi [None req-9a967353-cfda-40d3-96a7-2cfd0f40d620 tempest-VolumeQuotasAdminTestJSON-2079716084 tempest-VolumeQuotasAdminTestJSON-2079716084-project-member] https://10.4.3.19/volume/v3/os-volume-transfer returned with HTTP 202
Jun 19 06:54:23.192083 np0000003251 devstack@c-api.service[96100]: [pid: 96100|app: 0|req: 203/378] 10.4.3.19 () {68 vars in 1284 bytes} [Fri Jun 19 06:54:23 2026] POST /volume/v3/os-volume-transfer => generated 439 bytes in 47 msecs (HTTP/1.1 202) 7 headers in 291 bytes (1 switches on core 0)
Jun 19 06:54:23.207835 np0000003251 devstack@c-api.service[96101]: DEBUG cinder.api.middleware.request_id [None req-3a5f5b62-8c93-498e-b529-450574d507cf None None] RequestId filter calling following filter/app {{(pid=96101) _context_setter /opt/stack/cinder/cinder/api/middleware/request_id.py:62}}
Jun 19 06:54:23.290651 np0000003251 devstack@c-api.service[96101]: INFO cinder.api.openstack.wsgi [None req-3a5f5b62-8c93-498e-b529-450574d507cf tempest-VolumeQuotasAdminTestJSON-1172076490 tempest-VolumeQuotasAdminTestJSON-1172076490-project-member] POST https://10.4.3.19/volume/v3/os-volume-transfer/8a2d9d04-3fb2-4a61-a525-4226dbea1874/accept
Jun 19 06:54:23.291330 np0000003251 devstack@c-api.service[96101]: DEBUG cinder.api.openstack.wsgi [None req-3a5f5b62-8c93-498e-b529-450574d507cf tempest-VolumeQuotasAdminTestJSON-1172076490 tempest-VolumeQuotasAdminTestJSON-1172076490-project-member] Action: 'accept', calling method: accept, body: {"accept": {"auth_key": "c57aaaf1741b2cf9"}} {{(pid=96101) _process_stack /opt/stack/cinder/cinder/api/openstack/wsgi.py:876}}
Jun 19 06:54:23.293450 np0000003251 devstack@c-api.service[96101]: DEBUG cinder.api.contrib.volume_transfer [None req-3a5f5b62-8c93-498e-b529-450574d507cf tempest-VolumeQuotasAdminTestJSON-1172076490 tempest-VolumeQuotasAdminTestJSON-1172076490-project-member] Accepting volume transfer 8a2d9d04-3fb2-4a61-a525-4226dbea1874 {{(pid=96101) accept /opt/stack/cinder/cinder/api/contrib/volume_transfer.py:115}}
Jun 19 06:54:23.293785 np0000003251 devstack@c-api.service[96101]: INFO cinder.api.contrib.volume_transfer [None req-3a5f5b62-8c93-498e-b529-450574d507cf tempest-VolumeQuotasAdminTestJSON-1172076490 tempest-VolumeQuotasAdminTestJSON-1172076490-project-member] Accepting transfer 8a2d9d04-3fb2-4a61-a525-4226dbea1874
Jun 19 06:54:23.390713 np0000003251 devstack@c-api.service[96101]: DEBUG cinder.quota [None req-3a5f5b62-8c93-498e-b529-450574d507cf tempest-VolumeQuotasAdminTestJSON-1172076490 tempest-VolumeQuotasAdminTestJSON-1172076490-project-member] Created reservations ['a688d116-e57a-466e-a8e9-6d16a8b14078', 'faddbfc9-8055-48f9-a75c-e3e216419ddf', 'f44be7d9-1ab4-49c5-bd11-789bb1387629', 'fc8b5595-a673-423f-92b5-cf8433f9c79c'] {{(pid=96101) reserve /opt/stack/cinder/cinder/quota.py:752}}
Jun 19 06:54:23.420251 np0000003251 devstack@c-api.service[96101]: DEBUG cinder.quota [None req-3a5f5b62-8c93-498e-b529-450574d507cf tempest-VolumeQuotasAdminTestJSON-1172076490 tempest-VolumeQuotasAdminTestJSON-1172076490-project-member] Created reservations ['028585d3-4680-47b6-8e9a-6d5dc4224215', '6696e1a9-62d9-4dea-bd85-93e8355be778', 'c13dcbf7-f1c7-45e7-a307-afc335e6d097', 'd163b682-05a8-4a11-bbdb-ead5cf25a18d'] {{(pid=96101) reserve /opt/stack/cinder/cinder/quota.py:752}}
Jun 19 06:54:23.485226 np0000003251 devstack@c-api.service[96101]: DEBUG cinder.quota [None req-3a5f5b62-8c93-498e-b529-450574d507cf tempest-VolumeQuotasAdminTestJSON-1172076490 tempest-VolumeQuotasAdminTestJSON-1172076490-project-member] Created reservations ['bbe57efb-dd22-4c88-a011-e372865812c6', '8d13db54-b550-4ce8-9f73-8a1d53a0f8a0', 'da69a8c4-595b-4944-9f4d-de6a8a56c2a3', '79f46b2e-d689-4228-b4a4-db36df5bd83c'] {{(pid=96101) reserve /opt/stack/cinder/cinder/quota.py:752}}
Jun 19 06:54:23.530459 np0000003251 devstack@c-api.service[96101]: DEBUG cinder.quota [None req-3a5f5b62-8c93-498e-b529-450574d507cf tempest-VolumeQuotasAdminTestJSON-1172076490 tempest-VolumeQuotasAdminTestJSON-1172076490-project-member] Created reservations ['66c9e893-8e2f-4594-8c11-7b4920653966', '64dfeb46-817e-4481-9510-fce23ee7c6c3', '1ec44cd6-94a0-41e7-81d0-32b43fa310b5', 'f9bb17a6-ec66-4997-bd6f-ef7f4020e6b7'] {{(pid=96101) reserve /opt/stack/cinder/cinder/quota.py:752}}
Jun 19 06:54:23.991441 np0000003251 devstack@c-api.service[96100]: DEBUG cinder.api.middleware.request_id [None req-65515870-f293-45d9-9952-4771cd44a76a None None] RequestId filter calling following filter/app {{(pid=96100) _context_setter /opt/stack/cinder/cinder/api/middleware/request_id.py:62}}
Jun 19 06:54:23.993297 np0000003251 devstack@c-api.service[96100]: INFO cinder.api.openstack.wsgi [None req-65515870-f293-45d9-9952-4771cd44a76a tempest-VolumeTypesTest-1612309073 tempest-VolumeTypesTest-1612309073-project-member] GET https://10.4.3.19/volume/v3/volumes/3933583f-8ca6-4808-be45-86b318f00553
Jun 19 06:54:23.993571 np0000003251 devstack@c-api.service[96100]: DEBUG cinder.api.openstack.wsgi [None req-65515870-f293-45d9-9952-4771cd44a76a tempest-VolumeTypesTest-1612309073 tempest-VolumeTypesTest-1612309073-project-member] Empty body provided in request {{(pid=96100) get_body /opt/stack/cinder/cinder/api/openstack/wsgi.py:725}}
Jun 19 06:54:23.993774 np0000003251 devstack@c-api.service[96100]: DEBUG cinder.api.openstack.wsgi [None req-65515870-f293-45d9-9952-4771cd44a76a tempest-VolumeTypesTest-1612309073 tempest-VolumeTypesTest-1612309073-project-member] Calling method 'show' {{(pid=96100) _process_stack /opt/stack/cinder/cinder/api/openstack/wsgi.py:878}}
Jun 19 06:54:24.004065 np0000003251 devstack@c-api.service[96100]: /opt/stack/data/venv/lib/python3.12/site-packages/oslo_context/context.py:102: DeprecationWarning: Policy enforcement is depending on the value of is_admin. This key is deprecated. Please update your policy file to use the standard policy values.
Jun 19 06:54:24.004065 np0000003251 devstack@c-api.service[96100]: warnings.warn(
Jun 19 06:54:24.008158 np0000003251 devstack@c-api.service[96100]: INFO cinder.volume.api [None req-65515870-f293-45d9-9952-4771cd44a76a tempest-VolumeTypesTest-1612309073 tempest-VolumeTypesTest-1612309073-project-member] Volume info retrieved successfully.
Jun 19 06:54:24.013643 np0000003251 devstack@c-api.service[96100]: INFO cinder.api.openstack.wsgi [None req-65515870-f293-45d9-9952-4771cd44a76a tempest-VolumeTypesTest-1612309073 tempest-VolumeTypesTest-1612309073-project-member] https://10.4.3.19/volume/v3/volumes/3933583f-8ca6-4808-be45-86b318f00553 returned with HTTP 200
Jun 19 06:54:24.014038 np0000003251 devstack@c-api.service[96100]: [pid: 96100|app: 0|req: 204/379] 10.4.3.19 () {66 vars in 1341 bytes} [Fri Jun 19 06:54:23 2026] GET /volume/v3/volumes/3933583f-8ca6-4808-be45-86b318f00553 => generated 875 bytes in 23 msecs (HTTP/1.1 200) 7 headers in 285 bytes (1 switches on core 0)
Jun 19 06:54:24.034597 np0000003251 devstack@c-api.service[96100]: DEBUG cinder.api.middleware.request_id [None req-e84b0592-e702-47c9-aaf6-1d1bd060a7e4 None None] RequestId filter calling following filter/app {{(pid=96100) _context_setter /opt/stack/cinder/cinder/api/middleware/request_id.py:62}}
Jun 19 06:54:24.036705 np0000003251 devstack@c-api.service[96101]: INFO cinder.volume.api [None req-3a5f5b62-8c93-498e-b529-450574d507cf tempest-VolumeQuotasAdminTestJSON-1172076490 tempest-VolumeQuotasAdminTestJSON-1172076490-project-member] Transfer volume completed successfully.
Jun 19 06:54:24.038934 np0000003251 devstack@c-api.service[96100]: INFO cinder.api.openstack.wsgi [None req-e84b0592-e702-47c9-aaf6-1d1bd060a7e4 tempest-VolumeTypesTest-1612309073 tempest-VolumeTypesTest-1612309073-project-member] POST https://10.4.3.19/volume/v3/volumes/3933583f-8ca6-4808-be45-86b318f00553/action
Jun 19 06:54:24.039307 np0000003251 devstack@c-api.service[96100]: DEBUG cinder.api.openstack.wsgi [None req-e84b0592-e702-47c9-aaf6-1d1bd060a7e4 tempest-VolumeTypesTest-1612309073 tempest-VolumeTypesTest-1612309073-project-member] Action body: b'{"os-retype": {"new_type": "ede26bb9-380e-410b-9d41-f7f5a6bf7210"}}' {{(pid=96100) get_method /opt/stack/cinder/cinder/api/openstack/wsgi.py:993}}
Jun 19 06:54:24.039433 np0000003251 devstack@c-api.service[96100]: DEBUG cinder.api.openstack.wsgi [None req-e84b0592-e702-47c9-aaf6-1d1bd060a7e4 tempest-VolumeTypesTest-1612309073 tempest-VolumeTypesTest-1612309073-project-member] Action: 'action', calling method: _retype, body: {"os-retype": {"new_type": "ede26bb9-380e-410b-9d41-f7f5a6bf7210"}} {{(pid=96100) _process_stack /opt/stack/cinder/cinder/api/openstack/wsgi.py:876}}
Jun 19 06:54:24.048804 np0000003251 devstack@c-api.service[96100]: /opt/stack/data/venv/lib/python3.12/site-packages/oslo_context/context.py:102: DeprecationWarning: Policy enforcement is depending on the value of is_admin. This key is deprecated. Please update your policy file to use the standard policy values.
Jun 19 06:54:24.048804 np0000003251 devstack@c-api.service[96100]: warnings.warn(
Jun 19 06:54:24.049605 np0000003251 devstack@c-api.service[96100]: INFO cinder.volume.api [None req-e84b0592-e702-47c9-aaf6-1d1bd060a7e4 tempest-VolumeTypesTest-1612309073 tempest-VolumeTypesTest-1612309073-project-member] Volume info retrieved successfully.
Jun 19 06:54:24.090481 np0000003251 devstack@c-api.service[96100]: DEBUG cinder.quota [None req-e84b0592-e702-47c9-aaf6-1d1bd060a7e4 tempest-VolumeTypesTest-1612309073 tempest-VolumeTypesTest-1612309073-project-member] Created reservations ['c1fb6dee-292c-4f8e-bc3e-128e61bd82f3', '0a1f976f-4e6f-4236-894b-3203507b1d3d'] {{(pid=96100) reserve /opt/stack/cinder/cinder/quota.py:752}}
Jun 19 06:54:24.111835 np0000003251 devstack@c-api.service[96100]: DEBUG cinder.quota [None req-e84b0592-e702-47c9-aaf6-1d1bd060a7e4 tempest-VolumeTypesTest-1612309073 tempest-VolumeTypesTest-1612309073-project-member] Created reservations ['ad848988-dcb4-4e55-933f-9cfb8d9afb40', 'cd7d68ba-3407-4b6d-8d2a-71cf7fd62960'] {{(pid=96100) reserve /opt/stack/cinder/cinder/quota.py:752}}
Jun 19 06:54:24.154636 np0000003251 devstack@c-api.service[96100]: INFO cinder.volume.api [None req-e84b0592-e702-47c9-aaf6-1d1bd060a7e4 tempest-VolumeTypesTest-1612309073 tempest-VolumeTypesTest-1612309073-project-member] Retype volume request issued successfully.
Jun 19 06:54:24.154636 np0000003251 devstack@c-api.service[96100]: INFO cinder.api.openstack.wsgi [None req-e84b0592-e702-47c9-aaf6-1d1bd060a7e4 tempest-VolumeTypesTest-1612309073 tempest-VolumeTypesTest-1612309073-project-member] https://10.4.3.19/volume/v3/volumes/3933583f-8ca6-4808-be45-86b318f00553/action returned with HTTP 202
Jun 19 06:54:24.155376 np0000003251 devstack@c-api.service[96100]: [pid: 96100|app: 0|req: 205/380] 10.4.3.19 () {68 vars in 1383 bytes} [Fri Jun 19 06:54:24 2026] POST /volume/v3/volumes/3933583f-8ca6-4808-be45-86b318f00553/action => generated 0 bytes in 121 msecs (HTTP/1.1 202) 7 headers in 289 bytes (1 switches on core 0)
Jun 19 06:54:24.163028 np0000003251 devstack@c-api.service[96101]: INFO cinder.transfer.api [None req-3a5f5b62-8c93-498e-b529-450574d507cf tempest-VolumeQuotasAdminTestJSON-1172076490 tempest-VolumeQuotasAdminTestJSON-1172076490-project-member] Volume e2d06ff9-6bc1-4a12-8afd-67c134977575 has been transferred.
Jun 19 06:54:24.169623 np0000003251 devstack@c-api.service[96100]: DEBUG cinder.api.middleware.request_id [None req-90ed7982-47ed-4f12-83e9-40dee83fbbb5 None None] RequestId filter calling following filter/app {{(pid=96100) _context_setter /opt/stack/cinder/cinder/api/middleware/request_id.py:62}}
Jun 19 06:54:24.173428 np0000003251 devstack@c-api.service[96100]: INFO cinder.api.openstack.wsgi [None req-90ed7982-47ed-4f12-83e9-40dee83fbbb5 tempest-VolumeTypesTest-1612309073 tempest-VolumeTypesTest-1612309073-project-member] GET https://10.4.3.19/volume/v3/volumes/3933583f-8ca6-4808-be45-86b318f00553
Jun 19 06:54:24.173735 np0000003251 devstack@c-api.service[96100]: DEBUG cinder.api.openstack.wsgi [None req-90ed7982-47ed-4f12-83e9-40dee83fbbb5 tempest-VolumeTypesTest-1612309073 tempest-VolumeTypesTest-1612309073-project-member] Empty body provided in request {{(pid=96100) get_body /opt/stack/cinder/cinder/api/openstack/wsgi.py:725}}
Jun 19 06:54:24.173865 np0000003251 devstack@c-api.service[96100]: DEBUG cinder.api.openstack.wsgi [None req-90ed7982-47ed-4f12-83e9-40dee83fbbb5 tempest-VolumeTypesTest-1612309073 tempest-VolumeTypesTest-1612309073-project-member] Calling method 'show' {{(pid=96100) _process_stack /opt/stack/cinder/cinder/api/openstack/wsgi.py:878}}
Jun 19 06:54:24.175534 np0000003251 devstack@c-api.service[96101]: INFO cinder.api.openstack.wsgi [None req-3a5f5b62-8c93-498e-b529-450574d507cf tempest-VolumeQuotasAdminTestJSON-1172076490 tempest-VolumeQuotasAdminTestJSON-1172076490-project-member] https://10.4.3.19/volume/v3/os-volume-transfer/8a2d9d04-3fb2-4a61-a525-4226dbea1874/accept returned with HTTP 202
Jun 19 06:54:24.176093 np0000003251 devstack@c-api.service[96101]: [pid: 96101|app: 0|req: 176/381] 10.4.3.19 () {68 vars in 1416 bytes} [Fri Jun 19 06:54:23 2026] POST /volume/v3/os-volume-transfer/8a2d9d04-3fb2-4a61-a525-4226dbea1874/accept => generated 363 bytes in 969 msecs (HTTP/1.1 202) 7 headers in 291 bytes (1 switches on core 0)
Jun 19 06:54:24.185390 np0000003251 devstack@c-api.service[96100]: /opt/stack/data/venv/lib/python3.12/site-packages/oslo_context/context.py:102: DeprecationWarning: Policy enforcement is depending on the value of is_admin. This key is deprecated. Please update your policy file to use the standard policy values.
Jun 19 06:54:24.185390 np0000003251 devstack@c-api.service[96100]: warnings.warn(
Jun 19 06:54:24.189783 np0000003251 devstack@c-api.service[96101]: DEBUG cinder.api.middleware.request_id [None req-8bcabc8f-5aed-42a4-865b-8fa31a675169 None None] RequestId filter calling following filter/app {{(pid=96101) _context_setter /opt/stack/cinder/cinder/api/middleware/request_id.py:62}}
Jun 19 06:54:24.190763 np0000003251 devstack@c-api.service[96100]: INFO cinder.volume.api [None req-90ed7982-47ed-4f12-83e9-40dee83fbbb5 tempest-VolumeTypesTest-1612309073 tempest-VolumeTypesTest-1612309073-project-member] Volume info retrieved successfully.
Jun 19 06:54:24.192844 np0000003251 devstack@c-api.service[96101]: INFO cinder.api.openstack.wsgi [None req-8bcabc8f-5aed-42a4-865b-8fa31a675169 tempest-VolumeQuotasAdminTestJSON-1172076490 tempest-VolumeQuotasAdminTestJSON-1172076490-project-member] GET https://10.4.3.19/volume/v3/volumes/e2d06ff9-6bc1-4a12-8afd-67c134977575
Jun 19 06:54:24.192844 np0000003251 devstack@c-api.service[96101]: DEBUG cinder.api.openstack.wsgi [None req-8bcabc8f-5aed-42a4-865b-8fa31a675169 tempest-VolumeQuotasAdminTestJSON-1172076490 tempest-VolumeQuotasAdminTestJSON-1172076490-project-member] Empty body provided in request {{(pid=96101) get_body /opt/stack/cinder/cinder/api/openstack/wsgi.py:725}}
Jun 19 06:54:24.193156 np0000003251 devstack@c-api.service[96101]: DEBUG cinder.api.openstack.wsgi [None req-8bcabc8f-5aed-42a4-865b-8fa31a675169 tempest-VolumeQuotasAdminTestJSON-1172076490 tempest-VolumeQuotasAdminTestJSON-1172076490-project-member] Calling method 'show' {{(pid=96101) _process_stack /opt/stack/cinder/cinder/api/openstack/wsgi.py:878}}
Jun 19 06:54:24.198705 np0000003251 devstack@c-api.service[96100]: INFO cinder.api.openstack.wsgi [None req-90ed7982-47ed-4f12-83e9-40dee83fbbb5 tempest-VolumeTypesTest-1612309073 tempest-VolumeTypesTest-1612309073-project-member] https://10.4.3.19/volume/v3/volumes/3933583f-8ca6-4808-be45-86b318f00553 returned with HTTP 200
Jun 19 06:54:24.198705 np0000003251 devstack@c-api.service[96100]: [pid: 96100|app: 0|req: 206/382] 10.4.3.19 () {66 vars in 1341 bytes} [Fri Jun 19 06:54:24 2026] GET /volume/v3/volumes/3933583f-8ca6-4808-be45-86b318f00553 => generated 874 bytes in 33 msecs (HTTP/1.1 200) 7 headers in 285 bytes (1 switches on core 0)
Jun 19 06:54:24.210128 np0000003251 devstack@c-api.service[96101]: /opt/stack/data/venv/lib/python3.12/site-packages/oslo_context/context.py:102: DeprecationWarning: Policy enforcement is depending on the value of is_admin. This key is deprecated. Please update your policy file to use the standard policy values.
Jun 19 06:54:24.210128 np0000003251 devstack@c-api.service[96101]: warnings.warn(
Jun 19 06:54:24.218691 np0000003251 devstack@c-api.service[96101]: INFO cinder.volume.api [None req-8bcabc8f-5aed-42a4-865b-8fa31a675169 tempest-VolumeQuotasAdminTestJSON-1172076490 tempest-VolumeQuotasAdminTestJSON-1172076490-project-member] Volume info retrieved successfully.
Jun 19 06:54:24.233261 np0000003251 devstack@c-api.service[96101]: INFO cinder.api.openstack.wsgi [None req-8bcabc8f-5aed-42a4-865b-8fa31a675169 tempest-VolumeQuotasAdminTestJSON-1172076490 tempest-VolumeQuotasAdminTestJSON-1172076490-project-member] https://10.4.3.19/volume/v3/volumes/e2d06ff9-6bc1-4a12-8afd-67c134977575 returned with HTTP 200
Jun 19 06:54:24.234066 np0000003251 devstack@c-api.service[96101]: [pid: 96101|app: 0|req: 177/383] 10.4.3.19 () {66 vars in 1341 bytes} [Fri Jun 19 06:54:24 2026] GET /volume/v3/volumes/e2d06ff9-6bc1-4a12-8afd-67c134977575 => generated 847 bytes in 45 msecs (HTTP/1.1 200) 7 headers in 285 bytes (2 switches on core 0)
Jun 19 06:54:24.251039 np0000003251 devstack@c-api.service[96100]: DEBUG cinder.api.middleware.request_id [None req-e5a0bb11-6e88-4ab8-849b-f0c551be1098 None None] RequestId filter calling following filter/app {{(pid=96100) _context_setter /opt/stack/cinder/cinder/api/middleware/request_id.py:62}}
Jun 19 06:54:24.253010 np0000003251 devstack@c-api.service[96100]: INFO cinder.api.openstack.wsgi [None req-e5a0bb11-6e88-4ab8-849b-f0c551be1098 tempest-VolumeQuotasAdminTestJSON-1164756106 tempest-VolumeQuotasAdminTestJSON-1164756106-project-admin] GET https://10.4.3.19/volume/v3/os-quota-sets/7d5603c2b2654d04a91b75ae8aa74590?usage=True
Jun 19 06:54:24.253241 np0000003251 devstack@c-api.service[96100]: DEBUG cinder.api.openstack.wsgi [None req-e5a0bb11-6e88-4ab8-849b-f0c551be1098 tempest-VolumeQuotasAdminTestJSON-1164756106 tempest-VolumeQuotasAdminTestJSON-1164756106-project-admin] Empty body provided in request {{(pid=96100) get_body /opt/stack/cinder/cinder/api/openstack/wsgi.py:725}}
Jun 19 06:54:24.253586 np0000003251 devstack@c-api.service[96100]: DEBUG cinder.api.openstack.wsgi [None req-e5a0bb11-6e88-4ab8-849b-f0c551be1098 tempest-VolumeQuotasAdminTestJSON-1164756106 tempest-VolumeQuotasAdminTestJSON-1164756106-project-admin] Calling method 'show' {{(pid=96100) _process_stack /opt/stack/cinder/cinder/api/openstack/wsgi.py:878}}
Jun 19 06:54:24.286564 np0000003251 devstack@c-api.service[96100]: INFO cinder.api.openstack.wsgi [None req-e5a0bb11-6e88-4ab8-849b-f0c551be1098 tempest-VolumeQuotasAdminTestJSON-1164756106 tempest-VolumeQuotasAdminTestJSON-1164756106-project-admin] https://10.4.3.19/volume/v3/os-quota-sets/7d5603c2b2654d04a91b75ae8aa74590?usage=True returned with HTTP 200
Jun 19 06:54:24.286564 np0000003251 devstack@c-api.service[96100]: [pid: 96100|app: 0|req: 207/384] 10.4.3.19 () {66 vars in 1368 bytes} [Fri Jun 19 06:54:24 2026] GET /volume/v3/os-quota-sets/7d5603c2b2654d04a91b75ae8aa74590?usage=True => generated 1473 bytes in 35 msecs (HTTP/1.1 200) 7 headers in 286 bytes (1 switches on core 0)
Jun 19 06:54:24.304240 np0000003251 devstack@c-api.service[96101]: DEBUG cinder.api.middleware.request_id [None req-2ca043ff-5ab9-4a04-823d-01fa6cd40763 None None] RequestId filter calling following filter/app {{(pid=96101) _context_setter /opt/stack/cinder/cinder/api/middleware/request_id.py:62}}
Jun 19 06:54:24.309220 np0000003251 devstack@c-api.service[96101]: INFO cinder.api.openstack.wsgi [None req-2ca043ff-5ab9-4a04-823d-01fa6cd40763 tempest-VolumeQuotasAdminTestJSON-1164756106 tempest-VolumeQuotasAdminTestJSON-1164756106-project-admin] GET https://10.4.3.19/volume/v3/os-quota-sets/ffc002369f9c4a0b9f9bc7bbe3e8b15a?usage=True
Jun 19 06:54:24.309662 np0000003251 devstack@c-api.service[96101]: DEBUG cinder.api.openstack.wsgi [None req-2ca043ff-5ab9-4a04-823d-01fa6cd40763 tempest-VolumeQuotasAdminTestJSON-1164756106 tempest-VolumeQuotasAdminTestJSON-1164756106-project-admin] Empty body provided in request {{(pid=96101) get_body /opt/stack/cinder/cinder/api/openstack/wsgi.py:725}}
Jun 19 06:54:24.309948 np0000003251 devstack@c-api.service[96101]: DEBUG cinder.api.openstack.wsgi [None req-2ca043ff-5ab9-4a04-823d-01fa6cd40763 tempest-VolumeQuotasAdminTestJSON-1164756106 tempest-VolumeQuotasAdminTestJSON-1164756106-project-admin] Calling method 'show' {{(pid=96101) _process_stack /opt/stack/cinder/cinder/api/openstack/wsgi.py:878}}
Jun 19 06:54:24.330124 np0000003251 devstack@c-api.service[96100]: DEBUG cinder.api.middleware.request_id [req-2067d7af-9275-47a9-a3f1-beea804cc270 req-a1e00f41-c966-4489-8b54-2694496acedf None None] RequestId filter calling following filter/app {{(pid=96100) _context_setter /opt/stack/cinder/cinder/api/middleware/request_id.py:62}}
Jun 19 06:54:24.332057 np0000003251 devstack@c-api.service[96100]: INFO cinder.api.openstack.wsgi [req-2067d7af-9275-47a9-a3f1-beea804cc270 req-a1e00f41-c966-4489-8b54-2694496acedf tempest-TaggedAttachmentsTest-1464175953 tempest-TaggedAttachmentsTest-1464175953-project-member] GET https://10.4.3.19/volume/v3/volumes/d920bc7b-ed69-4cb6-a99b-75245a76b698
Jun 19 06:54:24.332347 np0000003251 devstack@c-api.service[96100]: DEBUG cinder.api.openstack.wsgi [req-2067d7af-9275-47a9-a3f1-beea804cc270 req-a1e00f41-c966-4489-8b54-2694496acedf tempest-TaggedAttachmentsTest-1464175953 tempest-TaggedAttachmentsTest-1464175953-project-member] Empty body provided in request {{(pid=96100) get_body /opt/stack/cinder/cinder/api/openstack/wsgi.py:725}}
Jun 19 06:54:24.332666 np0000003251 devstack@c-api.service[96100]: DEBUG cinder.api.openstack.wsgi [req-2067d7af-9275-47a9-a3f1-beea804cc270 req-a1e00f41-c966-4489-8b54-2694496acedf tempest-TaggedAttachmentsTest-1464175953 tempest-TaggedAttachmentsTest-1464175953-project-member] Calling method 'show' {{(pid=96100) _process_stack /opt/stack/cinder/cinder/api/openstack/wsgi.py:878}}
Jun 19 06:54:24.337641 np0000003251 devstack@c-api.service[96101]: INFO cinder.api.openstack.wsgi [None req-2ca043ff-5ab9-4a04-823d-01fa6cd40763 tempest-VolumeQuotasAdminTestJSON-1164756106 tempest-VolumeQuotasAdminTestJSON-1164756106-project-admin] https://10.4.3.19/volume/v3/os-quota-sets/ffc002369f9c4a0b9f9bc7bbe3e8b15a?usage=True returned with HTTP 200
Jun 19 06:54:24.338118 np0000003251 devstack@c-api.service[96101]: [pid: 96101|app: 0|req: 178/385] 10.4.3.19 () {66 vars in 1368 bytes} [Fri Jun 19 06:54:24 2026] GET /volume/v3/os-quota-sets/ffc002369f9c4a0b9f9bc7bbe3e8b15a?usage=True => generated 1473 bytes in 34 msecs (HTTP/1.1 200) 7 headers in 286 bytes (1 switches on core 0)
Jun 19 06:54:24.345570 np0000003251 devstack@c-api.service[96100]: /opt/stack/data/venv/lib/python3.12/site-packages/oslo_context/context.py:102: DeprecationWarning: Policy enforcement is depending on the value of is_admin. This key is deprecated. Please update your policy file to use the standard policy values.
Jun 19 06:54:24.345570 np0000003251 devstack@c-api.service[96100]: warnings.warn(
Jun 19 06:54:24.351211 np0000003251 devstack@c-api.service[96100]: INFO cinder.volume.api [req-2067d7af-9275-47a9-a3f1-beea804cc270 req-a1e00f41-c966-4489-8b54-2694496acedf tempest-TaggedAttachmentsTest-1464175953 tempest-TaggedAttachmentsTest-1464175953-project-member] Volume info retrieved successfully.
Jun 19 06:54:24.356357 np0000003251 devstack@c-api.service[96101]: DEBUG cinder.api.middleware.request_id [None req-ed9c1c36-51db-4dee-a270-5ae4061e498f None None] RequestId filter calling following filter/app {{(pid=96101) _context_setter /opt/stack/cinder/cinder/api/middleware/request_id.py:62}}
Jun 19 06:54:24.358840 np0000003251 devstack@c-api.service[96101]: INFO cinder.api.openstack.wsgi [None req-ed9c1c36-51db-4dee-a270-5ae4061e498f tempest-VolumeQuotasAdminTestJSON-1164756106 tempest-VolumeQuotasAdminTestJSON-1164756106-project-admin] DELETE https://10.4.3.19/volume/v3/volumes/e2d06ff9-6bc1-4a12-8afd-67c134977575
Jun 19 06:54:24.359290 np0000003251 devstack@c-api.service[96101]: DEBUG cinder.api.openstack.wsgi [None req-ed9c1c36-51db-4dee-a270-5ae4061e498f tempest-VolumeQuotasAdminTestJSON-1164756106 tempest-VolumeQuotasAdminTestJSON-1164756106-project-admin] Empty body provided in request {{(pid=96101) get_body /opt/stack/cinder/cinder/api/openstack/wsgi.py:725}}
Jun 19 06:54:24.359714 np0000003251 devstack@c-api.service[96101]: DEBUG cinder.api.openstack.wsgi [None req-ed9c1c36-51db-4dee-a270-5ae4061e498f tempest-VolumeQuotasAdminTestJSON-1164756106 tempest-VolumeQuotasAdminTestJSON-1164756106-project-admin] Calling method 'delete' {{(pid=96101) _process_stack /opt/stack/cinder/cinder/api/openstack/wsgi.py:878}}
Jun 19 06:54:24.359948 np0000003251 devstack@c-api.service[96100]: INFO cinder.api.openstack.wsgi [req-2067d7af-9275-47a9-a3f1-beea804cc270 req-a1e00f41-c966-4489-8b54-2694496acedf tempest-TaggedAttachmentsTest-1464175953 tempest-TaggedAttachmentsTest-1464175953-project-member] https://10.4.3.19/volume/v3/volumes/d920bc7b-ed69-4cb6-a99b-75245a76b698 returned with HTTP 200
Jun 19 06:54:24.360011 np0000003251 devstack@c-api.service[96101]: INFO cinder.api.v3.volumes [None req-ed9c1c36-51db-4dee-a270-5ae4061e498f tempest-VolumeQuotasAdminTestJSON-1164756106 tempest-VolumeQuotasAdminTestJSON-1164756106-project-admin] Delete volume with id: e2d06ff9-6bc1-4a12-8afd-67c134977575
Jun 19 06:54:24.360367 np0000003251 devstack@c-api.service[96100]: [pid: 96100|app: 0|req: 208/386] 10.4.3.19 () {68 vars in 1591 bytes} [Fri Jun 19 06:54:24 2026] GET /volume/v3/volumes/d920bc7b-ed69-4cb6-a99b-75245a76b698 => generated 1135 bytes in 32 msecs (HTTP/1.1 200) 7 headers in 286 bytes (1 switches on core 0)
Jun 19 06:54:24.371633 np0000003251 devstack@c-api.service[96101]: /opt/stack/data/venv/lib/python3.12/site-packages/oslo_context/context.py:102: DeprecationWarning: Policy enforcement is depending on the value of is_admin. This key is deprecated. Please update your policy file to use the standard policy values.
Jun 19 06:54:24.371633 np0000003251 devstack@c-api.service[96101]: warnings.warn(
Jun 19 06:54:24.371633 np0000003251 devstack@c-api.service[96101]: INFO cinder.volume.api [None req-ed9c1c36-51db-4dee-a270-5ae4061e498f tempest-VolumeQuotasAdminTestJSON-1164756106 tempest-VolumeQuotasAdminTestJSON-1164756106-project-admin] Volume info retrieved successfully.
Jun 19 06:54:24.402476 np0000003251 devstack@c-api.service[96101]: INFO cinder.volume.api [None req-ed9c1c36-51db-4dee-a270-5ae4061e498f tempest-VolumeQuotasAdminTestJSON-1164756106 tempest-VolumeQuotasAdminTestJSON-1164756106-project-admin] Delete volume request issued successfully.
Jun 19 06:54:24.402773 np0000003251 devstack@c-api.service[96101]: INFO cinder.api.openstack.wsgi [None req-ed9c1c36-51db-4dee-a270-5ae4061e498f tempest-VolumeQuotasAdminTestJSON-1164756106 tempest-VolumeQuotasAdminTestJSON-1164756106-project-admin] https://10.4.3.19/volume/v3/volumes/e2d06ff9-6bc1-4a12-8afd-67c134977575 returned with HTTP 202
Jun 19 06:54:24.403360 np0000003251 devstack@c-api.service[96101]: [pid: 96101|app: 0|req: 179/387] 10.4.3.19 () {66 vars in 1344 bytes} [Fri Jun 19 06:54:24 2026] DELETE /volume/v3/volumes/e2d06ff9-6bc1-4a12-8afd-67c134977575 => generated 0 bytes in 48 msecs (HTTP/1.1 202) 6 headers in 233 bytes (1 switches on core 0)
Jun 19 06:54:24.421604 np0000003251 devstack@c-api.service[96100]: DEBUG cinder.api.middleware.request_id [None req-11e5f6f8-3e05-4e21-9af0-fee01b3e6a9e None None] RequestId filter calling following filter/app {{(pid=96100) _context_setter /opt/stack/cinder/cinder/api/middleware/request_id.py:62}}
Jun 19 06:54:24.425936 np0000003251 devstack@c-api.service[96101]: DEBUG cinder.api.middleware.request_id [req-2067d7af-9275-47a9-a3f1-beea804cc270 req-fc21ef4a-cdf7-4018-8653-b55186679b32 None None] RequestId filter calling following filter/app {{(pid=96101) _context_setter /opt/stack/cinder/cinder/api/middleware/request_id.py:62}}
Jun 19 06:54:24.427340 np0000003251 devstack@c-api.service[96100]: INFO cinder.api.openstack.wsgi [None req-11e5f6f8-3e05-4e21-9af0-fee01b3e6a9e tempest-VolumeQuotasAdminTestJSON-1164756106 tempest-VolumeQuotasAdminTestJSON-1164756106-project-admin] GET https://10.4.3.19/volume/v3/volumes/e2d06ff9-6bc1-4a12-8afd-67c134977575
Jun 19 06:54:24.428970 np0000003251 devstack@c-api.service[96100]: DEBUG cinder.api.openstack.wsgi [None req-11e5f6f8-3e05-4e21-9af0-fee01b3e6a9e tempest-VolumeQuotasAdminTestJSON-1164756106 tempest-VolumeQuotasAdminTestJSON-1164756106-project-admin] Empty body provided in request {{(pid=96100) get_body /opt/stack/cinder/cinder/api/openstack/wsgi.py:725}}
Jun 19 06:54:24.429028 np0000003251 devstack@c-api.service[96101]: INFO cinder.api.openstack.wsgi [req-2067d7af-9275-47a9-a3f1-beea804cc270 req-fc21ef4a-cdf7-4018-8653-b55186679b32 tempest-TaggedAttachmentsTest-1464175953 tempest-TaggedAttachmentsTest-1464175953-project-member] POST https://10.4.3.19/volume/v3/volumes/d920bc7b-ed69-4cb6-a99b-75245a76b698/action
Jun 19 06:54:24.429329 np0000003251 devstack@c-api.service[96100]: DEBUG cinder.api.openstack.wsgi [None req-11e5f6f8-3e05-4e21-9af0-fee01b3e6a9e tempest-VolumeQuotasAdminTestJSON-1164756106 tempest-VolumeQuotasAdminTestJSON-1164756106-project-admin] Calling method 'show' {{(pid=96100) _process_stack /opt/stack/cinder/cinder/api/openstack/wsgi.py:878}}
Jun 19 06:54:24.429375 np0000003251 devstack@c-api.service[96101]: DEBUG cinder.api.openstack.wsgi [req-2067d7af-9275-47a9-a3f1-beea804cc270 req-fc21ef4a-cdf7-4018-8653-b55186679b32 tempest-TaggedAttachmentsTest-1464175953 tempest-TaggedAttachmentsTest-1464175953-project-member] Action body: b'{"os-begin_detaching": null}' {{(pid=96101) get_method /opt/stack/cinder/cinder/api/openstack/wsgi.py:993}}
Jun 19 06:54:24.430333 np0000003251 devstack@c-api.service[96101]: DEBUG cinder.api.openstack.wsgi [req-2067d7af-9275-47a9-a3f1-beea804cc270 req-fc21ef4a-cdf7-4018-8653-b55186679b32 tempest-TaggedAttachmentsTest-1464175953 tempest-TaggedAttachmentsTest-1464175953-project-member] Action: 'action', calling method: _begin_detaching, body: {"os-begin_detaching": null} {{(pid=96101) _process_stack /opt/stack/cinder/cinder/api/openstack/wsgi.py:876}}
Jun 19 06:54:24.442422 np0000003251 devstack@c-api.service[96100]: /opt/stack/data/venv/lib/python3.12/site-packages/oslo_context/context.py:102: DeprecationWarning: Policy enforcement is depending on the value of is_admin. This key is deprecated. Please update your policy file to use the standard policy values.
Jun 19 06:54:24.442422 np0000003251 devstack@c-api.service[96100]: warnings.warn(
Jun 19 06:54:24.449589 np0000003251 devstack@c-api.service[96100]: INFO cinder.volume.api [None req-11e5f6f8-3e05-4e21-9af0-fee01b3e6a9e tempest-VolumeQuotasAdminTestJSON-1164756106 tempest-VolumeQuotasAdminTestJSON-1164756106-project-admin] Volume info retrieved successfully.
Jun 19 06:54:24.452826 np0000003251 devstack@c-api.service[96101]: /opt/stack/data/venv/lib/python3.12/site-packages/oslo_context/context.py:102: DeprecationWarning: Policy enforcement is depending on the value of is_admin. This key is deprecated. Please update your policy file to use the standard policy values.
Jun 19 06:54:24.452826 np0000003251 devstack@c-api.service[96101]: warnings.warn(
Jun 19 06:54:24.453981 np0000003251 devstack@c-api.service[96101]: INFO cinder.volume.api [req-2067d7af-9275-47a9-a3f1-beea804cc270 req-fc21ef4a-cdf7-4018-8653-b55186679b32 tempest-TaggedAttachmentsTest-1464175953 tempest-TaggedAttachmentsTest-1464175953-project-member] Volume info retrieved successfully.
Jun 19 06:54:24.458794 np0000003251 devstack@c-api.service[96100]: INFO cinder.api.openstack.wsgi [None req-11e5f6f8-3e05-4e21-9af0-fee01b3e6a9e tempest-VolumeQuotasAdminTestJSON-1164756106 tempest-VolumeQuotasAdminTestJSON-1164756106-project-admin] https://10.4.3.19/volume/v3/volumes/e2d06ff9-6bc1-4a12-8afd-67c134977575 returned with HTTP 200
Jun 19 06:54:24.459237 np0000003251 devstack@c-api.service[96100]: [pid: 96100|app: 0|req: 209/388] 10.4.3.19 () {66 vars in 1341 bytes} [Fri Jun 19 06:54:24 2026] GET /volume/v3/volumes/e2d06ff9-6bc1-4a12-8afd-67c134977575 => generated 1010 bytes in 40 msecs (HTTP/1.1 200) 7 headers in 286 bytes (1 switches on core 0)
Jun 19 06:54:24.471738 np0000003251 devstack@c-api.service[96101]: INFO cinder.volume.api [req-2067d7af-9275-47a9-a3f1-beea804cc270 req-fc21ef4a-cdf7-4018-8653-b55186679b32 tempest-TaggedAttachmentsTest-1464175953 tempest-TaggedAttachmentsTest-1464175953-project-member] Begin detaching volume completed successfully.
Jun 19 06:54:24.471738 np0000003251 devstack@c-api.service[96101]: INFO cinder.api.openstack.wsgi [req-2067d7af-9275-47a9-a3f1-beea804cc270 req-fc21ef4a-cdf7-4018-8653-b55186679b32 tempest-TaggedAttachmentsTest-1464175953 tempest-TaggedAttachmentsTest-1464175953-project-member] https://10.4.3.19/volume/v3/volumes/d920bc7b-ed69-4cb6-a99b-75245a76b698/action returned with HTTP 202
Jun 19 06:54:24.471738 np0000003251 devstack@c-api.service[96101]: [pid: 96101|app: 0|req: 180/389] 10.4.3.19 () {72 vars in 1665 bytes} [Fri Jun 19 06:54:24 2026] POST /volume/v3/volumes/d920bc7b-ed69-4cb6-a99b-75245a76b698/action => generated 0 bytes in 46 msecs (HTTP/1.1 202) 7 headers in 289 bytes (1 switches on core 0)
Jun 19 06:54:24.507128 np0000003251 devstack@c-api.service[96100]: DEBUG cinder.api.middleware.request_id [None req-cd479e3b-8947-456d-8c32-6f15a7cbc19d None None] RequestId filter calling following filter/app {{(pid=96100) _context_setter /opt/stack/cinder/cinder/api/middleware/request_id.py:62}}
Jun 19 06:54:24.512053 np0000003251 devstack@c-api.service[96100]: INFO cinder.api.openstack.wsgi [None req-cd479e3b-8947-456d-8c32-6f15a7cbc19d tempest-TaggedAttachmentsTest-1464175953 tempest-TaggedAttachmentsTest-1464175953-project-member] GET https://10.4.3.19/volume/v3/volumes/d920bc7b-ed69-4cb6-a99b-75245a76b698
Jun 19 06:54:24.512302 np0000003251 devstack@c-api.service[96100]: DEBUG cinder.api.openstack.wsgi [None req-cd479e3b-8947-456d-8c32-6f15a7cbc19d tempest-TaggedAttachmentsTest-1464175953 tempest-TaggedAttachmentsTest-1464175953-project-member] Empty body provided in request {{(pid=96100) get_body /opt/stack/cinder/cinder/api/openstack/wsgi.py:725}}
Jun 19 06:54:24.512590 np0000003251 devstack@c-api.service[96100]: DEBUG cinder.api.openstack.wsgi [None req-cd479e3b-8947-456d-8c32-6f15a7cbc19d tempest-TaggedAttachmentsTest-1464175953 tempest-TaggedAttachmentsTest-1464175953-project-member] Calling method 'show' {{(pid=96100) _process_stack /opt/stack/cinder/cinder/api/openstack/wsgi.py:878}}
Jun 19 06:54:24.528075 np0000003251 devstack@c-api.service[96100]: /opt/stack/data/venv/lib/python3.12/site-packages/oslo_context/context.py:102: DeprecationWarning: Policy enforcement is depending on the value of is_admin. This key is deprecated. Please update your policy file to use the standard policy values.
Jun 19 06:54:24.528075 np0000003251 devstack@c-api.service[96100]: warnings.warn(
Jun 19 06:54:24.536792 np0000003251 devstack@c-api.service[96100]: INFO cinder.volume.api [None req-cd479e3b-8947-456d-8c32-6f15a7cbc19d tempest-TaggedAttachmentsTest-1464175953 tempest-TaggedAttachmentsTest-1464175953-project-member] Volume info retrieved successfully.
Jun 19 06:54:24.545599 np0000003251 devstack@c-api.service[96100]: INFO cinder.api.openstack.wsgi [None req-cd479e3b-8947-456d-8c32-6f15a7cbc19d tempest-TaggedAttachmentsTest-1464175953 tempest-TaggedAttachmentsTest-1464175953-project-member] https://10.4.3.19/volume/v3/volumes/d920bc7b-ed69-4cb6-a99b-75245a76b698 returned with HTTP 200
Jun 19 06:54:24.546130 np0000003251 devstack@c-api.service[96100]: [pid: 96100|app: 0|req: 210/390] 10.4.3.19 () {66 vars in 1341 bytes} [Fri Jun 19 06:54:24 2026] GET /volume/v3/volumes/d920bc7b-ed69-4cb6-a99b-75245a76b698 => generated 1138 bytes in 40 msecs (HTTP/1.1 200) 7 headers in 286 bytes (1 switches on core 0)
Jun 19 06:54:25.219744 np0000003251 devstack@c-api.service[96101]: DEBUG cinder.api.middleware.request_id [None req-2bb36021-b601-424a-9d09-a29dfc5cce6a None None] RequestId filter calling following filter/app {{(pid=96101) _context_setter /opt/stack/cinder/cinder/api/middleware/request_id.py:62}}
Jun 19 06:54:25.223070 np0000003251 devstack@c-api.service[96101]: INFO cinder.api.openstack.wsgi [None req-2bb36021-b601-424a-9d09-a29dfc5cce6a tempest-VolumeTypesTest-1612309073 tempest-VolumeTypesTest-1612309073-project-member] GET https://10.4.3.19/volume/v3/volumes/3933583f-8ca6-4808-be45-86b318f00553
Jun 19 06:54:25.223070 np0000003251 devstack@c-api.service[96101]: DEBUG cinder.api.openstack.wsgi [None req-2bb36021-b601-424a-9d09-a29dfc5cce6a tempest-VolumeTypesTest-1612309073 tempest-VolumeTypesTest-1612309073-project-member] Empty body provided in request {{(pid=96101) get_body /opt/stack/cinder/cinder/api/openstack/wsgi.py:725}}
Jun 19 06:54:25.223223 np0000003251 devstack@c-api.service[96101]: DEBUG cinder.api.openstack.wsgi [None req-2bb36021-b601-424a-9d09-a29dfc5cce6a tempest-VolumeTypesTest-1612309073 tempest-VolumeTypesTest-1612309073-project-member] Calling method 'show' {{(pid=96101) _process_stack /opt/stack/cinder/cinder/api/openstack/wsgi.py:878}}
Jun 19 06:54:25.235693 np0000003251 devstack@c-api.service[96101]: /opt/stack/data/venv/lib/python3.12/site-packages/oslo_context/context.py:102: DeprecationWarning: Policy enforcement is depending on the value of is_admin. This key is deprecated. Please update your policy file to use the standard policy values.
Jun 19 06:54:25.235693 np0000003251 devstack@c-api.service[96101]: warnings.warn(
Jun 19 06:54:25.240820 np0000003251 devstack@c-api.service[96101]: INFO cinder.volume.api [None req-2bb36021-b601-424a-9d09-a29dfc5cce6a tempest-VolumeTypesTest-1612309073 tempest-VolumeTypesTest-1612309073-project-member] Volume info retrieved successfully.
Jun 19 06:54:25.246130 np0000003251 devstack@c-api.service[96101]: INFO cinder.api.openstack.wsgi [None req-2bb36021-b601-424a-9d09-a29dfc5cce6a tempest-VolumeTypesTest-1612309073 tempest-VolumeTypesTest-1612309073-project-member] https://10.4.3.19/volume/v3/volumes/3933583f-8ca6-4808-be45-86b318f00553 returned with HTTP 200
Jun 19 06:54:25.246882 np0000003251 devstack@c-api.service[96101]: [pid: 96101|app: 0|req: 181/391] 10.4.3.19 () {66 vars in 1341 bytes} [Fri Jun 19 06:54:25 2026] GET /volume/v3/volumes/3933583f-8ca6-4808-be45-86b318f00553 => generated 875 bytes in 27 msecs (HTTP/1.1 200) 7 headers in 285 bytes (1 switches on core 0)
Jun 19 06:54:25.266330 np0000003251 devstack@c-api.service[96100]: DEBUG cinder.api.middleware.request_id [None req-5ac9e730-4d7c-4344-bd76-dba064e7df90 None None] RequestId filter calling following filter/app {{(pid=96100) _context_setter /opt/stack/cinder/cinder/api/middleware/request_id.py:62}}
Jun 19 06:54:25.268064 np0000003251 devstack@c-api.service[96100]: INFO cinder.api.openstack.wsgi [None req-5ac9e730-4d7c-4344-bd76-dba064e7df90 tempest-VolumeTypesTest-1612309073 tempest-VolumeTypesTest-1612309073-project-member] GET https://10.4.3.19/volume/v3/volumes/3933583f-8ca6-4808-be45-86b318f00553
Jun 19 06:54:25.268251 np0000003251 devstack@c-api.service[96100]: DEBUG cinder.api.openstack.wsgi [None req-5ac9e730-4d7c-4344-bd76-dba064e7df90 tempest-VolumeTypesTest-1612309073 tempest-VolumeTypesTest-1612309073-project-member] Empty body provided in request {{(pid=96100) get_body /opt/stack/cinder/cinder/api/openstack/wsgi.py:725}}
Jun 19 06:54:25.268424 np0000003251 devstack@c-api.service[96100]: DEBUG cinder.api.openstack.wsgi [None req-5ac9e730-4d7c-4344-bd76-dba064e7df90 tempest-VolumeTypesTest-1612309073 tempest-VolumeTypesTest-1612309073-project-member] Calling method 'show' {{(pid=96100) _process_stack /opt/stack/cinder/cinder/api/openstack/wsgi.py:878}}
Jun 19 06:54:25.279832 np0000003251 devstack@c-api.service[96100]: /opt/stack/data/venv/lib/python3.12/site-packages/oslo_context/context.py:102: DeprecationWarning: Policy enforcement is depending on the value of is_admin. This key is deprecated. Please update your policy file to use the standard policy values.
Jun 19 06:54:25.279832 np0000003251 devstack@c-api.service[96100]: warnings.warn(
Jun 19 06:54:25.285095 np0000003251 devstack@c-api.service[96100]: INFO cinder.volume.api [None req-5ac9e730-4d7c-4344-bd76-dba064e7df90 tempest-VolumeTypesTest-1612309073 tempest-VolumeTypesTest-1612309073-project-member] Volume info retrieved successfully.
Jun 19 06:54:25.291231 np0000003251 devstack@c-api.service[96100]: INFO cinder.api.openstack.wsgi [None req-5ac9e730-4d7c-4344-bd76-dba064e7df90 tempest-VolumeTypesTest-1612309073 tempest-VolumeTypesTest-1612309073-project-member] https://10.4.3.19/volume/v3/volumes/3933583f-8ca6-4808-be45-86b318f00553 returned with HTTP 200
Jun 19 06:54:25.291873 np0000003251 devstack@c-api.service[96100]: [pid: 96100|app: 0|req: 211/392] 10.4.3.19 () {66 vars in 1341 bytes} [Fri Jun 19 06:54:25 2026] GET /volume/v3/volumes/3933583f-8ca6-4808-be45-86b318f00553 => generated 875 bytes in 25 msecs (HTTP/1.1 200) 7 headers in 285 bytes (1 switches on core 0)
Jun 19 06:54:25.306955 np0000003251 devstack@c-api.service[96101]: DEBUG cinder.api.middleware.request_id [None req-356f0f87-d51e-4828-813d-e5c5467f8779 None None] RequestId filter calling following filter/app {{(pid=96101) _context_setter /opt/stack/cinder/cinder/api/middleware/request_id.py:62}}
