Jun 16 17:43:24.735705 np0000002975 devstack@g-api.service[102061]: DEBUG oslo_utils.imageutils.format_inspector [None req-c597ad67-120c-48ef-981d-8e8f1ec26ee4 tempest-VolumesNegativeTest-1288654838 tempest-VolumesNegativeTest-1288654838-project-member] Format inspector for vmdk does not match, excluding from consideration (Signature KDMV not found: b'\x1b\x13*\x8f') {{(pid=102061) _process_chunk /opt/stack/data/venv/lib/python3.12/site-packages/oslo_utils/imageutils/format_inspector.py:1758}}
Jun 16 17:43:24.764893 np0000002975 devstack@g-api.service[102061]: DEBUG swiftclient [None req-c597ad67-120c-48ef-981d-8e8f1ec26ee4 tempest-VolumesNegativeTest-1288654838 tempest-VolumesNegativeTest-1288654838-project-member] REQ: curl -i https://10.4.3.169:8080/v1/AUTH_707b7dc199db431da76cc69d89b88460/glance/d59025aa-4960-400c-ba53-d505e206aa85 -X PUT -H "X-Auth-Token: gAAAAABqMYs81kyG..." -H "Content-Length: 1024" {{(pid=102061) http_log /opt/stack/data/venv/lib/python3.12/site-packages/swiftclient/client.py:160}}
Jun 16 17:43:24.764893 np0000002975 devstack@g-api.service[102061]: DEBUG swiftclient [None req-c597ad67-120c-48ef-981d-8e8f1ec26ee4 tempest-VolumesNegativeTest-1288654838 tempest-VolumesNegativeTest-1288654838-project-member] RESP STATUS: 201 Created {{(pid=102061) http_log /opt/stack/data/venv/lib/python3.12/site-packages/swiftclient/client.py:161}}
Jun 16 17:43:24.764893 np0000002975 devstack@g-api.service[102061]: DEBUG swiftclient [None req-c597ad67-120c-48ef-981d-8e8f1ec26ee4 tempest-VolumesNegativeTest-1288654838 tempest-VolumesNegativeTest-1288654838-project-member] RESP HEADERS: {'Date': 'Tue, 16 Jun 2026 17:43:24 GMT', 'Server': 'Apache/2.4.58 (Ubuntu)', 'Content-Type': 'text/html; charset=UTF-8', 'Content-Length': '0', 'Etag': '5b5d6d7605ec3c86dccffef1d7897dda', 'Last-Modified': 'Tue, 16 Jun 2026 17:43:25 GMT', 'X-Trans-Id': 'txed8e4b3df3764545b031f-006a318b3c', 'X-Openstack-Request-Id': 'txed8e4b3df3764545b031f-006a318b3c', 'Connection': 'close'} {{(pid=102061) http_log /opt/stack/data/venv/lib/python3.12/site-packages/swiftclient/client.py:162}}
Jun 16 17:43:24.764893 np0000002975 devstack@g-api.service[102061]: INFO glance.location [None req-c597ad67-120c-48ef-981d-8e8f1ec26ee4 tempest-VolumesNegativeTest-1288654838 tempest-VolumesNegativeTest-1288654838-project-member] Image format matched and virtual size computed: 1024
Jun 16 17:43:24.825542 np0000002975 devstack@g-api.service[102061]: DEBUG glance_store.backend [None req-c597ad67-120c-48ef-981d-8e8f1ec26ee4 tempest-VolumesNegativeTest-1288654838 tempest-VolumesNegativeTest-1288654838-project-member] Attempting to import store swift {{(pid=102061) _load_store /opt/stack/data/venv/lib/python3.12/site-packages/glance_store/backend.py:215}}
Jun 16 17:43:24.828325 np0000002975 devstack@g-api.service[102061]: DEBUG glance_store.capabilities [None req-c597ad67-120c-48ef-981d-8e8f1ec26ee4 tempest-VolumesNegativeTest-1288654838 tempest-VolumesNegativeTest-1288654838-project-member] Store glance_store._drivers.swift.store.SingleTenantStore doesn't support updating dynamic storage capabilities. Please overwrite 'update_capabilities' method of the store to implement updating logics if needed. {{(pid=102061) update_capabilities /opt/stack/data/venv/lib/python3.12/site-packages/glance_store/capabilities.py:91}}
Jun 16 17:43:24.828325 np0000002975 devstack@g-api.service[102061]: DEBUG glance_store.driver [None req-c597ad67-120c-48ef-981d-8e8f1ec26ee4 tempest-VolumesNegativeTest-1288654838 tempest-VolumesNegativeTest-1288654838-project-member] Late loading location class glance_store._drivers.swift.store.StoreLocation {{(pid=102061) get_store_location_class /opt/stack/data/venv/lib/python3.12/site-packages/glance_store/driver.py:134}}
Jun 16 17:43:24.828735 np0000002975 devstack@g-api.service[102061]: DEBUG glance_store.location [None req-c597ad67-120c-48ef-981d-8e8f1ec26ee4 tempest-VolumesNegativeTest-1288654838 tempest-VolumesNegativeTest-1288654838-project-member] Registering scheme swift+https with {'store': , 'location_class': , 'store_entry': 'swift'} {{(pid=102061) register_scheme_map /opt/stack/data/venv/lib/python3.12/site-packages/glance_store/location.py:146}}
Jun 16 17:43:24.828952 np0000002975 devstack@g-api.service[102061]: DEBUG glance_store.location [None req-c597ad67-120c-48ef-981d-8e8f1ec26ee4 tempest-VolumesNegativeTest-1288654838 tempest-VolumesNegativeTest-1288654838-project-member] Registering scheme swift+https with {'store': , 'location_class': , 'store_entry': 'swift'} {{(pid=102061) register_scheme_map /opt/stack/data/venv/lib/python3.12/site-packages/glance_store/location.py:146}}
Jun 16 17:43:24.829170 np0000002975 devstack@g-api.service[102061]: DEBUG glance_store.location [None req-c597ad67-120c-48ef-981d-8e8f1ec26ee4 tempest-VolumesNegativeTest-1288654838 tempest-VolumesNegativeTest-1288654838-project-member] Registering scheme swift with {'store': , 'location_class': , 'store_entry': 'swift'} {{(pid=102061) register_scheme_map /opt/stack/data/venv/lib/python3.12/site-packages/glance_store/location.py:146}}
Jun 16 17:43:24.829245 np0000002975 devstack@g-api.service[102061]: DEBUG glance_store.location [None req-c597ad67-120c-48ef-981d-8e8f1ec26ee4 tempest-VolumesNegativeTest-1288654838 tempest-VolumesNegativeTest-1288654838-project-member] Registering scheme swift+https with {'store': , 'location_class': , 'store_entry': 'swift'} {{(pid=102061) register_scheme_map /opt/stack/data/venv/lib/python3.12/site-packages/glance_store/location.py:146}}
Jun 16 17:43:24.829333 np0000002975 devstack@g-api.service[102061]: DEBUG glance_store.location [None req-c597ad67-120c-48ef-981d-8e8f1ec26ee4 tempest-VolumesNegativeTest-1288654838 tempest-VolumesNegativeTest-1288654838-project-member] Registering scheme swift with {'store': , 'location_class': , 'store_entry': 'swift'} {{(pid=102061) register_scheme_map /opt/stack/data/venv/lib/python3.12/site-packages/glance_store/location.py:146}}
Jun 16 17:43:24.829444 np0000002975 devstack@g-api.service[102061]: DEBUG glance_store.location [None req-c597ad67-120c-48ef-981d-8e8f1ec26ee4 tempest-VolumesNegativeTest-1288654838 tempest-VolumesNegativeTest-1288654838-project-member] Registering scheme swift+http with {'store': , 'location_class': , 'store_entry': 'swift'} {{(pid=102061) register_scheme_map /opt/stack/data/venv/lib/python3.12/site-packages/glance_store/location.py:146}}
Jun 16 17:43:24.829561 np0000002975 devstack@g-api.service[102061]: DEBUG glance_store.location [None req-c597ad67-120c-48ef-981d-8e8f1ec26ee4 tempest-VolumesNegativeTest-1288654838 tempest-VolumesNegativeTest-1288654838-project-member] Registering scheme swift+https with {'store': , 'location_class': , 'store_entry': 'swift'} {{(pid=102061) register_scheme_map /opt/stack/data/venv/lib/python3.12/site-packages/glance_store/location.py:146}}
Jun 16 17:43:24.829724 np0000002975 devstack@g-api.service[102061]: DEBUG glance_store.location [None req-c597ad67-120c-48ef-981d-8e8f1ec26ee4 tempest-VolumesNegativeTest-1288654838 tempest-VolumesNegativeTest-1288654838-project-member] Registering scheme swift with {'store': , 'location_class': , 'store_entry': 'swift'} {{(pid=102061) register_scheme_map /opt/stack/data/venv/lib/python3.12/site-packages/glance_store/location.py:146}}
Jun 16 17:43:24.830249 np0000002975 devstack@g-api.service[102061]: DEBUG glance_store.location [None req-c597ad67-120c-48ef-981d-8e8f1ec26ee4 tempest-VolumesNegativeTest-1288654838 tempest-VolumesNegativeTest-1288654838-project-member] Registering scheme swift+http with {'store': , 'location_class': , 'store_entry': 'swift'} {{(pid=102061) register_scheme_map /opt/stack/data/venv/lib/python3.12/site-packages/glance_store/location.py:146}}
Jun 16 17:43:24.830249 np0000002975 devstack@g-api.service[102061]: DEBUG glance_store.location [None req-c597ad67-120c-48ef-981d-8e8f1ec26ee4 tempest-VolumesNegativeTest-1288654838 tempest-VolumesNegativeTest-1288654838-project-member] Registering scheme swift+config with {'store': , 'location_class': , 'store_entry': 'swift'} {{(pid=102061) register_scheme_map /opt/stack/data/venv/lib/python3.12/site-packages/glance_store/location.py:146}}
Jun 16 17:43:24.830249 np0000002975 devstack@g-api.service[102061]: DEBUG glance_store.backend [None req-c597ad67-120c-48ef-981d-8e8f1ec26ee4 tempest-VolumesNegativeTest-1288654838 tempest-VolumesNegativeTest-1288654838-project-member] Skipping store.set_acls... not implemented. {{(pid=102061) set_acls /opt/stack/data/venv/lib/python3.12/site-packages/glance_store/backend.py:507}}
Jun 16 17:43:24.832588 np0000002975 devstack@g-api.service[102061]: [pid: 102061|app: 0|req: 117/355] 127.0.0.1 () {40 vars in 847 bytes} [Tue Jun 16 17:43:22 2026] PUT /v2/images/d59025aa-4960-400c-ba53-d505e206aa85/file => generated 0 bytes in 1873 msecs (HTTP/1.1 204) 4 headers in 171 bytes (1 switches on core 0)
Jun 16 17:43:24.845812 np0000002975 devstack@g-api.service[102063]: DEBUG glance.api.middleware.version_negotiation [None req-80d7efb5-7795-4e3e-842c-840139710b06 tempest-AttachVolumeMultiAttachTest-729528274 tempest-AttachVolumeMultiAttachTest-729528274-project-member] Determining version of request: GET /v2/images/d59025aa-4960-400c-ba53-d505e206aa85 Accept: application/json {{(pid=102063) process_request /opt/stack/glance/glance/api/middleware/version_negotiation.py:44}}
Jun 16 17:43:24.845812 np0000002975 devstack@g-api.service[102063]: DEBUG glance.api.middleware.version_negotiation [None req-80d7efb5-7795-4e3e-842c-840139710b06 tempest-AttachVolumeMultiAttachTest-729528274 tempest-AttachVolumeMultiAttachTest-729528274-project-member] Using url versioning {{(pid=102063) process_request /opt/stack/glance/glance/api/middleware/version_negotiation.py:57}}
Jun 16 17:43:24.845812 np0000002975 devstack@g-api.service[102063]: DEBUG glance.api.middleware.version_negotiation [None req-80d7efb5-7795-4e3e-842c-840139710b06 tempest-AttachVolumeMultiAttachTest-729528274 tempest-AttachVolumeMultiAttachTest-729528274-project-member] Matched version: v2 {{(pid=102063) process_request /opt/stack/glance/glance/api/middleware/version_negotiation.py:69}}
Jun 16 17:43:24.846020 np0000002975 devstack@g-api.service[102063]: DEBUG glance.api.middleware.version_negotiation [None req-80d7efb5-7795-4e3e-842c-840139710b06 tempest-AttachVolumeMultiAttachTest-729528274 tempest-AttachVolumeMultiAttachTest-729528274-project-member] new path /v2/images/d59025aa-4960-400c-ba53-d505e206aa85 {{(pid=102063) process_request /opt/stack/glance/glance/api/middleware/version_negotiation.py:70}}
Jun 16 17:43:24.861302 np0000002975 devstack@g-api.service[102063]: [pid: 102063|app: 0|req: 119/356] 127.0.0.1 () {40 vars in 838 bytes} [Tue Jun 16 17:43:24 2026] GET /v2/images/d59025aa-4960-400c-ba53-d505e206aa85 => generated 811 bytes in 16 msecs (HTTP/1.1 200) 4 headers in 157 bytes (1 switches on core 0)
Jun 16 17:43:24.884050 np0000002975 devstack@g-api.service[102062]: DEBUG glance.api.middleware.version_negotiation [None req-80d7efb5-7795-4e3e-842c-840139710b06 tempest-AttachVolumeMultiAttachTest-729528274 tempest-AttachVolumeMultiAttachTest-729528274-project-member] Determining version of request: GET /v2/images/d59025aa-4960-400c-ba53-d505e206aa85 Accept: */* {{(pid=102062) process_request /opt/stack/glance/glance/api/middleware/version_negotiation.py:44}}
Jun 16 17:43:24.885480 np0000002975 devstack@g-api.service[102062]: DEBUG glance.api.middleware.version_negotiation [None req-80d7efb5-7795-4e3e-842c-840139710b06 tempest-AttachVolumeMultiAttachTest-729528274 tempest-AttachVolumeMultiAttachTest-729528274-project-member] Using url versioning {{(pid=102062) process_request /opt/stack/glance/glance/api/middleware/version_negotiation.py:57}}
Jun 16 17:43:24.885480 np0000002975 devstack@g-api.service[102062]: DEBUG glance.api.middleware.version_negotiation [None req-80d7efb5-7795-4e3e-842c-840139710b06 tempest-AttachVolumeMultiAttachTest-729528274 tempest-AttachVolumeMultiAttachTest-729528274-project-member] Matched version: v2 {{(pid=102062) process_request /opt/stack/glance/glance/api/middleware/version_negotiation.py:69}}
Jun 16 17:43:24.885480 np0000002975 devstack@g-api.service[102062]: DEBUG glance.api.middleware.version_negotiation [None req-80d7efb5-7795-4e3e-842c-840139710b06 tempest-AttachVolumeMultiAttachTest-729528274 tempest-AttachVolumeMultiAttachTest-729528274-project-member] new path /v2/images/d59025aa-4960-400c-ba53-d505e206aa85 {{(pid=102062) process_request /opt/stack/glance/glance/api/middleware/version_negotiation.py:70}}
Jun 16 17:43:24.898728 np0000002975 devstack@g-api.service[102062]: [pid: 102062|app: 0|req: 121/357] 127.0.0.1 () {44 vars in 1115 bytes} [Tue Jun 16 17:43:24 2026] GET /v2/images/d59025aa-4960-400c-ba53-d505e206aa85 => generated 811 bytes in 14 msecs (HTTP/1.1 200) 4 headers in 157 bytes (1 switches on core 0)
Jun 16 17:43:24.910650 np0000002975 devstack@g-api.service[102061]: DEBUG glance.api.middleware.version_negotiation [None req-c597ad67-120c-48ef-981d-8e8f1ec26ee4 tempest-VolumesNegativeTest-1288654838 tempest-VolumesNegativeTest-1288654838-project-member] Determining version of request: GET /v2/schemas/image Accept: */* {{(pid=102061) process_request /opt/stack/glance/glance/api/middleware/version_negotiation.py:44}}
Jun 16 17:43:24.910852 np0000002975 devstack@g-api.service[102061]: DEBUG glance.api.middleware.version_negotiation [None req-c597ad67-120c-48ef-981d-8e8f1ec26ee4 tempest-VolumesNegativeTest-1288654838 tempest-VolumesNegativeTest-1288654838-project-member] Using url versioning {{(pid=102061) process_request /opt/stack/glance/glance/api/middleware/version_negotiation.py:57}}
Jun 16 17:43:24.911076 np0000002975 devstack@g-api.service[102061]: DEBUG glance.api.middleware.version_negotiation [None req-c597ad67-120c-48ef-981d-8e8f1ec26ee4 tempest-VolumesNegativeTest-1288654838 tempest-VolumesNegativeTest-1288654838-project-member] Matched version: v2 {{(pid=102061) process_request /opt/stack/glance/glance/api/middleware/version_negotiation.py:69}}
Jun 16 17:43:24.911255 np0000002975 devstack@g-api.service[102061]: DEBUG glance.api.middleware.version_negotiation [None req-c597ad67-120c-48ef-981d-8e8f1ec26ee4 tempest-VolumesNegativeTest-1288654838 tempest-VolumesNegativeTest-1288654838-project-member] new path /v2/schemas/image {{(pid=102061) process_request /opt/stack/glance/glance/api/middleware/version_negotiation.py:70}}
Jun 16 17:43:24.914595 np0000002975 devstack@g-api.service[102061]: [pid: 102061|app: 0|req: 118/358] 127.0.0.1 () {44 vars in 1055 bytes} [Tue Jun 16 17:43:24 2026] GET /v2/schemas/image => generated 6083 bytes in 4 msecs (HTTP/1.1 200) 4 headers in 158 bytes (1 switches on core 0)
Jun 16 17:43:24.925100 np0000002975 devstack@g-api.service[102063]: DEBUG glance.api.middleware.version_negotiation [None req-5a9d2059-eee0-4ae5-8f3c-d80e23207ddb tempest-VolumesNegativeTest-1288654838 tempest-VolumesNegativeTest-1288654838-project-member] Determining version of request: GET /v2/schemas/image Accept: */* {{(pid=102063) process_request /opt/stack/glance/glance/api/middleware/version_negotiation.py:44}}
Jun 16 17:43:24.925281 np0000002975 devstack@g-api.service[102063]: DEBUG glance.api.middleware.version_negotiation [None req-5a9d2059-eee0-4ae5-8f3c-d80e23207ddb tempest-VolumesNegativeTest-1288654838 tempest-VolumesNegativeTest-1288654838-project-member] Using url versioning {{(pid=102063) process_request /opt/stack/glance/glance/api/middleware/version_negotiation.py:57}}
Jun 16 17:43:24.925525 np0000002975 devstack@g-api.service[102063]: DEBUG glance.api.middleware.version_negotiation [None req-5a9d2059-eee0-4ae5-8f3c-d80e23207ddb tempest-VolumesNegativeTest-1288654838 tempest-VolumesNegativeTest-1288654838-project-member] Matched version: v2 {{(pid=102063) process_request /opt/stack/glance/glance/api/middleware/version_negotiation.py:69}}
Jun 16 17:43:24.925633 np0000002975 devstack@g-api.service[102063]: DEBUG glance.api.middleware.version_negotiation [None req-5a9d2059-eee0-4ae5-8f3c-d80e23207ddb tempest-VolumesNegativeTest-1288654838 tempest-VolumesNegativeTest-1288654838-project-member] new path /v2/schemas/image {{(pid=102063) process_request /opt/stack/glance/glance/api/middleware/version_negotiation.py:70}}
Jun 16 17:43:24.930240 np0000002975 devstack@g-api.service[102063]: [pid: 102063|app: 0|req: 120/359] 127.0.0.1 () {44 vars in 1055 bytes} [Tue Jun 16 17:43:24 2026] GET /v2/schemas/image => generated 6083 bytes in 5 msecs (HTTP/1.1 200) 4 headers in 158 bytes (1 switches on core 0)
Jun 16 17:43:24.941911 np0000002975 devstack@g-api.service[102062]: DEBUG glance.api.middleware.version_negotiation [None req-3eb823c7-a59c-4f91-8f06-d9966ba654d6 tempest-VolumesNegativeTest-1288654838 tempest-VolumesNegativeTest-1288654838-project-member] Determining version of request: GET /v2/images/d59025aa-4960-400c-ba53-d505e206aa85 Accept: */* {{(pid=102062) process_request /opt/stack/glance/glance/api/middleware/version_negotiation.py:44}}
Jun 16 17:43:24.943008 np0000002975 devstack@g-api.service[102062]: DEBUG glance.api.middleware.version_negotiation [None req-3eb823c7-a59c-4f91-8f06-d9966ba654d6 tempest-VolumesNegativeTest-1288654838 tempest-VolumesNegativeTest-1288654838-project-member] Using url versioning {{(pid=102062) process_request /opt/stack/glance/glance/api/middleware/version_negotiation.py:57}}
Jun 16 17:43:24.943008 np0000002975 devstack@g-api.service[102062]: DEBUG glance.api.middleware.version_negotiation [None req-3eb823c7-a59c-4f91-8f06-d9966ba654d6 tempest-VolumesNegativeTest-1288654838 tempest-VolumesNegativeTest-1288654838-project-member] Matched version: v2 {{(pid=102062) process_request /opt/stack/glance/glance/api/middleware/version_negotiation.py:69}}
Jun 16 17:43:24.943008 np0000002975 devstack@g-api.service[102062]: DEBUG glance.api.middleware.version_negotiation [None req-3eb823c7-a59c-4f91-8f06-d9966ba654d6 tempest-VolumesNegativeTest-1288654838 tempest-VolumesNegativeTest-1288654838-project-member] new path /v2/images/d59025aa-4960-400c-ba53-d505e206aa85 {{(pid=102062) process_request /opt/stack/glance/glance/api/middleware/version_negotiation.py:70}}
Jun 16 17:43:24.954468 np0000002975 devstack@g-api.service[102062]: [pid: 102062|app: 0|req: 122/360] 127.0.0.1 () {44 vars in 1115 bytes} [Tue Jun 16 17:43:24 2026] GET /v2/images/d59025aa-4960-400c-ba53-d505e206aa85 => generated 811 bytes in 13 msecs (HTTP/1.1 200) 4 headers in 157 bytes (1 switches on core 0)
Jun 16 17:43:24.965655 np0000002975 devstack@g-api.service[102061]: DEBUG glance.api.middleware.version_negotiation [None req-3eb823c7-a59c-4f91-8f06-d9966ba654d6 tempest-VolumesNegativeTest-1288654838 tempest-VolumesNegativeTest-1288654838-project-member] Determining version of request: GET /v2/schemas/image Accept: */* {{(pid=102061) process_request /opt/stack/glance/glance/api/middleware/version_negotiation.py:44}}
Jun 16 17:43:24.966242 np0000002975 devstack@g-api.service[102061]: DEBUG glance.api.middleware.version_negotiation [None req-3eb823c7-a59c-4f91-8f06-d9966ba654d6 tempest-VolumesNegativeTest-1288654838 tempest-VolumesNegativeTest-1288654838-project-member] Using url versioning {{(pid=102061) process_request /opt/stack/glance/glance/api/middleware/version_negotiation.py:57}}
Jun 16 17:43:24.966579 np0000002975 devstack@g-api.service[102061]: DEBUG glance.api.middleware.version_negotiation [None req-3eb823c7-a59c-4f91-8f06-d9966ba654d6 tempest-VolumesNegativeTest-1288654838 tempest-VolumesNegativeTest-1288654838-project-member] Matched version: v2 {{(pid=102061) process_request /opt/stack/glance/glance/api/middleware/version_negotiation.py:69}}
Jun 16 17:43:24.966579 np0000002975 devstack@g-api.service[102061]: DEBUG glance.api.middleware.version_negotiation [None req-3eb823c7-a59c-4f91-8f06-d9966ba654d6 tempest-VolumesNegativeTest-1288654838 tempest-VolumesNegativeTest-1288654838-project-member] new path /v2/schemas/image {{(pid=102061) process_request /opt/stack/glance/glance/api/middleware/version_negotiation.py:70}}
Jun 16 17:43:24.969142 np0000002975 devstack@g-api.service[102061]: [pid: 102061|app: 0|req: 119/361] 127.0.0.1 () {44 vars in 1055 bytes} [Tue Jun 16 17:43:24 2026] GET /v2/schemas/image => generated 6083 bytes in 4 msecs (HTTP/1.1 200) 4 headers in 158 bytes (1 switches on core 0)
Jun 16 17:43:24.979690 np0000002975 devstack@g-api.service[102063]: DEBUG glance.api.middleware.version_negotiation [None req-3eb823c7-a59c-4f91-8f06-d9966ba654d6 tempest-VolumesNegativeTest-1288654838 tempest-VolumesNegativeTest-1288654838-project-member] Determining version of request: GET /v2/schemas/image Accept: */* {{(pid=102063) process_request /opt/stack/glance/glance/api/middleware/version_negotiation.py:44}}
Jun 16 17:43:24.980451 np0000002975 devstack@g-api.service[102063]: DEBUG glance.api.middleware.version_negotiation [None req-3eb823c7-a59c-4f91-8f06-d9966ba654d6 tempest-VolumesNegativeTest-1288654838 tempest-VolumesNegativeTest-1288654838-project-member] Using url versioning {{(pid=102063) process_request /opt/stack/glance/glance/api/middleware/version_negotiation.py:57}}
Jun 16 17:43:24.980638 np0000002975 devstack@g-api.service[102063]: DEBUG glance.api.middleware.version_negotiation [None req-3eb823c7-a59c-4f91-8f06-d9966ba654d6 tempest-VolumesNegativeTest-1288654838 tempest-VolumesNegativeTest-1288654838-project-member] Matched version: v2 {{(pid=102063) process_request /opt/stack/glance/glance/api/middleware/version_negotiation.py:69}}
Jun 16 17:43:24.980911 np0000002975 devstack@g-api.service[102063]: DEBUG glance.api.middleware.version_negotiation [None req-3eb823c7-a59c-4f91-8f06-d9966ba654d6 tempest-VolumesNegativeTest-1288654838 tempest-VolumesNegativeTest-1288654838-project-member] new path /v2/schemas/image {{(pid=102063) process_request /opt/stack/glance/glance/api/middleware/version_negotiation.py:70}}
Jun 16 17:43:24.986362 np0000002975 devstack@g-api.service[102063]: [pid: 102063|app: 0|req: 121/362] 127.0.0.1 () {44 vars in 1055 bytes} [Tue Jun 16 17:43:24 2026] GET /v2/schemas/image => generated 6083 bytes in 7 msecs (HTTP/1.1 200) 4 headers in 158 bytes (1 switches on core 0)
Jun 16 17:43:25.006230 np0000002975 devstack@g-api.service[102062]: DEBUG glance.api.middleware.version_negotiation [None req-3eb823c7-a59c-4f91-8f06-d9966ba654d6 tempest-VolumesNegativeTest-1288654838 tempest-VolumesNegativeTest-1288654838-project-member] Determining version of request: GET /versions Accept: */* {{(pid=102062) process_request /opt/stack/glance/glance/api/middleware/version_negotiation.py:44}}
Jun 16 17:43:25.006230 np0000002975 devstack@g-api.service[102062]: [pid: 102062|app: 0|req: 123/363] 127.0.0.1 () {44 vars in 1039 bytes} [Tue Jun 16 17:43:25 2026] GET /versions => generated 1407 bytes in 1 msecs (HTTP/1.1 200) 3 headers in 92 bytes (1 switches on core 0)
Jun 16 17:43:25.011814 np0000002975 devstack@g-api.service[102061]: DEBUG glance.api.middleware.version_negotiation [None req-3eb823c7-a59c-4f91-8f06-d9966ba654d6 tempest-VolumesNegativeTest-1288654838 tempest-VolumesNegativeTest-1288654838-project-member] Determining version of request: GET /v2/images/d59025aa-4960-400c-ba53-d505e206aa85 Accept: */* {{(pid=102061) process_request /opt/stack/glance/glance/api/middleware/version_negotiation.py:44}}
Jun 16 17:43:25.013610 np0000002975 devstack@g-api.service[102061]: DEBUG glance.api.middleware.version_negotiation [None req-3eb823c7-a59c-4f91-8f06-d9966ba654d6 tempest-VolumesNegativeTest-1288654838 tempest-VolumesNegativeTest-1288654838-project-member] Using url versioning {{(pid=102061) process_request /opt/stack/glance/glance/api/middleware/version_negotiation.py:57}}
Jun 16 17:43:25.013610 np0000002975 devstack@g-api.service[102061]: DEBUG glance.api.middleware.version_negotiation [None req-3eb823c7-a59c-4f91-8f06-d9966ba654d6 tempest-VolumesNegativeTest-1288654838 tempest-VolumesNegativeTest-1288654838-project-member] Matched version: v2 {{(pid=102061) process_request /opt/stack/glance/glance/api/middleware/version_negotiation.py:69}}
Jun 16 17:43:25.013610 np0000002975 devstack@g-api.service[102061]: DEBUG glance.api.middleware.version_negotiation [None req-3eb823c7-a59c-4f91-8f06-d9966ba654d6 tempest-VolumesNegativeTest-1288654838 tempest-VolumesNegativeTest-1288654838-project-member] new path /v2/images/d59025aa-4960-400c-ba53-d505e206aa85 {{(pid=102061) process_request /opt/stack/glance/glance/api/middleware/version_negotiation.py:70}}
Jun 16 17:43:25.017397 np0000002975 devstack@g-api.service[102063]: DEBUG glance.api.middleware.version_negotiation [None req-3eb823c7-a59c-4f91-8f06-d9966ba654d6 tempest-VolumesNegativeTest-1288654838 tempest-VolumesNegativeTest-1288654838-project-member] Determining version of request: GET /v2/images/657bfbe5-d272-4285-9ad4-3fb957e368c0/locations Accept: */* {{(pid=102063) process_request /opt/stack/glance/glance/api/middleware/version_negotiation.py:44}}
Jun 16 17:43:25.017588 np0000002975 devstack@g-api.service[102063]: DEBUG glance.api.middleware.version_negotiation [None req-3eb823c7-a59c-4f91-8f06-d9966ba654d6 tempest-VolumesNegativeTest-1288654838 tempest-VolumesNegativeTest-1288654838-project-member] Using url versioning {{(pid=102063) process_request /opt/stack/glance/glance/api/middleware/version_negotiation.py:57}}
Jun 16 17:43:25.017784 np0000002975 devstack@g-api.service[102063]: DEBUG glance.api.middleware.version_negotiation [None req-3eb823c7-a59c-4f91-8f06-d9966ba654d6 tempest-VolumesNegativeTest-1288654838 tempest-VolumesNegativeTest-1288654838-project-member] Matched version: v2 {{(pid=102063) process_request /opt/stack/glance/glance/api/middleware/version_negotiation.py:69}}
Jun 16 17:43:25.018017 np0000002975 devstack@g-api.service[102063]: DEBUG glance.api.middleware.version_negotiation [None req-3eb823c7-a59c-4f91-8f06-d9966ba654d6 tempest-VolumesNegativeTest-1288654838 tempest-VolumesNegativeTest-1288654838-project-member] new path /v2/images/657bfbe5-d272-4285-9ad4-3fb957e368c0/locations {{(pid=102063) process_request /opt/stack/glance/glance/api/middleware/version_negotiation.py:70}}
Jun 16 17:43:25.021915 np0000002975 devstack@g-api.service[102061]: [pid: 102061|app: 0|req: 120/364] 127.0.0.1 () {44 vars in 1115 bytes} [Tue Jun 16 17:43:25 2026] GET /v2/images/d59025aa-4960-400c-ba53-d505e206aa85 => generated 811 bytes in 10 msecs (HTTP/1.1 200) 4 headers in 157 bytes (1 switches on core 0)
Jun 16 17:43:25.041394 np0000002975 devstack@g-api.service[102062]: DEBUG glance.api.middleware.version_negotiation [None req-3eb823c7-a59c-4f91-8f06-d9966ba654d6 tempest-VolumesNegativeTest-1288654838 tempest-VolumesNegativeTest-1288654838-project-member] Determining version of request: GET /v2/schemas/image Accept: */* {{(pid=102062) process_request /opt/stack/glance/glance/api/middleware/version_negotiation.py:44}}
Jun 16 17:43:25.041394 np0000002975 devstack@g-api.service[102062]: DEBUG glance.api.middleware.version_negotiation [None req-3eb823c7-a59c-4f91-8f06-d9966ba654d6 tempest-VolumesNegativeTest-1288654838 tempest-VolumesNegativeTest-1288654838-project-member] Using url versioning {{(pid=102062) process_request /opt/stack/glance/glance/api/middleware/version_negotiation.py:57}}
Jun 16 17:43:25.041394 np0000002975 devstack@g-api.service[102062]: DEBUG glance.api.middleware.version_negotiation [None req-3eb823c7-a59c-4f91-8f06-d9966ba654d6 tempest-VolumesNegativeTest-1288654838 tempest-VolumesNegativeTest-1288654838-project-member] Matched version: v2 {{(pid=102062) process_request /opt/stack/glance/glance/api/middleware/version_negotiation.py:69}}
Jun 16 17:43:25.041394 np0000002975 devstack@g-api.service[102062]: DEBUG glance.api.middleware.version_negotiation [None req-3eb823c7-a59c-4f91-8f06-d9966ba654d6 tempest-VolumesNegativeTest-1288654838 tempest-VolumesNegativeTest-1288654838-project-member] new path /v2/schemas/image {{(pid=102062) process_request /opt/stack/glance/glance/api/middleware/version_negotiation.py:70}}
Jun 16 17:43:25.042094 np0000002975 devstack@g-api.service[102062]: [pid: 102062|app: 0|req: 124/365] 127.0.0.1 () {44 vars in 1055 bytes} [Tue Jun 16 17:43:25 2026] GET /v2/schemas/image => generated 6083 bytes in 8 msecs (HTTP/1.1 200) 4 headers in 158 bytes (1 switches on core 0)
Jun 16 17:43:25.068412 np0000002975 devstack@g-api.service[102061]: DEBUG glance.api.middleware.version_negotiation [None req-3eb823c7-a59c-4f91-8f06-d9966ba654d6 tempest-VolumesNegativeTest-1288654838 tempest-VolumesNegativeTest-1288654838-project-member] Determining version of request: DELETE /v2/images/d59025aa-4960-400c-ba53-d505e206aa85 Accept: application/json {{(pid=102061) process_request /opt/stack/glance/glance/api/middleware/version_negotiation.py:44}}
Jun 16 17:43:25.068671 np0000002975 devstack@g-api.service[102061]: DEBUG glance.api.middleware.version_negotiation [None req-3eb823c7-a59c-4f91-8f06-d9966ba654d6 tempest-VolumesNegativeTest-1288654838 tempest-VolumesNegativeTest-1288654838-project-member] Using url versioning {{(pid=102061) process_request /opt/stack/glance/glance/api/middleware/version_negotiation.py:57}}
Jun 16 17:43:25.068809 np0000002975 devstack@g-api.service[102061]: DEBUG glance.api.middleware.version_negotiation [None req-3eb823c7-a59c-4f91-8f06-d9966ba654d6 tempest-VolumesNegativeTest-1288654838 tempest-VolumesNegativeTest-1288654838-project-member] Matched version: v2 {{(pid=102061) process_request /opt/stack/glance/glance/api/middleware/version_negotiation.py:69}}
Jun 16 17:43:25.068982 np0000002975 devstack@g-api.service[102061]: DEBUG glance.api.middleware.version_negotiation [None req-3eb823c7-a59c-4f91-8f06-d9966ba654d6 tempest-VolumesNegativeTest-1288654838 tempest-VolumesNegativeTest-1288654838-project-member] new path /v2/images/d59025aa-4960-400c-ba53-d505e206aa85 {{(pid=102061) process_request /opt/stack/glance/glance/api/middleware/version_negotiation.py:70}}
Jun 16 17:43:25.079153 np0000002975 devstack@g-api.service[102061]: WARNING glance.api.v2.images [None req-45467c64-cd7a-4e04-9fa5-7bc39118fccd tempest-VolumesNegativeTest-1288654838 tempest-VolumesNegativeTest-1288654838-project-member] After upload to backend, deletion of staged image data has failed because it cannot be found at /tmp/staging//d59025aa-4960-400c-ba53-d505e206aa85
Jun 16 17:43:25.079748 np0000002975 devstack@g-api.service[102061]: DEBUG glance_store.backend [None req-45467c64-cd7a-4e04-9fa5-7bc39118fccd tempest-VolumesNegativeTest-1288654838 tempest-VolumesNegativeTest-1288654838-project-member] Attempting to import store swift {{(pid=102061) _load_store /opt/stack/data/venv/lib/python3.12/site-packages/glance_store/backend.py:215}}
Jun 16 17:43:25.081594 np0000002975 devstack@g-api.service[102061]: DEBUG glance_store.capabilities [None req-45467c64-cd7a-4e04-9fa5-7bc39118fccd tempest-VolumesNegativeTest-1288654838 tempest-VolumesNegativeTest-1288654838-project-member] Store glance_store._drivers.swift.store.SingleTenantStore doesn't support updating dynamic storage capabilities. Please overwrite 'update_capabilities' method of the store to implement updating logics if needed. {{(pid=102061) update_capabilities /opt/stack/data/venv/lib/python3.12/site-packages/glance_store/capabilities.py:91}}
Jun 16 17:43:25.082120 np0000002975 devstack@g-api.service[102061]: DEBUG glance_store.driver [None req-45467c64-cd7a-4e04-9fa5-7bc39118fccd tempest-VolumesNegativeTest-1288654838 tempest-VolumesNegativeTest-1288654838-project-member] Late loading location class glance_store._drivers.swift.store.StoreLocation {{(pid=102061) get_store_location_class /opt/stack/data/venv/lib/python3.12/site-packages/glance_store/driver.py:134}}
Jun 16 17:43:25.082120 np0000002975 devstack@g-api.service[102061]: DEBUG glance_store.location [None req-45467c64-cd7a-4e04-9fa5-7bc39118fccd tempest-VolumesNegativeTest-1288654838 tempest-VolumesNegativeTest-1288654838-project-member] Registering scheme swift+https with {'store': , 'location_class': , 'store_entry': 'swift'} {{(pid=102061) register_scheme_map /opt/stack/data/venv/lib/python3.12/site-packages/glance_store/location.py:146}}
Jun 16 17:43:25.082120 np0000002975 devstack@g-api.service[102061]: DEBUG glance_store.location [None req-45467c64-cd7a-4e04-9fa5-7bc39118fccd tempest-VolumesNegativeTest-1288654838 tempest-VolumesNegativeTest-1288654838-project-member] Registering scheme swift+https with {'store': , 'location_class': , 'store_entry': 'swift'} {{(pid=102061) register_scheme_map /opt/stack/data/venv/lib/python3.12/site-packages/glance_store/location.py:146}}
Jun 16 17:43:25.082120 np0000002975 devstack@g-api.service[102061]: DEBUG glance_store.location [None req-45467c64-cd7a-4e04-9fa5-7bc39118fccd tempest-VolumesNegativeTest-1288654838 tempest-VolumesNegativeTest-1288654838-project-member] Registering scheme swift with {'store': , 'location_class': , 'store_entry': 'swift'} {{(pid=102061) register_scheme_map /opt/stack/data/venv/lib/python3.12/site-packages/glance_store/location.py:146}}
Jun 16 17:43:25.082120 np0000002975 devstack@g-api.service[102061]: DEBUG glance_store.location [None req-45467c64-cd7a-4e04-9fa5-7bc39118fccd tempest-VolumesNegativeTest-1288654838 tempest-VolumesNegativeTest-1288654838-project-member] Registering scheme swift+https with {'store': , 'location_class': , 'store_entry': 'swift'} {{(pid=102061) register_scheme_map /opt/stack/data/venv/lib/python3.12/site-packages/glance_store/location.py:146}}
Jun 16 17:43:25.082120 np0000002975 devstack@g-api.service[102061]: DEBUG glance_store.location [None req-45467c64-cd7a-4e04-9fa5-7bc39118fccd tempest-VolumesNegativeTest-1288654838 tempest-VolumesNegativeTest-1288654838-project-member] Registering scheme swift with {'store': , 'location_class': , 'store_entry': 'swift'} {{(pid=102061) register_scheme_map /opt/stack/data/venv/lib/python3.12/site-packages/glance_store/location.py:146}}
Jun 16 17:43:25.082320 np0000002975 devstack@g-api.service[102061]: DEBUG glance_store.location [None req-45467c64-cd7a-4e04-9fa5-7bc39118fccd tempest-VolumesNegativeTest-1288654838 tempest-VolumesNegativeTest-1288654838-project-member] Registering scheme swift+http with {'store': , 'location_class': , 'store_entry': 'swift'} {{(pid=102061) register_scheme_map /opt/stack/data/venv/lib/python3.12/site-packages/glance_store/location.py:146}}
Jun 16 17:43:25.082320 np0000002975 devstack@g-api.service[102061]: DEBUG glance_store.location [None req-45467c64-cd7a-4e04-9fa5-7bc39118fccd tempest-VolumesNegativeTest-1288654838 tempest-VolumesNegativeTest-1288654838-project-member] Registering scheme swift+https with {'store': , 'location_class': , 'store_entry': 'swift'} {{(pid=102061) register_scheme_map /opt/stack/data/venv/lib/python3.12/site-packages/glance_store/location.py:146}}
Jun 16 17:43:25.082402 np0000002975 devstack@g-api.service[102061]: DEBUG glance_store.location [None req-45467c64-cd7a-4e04-9fa5-7bc39118fccd tempest-VolumesNegativeTest-1288654838 tempest-VolumesNegativeTest-1288654838-project-member] Registering scheme swift with {'store': , 'location_class': , 'store_entry': 'swift'} {{(pid=102061) register_scheme_map /opt/stack/data/venv/lib/python3.12/site-packages/glance_store/location.py:146}}
Jun 16 17:43:25.082694 np0000002975 devstack@g-api.service[102061]: DEBUG glance_store.location [None req-45467c64-cd7a-4e04-9fa5-7bc39118fccd tempest-VolumesNegativeTest-1288654838 tempest-VolumesNegativeTest-1288654838-project-member] Registering scheme swift+http with {'store': , 'location_class': , 'store_entry': 'swift'} {{(pid=102061) register_scheme_map /opt/stack/data/venv/lib/python3.12/site-packages/glance_store/location.py:146}}
Jun 16 17:43:25.082694 np0000002975 devstack@g-api.service[102061]: DEBUG glance_store.location [None req-45467c64-cd7a-4e04-9fa5-7bc39118fccd tempest-VolumesNegativeTest-1288654838 tempest-VolumesNegativeTest-1288654838-project-member] Registering scheme swift+config with {'store': , 'location_class': , 'store_entry': 'swift'} {{(pid=102061) register_scheme_map /opt/stack/data/venv/lib/python3.12/site-packages/glance_store/location.py:146}}
Jun 16 17:43:25.084232 np0000002975 devstack@g-api.service[102061]: DEBUG keystoneclient.auth.identity.v3.base [None req-45467c64-cd7a-4e04-9fa5-7bc39118fccd tempest-VolumesNegativeTest-1288654838 tempest-VolumesNegativeTest-1288654838-project-member] Making authentication request to https://10.4.3.169/identity/v3/auth/tokens {{(pid=102061) get_auth_ref /opt/stack/data/venv/lib/python3.12/site-packages/keystoneclient/auth/identity/v3/base.py:185}}
Jun 16 17:43:25.087745 np0000002975 devstack@g-api.service[102063]: [pid: 102063|app: 0|req: 122/366] 127.0.0.1 () {44 vars in 1135 bytes} [Tue Jun 16 17:43:25 2026] GET /v2/images/657bfbe5-d272-4285-9ad4-3fb957e368c0/locations => generated 92 bytes in 71 msecs (HTTP/1.1 200) 4 headers in 156 bytes (1 switches on core 0)
Jun 16 17:43:25.099213 np0000002975 devstack@g-api.service[102062]: DEBUG glance.api.middleware.version_negotiation [None req-3eb823c7-a59c-4f91-8f06-d9966ba654d6 tempest-VolumesNegativeTest-1288654838 tempest-VolumesNegativeTest-1288654838-project-member] Determining version of request: GET /v2/images/657bfbe5-d272-4285-9ad4-3fb957e368c0 Accept: */* {{(pid=102062) process_request /opt/stack/glance/glance/api/middleware/version_negotiation.py:44}}
Jun 16 17:43:25.099474 np0000002975 devstack@g-api.service[102062]: DEBUG glance.api.middleware.version_negotiation [None req-3eb823c7-a59c-4f91-8f06-d9966ba654d6 tempest-VolumesNegativeTest-1288654838 tempest-VolumesNegativeTest-1288654838-project-member] Using url versioning {{(pid=102062) process_request /opt/stack/glance/glance/api/middleware/version_negotiation.py:57}}
Jun 16 17:43:25.099585 np0000002975 devstack@g-api.service[102062]: DEBUG glance.api.middleware.version_negotiation [None req-3eb823c7-a59c-4f91-8f06-d9966ba654d6 tempest-VolumesNegativeTest-1288654838 tempest-VolumesNegativeTest-1288654838-project-member] Matched version: v2 {{(pid=102062) process_request /opt/stack/glance/glance/api/middleware/version_negotiation.py:69}}
Jun 16 17:43:25.099717 np0000002975 devstack@g-api.service[102062]: DEBUG glance.api.middleware.version_negotiation [None req-3eb823c7-a59c-4f91-8f06-d9966ba654d6 tempest-VolumesNegativeTest-1288654838 tempest-VolumesNegativeTest-1288654838-project-member] new path /v2/images/657bfbe5-d272-4285-9ad4-3fb957e368c0 {{(pid=102062) process_request /opt/stack/glance/glance/api/middleware/version_negotiation.py:70}}
Jun 16 17:43:25.113281 np0000002975 devstack@g-api.service[102062]: [pid: 102062|app: 0|req: 125/367] 127.0.0.1 () {44 vars in 1115 bytes} [Tue Jun 16 17:43:25 2026] GET /v2/images/657bfbe5-d272-4285-9ad4-3fb957e368c0 => generated 1044 bytes in 14 msecs (HTTP/1.1 200) 4 headers in 158 bytes (1 switches on core 0)
Jun 16 17:43:25.126247 np0000002975 devstack@g-api.service[102063]: DEBUG glance.api.middleware.version_negotiation [None req-80d7efb5-7795-4e3e-842c-840139710b06 service glance] Determining version of request: GET /v2/schemas/image Accept: */* {{(pid=102063) process_request /opt/stack/glance/glance/api/middleware/version_negotiation.py:44}}
Jun 16 17:43:25.126509 np0000002975 devstack@g-api.service[102063]: DEBUG glance.api.middleware.version_negotiation [None req-80d7efb5-7795-4e3e-842c-840139710b06 service glance] Using url versioning {{(pid=102063) process_request /opt/stack/glance/glance/api/middleware/version_negotiation.py:57}}
Jun 16 17:43:25.126818 np0000002975 devstack@g-api.service[102063]: DEBUG glance.api.middleware.version_negotiation [None req-80d7efb5-7795-4e3e-842c-840139710b06 service glance] Matched version: v2 {{(pid=102063) process_request /opt/stack/glance/glance/api/middleware/version_negotiation.py:69}}
Jun 16 17:43:25.126995 np0000002975 devstack@g-api.service[102063]: DEBUG glance.api.middleware.version_negotiation [None req-80d7efb5-7795-4e3e-842c-840139710b06 service glance] new path /v2/schemas/image {{(pid=102063) process_request /opt/stack/glance/glance/api/middleware/version_negotiation.py:70}}
Jun 16 17:43:25.130477 np0000002975 devstack@g-api.service[102063]: [pid: 102063|app: 0|req: 123/368] 127.0.0.1 () {44 vars in 1055 bytes} [Tue Jun 16 17:43:25 2026] GET /v2/schemas/image => generated 6083 bytes in 4 msecs (HTTP/1.1 200) 4 headers in 158 bytes (1 switches on core 0)
Jun 16 17:43:25.141344 np0000002975 devstack@g-api.service[102061]: DEBUG keystoneclient.auth.identity.v3.base [None req-45467c64-cd7a-4e04-9fa5-7bc39118fccd tempest-VolumesNegativeTest-1288654838 tempest-VolumesNegativeTest-1288654838-project-member] {"token": {"methods": ["password"], "user": {"domain": {"id": "default", "name": "Default"}, "id": "9f24fef99f0b456ea057b7d57e780976", "name": "glance-swift", "password_expires_at": null}, "audit_ids": ["HpeyPL_7Teu4jGiPfq9fBQ"], "expires_at": "2026-06-16T18:43:25.000000Z", "issued_at": "2026-06-16T17:43:25.000000Z", "project": {"domain": {"id": "default", "name": "Default"}, "id": "707b7dc199db431da76cc69d89b88460", "name": "service"}, "is_domain": false, "roles": [{"id": "00a1e9cc8cfd4250818df4fd670475dd", "name": "service"}, {"id": "2295ea1d2ce7420288840badd88bc0ce", "name": "ResellerAdmin"}], "catalog": [{"endpoints": [{"id": "37e4a45bdbc348aa993cba8f4b0b3adc", "interface": "public", "region_id": "RegionOne", "url": "https://10.4.3.169/identity", "region": "RegionOne"}], "id": "15e90b5d09e84265995893c429dd0c82", "type": "identity", "name": "keystone"}, {"endpoints": [{"id": "f6eaa8a512114495aa77830ef14521d7", "interface": "public", "region_id": "RegionOne", "url": "https://10.4.3.169/networking", "region": "RegionOne"}], "id": "27201ab1de9941a1a5e785e91565eb49", "type": "network", "name": "neutron"}, {"endpoints": [{"id": "8c62cfbc7c7a45e7be62f02211614284", "interface": "public", "region_id": "RegionOne", "url": "https://10.4.3.169/image", "region": "RegionOne"}], "id": "41ce6cb936a44149aaf84ab2fa09a009", "type": "image", "name": "glance"}, {"endpoints": [{"id": "3175d3a4751d489caa7a20b7f7c301f9", "interface": "public", "region_id": "RegionOne", "url": "https://10.4.3.169/compute/v2.1", "region": "RegionOne"}], "id": "44732a36b53445e18f815418a75a6858", "type": "compute", "name": "nova"}, {"endpoints": [{"id": "029c23e8c6434c25be28cae204274a15", "interface": "admin", "region_id": "RegionOne", "url": "https://10.4.3.169:8080", "region": "RegionOne"}, {"id": "d7aa38b42865448abc3714e07ceb2f15", "interface": "public", "region_id": "RegionOne", "url": "https://10.4.3.169:8080/v1/AUTH_707b7dc199db431da76cc69d89b88460", "region": "RegionOne"}], "id": "4ad66d1b8fd946f3a65086fb8b2b398d", "type": "object-store", "name": "swift"}, {"endpoints": [{"id": "0712b16d170f4844bd00fbf48fbea8f8", "interface": "public", "region_id": "RegionOne", "url": "https://10.4.3.169/placement", "region": "RegionOne"}], "id": "6328175741be438087b4c6a81965d24a", "type": "placement", "name": "placement"}, {"endpoints": [{"id": "7e241ae444dc4ab3bf0b79c7a747e8ac", "interface": "public", "region_id": "RegionOne", "url": "https://10.4.3.169/compute/v2/707b7dc199db431da76cc69d89b88460", "region": "RegionOne"}], "id": "890d9391bffd4b9d8e25b360e155625b", "type": "compute_legacy", "name": "nova_legacy"}, {"endpoints": [{"id": "ebf4a5e746d040b78d129e086bed9def", "interface": "public", "region_id": "RegionOne", "url": "https://10.4.3.169/volume/v3", "region": "RegionOne"}], "id": "b3726337369543dc8429405f457255a8", "type": "block-storage", "name": "cinder"}]}} {{(pid=102061) get_auth_ref /opt/stack/data/venv/lib/python3.12/site-packages/keystoneclient/auth/identity/v3/base.py:190}}
Jun 16 17:43:25.141344 np0000002975 devstack@g-api.service[102061]: DEBUG keystoneclient.httpclient [None req-45467c64-cd7a-4e04-9fa5-7bc39118fccd tempest-VolumesNegativeTest-1288654838 tempest-VolumesNegativeTest-1288654838-project-member] Failed to find endpoint for management url admin endpoint for identity service not found {{(pid=102061) _process_management_url /opt/stack/data/venv/lib/python3.12/site-packages/keystoneclient/httpclient.py:670}}
Jun 16 17:43:25.168198 np0000002975 devstack@g-api.service[102062]: DEBUG glance.api.middleware.version_negotiation [None req-80d7efb5-7795-4e3e-842c-840139710b06 tempest-AttachVolumeMultiAttachTest-729528274 tempest-AttachVolumeMultiAttachTest-729528274-project-member] Determining version of request: GET /v2/schemas/image Accept: */* {{(pid=102062) process_request /opt/stack/glance/glance/api/middleware/version_negotiation.py:44}}
Jun 16 17:43:25.168617 np0000002975 devstack@g-api.service[102062]: DEBUG glance.api.middleware.version_negotiation [None req-80d7efb5-7795-4e3e-842c-840139710b06 tempest-AttachVolumeMultiAttachTest-729528274 tempest-AttachVolumeMultiAttachTest-729528274-project-member] Using url versioning {{(pid=102062) process_request /opt/stack/glance/glance/api/middleware/version_negotiation.py:57}}
Jun 16 17:43:25.168617 np0000002975 devstack@g-api.service[102062]: DEBUG glance.api.middleware.version_negotiation [None req-80d7efb5-7795-4e3e-842c-840139710b06 tempest-AttachVolumeMultiAttachTest-729528274 tempest-AttachVolumeMultiAttachTest-729528274-project-member] Matched version: v2 {{(pid=102062) process_request /opt/stack/glance/glance/api/middleware/version_negotiation.py:69}}
Jun 16 17:43:25.168839 np0000002975 devstack@g-api.service[102062]: DEBUG glance.api.middleware.version_negotiation [None req-80d7efb5-7795-4e3e-842c-840139710b06 tempest-AttachVolumeMultiAttachTest-729528274 tempest-AttachVolumeMultiAttachTest-729528274-project-member] new path /v2/schemas/image {{(pid=102062) process_request /opt/stack/glance/glance/api/middleware/version_negotiation.py:70}}
Jun 16 17:43:25.172836 np0000002975 devstack@g-api.service[102062]: [pid: 102062|app: 0|req: 126/369] 127.0.0.1 () {44 vars in 1055 bytes} [Tue Jun 16 17:43:25 2026] GET /v2/schemas/image => generated 6083 bytes in 5 msecs (HTTP/1.1 200) 4 headers in 158 bytes (1 switches on core 0)
Jun 16 17:43:25.227402 np0000002975 devstack@g-api.service[102061]: DEBUG swiftclient [None req-45467c64-cd7a-4e04-9fa5-7bc39118fccd tempest-VolumesNegativeTest-1288654838 tempest-VolumesNegativeTest-1288654838-project-member] REQ: curl -i https://10.4.3.169:8080/v1/AUTH_707b7dc199db431da76cc69d89b88460/glance/d59025aa-4960-400c-ba53-d505e206aa85 -I -H "X-Auth-Token: gAAAAABqMYs9ilzO..." {{(pid=102061) http_log /opt/stack/data/venv/lib/python3.12/site-packages/swiftclient/client.py:160}}
Jun 16 17:43:25.227584 np0000002975 devstack@g-api.service[102061]: DEBUG swiftclient [None req-45467c64-cd7a-4e04-9fa5-7bc39118fccd tempest-VolumesNegativeTest-1288654838 tempest-VolumesNegativeTest-1288654838-project-member] RESP STATUS: 200 OK {{(pid=102061) http_log /opt/stack/data/venv/lib/python3.12/site-packages/swiftclient/client.py:161}}
Jun 16 17:43:25.228666 np0000002975 devstack@g-api.service[102061]: DEBUG swiftclient [None req-45467c64-cd7a-4e04-9fa5-7bc39118fccd tempest-VolumesNegativeTest-1288654838 tempest-VolumesNegativeTest-1288654838-project-member] RESP HEADERS: {'Date': 'Tue, 16 Jun 2026 17:43:25 GMT', 'Server': 'Apache/2.4.58 (Ubuntu)', 'Content-Type': 'application/octet-stream', 'Content-Length': '1024', 'Etag': '5b5d6d7605ec3c86dccffef1d7897dda', 'Last-Modified': 'Tue, 16 Jun 2026 17:43:25 GMT', 'X-Timestamp': '1781631804.73926', 'Accept-Ranges': 'bytes', 'X-Trans-Id': 'tx0742e9b3771f4caca57e4-006a318b3d', 'X-Openstack-Request-Id': 'tx0742e9b3771f4caca57e4-006a318b3d', 'Connection': 'close'} {{(pid=102061) http_log /opt/stack/data/venv/lib/python3.12/site-packages/swiftclient/client.py:162}}
Jun 16 17:43:25.268552 np0000002975 devstack@g-api.service[102061]: DEBUG swiftclient [None req-45467c64-cd7a-4e04-9fa5-7bc39118fccd tempest-VolumesNegativeTest-1288654838 tempest-VolumesNegativeTest-1288654838-project-member] REQ: curl -i https://10.4.3.169:8080/v1/AUTH_707b7dc199db431da76cc69d89b88460/glance/d59025aa-4960-400c-ba53-d505e206aa85 DELETE -H "X-Auth-Token: gAAAAABqMYs9ilzO..." {{(pid=102061) http_log /opt/stack/data/venv/lib/python3.12/site-packages/swiftclient/client.py:160}}
Jun 16 17:43:25.268745 np0000002975 devstack@g-api.service[102061]: DEBUG swiftclient [None req-45467c64-cd7a-4e04-9fa5-7bc39118fccd tempest-VolumesNegativeTest-1288654838 tempest-VolumesNegativeTest-1288654838-project-member] RESP STATUS: 204 No Content {{(pid=102061) http_log /opt/stack/data/venv/lib/python3.12/site-packages/swiftclient/client.py:161}}
Jun 16 17:43:25.269011 np0000002975 devstack@g-api.service[102061]: DEBUG swiftclient [None req-45467c64-cd7a-4e04-9fa5-7bc39118fccd tempest-VolumesNegativeTest-1288654838 tempest-VolumesNegativeTest-1288654838-project-member] RESP HEADERS: {'Date': 'Tue, 16 Jun 2026 17:43:25 GMT', 'Server': 'Apache/2.4.58 (Ubuntu)', 'Content-Type': 'text/html; charset=UTF-8', 'X-Trans-Id': 'tx438b1053d81948b6a7a44-006a318b3d', 'X-Openstack-Request-Id': 'tx438b1053d81948b6a7a44-006a318b3d', 'Connection': 'close'} {{(pid=102061) http_log /opt/stack/data/venv/lib/python3.12/site-packages/swiftclient/client.py:162}}
Jun 16 17:43:25.360326 np0000002975 devstack@g-api.service[102061]: [pid: 102061|app: 0|req: 121/370] 127.0.0.1 () {40 vars in 841 bytes} [Tue Jun 16 17:43:25 2026] DELETE /v2/images/d59025aa-4960-400c-ba53-d505e206aa85 => generated 0 bytes in 292 msecs (HTTP/1.1 204) 4 headers in 171 bytes (1 switches on core 0)
Jun 16 17:43:30.399558 np0000002975 devstack@g-api.service[102063]: DEBUG glance.api.middleware.version_negotiation [None req-80d7efb5-7795-4e3e-842c-840139710b06 tempest-AttachVolumeMultiAttachTest-729528274 tempest-AttachVolumeMultiAttachTest-729528274-project-member] Determining version of request: GET /v2/images/657bfbe5-d272-4285-9ad4-3fb957e368c0 Accept: */* {{(pid=102063) process_request /opt/stack/glance/glance/api/middleware/version_negotiation.py:44}}
