Jun 16 17:37:21.464123 np0000002975 devstack@placement-api.service[92312]: INFO placement.requestlog [req-adcd9aca-c71f-4582-9512-c860d5f998a0 req-cf3baff4-d39b-459b-b698-aa630df17f12 service nova] 10.4.3.169 "GET /placement/allocations/044ecb65-bb2f-4e84-a970-3426f8be305b" status: 200 len: 258 microversion: 1.28
Jun 16 17:37:21.464197 np0000002975 devstack@placement-api.service[92312]: [pid: 92312|app: 0|req: 64/188] 10.4.3.169 () {68 vars in 1499 bytes} [Tue Jun 16 17:37:21 2026] GET /placement/allocations/044ecb65-bb2f-4e84-a970-3426f8be305b => generated 258 bytes in 17 msecs (HTTP/1.1 200) 8 headers in 296 bytes (1 switches on core 0)
Jun 16 17:37:21.497071 np0000002975 devstack@placement-api.service[92314]: DEBUG placement.requestlog [req-b21e4e28-2982-4394-94a6-2fc6c8178fb3 req-84ffb9f3-e3a8-45f4-9c05-61ffbb6539ba None None] Starting request: 10.4.3.169 "GET /placement/allocations/ee8310e2-2492-4b55-b5f5-dff15389b4a5" {{(pid=92314) __call__ /opt/stack/placement/placement/requestlog.py:55}}
Jun 16 17:37:21.507697 np0000002975 devstack@placement-api.service[92314]: INFO placement.requestlog [req-b21e4e28-2982-4394-94a6-2fc6c8178fb3 req-84ffb9f3-e3a8-45f4-9c05-61ffbb6539ba service nova] 10.4.3.169 "GET /placement/allocations/ee8310e2-2492-4b55-b5f5-dff15389b4a5" status: 200 len: 19 microversion: 1.28
Jun 16 17:37:21.507697 np0000002975 devstack@placement-api.service[92314]: [pid: 92314|app: 0|req: 63/189] 10.4.3.169 () {68 vars in 1501 bytes} [Tue Jun 16 17:37:21 2026] GET /placement/allocations/ee8310e2-2492-4b55-b5f5-dff15389b4a5 => generated 19 bytes in 10 msecs (HTTP/1.1 200) 8 headers in 295 bytes (1 switches on core 0)
Jun 16 17:37:21.508193 np0000002975 devstack@placement-api.service[92313]: DEBUG placement.requestlog [req-adcd9aca-c71f-4582-9512-c860d5f998a0 req-04b1063c-0091-41f6-afce-0ead9c178cf6 None None] Starting request: 10.4.3.169 "GET /placement/allocations/24d15ae6-69bd-41f5-8278-51dcffbb1541" {{(pid=92313) __call__ /opt/stack/placement/placement/requestlog.py:55}}
Jun 16 17:37:21.518267 np0000002975 devstack@placement-api.service[92313]: INFO placement.requestlog [req-adcd9aca-c71f-4582-9512-c860d5f998a0 req-04b1063c-0091-41f6-afce-0ead9c178cf6 service nova] 10.4.3.169 "GET /placement/allocations/24d15ae6-69bd-41f5-8278-51dcffbb1541" status: 200 len: 258 microversion: 1.28
Jun 16 17:37:21.518470 np0000002975 devstack@placement-api.service[92313]: [pid: 92313|app: 0|req: 63/190] 10.4.3.169 () {68 vars in 1499 bytes} [Tue Jun 16 17:37:21 2026] GET /placement/allocations/24d15ae6-69bd-41f5-8278-51dcffbb1541 => generated 258 bytes in 10 msecs (HTTP/1.1 200) 8 headers in 296 bytes (1 switches on core 0)
Jun 16 17:37:21.541487 np0000002975 devstack@placement-api.service[92312]: DEBUG placement.requestlog [req-b21e4e28-2982-4394-94a6-2fc6c8178fb3 req-02b7b514-bae5-40e7-b1b0-802c8a42aad4 None None] Starting request: 10.4.3.169 "PUT /placement/allocations/ee8310e2-2492-4b55-b5f5-dff15389b4a5" {{(pid=92312) __call__ /opt/stack/placement/placement/requestlog.py:55}}
Jun 16 17:37:21.566938 np0000002975 devstack@placement-api.service[92314]: DEBUG placement.requestlog [req-adcd9aca-c71f-4582-9512-c860d5f998a0 req-983df418-e3e5-40ca-a205-4da1fc6b1abe None None] Starting request: 10.4.3.169 "GET /placement/allocations/f148c35c-e22d-4190-b991-91bfd05d33a0" {{(pid=92314) __call__ /opt/stack/placement/placement/requestlog.py:55}}
Jun 16 17:37:21.583329 np0000002975 devstack@placement-api.service[92314]: INFO placement.requestlog [req-adcd9aca-c71f-4582-9512-c860d5f998a0 req-983df418-e3e5-40ca-a205-4da1fc6b1abe service nova] 10.4.3.169 "GET /placement/allocations/f148c35c-e22d-4190-b991-91bfd05d33a0" status: 200 len: 258 microversion: 1.28
Jun 16 17:37:21.584926 np0000002975 devstack@placement-api.service[92314]: [pid: 92314|app: 0|req: 64/191] 10.4.3.169 () {68 vars in 1499 bytes} [Tue Jun 16 17:37:21 2026] GET /placement/allocations/f148c35c-e22d-4190-b991-91bfd05d33a0 => generated 258 bytes in 17 msecs (HTTP/1.1 200) 8 headers in 296 bytes (2 switches on core 0)
Jun 16 17:37:21.618307 np0000002975 devstack@placement-api.service[92312]: DEBUG placement.handlers.allocation [req-b21e4e28-2982-4394-94a6-2fc6c8178fb3 req-02b7b514-bae5-40e7-b1b0-802c8a42aad4 service nova] Successfully wrote allocations [, , ] {{(pid=92312) _update_consumers_and_create_allocations /opt/stack/placement/placement/handlers/allocation.py:462}}
Jun 16 17:37:21.622670 np0000002975 devstack@placement-api.service[92312]: INFO placement.requestlog [req-b21e4e28-2982-4394-94a6-2fc6c8178fb3 req-02b7b514-bae5-40e7-b1b0-802c8a42aad4 service nova] 10.4.3.169 "PUT /placement/allocations/ee8310e2-2492-4b55-b5f5-dff15389b4a5" status: 204 len: 0 microversion: 1.36
Jun 16 17:37:21.622959 np0000002975 devstack@placement-api.service[92312]: [pid: 92312|app: 0|req: 65/192] 10.4.3.169 () {72 vars in 1554 bytes} [Tue Jun 16 17:37:21 2026] PUT /placement/allocations/ee8310e2-2492-4b55-b5f5-dff15389b4a5 => generated 0 bytes in 82 msecs (HTTP/1.1 204) 5 headers in 199 bytes (1 switches on core 0)
Jun 16 17:37:21.628516 np0000002975 devstack@placement-api.service[92313]: DEBUG placement.requestlog [req-adcd9aca-c71f-4582-9512-c860d5f998a0 req-88053c82-0575-4724-9738-c1bc694a8def None None] Starting request: 10.4.3.169 "GET /placement/allocations/a14c3852-e736-441b-a20d-3693f2352629" {{(pid=92313) __call__ /opt/stack/placement/placement/requestlog.py:55}}
Jun 16 17:37:21.638140 np0000002975 devstack@placement-api.service[92313]: INFO placement.requestlog [req-adcd9aca-c71f-4582-9512-c860d5f998a0 req-88053c82-0575-4724-9738-c1bc694a8def service nova] 10.4.3.169 "GET /placement/allocations/a14c3852-e736-441b-a20d-3693f2352629" status: 200 len: 258 microversion: 1.28
Jun 16 17:37:21.638477 np0000002975 devstack@placement-api.service[92313]: [pid: 92313|app: 0|req: 64/193] 10.4.3.169 () {68 vars in 1499 bytes} [Tue Jun 16 17:37:21 2026] GET /placement/allocations/a14c3852-e736-441b-a20d-3693f2352629 => generated 258 bytes in 10 msecs (HTTP/1.1 200) 8 headers in 296 bytes (1 switches on core 0)
Jun 16 17:37:22.687780 np0000002975 devstack@placement-api.service[92314]: DEBUG placement.requestlog [req-adcd9aca-c71f-4582-9512-c860d5f998a0 req-74d86c1b-7165-4868-85d2-87feff51b108 None None] Starting request: 10.4.3.169 "DELETE /placement/allocations/24d15ae6-69bd-41f5-8278-51dcffbb1541" {{(pid=92314) __call__ /opt/stack/placement/placement/requestlog.py:55}}
Jun 16 17:37:22.718345 np0000002975 devstack@placement-api.service[92314]: DEBUG placement.handlers.allocation [req-adcd9aca-c71f-4582-9512-c860d5f998a0 req-74d86c1b-7165-4868-85d2-87feff51b108 service nova] Successfully deleted allocations [, , ] {{(pid=92314) delete_allocations /opt/stack/placement/placement/handlers/allocation.py:627}}
Jun 16 17:37:22.719550 np0000002975 devstack@placement-api.service[92314]: INFO placement.requestlog [req-adcd9aca-c71f-4582-9512-c860d5f998a0 req-74d86c1b-7165-4868-85d2-87feff51b108 service nova] 10.4.3.169 "DELETE /placement/allocations/24d15ae6-69bd-41f5-8278-51dcffbb1541" status: 204 len: 0 microversion: 1.0
Jun 16 17:37:22.719881 np0000002975 devstack@placement-api.service[92314]: [pid: 92314|app: 0|req: 65/194] 10.4.3.169 () {68 vars in 1477 bytes} [Tue Jun 16 17:37:22 2026] DELETE /placement/allocations/24d15ae6-69bd-41f5-8278-51dcffbb1541 => generated 0 bytes in 32 msecs (HTTP/1.1 204) 5 headers in 198 bytes (1 switches on core 0)
Jun 16 17:37:23.026420 np0000002975 devstack@placement-api.service[92312]: DEBUG placement.requestlog [req-b21e4e28-2982-4394-94a6-2fc6c8178fb3 req-a15c5ec9-1734-4746-98b5-88cfc13a02c5 None None] Starting request: 10.4.3.169 "GET /placement/allocations/ee8310e2-2492-4b55-b5f5-dff15389b4a5" {{(pid=92312) __call__ /opt/stack/placement/placement/requestlog.py:55}}
Jun 16 17:37:23.033268 np0000002975 devstack@placement-api.service[92312]: INFO placement.requestlog [req-b21e4e28-2982-4394-94a6-2fc6c8178fb3 req-a15c5ec9-1734-4746-98b5-88cfc13a02c5 service nova] 10.4.3.169 "GET /placement/allocations/ee8310e2-2492-4b55-b5f5-dff15389b4a5" status: 200 len: 258 microversion: 1.28
Jun 16 17:37:23.033445 np0000002975 devstack@placement-api.service[92312]: [pid: 92312|app: 0|req: 66/195] 10.4.3.169 () {68 vars in 1499 bytes} [Tue Jun 16 17:37:23 2026] GET /placement/allocations/ee8310e2-2492-4b55-b5f5-dff15389b4a5 => generated 258 bytes in 7 msecs (HTTP/1.1 200) 8 headers in 296 bytes (1 switches on core 0)
Jun 16 17:37:24.119647 np0000002975 devstack@placement-api.service[92313]: DEBUG placement.requestlog [req-b21e4e28-2982-4394-94a6-2fc6c8178fb3 req-267629fe-879b-4520-b4ab-e996f959fc61 None None] Starting request: 10.4.3.169 "GET /placement/resource_providers/9f1ba651-e831-41d9-b91d-3d08aaf5307c/allocations" {{(pid=92313) __call__ /opt/stack/placement/placement/requestlog.py:55}}
Jun 16 17:37:24.140950 np0000002975 devstack@placement-api.service[92313]: INFO placement.requestlog [req-b21e4e28-2982-4394-94a6-2fc6c8178fb3 req-267629fe-879b-4520-b4ab-e996f959fc61 service nova] 10.4.3.169 "GET /placement/resource_providers/9f1ba651-e831-41d9-b91d-3d08aaf5307c/allocations" status: 200 len: 753 microversion: 1.0
Jun 16 17:37:24.141193 np0000002975 devstack@placement-api.service[92313]: [pid: 92313|app: 0|req: 65/196] 10.4.3.169 () {66 vars in 1512 bytes} [Tue Jun 16 17:37:24 2026] GET /placement/resource_providers/9f1ba651-e831-41d9-b91d-3d08aaf5307c/allocations => generated 753 bytes in 22 msecs (HTTP/1.1 200) 6 headers in 224 bytes (1 switches on core 0)
Jun 16 17:37:24.192849 np0000002975 devstack@placement-api.service[92314]: DEBUG placement.requestlog [req-b21e4e28-2982-4394-94a6-2fc6c8178fb3 req-424b335e-0423-420a-b5ea-3e1b91368b36 None None] Starting request: 10.4.3.169 "GET /placement/allocations/b6f81318-2c65-48b6-87e5-5e964ac6ae5a" {{(pid=92314) __call__ /opt/stack/placement/placement/requestlog.py:55}}
Jun 16 17:37:24.205807 np0000002975 devstack@placement-api.service[92314]: INFO placement.requestlog [req-b21e4e28-2982-4394-94a6-2fc6c8178fb3 req-424b335e-0423-420a-b5ea-3e1b91368b36 service nova] 10.4.3.169 "GET /placement/allocations/b6f81318-2c65-48b6-87e5-5e964ac6ae5a" status: 200 len: 258 microversion: 1.28
Jun 16 17:37:24.206088 np0000002975 devstack@placement-api.service[92314]: [pid: 92314|app: 0|req: 66/197] 10.4.3.169 () {68 vars in 1499 bytes} [Tue Jun 16 17:37:24 2026] GET /placement/allocations/b6f81318-2c65-48b6-87e5-5e964ac6ae5a => generated 258 bytes in 13 msecs (HTTP/1.1 200) 8 headers in 296 bytes (1 switches on core 0)
Jun 16 17:37:24.280114 np0000002975 devstack@placement-api.service[92312]: DEBUG placement.requestlog [req-b21e4e28-2982-4394-94a6-2fc6c8178fb3 req-3e153ae3-5b4f-4f44-9c8c-713b2aad8653 None None] Starting request: 10.4.3.169 "GET /placement/allocations/1e3f63bb-d935-47cc-b014-66028c47136a" {{(pid=92312) __call__ /opt/stack/placement/placement/requestlog.py:55}}
Jun 16 17:37:24.293738 np0000002975 devstack@placement-api.service[92312]: INFO placement.requestlog [req-b21e4e28-2982-4394-94a6-2fc6c8178fb3 req-3e153ae3-5b4f-4f44-9c8c-713b2aad8653 service nova] 10.4.3.169 "GET /placement/allocations/1e3f63bb-d935-47cc-b014-66028c47136a" status: 200 len: 258 microversion: 1.28
Jun 16 17:37:24.293982 np0000002975 devstack@placement-api.service[92312]: [pid: 92312|app: 0|req: 67/198] 10.4.3.169 () {68 vars in 1499 bytes} [Tue Jun 16 17:37:24 2026] GET /placement/allocations/1e3f63bb-d935-47cc-b014-66028c47136a => generated 258 bytes in 14 msecs (HTTP/1.1 200) 8 headers in 296 bytes (1 switches on core 0)
Jun 16 17:37:24.337519 np0000002975 devstack@placement-api.service[92313]: DEBUG placement.requestlog [req-b21e4e28-2982-4394-94a6-2fc6c8178fb3 req-4c76f850-a3e1-4b30-922d-3790b2724bd0 None None] Starting request: 10.4.3.169 "GET /placement/allocations/f727f1f8-fb53-4234-85ae-eb9743a58bab" {{(pid=92313) __call__ /opt/stack/placement/placement/requestlog.py:55}}
Jun 16 17:37:24.355842 np0000002975 devstack@placement-api.service[92313]: INFO placement.requestlog [req-b21e4e28-2982-4394-94a6-2fc6c8178fb3 req-4c76f850-a3e1-4b30-922d-3790b2724bd0 service nova] 10.4.3.169 "GET /placement/allocations/f727f1f8-fb53-4234-85ae-eb9743a58bab" status: 200 len: 258 microversion: 1.28
Jun 16 17:37:24.356323 np0000002975 devstack@placement-api.service[92313]: [pid: 92313|app: 0|req: 66/199] 10.4.3.169 () {68 vars in 1499 bytes} [Tue Jun 16 17:37:24 2026] GET /placement/allocations/f727f1f8-fb53-4234-85ae-eb9743a58bab => generated 258 bytes in 19 msecs (HTTP/1.1 200) 8 headers in 296 bytes (1 switches on core 0)
Jun 16 17:37:24.391706 np0000002975 devstack@placement-api.service[92314]: DEBUG placement.requestlog [req-b21e4e28-2982-4394-94a6-2fc6c8178fb3 req-061e2a86-4c1c-487b-91eb-2d0525ce1a79 None None] Starting request: 10.4.3.169 "GET /placement/allocations/044ecb65-bb2f-4e84-a970-3426f8be305b" {{(pid=92314) __call__ /opt/stack/placement/placement/requestlog.py:55}}
Jun 16 17:37:24.406843 np0000002975 devstack@placement-api.service[92314]: INFO placement.requestlog [req-b21e4e28-2982-4394-94a6-2fc6c8178fb3 req-061e2a86-4c1c-487b-91eb-2d0525ce1a79 service nova] 10.4.3.169 "GET /placement/allocations/044ecb65-bb2f-4e84-a970-3426f8be305b" status: 200 len: 258 microversion: 1.28
Jun 16 17:37:24.407096 np0000002975 devstack@placement-api.service[92314]: [pid: 92314|app: 0|req: 67/200] 10.4.3.169 () {68 vars in 1499 bytes} [Tue Jun 16 17:37:24 2026] GET /placement/allocations/044ecb65-bb2f-4e84-a970-3426f8be305b => generated 258 bytes in 15 msecs (HTTP/1.1 200) 8 headers in 296 bytes (1 switches on core 0)
Jun 16 17:37:24.441448 np0000002975 devstack@placement-api.service[92312]: DEBUG placement.requestlog [req-b21e4e28-2982-4394-94a6-2fc6c8178fb3 req-f08224d2-a47a-42d2-8c55-3e9b460c7e36 None None] Starting request: 10.4.3.169 "GET /placement/allocations/ee8310e2-2492-4b55-b5f5-dff15389b4a5" {{(pid=92312) __call__ /opt/stack/placement/placement/requestlog.py:55}}
Jun 16 17:37:24.453465 np0000002975 devstack@placement-api.service[92312]: INFO placement.requestlog [req-b21e4e28-2982-4394-94a6-2fc6c8178fb3 req-f08224d2-a47a-42d2-8c55-3e9b460c7e36 service nova] 10.4.3.169 "GET /placement/allocations/ee8310e2-2492-4b55-b5f5-dff15389b4a5" status: 200 len: 258 microversion: 1.28
Jun 16 17:37:24.453693 np0000002975 devstack@placement-api.service[92312]: [pid: 92312|app: 0|req: 68/201] 10.4.3.169 () {68 vars in 1499 bytes} [Tue Jun 16 17:37:24 2026] GET /placement/allocations/ee8310e2-2492-4b55-b5f5-dff15389b4a5 => generated 258 bytes in 12 msecs (HTTP/1.1 200) 8 headers in 296 bytes (1 switches on core 0)
Jun 16 17:37:24.492140 np0000002975 devstack@placement-api.service[92313]: DEBUG placement.requestlog [req-b21e4e28-2982-4394-94a6-2fc6c8178fb3 req-5454f36a-4862-4b36-9824-86a5f674752c None None] Starting request: 10.4.3.169 "GET /placement/allocations/f148c35c-e22d-4190-b991-91bfd05d33a0" {{(pid=92313) __call__ /opt/stack/placement/placement/requestlog.py:55}}
Jun 16 17:37:24.503056 np0000002975 devstack@placement-api.service[92313]: INFO placement.requestlog [req-b21e4e28-2982-4394-94a6-2fc6c8178fb3 req-5454f36a-4862-4b36-9824-86a5f674752c service nova] 10.4.3.169 "GET /placement/allocations/f148c35c-e22d-4190-b991-91bfd05d33a0" status: 200 len: 258 microversion: 1.28
Jun 16 17:37:24.503320 np0000002975 devstack@placement-api.service[92313]: [pid: 92313|app: 0|req: 67/202] 10.4.3.169 () {68 vars in 1499 bytes} [Tue Jun 16 17:37:24 2026] GET /placement/allocations/f148c35c-e22d-4190-b991-91bfd05d33a0 => generated 258 bytes in 11 msecs (HTTP/1.1 200) 8 headers in 296 bytes (1 switches on core 0)
Jun 16 17:37:24.535426 np0000002975 devstack@placement-api.service[92314]: DEBUG placement.requestlog [req-b21e4e28-2982-4394-94a6-2fc6c8178fb3 req-f11ec097-7ad9-4dc5-96aa-4e4ea0e842ed None None] Starting request: 10.4.3.169 "GET /placement/allocations/a14c3852-e736-441b-a20d-3693f2352629" {{(pid=92314) __call__ /opt/stack/placement/placement/requestlog.py:55}}
Jun 16 17:37:24.543442 np0000002975 devstack@placement-api.service[92314]: INFO placement.requestlog [req-b21e4e28-2982-4394-94a6-2fc6c8178fb3 req-f11ec097-7ad9-4dc5-96aa-4e4ea0e842ed service nova] 10.4.3.169 "GET /placement/allocations/a14c3852-e736-441b-a20d-3693f2352629" status: 200 len: 258 microversion: 1.28
Jun 16 17:37:24.543585 np0000002975 devstack@placement-api.service[92314]: [pid: 92314|app: 0|req: 68/203] 10.4.3.169 () {68 vars in 1499 bytes} [Tue Jun 16 17:37:24 2026] GET /placement/allocations/a14c3852-e736-441b-a20d-3693f2352629 => generated 258 bytes in 8 msecs (HTTP/1.1 200) 8 headers in 296 bytes (1 switches on core 0)
Jun 16 17:37:26.561555 np0000002975 devstack@placement-api.service[92312]: DEBUG placement.requestlog [req-a69a22ec-784e-427c-8c11-e8ef75dd22ea req-8cae7fc7-7240-4d5b-9b77-7a60775b2ed2 None None] Starting request: 10.4.3.169 "GET /placement/allocations/1e3f63bb-d935-47cc-b014-66028c47136a" {{(pid=92312) __call__ /opt/stack/placement/placement/requestlog.py:55}}
Jun 16 17:37:26.574083 np0000002975 devstack@placement-api.service[92312]: INFO placement.requestlog [req-a69a22ec-784e-427c-8c11-e8ef75dd22ea req-8cae7fc7-7240-4d5b-9b77-7a60775b2ed2 service nova] 10.4.3.169 "GET /placement/allocations/1e3f63bb-d935-47cc-b014-66028c47136a" status: 200 len: 258 microversion: 1.28
Jun 16 17:37:26.574415 np0000002975 devstack@placement-api.service[92312]: [pid: 92312|app: 0|req: 69/204] 10.4.3.169 () {68 vars in 1499 bytes} [Tue Jun 16 17:37:26 2026] GET /placement/allocations/1e3f63bb-d935-47cc-b014-66028c47136a => generated 258 bytes in 13 msecs (HTTP/1.1 200) 8 headers in 296 bytes (1 switches on core 0)
Jun 16 17:37:26.574756 np0000002975 devstack@placement-api.service[92313]: DEBUG placement.requestlog [req-05ced31f-6592-4603-9265-1e31393bb5c1 req-965ab925-d32a-41ce-a3eb-57a77d896dd1 None None] Starting request: 10.4.3.169 "GET /placement/allocation_candidates?limit=1000&resources=DISK_GB%3A1%2CMEMORY_MB%3A192%2CVCPU%3A1&root_required=%21COMPUTE_STATUS_DISABLED" {{(pid=92313) __call__ /opt/stack/placement/placement/requestlog.py:55}}
Jun 16 17:37:26.599069 np0000002975 devstack@placement-api.service[92313]: DEBUG placement.objects.research_context [req-05ced31f-6592-4603-9265-1e31393bb5c1 req-965ab925-d32a-41ce-a3eb-57a77d896dd1 service nova] getting providers with 1 DISK_GB {{(pid=92313) __init__ /opt/stack/placement/placement/objects/research_context.py:137}}
Jun 16 17:37:26.604788 np0000002975 devstack@placement-api.service[92313]: DEBUG placement.objects.research_context [req-05ced31f-6592-4603-9265-1e31393bb5c1 req-965ab925-d32a-41ce-a3eb-57a77d896dd1 service nova] getting providers with 192 MEMORY_MB {{(pid=92313) __init__ /opt/stack/placement/placement/objects/research_context.py:137}}
Jun 16 17:37:26.610271 np0000002975 devstack@placement-api.service[92313]: DEBUG placement.objects.research_context [req-05ced31f-6592-4603-9265-1e31393bb5c1 req-965ab925-d32a-41ce-a3eb-57a77d896dd1 service nova] getting providers with 1 VCPU {{(pid=92313) __init__ /opt/stack/placement/placement/objects/research_context.py:137}}
Jun 16 17:37:26.615622 np0000002975 devstack@placement-api.service[92313]: DEBUG placement.objects.research_context [req-05ced31f-6592-4603-9265-1e31393bb5c1 req-965ab925-d32a-41ce-a3eb-57a77d896dd1 service nova] found 1 providers with available 1 DISK_GB {{(pid=92313) get_provider_ids_matching /opt/stack/placement/placement/objects/research_context.py:563}}
Jun 16 17:37:26.615764 np0000002975 devstack@placement-api.service[92313]: DEBUG placement.objects.research_context [req-05ced31f-6592-4603-9265-1e31393bb5c1 req-965ab925-d32a-41ce-a3eb-57a77d896dd1 service nova] found 1 providers with available 192 MEMORY_MB {{(pid=92313) get_provider_ids_matching /opt/stack/placement/placement/objects/research_context.py:563}}
Jun 16 17:37:26.615891 np0000002975 devstack@placement-api.service[92313]: DEBUG placement.objects.research_context [req-05ced31f-6592-4603-9265-1e31393bb5c1 req-965ab925-d32a-41ce-a3eb-57a77d896dd1 service nova] found 1 providers after filtering by previous result {{(pid=92313) get_provider_ids_matching /opt/stack/placement/placement/objects/research_context.py:594}}
Jun 16 17:37:26.616101 np0000002975 devstack@placement-api.service[92313]: DEBUG placement.objects.research_context [req-05ced31f-6592-4603-9265-1e31393bb5c1 req-965ab925-d32a-41ce-a3eb-57a77d896dd1 service nova] found 1 providers with available 1 VCPU {{(pid=92313) get_provider_ids_matching /opt/stack/placement/placement/objects/research_context.py:563}}
Jun 16 17:37:26.616164 np0000002975 devstack@placement-api.service[92313]: DEBUG placement.objects.research_context [req-05ced31f-6592-4603-9265-1e31393bb5c1 req-965ab925-d32a-41ce-a3eb-57a77d896dd1 service nova] found 1 providers after filtering by previous result {{(pid=92313) get_provider_ids_matching /opt/stack/placement/placement/objects/research_context.py:594}}
Jun 16 17:37:26.624073 np0000002975 devstack@placement-api.service[92313]: DEBUG placement.objects.allocation_candidate [req-05ced31f-6592-4603-9265-1e31393bb5c1 req-965ab925-d32a-41ce-a3eb-57a77d896dd1 service nova] RequestGroup(use_same_provider=False, resources={DISK_GB:1, MEMORY_MB:192, VCPU:1}, traits=(), aggregates=[]) (suffix '') returned 1 matches {{(pid=92313) _get_by_requests /opt/stack/placement/placement/objects/allocation_candidate.py:158}}
Jun 16 17:37:26.624073 np0000002975 devstack@placement-api.service[92313]: DEBUG placement.objects.allocation_candidate [req-05ced31f-6592-4603-9265-1e31393bb5c1 req-965ab925-d32a-41ce-a3eb-57a77d896dd1 service nova] Merging candidates yields 1 allocation requests and 1 provider summaries {{(pid=92313) _merge_candidates /opt/stack/placement/placement/objects/allocation_candidate.py:908}}
Jun 16 17:37:26.625980 np0000002975 devstack@placement-api.service[92313]: INFO placement.requestlog [req-05ced31f-6592-4603-9265-1e31393bb5c1 req-965ab925-d32a-41ce-a3eb-57a77d896dd1 service nova] 10.4.3.169 "GET /placement/allocation_candidates?limit=1000&resources=DISK_GB%3A1%2CMEMORY_MB%3A192%2CVCPU%3A1&root_required=%21COMPUTE_STATUS_DISABLED" status: 200 len: 2493 microversion: 1.36
Jun 16 17:37:26.626234 np0000002975 devstack@placement-api.service[92313]: [pid: 92313|app: 0|req: 68/205] 10.4.3.169 () {68 vars in 1625 bytes} [Tue Jun 16 17:37:26 2026] GET /placement/allocation_candidates?limit=1000&resources=DISK_GB%3A1%2CMEMORY_MB%3A192%2CVCPU%3A1&root_required=%21COMPUTE_STATUS_DISABLED => generated 2493 bytes in 51 msecs (HTTP/1.1 200) 8 headers in 297 bytes (1 switches on core 0)
Jun 16 17:37:26.691306 np0000002975 devstack@placement-api.service[92314]: DEBUG placement.requestlog [req-05ced31f-6592-4603-9265-1e31393bb5c1 req-1e2b108d-b395-4b62-b4f9-49db281337b7 None None] Starting request: 10.4.3.169 "GET /placement/allocations/326cb69a-265b-4a75-99a9-362be50fe1e3" {{(pid=92314) __call__ /opt/stack/placement/placement/requestlog.py:55}}
Jun 16 17:37:26.699354 np0000002975 devstack@placement-api.service[92314]: INFO placement.requestlog [req-05ced31f-6592-4603-9265-1e31393bb5c1 req-1e2b108d-b395-4b62-b4f9-49db281337b7 service nova] 10.4.3.169 "GET /placement/allocations/326cb69a-265b-4a75-99a9-362be50fe1e3" status: 200 len: 19 microversion: 1.28
Jun 16 17:37:26.699354 np0000002975 devstack@placement-api.service[92314]: [pid: 92314|app: 0|req: 69/206] 10.4.3.169 () {68 vars in 1501 bytes} [Tue Jun 16 17:37:26 2026] GET /placement/allocations/326cb69a-265b-4a75-99a9-362be50fe1e3 => generated 19 bytes in 8 msecs (HTTP/1.1 200) 8 headers in 295 bytes (1 switches on core 0)
Jun 16 17:37:26.735061 np0000002975 devstack@placement-api.service[92312]: DEBUG placement.requestlog [req-05ced31f-6592-4603-9265-1e31393bb5c1 req-368acc02-835e-4e07-b75e-6c3215aea650 None None] Starting request: 10.4.3.169 "PUT /placement/allocations/326cb69a-265b-4a75-99a9-362be50fe1e3" {{(pid=92312) __call__ /opt/stack/placement/placement/requestlog.py:55}}
Jun 16 17:37:26.796086 np0000002975 devstack@placement-api.service[92312]: DEBUG placement.handlers.allocation [req-05ced31f-6592-4603-9265-1e31393bb5c1 req-368acc02-835e-4e07-b75e-6c3215aea650 service nova] Successfully wrote allocations [, , ] {{(pid=92312) _update_consumers_and_create_allocations /opt/stack/placement/placement/handlers/allocation.py:462}}
Jun 16 17:37:26.800908 np0000002975 devstack@placement-api.service[92312]: INFO placement.requestlog [req-05ced31f-6592-4603-9265-1e31393bb5c1 req-368acc02-835e-4e07-b75e-6c3215aea650 service nova] 10.4.3.169 "PUT /placement/allocations/326cb69a-265b-4a75-99a9-362be50fe1e3" status: 204 len: 0 microversion: 1.36
Jun 16 17:37:26.801555 np0000002975 devstack@placement-api.service[92312]: [pid: 92312|app: 0|req: 70/207] 10.4.3.169 () {72 vars in 1554 bytes} [Tue Jun 16 17:37:26 2026] PUT /placement/allocations/326cb69a-265b-4a75-99a9-362be50fe1e3 => generated 0 bytes in 66 msecs (HTTP/1.1 204) 5 headers in 199 bytes (1 switches on core 0)
Jun 16 17:37:28.261633 np0000002975 devstack@placement-api.service[92313]: DEBUG placement.requestlog [req-05ced31f-6592-4603-9265-1e31393bb5c1 req-e3e0d50f-5c47-447f-9af5-837633000715 None None] Starting request: 10.4.3.169 "GET /placement/allocations/326cb69a-265b-4a75-99a9-362be50fe1e3" {{(pid=92313) __call__ /opt/stack/placement/placement/requestlog.py:55}}
Jun 16 17:37:28.272287 np0000002975 devstack@placement-api.service[92313]: INFO placement.requestlog [req-05ced31f-6592-4603-9265-1e31393bb5c1 req-e3e0d50f-5c47-447f-9af5-837633000715 service nova] 10.4.3.169 "GET /placement/allocations/326cb69a-265b-4a75-99a9-362be50fe1e3" status: 200 len: 258 microversion: 1.28
Jun 16 17:37:28.272582 np0000002975 devstack@placement-api.service[92313]: [pid: 92313|app: 0|req: 69/208] 10.4.3.169 () {68 vars in 1499 bytes} [Tue Jun 16 17:37:28 2026] GET /placement/allocations/326cb69a-265b-4a75-99a9-362be50fe1e3 => generated 258 bytes in 11 msecs (HTTP/1.1 200) 8 headers in 296 bytes (1 switches on core 0)
Jun 16 17:37:29.053889 np0000002975 devstack@placement-api.service[92314]: DEBUG placement.requestlog [None req-813d2564-4dbb-4430-b7a1-a6e0a2fdc78d None None] Starting request: 10.4.3.169 "GET /placement/resource_providers/8e1bca3c-325b-4163-982e-eb343a33b13f/aggregates" {{(pid=92314) __call__ /opt/stack/placement/placement/requestlog.py:55}}
Jun 16 17:37:29.061376 np0000002975 devstack@placement-api.service[92314]: INFO placement.requestlog [None req-813d2564-4dbb-4430-b7a1-a6e0a2fdc78d service placement] 10.4.3.169 "GET /placement/resource_providers/8e1bca3c-325b-4163-982e-eb343a33b13f/aggregates" status: 404 len: 235 microversion: 1.1
Jun 16 17:37:29.061628 np0000002975 devstack@placement-api.service[92314]: [pid: 92314|app: 0|req: 70/209] 10.4.3.169 () {66 vars in 1474 bytes} [Tue Jun 16 17:37:29 2026] GET /placement/resource_providers/8e1bca3c-325b-4163-982e-eb343a33b13f/aggregates => generated 235 bytes in 8 msecs (HTTP/1.1 404) 5 headers in 202 bytes (1 switches on core 0)
Jun 16 17:37:29.105504 np0000002975 devstack@placement-api.service[92312]: DEBUG placement.requestlog [None req-da9e03d8-02e8-4a01-a769-c85113cc8ead None None] Starting request: 10.4.3.169 "DELETE /placement/resource_providers/8e1bca3c-325b-4163-982e-eb343a33b13f" {{(pid=92312) __call__ /opt/stack/placement/placement/requestlog.py:55}}
Jun 16 17:37:29.111230 np0000002975 devstack@placement-api.service[92312]: DEBUG placement.wsgi_wrapper [None req-da9e03d8-02e8-4a01-a769-c85113cc8ead service placement] Placement API returning an error response: No resource provider with uuid 8e1bca3c-325b-4163-982e-eb343a33b13f found for delete {{(pid=92312) call_func /opt/stack/placement/placement/wsgi_wrapper.py:31}}
Jun 16 17:37:29.111642 np0000002975 devstack@placement-api.service[92312]: INFO placement.requestlog [None req-da9e03d8-02e8-4a01-a769-c85113cc8ead service placement] 10.4.3.169 "DELETE /placement/resource_providers/8e1bca3c-325b-4163-982e-eb343a33b13f" status: 404 len: 246 microversion: 1.1
Jun 16 17:37:29.112161 np0000002975 devstack@placement-api.service[92312]: [pid: 92312|app: 0|req: 71/210] 10.4.3.169 () {68 vars in 1463 bytes} [Tue Jun 16 17:37:29 2026] DELETE /placement/resource_providers/8e1bca3c-325b-4163-982e-eb343a33b13f => generated 246 bytes in 6 msecs (HTTP/1.1 404) 6 headers in 231 bytes (1 switches on core 0)
Jun 16 17:37:29.329038 np0000002975 devstack@placement-api.service[92313]: DEBUG placement.requestlog [req-3fb5f890-e5e8-4406-9865-c807df1b7231 req-89fe04fc-7307-4f43-9ad6-e606e0fb43ea None None] Starting request: 10.4.3.169 "GET /placement/allocation_candidates?limit=1000&resources=MEMORY_MB%3A192%2CVCPU%3A1&root_required=%21COMPUTE_STATUS_DISABLED" {{(pid=92313) __call__ /opt/stack/placement/placement/requestlog.py:55}}
Jun 16 17:37:29.340120 np0000002975 devstack@placement-api.service[92314]: DEBUG placement.requestlog [req-05ced31f-6592-4603-9265-1e31393bb5c1 req-0064311d-a3d7-474a-8949-2752508f3603 None None] Starting request: 10.4.3.169 "GET /placement/resource_providers/9f1ba651-e831-41d9-b91d-3d08aaf5307c/allocations" {{(pid=92314) __call__ /opt/stack/placement/placement/requestlog.py:55}}
Jun 16 17:37:29.351707 np0000002975 devstack@placement-api.service[92313]: DEBUG placement.objects.research_context [req-3fb5f890-e5e8-4406-9865-c807df1b7231 req-89fe04fc-7307-4f43-9ad6-e606e0fb43ea service nova] getting providers with 192 MEMORY_MB {{(pid=92313) __init__ /opt/stack/placement/placement/objects/research_context.py:137}}
Jun 16 17:37:29.354223 np0000002975 devstack@placement-api.service[92314]: INFO placement.requestlog [req-05ced31f-6592-4603-9265-1e31393bb5c1 req-0064311d-a3d7-474a-8949-2752508f3603 service nova] 10.4.3.169 "GET /placement/resource_providers/9f1ba651-e831-41d9-b91d-3d08aaf5307c/allocations" status: 200 len: 853 microversion: 1.0
Jun 16 17:37:29.355325 np0000002975 devstack@placement-api.service[92314]: [pid: 92314|app: 0|req: 71/211] 10.4.3.169 () {66 vars in 1512 bytes} [Tue Jun 16 17:37:29 2026] GET /placement/resource_providers/9f1ba651-e831-41d9-b91d-3d08aaf5307c/allocations => generated 853 bytes in 14 msecs (HTTP/1.1 200) 6 headers in 224 bytes (1 switches on core 0)
Jun 16 17:37:29.356357 np0000002975 devstack@placement-api.service[92313]: DEBUG placement.objects.research_context [req-3fb5f890-e5e8-4406-9865-c807df1b7231 req-89fe04fc-7307-4f43-9ad6-e606e0fb43ea service nova] getting providers with 1 VCPU {{(pid=92313) __init__ /opt/stack/placement/placement/objects/research_context.py:137}}
Jun 16 17:37:29.360164 np0000002975 devstack@placement-api.service[92313]: DEBUG placement.objects.research_context [req-3fb5f890-e5e8-4406-9865-c807df1b7231 req-89fe04fc-7307-4f43-9ad6-e606e0fb43ea service nova] found 1 providers with available 192 MEMORY_MB {{(pid=92313) get_provider_ids_matching /opt/stack/placement/placement/objects/research_context.py:563}}
Jun 16 17:37:29.360325 np0000002975 devstack@placement-api.service[92313]: DEBUG placement.objects.research_context [req-3fb5f890-e5e8-4406-9865-c807df1b7231 req-89fe04fc-7307-4f43-9ad6-e606e0fb43ea service nova] found 1 providers with available 1 VCPU {{(pid=92313) get_provider_ids_matching /opt/stack/placement/placement/objects/research_context.py:563}}
Jun 16 17:37:29.360504 np0000002975 devstack@placement-api.service[92313]: DEBUG placement.objects.research_context [req-3fb5f890-e5e8-4406-9865-c807df1b7231 req-89fe04fc-7307-4f43-9ad6-e606e0fb43ea service nova] found 1 providers after filtering by previous result {{(pid=92313) get_provider_ids_matching /opt/stack/placement/placement/objects/research_context.py:594}}
Jun 16 17:37:29.370381 np0000002975 devstack@placement-api.service[92313]: DEBUG placement.objects.allocation_candidate [req-3fb5f890-e5e8-4406-9865-c807df1b7231 req-89fe04fc-7307-4f43-9ad6-e606e0fb43ea service nova] RequestGroup(use_same_provider=False, resources={MEMORY_MB:192, VCPU:1}, traits=(), aggregates=[]) (suffix '') returned 1 matches {{(pid=92313) _get_by_requests /opt/stack/placement/placement/objects/allocation_candidate.py:158}}
Jun 16 17:37:29.370665 np0000002975 devstack@placement-api.service[92313]: DEBUG placement.objects.allocation_candidate [req-3fb5f890-e5e8-4406-9865-c807df1b7231 req-89fe04fc-7307-4f43-9ad6-e606e0fb43ea service nova] Merging candidates yields 1 allocation requests and 1 provider summaries {{(pid=92313) _merge_candidates /opt/stack/placement/placement/objects/allocation_candidate.py:908}}
Jun 16 17:37:29.372159 np0000002975 devstack@placement-api.service[92313]: INFO placement.requestlog [req-3fb5f890-e5e8-4406-9865-c807df1b7231 req-89fe04fc-7307-4f43-9ad6-e606e0fb43ea service nova] 10.4.3.169 "GET /placement/allocation_candidates?limit=1000&resources=MEMORY_MB%3A192%2CVCPU%3A1&root_required=%21COMPUTE_STATUS_DISABLED" status: 200 len: 2479 microversion: 1.36
Jun 16 17:37:29.375894 np0000002975 devstack@placement-api.service[92313]: [pid: 92313|app: 0|req: 70/212] 10.4.3.169 () {68 vars in 1597 bytes} [Tue Jun 16 17:37:29 2026] GET /placement/allocation_candidates?limit=1000&resources=MEMORY_MB%3A192%2CVCPU%3A1&root_required=%21COMPUTE_STATUS_DISABLED => generated 2479 bytes in 44 msecs (HTTP/1.1 200) 8 headers in 297 bytes (1 switches on core 0)
Jun 16 17:37:29.404603 np0000002975 devstack@placement-api.service[92312]: DEBUG placement.requestlog [req-05ced31f-6592-4603-9265-1e31393bb5c1 req-922f23e2-1256-481a-8daa-49081c25275c None None] Starting request: 10.4.3.169 "GET /placement/allocations/b6f81318-2c65-48b6-87e5-5e964ac6ae5a" {{(pid=92312) __call__ /opt/stack/placement/placement/requestlog.py:55}}
Jun 16 17:37:29.414002 np0000002975 devstack@placement-api.service[92312]: INFO placement.requestlog [req-05ced31f-6592-4603-9265-1e31393bb5c1 req-922f23e2-1256-481a-8daa-49081c25275c service nova] 10.4.3.169 "GET /placement/allocations/b6f81318-2c65-48b6-87e5-5e964ac6ae5a" status: 200 len: 258 microversion: 1.28
Jun 16 17:37:29.414673 np0000002975 devstack@placement-api.service[92312]: [pid: 92312|app: 0|req: 72/213] 10.4.3.169 () {68 vars in 1499 bytes} [Tue Jun 16 17:37:29 2026] GET /placement/allocations/b6f81318-2c65-48b6-87e5-5e964ac6ae5a => generated 258 bytes in 10 msecs (HTTP/1.1 200) 8 headers in 296 bytes (1 switches on core 0)
Jun 16 17:37:29.456330 np0000002975 devstack@placement-api.service[92314]: DEBUG placement.requestlog [req-3fb5f890-e5e8-4406-9865-c807df1b7231 req-25a05ae4-e9df-465d-aba5-226f41efbbfe None None] Starting request: 10.4.3.169 "GET /placement/allocations/2bdd500f-b47b-4496-8de6-58d1b7a7809a" {{(pid=92314) __call__ /opt/stack/placement/placement/requestlog.py:55}}
Jun 16 17:37:29.463621 np0000002975 devstack@placement-api.service[92313]: DEBUG placement.requestlog [req-05ced31f-6592-4603-9265-1e31393bb5c1 req-dd9921e7-489d-4ff3-b316-91ca1b64ebea None None] Starting request: 10.4.3.169 "GET /placement/allocations/1e3f63bb-d935-47cc-b014-66028c47136a" {{(pid=92313) __call__ /opt/stack/placement/placement/requestlog.py:55}}
Jun 16 17:37:29.467898 np0000002975 devstack@placement-api.service[92314]: INFO placement.requestlog [req-3fb5f890-e5e8-4406-9865-c807df1b7231 req-25a05ae4-e9df-465d-aba5-226f41efbbfe service nova] 10.4.3.169 "GET /placement/allocations/2bdd500f-b47b-4496-8de6-58d1b7a7809a" status: 200 len: 19 microversion: 1.28
Jun 16 17:37:29.468195 np0000002975 devstack@placement-api.service[92314]: [pid: 92314|app: 0|req: 72/214] 10.4.3.169 () {68 vars in 1501 bytes} [Tue Jun 16 17:37:29 2026] GET /placement/allocations/2bdd500f-b47b-4496-8de6-58d1b7a7809a => generated 19 bytes in 13 msecs (HTTP/1.1 200) 8 headers in 295 bytes (1 switches on core 0)
Jun 16 17:37:29.474231 np0000002975 devstack@placement-api.service[92313]: INFO placement.requestlog [req-05ced31f-6592-4603-9265-1e31393bb5c1 req-dd9921e7-489d-4ff3-b316-91ca1b64ebea service nova] 10.4.3.169 "GET /placement/allocations/1e3f63bb-d935-47cc-b014-66028c47136a" status: 200 len: 258 microversion: 1.28
Jun 16 17:37:29.474522 np0000002975 devstack@placement-api.service[92313]: [pid: 92313|app: 0|req: 71/215] 10.4.3.169 () {68 vars in 1499 bytes} [Tue Jun 16 17:37:29 2026] GET /placement/allocations/1e3f63bb-d935-47cc-b014-66028c47136a => generated 258 bytes in 11 msecs (HTTP/1.1 200) 8 headers in 296 bytes (1 switches on core 0)
Jun 16 17:37:29.510545 np0000002975 devstack@placement-api.service[92312]: DEBUG placement.requestlog [req-3fb5f890-e5e8-4406-9865-c807df1b7231 req-1f1b6e20-4bc3-416b-9090-48e3821dd193 None None] Starting request: 10.4.3.169 "PUT /placement/allocations/2bdd500f-b47b-4496-8de6-58d1b7a7809a" {{(pid=92312) __call__ /opt/stack/placement/placement/requestlog.py:55}}
Jun 16 17:37:29.530286 np0000002975 devstack@placement-api.service[92314]: DEBUG placement.requestlog [req-05ced31f-6592-4603-9265-1e31393bb5c1 req-f44ae61e-2ec9-4e6a-a053-e3fccab267f8 None None] Starting request: 10.4.3.169 "GET /placement/allocations/044ecb65-bb2f-4e84-a970-3426f8be305b" {{(pid=92314) __call__ /opt/stack/placement/placement/requestlog.py:55}}
Jun 16 17:37:29.543654 np0000002975 devstack@placement-api.service[92314]: INFO placement.requestlog [req-05ced31f-6592-4603-9265-1e31393bb5c1 req-f44ae61e-2ec9-4e6a-a053-e3fccab267f8 service nova] 10.4.3.169 "GET /placement/allocations/044ecb65-bb2f-4e84-a970-3426f8be305b" status: 200 len: 258 microversion: 1.28
Jun 16 17:37:29.543973 np0000002975 devstack@placement-api.service[92314]: [pid: 92314|app: 0|req: 73/216] 10.4.3.169 () {68 vars in 1499 bytes} [Tue Jun 16 17:37:29 2026] GET /placement/allocations/044ecb65-bb2f-4e84-a970-3426f8be305b => generated 258 bytes in 14 msecs (HTTP/1.1 200) 8 headers in 296 bytes (1 switches on core 0)
Jun 16 17:37:29.588259 np0000002975 devstack@placement-api.service[92312]: DEBUG placement.handlers.allocation [req-3fb5f890-e5e8-4406-9865-c807df1b7231 req-1f1b6e20-4bc3-416b-9090-48e3821dd193 service nova] Successfully wrote allocations [, ] {{(pid=92312) _update_consumers_and_create_allocations /opt/stack/placement/placement/handlers/allocation.py:462}}
Jun 16 17:37:29.593827 np0000002975 devstack@placement-api.service[92312]: INFO placement.requestlog [req-3fb5f890-e5e8-4406-9865-c807df1b7231 req-1f1b6e20-4bc3-416b-9090-48e3821dd193 service nova] 10.4.3.169 "PUT /placement/allocations/2bdd500f-b47b-4496-8de6-58d1b7a7809a" status: 204 len: 0 microversion: 1.36
Jun 16 17:37:29.595334 np0000002975 devstack@placement-api.service[92312]: [pid: 92312|app: 0|req: 73/217] 10.4.3.169 () {72 vars in 1554 bytes} [Tue Jun 16 17:37:29 2026] PUT /placement/allocations/2bdd500f-b47b-4496-8de6-58d1b7a7809a => generated 0 bytes in 84 msecs (HTTP/1.1 204) 5 headers in 199 bytes (1 switches on core 0)
Jun 16 17:37:29.607629 np0000002975 devstack@placement-api.service[92313]: DEBUG placement.requestlog [req-05ced31f-6592-4603-9265-1e31393bb5c1 req-311cfdb1-da12-472a-a0aa-d4854d4321d6 None None] Starting request: 10.4.3.169 "GET /placement/allocations/ee8310e2-2492-4b55-b5f5-dff15389b4a5" {{(pid=92313) __call__ /opt/stack/placement/placement/requestlog.py:55}}
Jun 16 17:37:29.620579 np0000002975 devstack@placement-api.service[92313]: INFO placement.requestlog [req-05ced31f-6592-4603-9265-1e31393bb5c1 req-311cfdb1-da12-472a-a0aa-d4854d4321d6 service nova] 10.4.3.169 "GET /placement/allocations/ee8310e2-2492-4b55-b5f5-dff15389b4a5" status: 200 len: 258 microversion: 1.28
Jun 16 17:37:29.622830 np0000002975 devstack@placement-api.service[92313]: [pid: 92313|app: 0|req: 72/218] 10.4.3.169 () {68 vars in 1499 bytes} [Tue Jun 16 17:37:29 2026] GET /placement/allocations/ee8310e2-2492-4b55-b5f5-dff15389b4a5 => generated 258 bytes in 13 msecs (HTTP/1.1 200) 8 headers in 296 bytes (1 switches on core 0)
Jun 16 17:37:29.661847 np0000002975 devstack@placement-api.service[92314]: DEBUG placement.requestlog [req-05ced31f-6592-4603-9265-1e31393bb5c1 req-ebf698a4-4129-49a4-8546-e9fd402097bf None None] Starting request: 10.4.3.169 "GET /placement/allocations/326cb69a-265b-4a75-99a9-362be50fe1e3" {{(pid=92314) __call__ /opt/stack/placement/placement/requestlog.py:55}}
Jun 16 17:37:29.671230 np0000002975 devstack@placement-api.service[92314]: INFO placement.requestlog [req-05ced31f-6592-4603-9265-1e31393bb5c1 req-ebf698a4-4129-49a4-8546-e9fd402097bf service nova] 10.4.3.169 "GET /placement/allocations/326cb69a-265b-4a75-99a9-362be50fe1e3" status: 200 len: 258 microversion: 1.28
Jun 16 17:37:29.671230 np0000002975 devstack@placement-api.service[92314]: [pid: 92314|app: 0|req: 74/219] 10.4.3.169 () {68 vars in 1499 bytes} [Tue Jun 16 17:37:29 2026] GET /placement/allocations/326cb69a-265b-4a75-99a9-362be50fe1e3 => generated 258 bytes in 9 msecs (HTTP/1.1 200) 8 headers in 296 bytes (1 switches on core 0)
Jun 16 17:37:29.717742 np0000002975 devstack@placement-api.service[92312]: DEBUG placement.requestlog [req-05ced31f-6592-4603-9265-1e31393bb5c1 req-c3c2dd3d-d8e7-435a-83d6-f458be059af5 None None] Starting request: 10.4.3.169 "GET /placement/allocations/f148c35c-e22d-4190-b991-91bfd05d33a0" {{(pid=92312) __call__ /opt/stack/placement/placement/requestlog.py:55}}
Jun 16 17:37:29.728622 np0000002975 devstack@placement-api.service[92312]: INFO placement.requestlog [req-05ced31f-6592-4603-9265-1e31393bb5c1 req-c3c2dd3d-d8e7-435a-83d6-f458be059af5 service nova] 10.4.3.169 "GET /placement/allocations/f148c35c-e22d-4190-b991-91bfd05d33a0" status: 200 len: 258 microversion: 1.28
Jun 16 17:37:29.730317 np0000002975 devstack@placement-api.service[92312]: [pid: 92312|app: 0|req: 74/220] 10.4.3.169 () {68 vars in 1499 bytes} [Tue Jun 16 17:37:29 2026] GET /placement/allocations/f148c35c-e22d-4190-b991-91bfd05d33a0 => generated 258 bytes in 13 msecs (HTTP/1.1 200) 8 headers in 296 bytes (1 switches on core 0)
Jun 16 17:37:29.782053 np0000002975 devstack@placement-api.service[92313]: DEBUG placement.requestlog [req-05ced31f-6592-4603-9265-1e31393bb5c1 req-206639ba-1d75-49ee-ab9c-2b769da12a60 None None] Starting request: 10.4.3.169 "GET /placement/allocations/f727f1f8-fb53-4234-85ae-eb9743a58bab" {{(pid=92313) __call__ /opt/stack/placement/placement/requestlog.py:55}}
Jun 16 17:37:29.797047 np0000002975 devstack@placement-api.service[92313]: INFO placement.requestlog [req-05ced31f-6592-4603-9265-1e31393bb5c1 req-206639ba-1d75-49ee-ab9c-2b769da12a60 service nova] 10.4.3.169 "GET /placement/allocations/f727f1f8-fb53-4234-85ae-eb9743a58bab" status: 200 len: 258 microversion: 1.28
Jun 16 17:37:29.797047 np0000002975 devstack@placement-api.service[92313]: [pid: 92313|app: 0|req: 73/221] 10.4.3.169 () {68 vars in 1499 bytes} [Tue Jun 16 17:37:29 2026] GET /placement/allocations/f727f1f8-fb53-4234-85ae-eb9743a58bab => generated 258 bytes in 15 msecs (HTTP/1.1 200) 8 headers in 296 bytes (1 switches on core 0)
Jun 16 17:37:29.849887 np0000002975 devstack@placement-api.service[92314]: DEBUG placement.requestlog [req-05ced31f-6592-4603-9265-1e31393bb5c1 req-3adc35ae-61e5-4189-8a59-9bdf1d3c0033 None None] Starting request: 10.4.3.169 "GET /placement/allocations/a14c3852-e736-441b-a20d-3693f2352629" {{(pid=92314) __call__ /opt/stack/placement/placement/requestlog.py:55}}
Jun 16 17:37:29.865324 np0000002975 devstack@placement-api.service[92314]: INFO placement.requestlog [req-05ced31f-6592-4603-9265-1e31393bb5c1 req-3adc35ae-61e5-4189-8a59-9bdf1d3c0033 service nova] 10.4.3.169 "GET /placement/allocations/a14c3852-e736-441b-a20d-3693f2352629" status: 200 len: 258 microversion: 1.28
Jun 16 17:37:29.865718 np0000002975 devstack@placement-api.service[92314]: [pid: 92314|app: 0|req: 75/222] 10.4.3.169 () {68 vars in 1499 bytes} [Tue Jun 16 17:37:29 2026] GET /placement/allocations/a14c3852-e736-441b-a20d-3693f2352629 => generated 258 bytes in 16 msecs (HTTP/1.1 200) 8 headers in 296 bytes (1 switches on core 0)
Jun 16 17:37:30.872042 np0000002975 devstack@placement-api.service[92312]: DEBUG placement.requestlog [req-3fb5f890-e5e8-4406-9865-c807df1b7231 req-268d671b-251b-44a5-a2dd-30d173198d3c None None] Starting request: 10.4.3.169 "GET /placement/allocations/2bdd500f-b47b-4496-8de6-58d1b7a7809a" {{(pid=92312) __call__ /opt/stack/placement/placement/requestlog.py:55}}
Jun 16 17:37:30.881265 np0000002975 devstack@placement-api.service[92312]: INFO placement.requestlog [req-3fb5f890-e5e8-4406-9865-c807df1b7231 req-268d671b-251b-44a5-a2dd-30d173198d3c service nova] 10.4.3.169 "GET /placement/allocations/2bdd500f-b47b-4496-8de6-58d1b7a7809a" status: 200 len: 244 microversion: 1.28
Jun 16 17:37:30.881707 np0000002975 devstack@placement-api.service[92312]: [pid: 92312|app: 0|req: 75/223] 10.4.3.169 () {68 vars in 1499 bytes} [Tue Jun 16 17:37:30 2026] GET /placement/allocations/2bdd500f-b47b-4496-8de6-58d1b7a7809a => generated 244 bytes in 11 msecs (HTTP/1.1 200) 8 headers in 296 bytes (1 switches on core 0)
Jun 16 17:37:31.912477 np0000002975 devstack@placement-api.service[92313]: DEBUG placement.requestlog [None req-cf9af09f-c5bc-4927-944c-0e07726f63f0 None None] Starting request: 10.4.3.169 "GET /placement/resource_providers/96e6d9ae-b0ae-4939-8c9c-ee99ee422b61/aggregates" {{(pid=92313) __call__ /opt/stack/placement/placement/requestlog.py:55}}
Jun 16 17:37:31.954403 np0000002975 devstack@placement-api.service[92314]: DEBUG placement.requestlog [req-3fb5f890-e5e8-4406-9865-c807df1b7231 req-656780d3-2510-4d2f-8597-8c9debc76a43 None None] Starting request: 10.4.3.169 "GET /placement/resource_providers/9f1ba651-e831-41d9-b91d-3d08aaf5307c/allocations" {{(pid=92314) __call__ /opt/stack/placement/placement/requestlog.py:55}}
Jun 16 17:37:31.973183 np0000002975 devstack@placement-api.service[92314]: INFO placement.requestlog [req-3fb5f890-e5e8-4406-9865-c807df1b7231 req-656780d3-2510-4d2f-8597-8c9debc76a43 service nova] 10.4.3.169 "GET /placement/resource_providers/9f1ba651-e831-41d9-b91d-3d08aaf5307c/allocations" status: 200 len: 939 microversion: 1.0
Jun 16 17:37:31.973390 np0000002975 devstack@placement-api.service[92314]: [pid: 92314|app: 0|req: 76/224] 10.4.3.169 () {66 vars in 1512 bytes} [Tue Jun 16 17:37:31 2026] GET /placement/resource_providers/9f1ba651-e831-41d9-b91d-3d08aaf5307c/allocations => generated 939 bytes in 19 msecs (HTTP/1.1 200) 6 headers in 224 bytes (1 switches on core 0)
Jun 16 17:37:32.016910 np0000002975 devstack@placement-api.service[92313]: INFO placement.requestlog [None req-cf9af09f-c5bc-4927-944c-0e07726f63f0 service placement] 10.4.3.169 "GET /placement/resource_providers/96e6d9ae-b0ae-4939-8c9c-ee99ee422b61/aggregates" status: 404 len: 235 microversion: 1.1
Jun 16 17:37:32.017046 np0000002975 devstack@placement-api.service[92312]: DEBUG placement.requestlog [req-3fb5f890-e5e8-4406-9865-c807df1b7231 req-2f06a266-a457-475a-a3d4-8f66eeb55ee1 None None] Starting request: 10.4.3.169 "GET /placement/allocations/b6f81318-2c65-48b6-87e5-5e964ac6ae5a" {{(pid=92312) __call__ /opt/stack/placement/placement/requestlog.py:55}}
Jun 16 17:37:32.017389 np0000002975 devstack@placement-api.service[92313]: [pid: 92313|app: 0|req: 74/225] 10.4.3.169 () {66 vars in 1474 bytes} [Tue Jun 16 17:37:31 2026] GET /placement/resource_providers/96e6d9ae-b0ae-4939-8c9c-ee99ee422b61/aggregates => generated 235 bytes in 104 msecs (HTTP/1.1 404) 5 headers in 202 bytes (1 switches on core 0)
Jun 16 17:37:32.026685 np0000002975 devstack@placement-api.service[92312]: INFO placement.requestlog [req-3fb5f890-e5e8-4406-9865-c807df1b7231 req-2f06a266-a457-475a-a3d4-8f66eeb55ee1 service nova] 10.4.3.169 "GET /placement/allocations/b6f81318-2c65-48b6-87e5-5e964ac6ae5a" status: 200 len: 258 microversion: 1.28
Jun 16 17:37:32.026942 np0000002975 devstack@placement-api.service[92312]: [pid: 92312|app: 0|req: 76/226] 10.4.3.169 () {68 vars in 1499 bytes} [Tue Jun 16 17:37:32 2026] GET /placement/allocations/b6f81318-2c65-48b6-87e5-5e964ac6ae5a => generated 258 bytes in 11 msecs (HTTP/1.1 200) 8 headers in 296 bytes (1 switches on core 0)
Jun 16 17:37:32.073386 np0000002975 devstack@placement-api.service[92314]: DEBUG placement.requestlog [None req-1fda3aff-4c52-4929-8ef8-141287648fa6 None None] Starting request: 10.4.3.169 "DELETE /placement/resource_providers/96e6d9ae-b0ae-4939-8c9c-ee99ee422b61" {{(pid=92314) __call__ /opt/stack/placement/placement/requestlog.py:55}}
Jun 16 17:37:32.085602 np0000002975 devstack@placement-api.service[92314]: DEBUG placement.wsgi_wrapper [None req-1fda3aff-4c52-4929-8ef8-141287648fa6 service placement] Placement API returning an error response: No resource provider with uuid 96e6d9ae-b0ae-4939-8c9c-ee99ee422b61 found for delete {{(pid=92314) call_func /opt/stack/placement/placement/wsgi_wrapper.py:31}}
Jun 16 17:37:32.086042 np0000002975 devstack@placement-api.service[92314]: INFO placement.requestlog [None req-1fda3aff-4c52-4929-8ef8-141287648fa6 service placement] 10.4.3.169 "DELETE /placement/resource_providers/96e6d9ae-b0ae-4939-8c9c-ee99ee422b61" status: 404 len: 246 microversion: 1.1
Jun 16 17:37:32.086270 np0000002975 devstack@placement-api.service[92314]: [pid: 92314|app: 0|req: 77/227] 10.4.3.169 () {68 vars in 1463 bytes} [Tue Jun 16 17:37:32 2026] DELETE /placement/resource_providers/96e6d9ae-b0ae-4939-8c9c-ee99ee422b61 => generated 246 bytes in 13 msecs (HTTP/1.1 404) 6 headers in 231 bytes (1 switches on core 0)
Jun 16 17:37:32.250429 np0000002975 devstack@placement-api.service[92313]: DEBUG placement.requestlog [req-3fb5f890-e5e8-4406-9865-c807df1b7231 req-40bb09eb-6379-42a0-8bfe-c199976c2aac None None] Starting request: 10.4.3.169 "GET /placement/allocations/1e3f63bb-d935-47cc-b014-66028c47136a" {{(pid=92313) __call__ /opt/stack/placement/placement/requestlog.py:55}}
Jun 16 17:37:32.259605 np0000002975 devstack@placement-api.service[92313]: INFO placement.requestlog [req-3fb5f890-e5e8-4406-9865-c807df1b7231 req-40bb09eb-6379-42a0-8bfe-c199976c2aac service nova] 10.4.3.169 "GET /placement/allocations/1e3f63bb-d935-47cc-b014-66028c47136a" status: 200 len: 258 microversion: 1.28
Jun 16 17:37:32.259942 np0000002975 devstack@placement-api.service[92313]: [pid: 92313|app: 0|req: 75/228] 10.4.3.169 () {68 vars in 1499 bytes} [Tue Jun 16 17:37:32 2026] GET /placement/allocations/1e3f63bb-d935-47cc-b014-66028c47136a => generated 258 bytes in 10 msecs (HTTP/1.1 200) 8 headers in 296 bytes (1 switches on core 0)
