Jul 07 07:22:06.653471 np0000004709 devstack@c-api.service[96657]: DEBUG cinder.api.middleware.request_id [None req-6af8799d-8b3c-402d-aaf3-7b848bc84e6f None None] RequestId filter calling following filter/app {{(pid=96657) _context_setter /opt/stack/cinder/cinder/api/middleware/request_id.py:62}}
Jul 07 07:22:06.655383 np0000004709 devstack@c-api.service[96657]: INFO cinder.api.openstack.wsgi [None req-6af8799d-8b3c-402d-aaf3-7b848bc84e6f tempest-TaggedBootDevicesTest-229093251 tempest-TaggedBootDevicesTest-229093251-project-member] GET https://10.4.3.196/volume/v3/volumes/56e89ee6-56c1-4eaa-9975-29829621551d
Jul 07 07:22:06.655927 np0000004709 devstack@c-api.service[96657]: DEBUG cinder.api.openstack.wsgi [None req-6af8799d-8b3c-402d-aaf3-7b848bc84e6f tempest-TaggedBootDevicesTest-229093251 tempest-TaggedBootDevicesTest-229093251-project-member] Empty body provided in request {{(pid=96657) get_body /opt/stack/cinder/cinder/api/openstack/wsgi.py:725}}
Jul 07 07:22:06.655927 np0000004709 devstack@c-api.service[96657]: DEBUG cinder.api.openstack.wsgi [None req-6af8799d-8b3c-402d-aaf3-7b848bc84e6f tempest-TaggedBootDevicesTest-229093251 tempest-TaggedBootDevicesTest-229093251-project-member] Calling method 'show' {{(pid=96657) _process_stack /opt/stack/cinder/cinder/api/openstack/wsgi.py:878}}
Jul 07 07:22:06.663211 np0000004709 devstack@c-api.service[96657]: /opt/stack/data/venv/lib/python3.12/site-packages/oslo_context/context.py:102: DeprecationWarning: Policy enforcement is depending on the value of is_admin. This key is deprecated. Please update your policy file to use the standard policy values.
Jul 07 07:22:06.663211 np0000004709 devstack@c-api.service[96657]: warnings.warn(
Jul 07 07:22:06.668004 np0000004709 devstack@c-api.service[96657]: INFO cinder.volume.api [None req-6af8799d-8b3c-402d-aaf3-7b848bc84e6f tempest-TaggedBootDevicesTest-229093251 tempest-TaggedBootDevicesTest-229093251-project-member] Volume info retrieved successfully.
Jul 07 07:22:06.672758 np0000004709 devstack@c-api.service[96657]: INFO cinder.api.openstack.wsgi [None req-6af8799d-8b3c-402d-aaf3-7b848bc84e6f tempest-TaggedBootDevicesTest-229093251 tempest-TaggedBootDevicesTest-229093251-project-member] https://10.4.3.196/volume/v3/volumes/56e89ee6-56c1-4eaa-9975-29829621551d returned with HTTP 200
Jul 07 07:22:06.673435 np0000004709 devstack@c-api.service[96657]: [pid: 96657|app: 0|req: 127/389] 10.4.3.196 () {66 vars in 1348 bytes} [Tue Jul 7 07:22:06 2026] GET /volume/v3/volumes/56e89ee6-56c1-4eaa-9975-29829621551d => generated 819 bytes in 20 msecs (HTTP/1.1 200) 7 headers in 285 bytes (1 switches on core 0)
Jul 07 07:22:06.740120 np0000004709 devstack@c-api.service[96655]: DEBUG cinder.api.middleware.request_id [req-7c41486f-c63e-45be-a5e5-417a89cd0631 req-50b691df-9bf9-4e52-b69f-614ecbcee929 None None] RequestId filter calling following filter/app {{(pid=96655) _context_setter /opt/stack/cinder/cinder/api/middleware/request_id.py:62}}
Jul 07 07:22:06.746459 np0000004709 devstack@c-api.service[96655]: INFO cinder.api.openstack.wsgi [req-7c41486f-c63e-45be-a5e5-417a89cd0631 req-50b691df-9bf9-4e52-b69f-614ecbcee929 tempest-VolumesAssistedSnapshotsTest-652481199 tempest-VolumesAssistedSnapshotsTest-652481199-project-admin] GET https://10.4.3.196/volume/v3/volumes/e8dc0c8e-c062-403c-a990-a5513aac10a5
Jul 07 07:22:06.746459 np0000004709 devstack@c-api.service[96655]: DEBUG cinder.api.openstack.wsgi [req-7c41486f-c63e-45be-a5e5-417a89cd0631 req-50b691df-9bf9-4e52-b69f-614ecbcee929 tempest-VolumesAssistedSnapshotsTest-652481199 tempest-VolumesAssistedSnapshotsTest-652481199-project-admin] Empty body provided in request {{(pid=96655) get_body /opt/stack/cinder/cinder/api/openstack/wsgi.py:725}}
Jul 07 07:22:06.746459 np0000004709 devstack@c-api.service[96655]: DEBUG cinder.api.openstack.wsgi [req-7c41486f-c63e-45be-a5e5-417a89cd0631 req-50b691df-9bf9-4e52-b69f-614ecbcee929 tempest-VolumesAssistedSnapshotsTest-652481199 tempest-VolumesAssistedSnapshotsTest-652481199-project-admin] Calling method 'show' {{(pid=96655) _process_stack /opt/stack/cinder/cinder/api/openstack/wsgi.py:878}}
Jul 07 07:22:06.750952 np0000004709 devstack@c-api.service[96656]: DEBUG cinder.api.middleware.request_id [None req-2d158b10-7c67-418c-99b8-e716459b8ce0 None None] RequestId filter calling following filter/app {{(pid=96656) _context_setter /opt/stack/cinder/cinder/api/middleware/request_id.py:62}}
Jul 07 07:22:06.751179 np0000004709 devstack@c-api.service[96656]: INFO cinder.api.openstack.wsgi [None req-2d158b10-7c67-418c-99b8-e716459b8ce0 None None] GET https://10.4.3.196/volume//
Jul 07 07:22:06.751390 np0000004709 devstack@c-api.service[96656]: DEBUG cinder.api.openstack.wsgi [None req-2d158b10-7c67-418c-99b8-e716459b8ce0 None None] Empty body provided in request {{(pid=96656) get_body /opt/stack/cinder/cinder/api/openstack/wsgi.py:725}}
Jul 07 07:22:06.751585 np0000004709 devstack@c-api.service[96656]: DEBUG cinder.api.openstack.wsgi [None req-2d158b10-7c67-418c-99b8-e716459b8ce0 None None] Calling method 'all' {{(pid=96656) _process_stack /opt/stack/cinder/cinder/api/openstack/wsgi.py:878}}
Jul 07 07:22:06.751965 np0000004709 devstack@c-api.service[96656]: INFO cinder.api.openstack.wsgi [None req-2d158b10-7c67-418c-99b8-e716459b8ce0 None None] https://10.4.3.196/volume// returned with HTTP 300
Jul 07 07:22:06.752251 np0000004709 devstack@c-api.service[96656]: [pid: 96656|app: 0|req: 132/390] 10.4.3.196 () {66 vars in 1426 bytes} [Tue Jul 7 07:22:06 2026] GET /volume/ => generated 386 bytes in 2 msecs (HTTP/1.1 300) 7 headers in 299 bytes (1 switches on core 0)
Jul 07 07:22:06.755911 np0000004709 devstack@c-api.service[96655]: /opt/stack/data/venv/lib/python3.12/site-packages/oslo_context/context.py:102: DeprecationWarning: Policy enforcement is depending on the value of is_admin. This key is deprecated. Please update your policy file to use the standard policy values.
Jul 07 07:22:06.755911 np0000004709 devstack@c-api.service[96655]: warnings.warn(
Jul 07 07:22:06.759075 np0000004709 devstack@c-api.service[96655]: INFO cinder.volume.api [req-7c41486f-c63e-45be-a5e5-417a89cd0631 req-50b691df-9bf9-4e52-b69f-614ecbcee929 tempest-VolumesAssistedSnapshotsTest-652481199 tempest-VolumesAssistedSnapshotsTest-652481199-project-admin] Volume info retrieved successfully.
Jul 07 07:22:06.762867 np0000004709 devstack@c-api.service[96657]: DEBUG cinder.api.middleware.request_id [req-33b5a203-2a47-4507-95f2-a8129c324f9e req-5b9411a3-c6be-4b6a-b159-d4fae3e8d18b None None] RequestId filter calling following filter/app {{(pid=96657) _context_setter /opt/stack/cinder/cinder/api/middleware/request_id.py:62}}
Jul 07 07:22:06.763441 np0000004709 devstack@c-api.service[96655]: INFO cinder.api.openstack.wsgi [req-7c41486f-c63e-45be-a5e5-417a89cd0631 req-50b691df-9bf9-4e52-b69f-614ecbcee929 tempest-VolumesAssistedSnapshotsTest-652481199 tempest-VolumesAssistedSnapshotsTest-652481199-project-admin] https://10.4.3.196/volume/v3/volumes/e8dc0c8e-c062-403c-a990-a5513aac10a5 returned with HTTP 200
Jul 07 07:22:06.763889 np0000004709 devstack@c-api.service[96655]: [pid: 96655|app: 0|req: 132/391] 10.4.3.196 () {68 vars in 1598 bytes} [Tue Jul 7 07:22:06 2026] GET /volume/v3/volumes/e8dc0c8e-c062-403c-a990-a5513aac10a5 => generated 1016 bytes in 24 msecs (HTTP/1.1 200) 7 headers in 286 bytes (1 switches on core 0)
Jul 07 07:22:06.765431 np0000004709 devstack@c-api.service[96657]: INFO cinder.api.openstack.wsgi [req-33b5a203-2a47-4507-95f2-a8129c324f9e req-5b9411a3-c6be-4b6a-b159-d4fae3e8d18b tempest-AttachSCSIVolumeTestJSON-1920621493 tempest-AttachSCSIVolumeTestJSON-1920621493-project-member] GET https://10.4.3.196/volume/v3/volumes/0a08dae8-a8e1-47f3-91c3-d8c20a96f0db
Jul 07 07:22:06.765721 np0000004709 devstack@c-api.service[96657]: DEBUG cinder.api.openstack.wsgi [req-33b5a203-2a47-4507-95f2-a8129c324f9e req-5b9411a3-c6be-4b6a-b159-d4fae3e8d18b tempest-AttachSCSIVolumeTestJSON-1920621493 tempest-AttachSCSIVolumeTestJSON-1920621493-project-member] Empty body provided in request {{(pid=96657) get_body /opt/stack/cinder/cinder/api/openstack/wsgi.py:725}}
Jul 07 07:22:06.765972 np0000004709 devstack@c-api.service[96657]: DEBUG cinder.api.openstack.wsgi [req-33b5a203-2a47-4507-95f2-a8129c324f9e req-5b9411a3-c6be-4b6a-b159-d4fae3e8d18b tempest-AttachSCSIVolumeTestJSON-1920621493 tempest-AttachSCSIVolumeTestJSON-1920621493-project-member] Calling method 'show' {{(pid=96657) _process_stack /opt/stack/cinder/cinder/api/openstack/wsgi.py:878}}
Jul 07 07:22:06.778274 np0000004709 devstack@c-api.service[96657]: /opt/stack/data/venv/lib/python3.12/site-packages/oslo_context/context.py:102: DeprecationWarning: Policy enforcement is depending on the value of is_admin. This key is deprecated. Please update your policy file to use the standard policy values.
Jul 07 07:22:06.778274 np0000004709 devstack@c-api.service[96657]: warnings.warn(
Jul 07 07:22:06.783106 np0000004709 devstack@c-api.service[96657]: INFO cinder.volume.api [req-33b5a203-2a47-4507-95f2-a8129c324f9e req-5b9411a3-c6be-4b6a-b159-d4fae3e8d18b tempest-AttachSCSIVolumeTestJSON-1920621493 tempest-AttachSCSIVolumeTestJSON-1920621493-project-member] Volume info retrieved successfully.
Jul 07 07:22:06.789630 np0000004709 devstack@c-api.service[96657]: INFO cinder.api.openstack.wsgi [req-33b5a203-2a47-4507-95f2-a8129c324f9e req-5b9411a3-c6be-4b6a-b159-d4fae3e8d18b tempest-AttachSCSIVolumeTestJSON-1920621493 tempest-AttachSCSIVolumeTestJSON-1920621493-project-member] https://10.4.3.196/volume/v3/volumes/0a08dae8-a8e1-47f3-91c3-d8c20a96f0db returned with HTTP 200
Jul 07 07:22:06.790317 np0000004709 devstack@c-api.service[96657]: [pid: 96657|app: 0|req: 128/392] 10.4.3.196 () {70 vars in 1639 bytes} [Tue Jul 7 07:22:06 2026] GET /volume/v3/volumes/0a08dae8-a8e1-47f3-91c3-d8c20a96f0db => generated 1027 bytes in 28 msecs (HTTP/1.1 200) 7 headers in 287 bytes (1 switches on core 0)
Jul 07 07:22:06.869131 np0000004709 devstack@c-api.service[96656]: DEBUG cinder.api.middleware.request_id [req-33b5a203-2a47-4507-95f2-a8129c324f9e req-201bdf6c-7ce6-4aa0-965f-84cfb1b62949 None None] RequestId filter calling following filter/app {{(pid=96656) _context_setter /opt/stack/cinder/cinder/api/middleware/request_id.py:62}}
Jul 07 07:22:06.873092 np0000004709 devstack@c-api.service[96656]: INFO cinder.api.openstack.wsgi [req-33b5a203-2a47-4507-95f2-a8129c324f9e req-201bdf6c-7ce6-4aa0-965f-84cfb1b62949 tempest-AttachSCSIVolumeTestJSON-1920621493 tempest-AttachSCSIVolumeTestJSON-1920621493-project-member] PUT https://10.4.3.196/volume/v3/attachments/42430656-a417-4cd5-b5c3-80d3c4787748
Jul 07 07:22:06.873533 np0000004709 devstack@c-api.service[96656]: DEBUG cinder.api.openstack.wsgi [req-33b5a203-2a47-4507-95f2-a8129c324f9e req-201bdf6c-7ce6-4aa0-965f-84cfb1b62949 tempest-AttachSCSIVolumeTestJSON-1920621493 tempest-AttachSCSIVolumeTestJSON-1920621493-project-member] Action: 'update', calling method: version_select, body: {"attachment": {"connector": {"platform": "x86_64", "os_type": "linux", "ip": "10.4.3.196", "host": "np0000004709", "multipath": false, "enforce_multipath": true, "initiator": "iqn.2016-04.com.open-iscsi:699fbaf0434b", "do_local_attach": false, "nvme_hostid": "6aff2532-b43f-4843-9599-17f1cd414ced", "uuid": "8515de1c-ba7e-467b-adde-6d9f8a8dbc1f", "system uuid": "1252ca99-40bc-43d2-8851-08b5956acc74", "nqn": "nqn.2014-08.org.nvmexpress:uuid:1252ca99-40bc-43d2-8851-08b5956acc74", "nvme_native_multipath": true, "found_dsc": "", "host_ips": ["10.4.3.196", "fe80::f816:3eff:fec9:1eef", "192.168.10.6", "fe80::f816:3eff:fe77:5e3d", "192.168.20.6", "fe80::f816:3eff:fea8:7175", "192.168.30.6", "fe80::f816:3eff:fe6a:42be", "192.168.122.1", "172.24.5.1", "2001:db8::2", "fe80::1c0c:dfff:fef6:c040", "fe80::f816:3eff:fe30:1e9e", "fe80::845c:5aff:fea5:677c", "fe80::f816:3eff:fe4a:4f8", "fe80::c4e7:29ff:fe41:804a", "fe80::f816:3eff:fe4e:8809", "fe80::64a1:12ff:fe53:6fdf", "fe80::f816:3eff:fef2:9791", "fe80::88e2:b9ff:fe1f:8cc1", "fe80::f816:3eff:fec5:4cb7", "fe80::889b:5fff:fec3:a8d3"], "mountpoint": "/dev/sdc"}}} {{(pid=96656) _process_stack /opt/stack/cinder/cinder/api/openstack/wsgi.py:876}}
Jul 07 07:22:06.889248 np0000004709 devstack@c-api.service[96656]: /opt/stack/cinder/cinder/db/api.py:2468: SAWarning: SELECT statement has a cartesian product between FROM element(s) "volumes" and FROM element "volumes_1". Apply join condition(s) between each element to resolve.
Jul 07 07:22:06.889248 np0000004709 devstack@c-api.service[96656]: .first()
Jul 07 07:22:06.900393 np0000004709 devstack@c-api.service[96656]: DEBUG cinder.coordination [req-33b5a203-2a47-4507-95f2-a8129c324f9e req-201bdf6c-7ce6-4aa0-965f-84cfb1b62949 tempest-AttachSCSIVolumeTestJSON-1920621493 tempest-AttachSCSIVolumeTestJSON-1920621493-project-member] Acquiring lock "cinder-attachment_update-0a08dae8-a8e1-47f3-91c3-d8c20a96f0db-np0000004709" by "attachment_update" {{(pid=96656) __acquire /opt/stack/cinder/cinder/coordination.py:138}}
Jul 07 07:22:06.906030 np0000004709 devstack@c-api.service[96656]: DEBUG cinder.coordination [req-33b5a203-2a47-4507-95f2-a8129c324f9e req-201bdf6c-7ce6-4aa0-965f-84cfb1b62949 tempest-AttachSCSIVolumeTestJSON-1920621493 tempest-AttachSCSIVolumeTestJSON-1920621493-project-member] Lock "cinder-attachment_update-0a08dae8-a8e1-47f3-91c3-d8c20a96f0db-np0000004709" acquired by "attachment_update" :: waited 0.006s {{(pid=96656) __acquire /opt/stack/cinder/cinder/coordination.py:141}}
Jul 07 07:22:06.907511 np0000004709 devstack@c-api.service[96656]: /opt/stack/data/venv/lib/python3.12/site-packages/oslo_context/context.py:102: DeprecationWarning: Policy enforcement is depending on the value of is_admin. This key is deprecated. Please update your policy file to use the standard policy values.
Jul 07 07:22:06.907511 np0000004709 devstack@c-api.service[96656]: warnings.warn(
Jul 07 07:22:07.267436 np0000004709 devstack@c-api.service[96655]: DEBUG cinder.api.middleware.request_id [None req-79de9ca1-cd51-40ca-84df-c7f0b1b9cb4b None None] RequestId filter calling following filter/app {{(pid=96655) _context_setter /opt/stack/cinder/cinder/api/middleware/request_id.py:62}}
Jul 07 07:22:07.270787 np0000004709 devstack@c-api.service[96655]: INFO cinder.api.openstack.wsgi [None req-79de9ca1-cd51-40ca-84df-c7f0b1b9cb4b tempest-VolumesSnapshotNegativeTestJSON-197063571 tempest-VolumesSnapshotNegativeTestJSON-197063571-project-member] GET https://10.4.3.196/volume/v3/snapshots/4f8a1c33-2e35-4d31-90d2-cb6671529b2a
Jul 07 07:22:07.271066 np0000004709 devstack@c-api.service[96655]: DEBUG cinder.api.openstack.wsgi [None req-79de9ca1-cd51-40ca-84df-c7f0b1b9cb4b tempest-VolumesSnapshotNegativeTestJSON-197063571 tempest-VolumesSnapshotNegativeTestJSON-197063571-project-member] Empty body provided in request {{(pid=96655) get_body /opt/stack/cinder/cinder/api/openstack/wsgi.py:725}}
Jul 07 07:22:07.271359 np0000004709 devstack@c-api.service[96655]: DEBUG cinder.api.openstack.wsgi [None req-79de9ca1-cd51-40ca-84df-c7f0b1b9cb4b tempest-VolumesSnapshotNegativeTestJSON-197063571 tempest-VolumesSnapshotNegativeTestJSON-197063571-project-member] Calling method 'show' {{(pid=96655) _process_stack /opt/stack/cinder/cinder/api/openstack/wsgi.py:878}}
Jul 07 07:22:07.280151 np0000004709 devstack@c-api.service[96655]: /opt/stack/data/venv/lib/python3.12/site-packages/oslo_context/context.py:102: DeprecationWarning: Policy enforcement is depending on the value of is_admin. This key is deprecated. Please update your policy file to use the standard policy values.
Jul 07 07:22:07.280151 np0000004709 devstack@c-api.service[96655]: warnings.warn(
Jul 07 07:22:07.280929 np0000004709 devstack@c-api.service[96655]: INFO cinder.volume.api [None req-79de9ca1-cd51-40ca-84df-c7f0b1b9cb4b tempest-VolumesSnapshotNegativeTestJSON-197063571 tempest-VolumesSnapshotNegativeTestJSON-197063571-project-member] Snapshot retrieved successfully.
Jul 07 07:22:07.282038 np0000004709 devstack@c-api.service[96655]: INFO cinder.api.openstack.wsgi [None req-79de9ca1-cd51-40ca-84df-c7f0b1b9cb4b tempest-VolumesSnapshotNegativeTestJSON-197063571 tempest-VolumesSnapshotNegativeTestJSON-197063571-project-member] https://10.4.3.196/volume/v3/snapshots/4f8a1c33-2e35-4d31-90d2-cb6671529b2a returned with HTTP 200
Jul 07 07:22:07.282531 np0000004709 devstack@c-api.service[96655]: [pid: 96655|app: 0|req: 133/393] 10.4.3.196 () {66 vars in 1354 bytes} [Tue Jul 7 07:22:07 2026] GET /volume/v3/snapshots/4f8a1c33-2e35-4d31-90d2-cb6671529b2a => generated 477 bytes in 16 msecs (HTTP/1.1 200) 7 headers in 285 bytes (1 switches on core 0)
Jul 07 07:22:07.295786 np0000004709 devstack@c-api.service[96657]: DEBUG cinder.api.middleware.request_id [None req-159e8a36-b62a-4663-a322-a44a515a8e66 None None] RequestId filter calling following filter/app {{(pid=96657) _context_setter /opt/stack/cinder/cinder/api/middleware/request_id.py:62}}
Jul 07 07:22:07.298049 np0000004709 devstack@c-api.service[96657]: INFO cinder.api.openstack.wsgi [None req-159e8a36-b62a-4663-a322-a44a515a8e66 tempest-VolumesSnapshotNegativeTestJSON-197063571 tempest-VolumesSnapshotNegativeTestJSON-197063571-project-member] POST https://10.4.3.196/volume/v3/volumes
Jul 07 07:22:07.298431 np0000004709 devstack@c-api.service[96657]: DEBUG cinder.api.openstack.wsgi [None req-159e8a36-b62a-4663-a322-a44a515a8e66 tempest-VolumesSnapshotNegativeTestJSON-197063571 tempest-VolumesSnapshotNegativeTestJSON-197063571-project-member] Action: 'create', calling method: create, body: {"volume": {"size": 1, "snapshot_id": "4f8a1c33-2e35-4d31-90d2-cb6671529b2a"}} {{(pid=96657) _process_stack /opt/stack/cinder/cinder/api/openstack/wsgi.py:876}}
Jul 07 07:22:07.301740 np0000004709 devstack@c-api.service[96657]: DEBUG cinder.api.v3.volumes [None req-159e8a36-b62a-4663-a322-a44a515a8e66 tempest-VolumesSnapshotNegativeTestJSON-197063571 tempest-VolumesSnapshotNegativeTestJSON-197063571-project-member] Create volume request body: {'volume': {'size': 1, 'snapshot_id': '4f8a1c33-2e35-4d31-90d2-cb6671529b2a'}} {{(pid=96657) create /opt/stack/cinder/cinder/api/v3/volumes.py:368}}
Jul 07 07:22:07.307046 np0000004709 devstack@c-api.service[96657]: /opt/stack/data/venv/lib/python3.12/site-packages/oslo_context/context.py:102: DeprecationWarning: Policy enforcement is depending on the value of is_admin. This key is deprecated. Please update your policy file to use the standard policy values.
Jul 07 07:22:07.307046 np0000004709 devstack@c-api.service[96657]: warnings.warn(
Jul 07 07:22:07.307621 np0000004709 devstack@c-api.service[96657]: INFO cinder.volume.api [None req-159e8a36-b62a-4663-a322-a44a515a8e66 tempest-VolumesSnapshotNegativeTestJSON-197063571 tempest-VolumesSnapshotNegativeTestJSON-197063571-project-member] Snapshot retrieved successfully.
Jul 07 07:22:07.307794 np0000004709 devstack@c-api.service[96657]: INFO cinder.api.v3.volumes [None req-159e8a36-b62a-4663-a322-a44a515a8e66 tempest-VolumesSnapshotNegativeTestJSON-197063571 tempest-VolumesSnapshotNegativeTestJSON-197063571-project-member] Create volume of 1 GB
Jul 07 07:22:07.311977 np0000004709 devstack@c-api.service[96657]: INFO cinder.volume.api [None req-159e8a36-b62a-4663-a322-a44a515a8e66 tempest-VolumesSnapshotNegativeTestJSON-197063571 tempest-VolumesSnapshotNegativeTestJSON-197063571-project-member] Availability Zones retrieved successfully.
Jul 07 07:22:07.319283 np0000004709 devstack@c-api.service[96657]: DEBUG cinder.volume.api [None req-159e8a36-b62a-4663-a322-a44a515a8e66 tempest-VolumesSnapshotNegativeTestJSON-197063571 tempest-VolumesSnapshotNegativeTestJSON-197063571-project-member] Flow 'volume_create_api' (785ed37b-e8f6-4623-9437-fca62cce9428) transitioned into state 'RUNNING' from state 'PENDING' {{(pid=96657) _flow_receiver /opt/stack/data/venv/lib/python3.12/site-packages/taskflow/listeners/logging.py:160}}
Jul 07 07:22:07.320438 np0000004709 devstack@c-api.service[96657]: DEBUG cinder.volume.api [None req-159e8a36-b62a-4663-a322-a44a515a8e66 tempest-VolumesSnapshotNegativeTestJSON-197063571 tempest-VolumesSnapshotNegativeTestJSON-197063571-project-member] Task 'cinder.volume.flows.api.create_volume.ExtractVolumeRequestTask;volume:create' (a18579de-b8e9-4b73-96b9-1d3c81feedf4) transitioned into state 'RUNNING' from state 'PENDING' {{(pid=96657) _task_receiver /opt/stack/data/venv/lib/python3.12/site-packages/taskflow/listeners/logging.py:242}}
Jul 07 07:22:07.321785 np0000004709 devstack@c-api.service[96657]: DEBUG cinder.volume.flows.api.create_volume [None req-159e8a36-b62a-4663-a322-a44a515a8e66 tempest-VolumesSnapshotNegativeTestJSON-197063571 tempest-VolumesSnapshotNegativeTestJSON-197063571-project-member] Validating volume size '1' using validate_int, validate_snap_size {{(pid=96657) _extract_size /opt/stack/cinder/cinder/volume/flows/api/create_volume.py:226}}
Jul 07 07:22:07.323539 np0000004709 devstack@c-api.service[96657]: WARNING cinder.volume.api [None req-159e8a36-b62a-4663-a322-a44a515a8e66 tempest-VolumesSnapshotNegativeTestJSON-197063571 tempest-VolumesSnapshotNegativeTestJSON-197063571-project-member] Task 'cinder.volume.flows.api.create_volume.ExtractVolumeRequestTask;volume:create' (a18579de-b8e9-4b73-96b9-1d3c81feedf4) transitioned into state 'FAILURE' from state 'RUNNING'
Jul 07 07:22:07.323539 np0000004709 devstack@c-api.service[96657]: Failure: cinder.exception.InvalidInput: Invalid input received: Volume size '1'GB cannot be smaller than the snapshot size 2GB. They must be >= original snapshot size.
Jul 07 07:22:07.325686 np0000004709 devstack@c-api.service[96657]: DEBUG cinder.volume.api [None req-159e8a36-b62a-4663-a322-a44a515a8e66 tempest-VolumesSnapshotNegativeTestJSON-197063571 tempest-VolumesSnapshotNegativeTestJSON-197063571-project-member] Task 'cinder.volume.flows.api.create_volume.ExtractVolumeRequestTask;volume:create' (a18579de-b8e9-4b73-96b9-1d3c81feedf4) transitioned into state 'REVERTING' from state 'FAILURE' {{(pid=96657) _task_receiver /opt/stack/data/venv/lib/python3.12/site-packages/taskflow/listeners/logging.py:242}}
Jul 07 07:22:07.326578 np0000004709 devstack@c-api.service[96657]: WARNING cinder.volume.api [None req-159e8a36-b62a-4663-a322-a44a515a8e66 tempest-VolumesSnapshotNegativeTestJSON-197063571 tempest-VolumesSnapshotNegativeTestJSON-197063571-project-member] Task 'cinder.volume.flows.api.create_volume.ExtractVolumeRequestTask;volume:create' (a18579de-b8e9-4b73-96b9-1d3c81feedf4) transitioned into state 'REVERTED' from state 'REVERTING' with result 'None'
Jul 07 07:22:07.327537 np0000004709 devstack@c-api.service[96657]: WARNING cinder.volume.api [None req-159e8a36-b62a-4663-a322-a44a515a8e66 tempest-VolumesSnapshotNegativeTestJSON-197063571 tempest-VolumesSnapshotNegativeTestJSON-197063571-project-member] Flow 'volume_create_api' (785ed37b-e8f6-4623-9437-fca62cce9428) transitioned into state 'REVERTED' from state 'RUNNING'
Jul 07 07:22:07.327894 np0000004709 devstack@c-api.service[96657]: INFO cinder.api.openstack.wsgi [None req-159e8a36-b62a-4663-a322-a44a515a8e66 tempest-VolumesSnapshotNegativeTestJSON-197063571 tempest-VolumesSnapshotNegativeTestJSON-197063571-project-member] https://10.4.3.196/volume/v3/volumes returned with HTTP 400
Jul 07 07:22:07.328599 np0000004709 devstack@c-api.service[96657]: [pid: 96657|app: 0|req: 129/394] 10.4.3.196 () {68 vars in 1258 bytes} [Tue Jul 7 07:22:07 2026] POST /volume/v3/volumes => generated 171 bytes in 34 msecs (HTTP/1.1 400) 7 headers in 294 bytes (1 switches on core 0)
Jul 07 07:22:07.338581 np0000004709 devstack@c-api.service[96655]: DEBUG cinder.api.middleware.request_id [None req-3b7d83f3-9771-459c-b396-50a68c209624 None None] RequestId filter calling following filter/app {{(pid=96655) _context_setter /opt/stack/cinder/cinder/api/middleware/request_id.py:62}}
Jul 07 07:22:07.341340 np0000004709 devstack@c-api.service[96655]: INFO cinder.api.openstack.wsgi [None req-3b7d83f3-9771-459c-b396-50a68c209624 tempest-VolumesSnapshotNegativeTestJSON-197063571 tempest-VolumesSnapshotNegativeTestJSON-197063571-project-member] DELETE https://10.4.3.196/volume/v3/snapshots/4f8a1c33-2e35-4d31-90d2-cb6671529b2a
Jul 07 07:22:07.341724 np0000004709 devstack@c-api.service[96655]: DEBUG cinder.api.openstack.wsgi [None req-3b7d83f3-9771-459c-b396-50a68c209624 tempest-VolumesSnapshotNegativeTestJSON-197063571 tempest-VolumesSnapshotNegativeTestJSON-197063571-project-member] Empty body provided in request {{(pid=96655) get_body /opt/stack/cinder/cinder/api/openstack/wsgi.py:725}}
Jul 07 07:22:07.341916 np0000004709 devstack@c-api.service[96655]: DEBUG cinder.api.openstack.wsgi [None req-3b7d83f3-9771-459c-b396-50a68c209624 tempest-VolumesSnapshotNegativeTestJSON-197063571 tempest-VolumesSnapshotNegativeTestJSON-197063571-project-member] Calling method 'delete' {{(pid=96655) _process_stack /opt/stack/cinder/cinder/api/openstack/wsgi.py:878}}
Jul 07 07:22:07.342408 np0000004709 devstack@c-api.service[96655]: INFO cinder.api.v3.snapshots [None req-3b7d83f3-9771-459c-b396-50a68c209624 tempest-VolumesSnapshotNegativeTestJSON-197063571 tempest-VolumesSnapshotNegativeTestJSON-197063571-project-member] Delete snapshot with id: 4f8a1c33-2e35-4d31-90d2-cb6671529b2a
Jul 07 07:22:07.353795 np0000004709 devstack@c-api.service[96655]: /opt/stack/data/venv/lib/python3.12/site-packages/oslo_context/context.py:102: DeprecationWarning: Policy enforcement is depending on the value of is_admin. This key is deprecated. Please update your policy file to use the standard policy values.
Jul 07 07:22:07.353795 np0000004709 devstack@c-api.service[96655]: warnings.warn(
Jul 07 07:22:07.354391 np0000004709 devstack@c-api.service[96655]: INFO cinder.volume.api [None req-3b7d83f3-9771-459c-b396-50a68c209624 tempest-VolumesSnapshotNegativeTestJSON-197063571 tempest-VolumesSnapshotNegativeTestJSON-197063571-project-member] Snapshot retrieved successfully.
Jul 07 07:22:07.378771 np0000004709 devstack@c-api.service[96655]: INFO cinder.volume.api [None req-3b7d83f3-9771-459c-b396-50a68c209624 tempest-VolumesSnapshotNegativeTestJSON-197063571 tempest-VolumesSnapshotNegativeTestJSON-197063571-project-member] Snapshot delete request issued successfully.
Jul 07 07:22:07.378771 np0000004709 devstack@c-api.service[96655]: INFO cinder.api.openstack.wsgi [None req-3b7d83f3-9771-459c-b396-50a68c209624 tempest-VolumesSnapshotNegativeTestJSON-197063571 tempest-VolumesSnapshotNegativeTestJSON-197063571-project-member] https://10.4.3.196/volume/v3/snapshots/4f8a1c33-2e35-4d31-90d2-cb6671529b2a returned with HTTP 202
Jul 07 07:22:07.379512 np0000004709 devstack@c-api.service[96655]: [pid: 96655|app: 0|req: 134/395] 10.4.3.196 () {66 vars in 1357 bytes} [Tue Jul 7 07:22:07 2026] DELETE /volume/v3/snapshots/4f8a1c33-2e35-4d31-90d2-cb6671529b2a => generated 0 bytes in 42 msecs (HTTP/1.1 202) 6 headers in 233 bytes (1 switches on core 0)
Jul 07 07:22:07.389758 np0000004709 devstack@c-api.service[96657]: DEBUG cinder.api.middleware.request_id [None req-ab5e4887-8a41-421a-ac49-277476bc976c None None] RequestId filter calling following filter/app {{(pid=96657) _context_setter /opt/stack/cinder/cinder/api/middleware/request_id.py:62}}
Jul 07 07:22:07.392687 np0000004709 devstack@c-api.service[96657]: INFO cinder.api.openstack.wsgi [None req-ab5e4887-8a41-421a-ac49-277476bc976c tempest-VolumesSnapshotNegativeTestJSON-197063571 tempest-VolumesSnapshotNegativeTestJSON-197063571-project-member] GET https://10.4.3.196/volume/v3/snapshots/4f8a1c33-2e35-4d31-90d2-cb6671529b2a
Jul 07 07:22:07.392687 np0000004709 devstack@c-api.service[96657]: DEBUG cinder.api.openstack.wsgi [None req-ab5e4887-8a41-421a-ac49-277476bc976c tempest-VolumesSnapshotNegativeTestJSON-197063571 tempest-VolumesSnapshotNegativeTestJSON-197063571-project-member] Empty body provided in request {{(pid=96657) get_body /opt/stack/cinder/cinder/api/openstack/wsgi.py:725}}
Jul 07 07:22:07.392687 np0000004709 devstack@c-api.service[96657]: DEBUG cinder.api.openstack.wsgi [None req-ab5e4887-8a41-421a-ac49-277476bc976c tempest-VolumesSnapshotNegativeTestJSON-197063571 tempest-VolumesSnapshotNegativeTestJSON-197063571-project-member] Calling method 'show' {{(pid=96657) _process_stack /opt/stack/cinder/cinder/api/openstack/wsgi.py:878}}
Jul 07 07:22:07.398185 np0000004709 devstack@c-api.service[96657]: /opt/stack/data/venv/lib/python3.12/site-packages/oslo_context/context.py:102: DeprecationWarning: Policy enforcement is depending on the value of is_admin. This key is deprecated. Please update your policy file to use the standard policy values.
Jul 07 07:22:07.398185 np0000004709 devstack@c-api.service[96657]: warnings.warn(
Jul 07 07:22:07.398630 np0000004709 devstack@c-api.service[96657]: INFO cinder.volume.api [None req-ab5e4887-8a41-421a-ac49-277476bc976c tempest-VolumesSnapshotNegativeTestJSON-197063571 tempest-VolumesSnapshotNegativeTestJSON-197063571-project-member] Snapshot retrieved successfully.
Jul 07 07:22:07.399309 np0000004709 devstack@c-api.service[96657]: INFO cinder.api.openstack.wsgi [None req-ab5e4887-8a41-421a-ac49-277476bc976c tempest-VolumesSnapshotNegativeTestJSON-197063571 tempest-VolumesSnapshotNegativeTestJSON-197063571-project-member] https://10.4.3.196/volume/v3/snapshots/4f8a1c33-2e35-4d31-90d2-cb6671529b2a returned with HTTP 200
Jul 07 07:22:07.399683 np0000004709 devstack@c-api.service[96657]: [pid: 96657|app: 0|req: 130/396] 10.4.3.196 () {66 vars in 1354 bytes} [Tue Jul 7 07:22:07 2026] GET /volume/v3/snapshots/4f8a1c33-2e35-4d31-90d2-cb6671529b2a => generated 476 bytes in 11 msecs (HTTP/1.1 200) 7 headers in 285 bytes (1 switches on core 0)
Jul 07 07:22:07.414991 np0000004709 devstack@c-api.service[96655]: DEBUG cinder.api.middleware.request_id [None req-810c2997-4f2f-471d-9114-12dab80e420f None None] RequestId filter calling following filter/app {{(pid=96655) _context_setter /opt/stack/cinder/cinder/api/middleware/request_id.py:62}}
Jul 07 07:22:07.416782 np0000004709 devstack@c-api.service[96655]: INFO cinder.api.openstack.wsgi [None req-810c2997-4f2f-471d-9114-12dab80e420f tempest-AttachSCSIVolumeTestJSON-1920621493 tempest-AttachSCSIVolumeTestJSON-1920621493-project-member] GET https://10.4.3.196/volume/v3/volumes/0a08dae8-a8e1-47f3-91c3-d8c20a96f0db
Jul 07 07:22:07.417006 np0000004709 devstack@c-api.service[96655]: DEBUG cinder.api.openstack.wsgi [None req-810c2997-4f2f-471d-9114-12dab80e420f tempest-AttachSCSIVolumeTestJSON-1920621493 tempest-AttachSCSIVolumeTestJSON-1920621493-project-member] Empty body provided in request {{(pid=96655) get_body /opt/stack/cinder/cinder/api/openstack/wsgi.py:725}}
Jul 07 07:22:07.417174 np0000004709 devstack@c-api.service[96655]: DEBUG cinder.api.openstack.wsgi [None req-810c2997-4f2f-471d-9114-12dab80e420f tempest-AttachSCSIVolumeTestJSON-1920621493 tempest-AttachSCSIVolumeTestJSON-1920621493-project-member] Calling method 'show' {{(pid=96655) _process_stack /opt/stack/cinder/cinder/api/openstack/wsgi.py:878}}
Jul 07 07:22:07.428001 np0000004709 devstack@c-api.service[96655]: /opt/stack/data/venv/lib/python3.12/site-packages/oslo_context/context.py:102: DeprecationWarning: Policy enforcement is depending on the value of is_admin. This key is deprecated. Please update your policy file to use the standard policy values.
Jul 07 07:22:07.428001 np0000004709 devstack@c-api.service[96655]: warnings.warn(
Jul 07 07:22:07.433187 np0000004709 devstack@c-api.service[96655]: INFO cinder.volume.api [None req-810c2997-4f2f-471d-9114-12dab80e420f tempest-AttachSCSIVolumeTestJSON-1920621493 tempest-AttachSCSIVolumeTestJSON-1920621493-project-member] Volume info retrieved successfully.
Jul 07 07:22:07.435718 np0000004709 devstack@c-api.service[96656]: DEBUG cinder.coordination [req-33b5a203-2a47-4507-95f2-a8129c324f9e req-201bdf6c-7ce6-4aa0-965f-84cfb1b62949 tempest-AttachSCSIVolumeTestJSON-1920621493 tempest-AttachSCSIVolumeTestJSON-1920621493-project-member] Lock "cinder-attachment_update-0a08dae8-a8e1-47f3-91c3-d8c20a96f0db-np0000004709" released by "attachment_update" :: held 0.530s {{(pid=96656) __release /opt/stack/cinder/cinder/coordination.py:152}}
Jul 07 07:22:07.436118 np0000004709 devstack@c-api.service[96656]: INFO cinder.api.openstack.wsgi [req-33b5a203-2a47-4507-95f2-a8129c324f9e req-201bdf6c-7ce6-4aa0-965f-84cfb1b62949 tempest-AttachSCSIVolumeTestJSON-1920621493 tempest-AttachSCSIVolumeTestJSON-1920621493-project-member] https://10.4.3.196/volume/v3/attachments/42430656-a417-4cd5-b5c3-80d3c4787748 returned with HTTP 200
Jul 07 07:22:07.436470 np0000004709 devstack@c-api.service[96656]: [pid: 96656|app: 0|req: 133/397] 10.4.3.196 () {74 vars in 1705 bytes} [Tue Jul 7 07:22:06 2026] PUT /volume/v3/attachments/42430656-a417-4cd5-b5c3-80d3c4787748 => generated 535 bytes in 568 msecs (HTTP/1.1 200) 7 headers in 286 bytes (1 switches on core 0)
Jul 07 07:22:07.437967 np0000004709 devstack@c-api.service[96655]: INFO cinder.api.openstack.wsgi [None req-810c2997-4f2f-471d-9114-12dab80e420f tempest-AttachSCSIVolumeTestJSON-1920621493 tempest-AttachSCSIVolumeTestJSON-1920621493-project-member] https://10.4.3.196/volume/v3/volumes/0a08dae8-a8e1-47f3-91c3-d8c20a96f0db returned with HTTP 200
Jul 07 07:22:07.438922 np0000004709 devstack@c-api.service[96655]: [pid: 96655|app: 0|req: 135/398] 10.4.3.196 () {66 vars in 1348 bytes} [Tue Jul 7 07:22:07 2026] GET /volume/v3/volumes/0a08dae8-a8e1-47f3-91c3-d8c20a96f0db => generated 847 bytes in 24 msecs (HTTP/1.1 200) 7 headers in 285 bytes (1 switches on core 0)
Jul 07 07:22:07.690379 np0000004709 devstack@c-api.service[96657]: DEBUG cinder.api.middleware.request_id [None req-49a386c3-3045-4ff7-8bdb-db23b6f2cb3e None None] RequestId filter calling following filter/app {{(pid=96657) _context_setter /opt/stack/cinder/cinder/api/middleware/request_id.py:62}}
Jul 07 07:22:07.692612 np0000004709 devstack@c-api.service[96657]: INFO cinder.api.openstack.wsgi [None req-49a386c3-3045-4ff7-8bdb-db23b6f2cb3e tempest-TaggedBootDevicesTest-229093251 tempest-TaggedBootDevicesTest-229093251-project-member] GET https://10.4.3.196/volume/v3/volumes/56e89ee6-56c1-4eaa-9975-29829621551d
Jul 07 07:22:07.692904 np0000004709 devstack@c-api.service[96657]: DEBUG cinder.api.openstack.wsgi [None req-49a386c3-3045-4ff7-8bdb-db23b6f2cb3e tempest-TaggedBootDevicesTest-229093251 tempest-TaggedBootDevicesTest-229093251-project-member] Empty body provided in request {{(pid=96657) get_body /opt/stack/cinder/cinder/api/openstack/wsgi.py:725}}
Jul 07 07:22:07.693188 np0000004709 devstack@c-api.service[96657]: DEBUG cinder.api.openstack.wsgi [None req-49a386c3-3045-4ff7-8bdb-db23b6f2cb3e tempest-TaggedBootDevicesTest-229093251 tempest-TaggedBootDevicesTest-229093251-project-member] Calling method 'show' {{(pid=96657) _process_stack /opt/stack/cinder/cinder/api/openstack/wsgi.py:878}}
Jul 07 07:22:07.706625 np0000004709 devstack@c-api.service[96657]: /opt/stack/data/venv/lib/python3.12/site-packages/oslo_context/context.py:102: DeprecationWarning: Policy enforcement is depending on the value of is_admin. This key is deprecated. Please update your policy file to use the standard policy values.
Jul 07 07:22:07.706625 np0000004709 devstack@c-api.service[96657]: warnings.warn(
Jul 07 07:22:07.713018 np0000004709 devstack@c-api.service[96657]: INFO cinder.volume.api [None req-49a386c3-3045-4ff7-8bdb-db23b6f2cb3e tempest-TaggedBootDevicesTest-229093251 tempest-TaggedBootDevicesTest-229093251-project-member] Volume info retrieved successfully.
Jul 07 07:22:07.720153 np0000004709 devstack@c-api.service[96657]: INFO cinder.api.openstack.wsgi [None req-49a386c3-3045-4ff7-8bdb-db23b6f2cb3e tempest-TaggedBootDevicesTest-229093251 tempest-TaggedBootDevicesTest-229093251-project-member] https://10.4.3.196/volume/v3/volumes/56e89ee6-56c1-4eaa-9975-29829621551d returned with HTTP 200
Jul 07 07:22:07.720725 np0000004709 devstack@c-api.service[96657]: [pid: 96657|app: 0|req: 131/399] 10.4.3.196 () {66 vars in 1348 bytes} [Tue Jul 7 07:22:07 2026] GET /volume/v3/volumes/56e89ee6-56c1-4eaa-9975-29829621551d => generated 844 bytes in 31 msecs (HTTP/1.1 200) 7 headers in 285 bytes (1 switches on core 0)
Jul 07 07:22:08.410540 np0000004709 devstack@c-api.service[96656]: DEBUG cinder.api.middleware.request_id [None req-d22d30a8-df50-45e6-bc49-7bc8d49db405 None None] RequestId filter calling following filter/app {{(pid=96656) _context_setter /opt/stack/cinder/cinder/api/middleware/request_id.py:62}}
Jul 07 07:22:08.415062 np0000004709 devstack@c-api.service[96656]: INFO cinder.api.openstack.wsgi [None req-d22d30a8-df50-45e6-bc49-7bc8d49db405 tempest-VolumesSnapshotNegativeTestJSON-197063571 tempest-VolumesSnapshotNegativeTestJSON-197063571-project-member] GET https://10.4.3.196/volume/v3/snapshots/4f8a1c33-2e35-4d31-90d2-cb6671529b2a
Jul 07 07:22:08.415062 np0000004709 devstack@c-api.service[96656]: DEBUG cinder.api.openstack.wsgi [None req-d22d30a8-df50-45e6-bc49-7bc8d49db405 tempest-VolumesSnapshotNegativeTestJSON-197063571 tempest-VolumesSnapshotNegativeTestJSON-197063571-project-member] Empty body provided in request {{(pid=96656) get_body /opt/stack/cinder/cinder/api/openstack/wsgi.py:725}}
Jul 07 07:22:08.415062 np0000004709 devstack@c-api.service[96656]: DEBUG cinder.api.openstack.wsgi [None req-d22d30a8-df50-45e6-bc49-7bc8d49db405 tempest-VolumesSnapshotNegativeTestJSON-197063571 tempest-VolumesSnapshotNegativeTestJSON-197063571-project-member] Calling method 'show' {{(pid=96656) _process_stack /opt/stack/cinder/cinder/api/openstack/wsgi.py:878}}
Jul 07 07:22:08.420134 np0000004709 devstack@c-api.service[96656]: INFO cinder.api.openstack.wsgi [None req-d22d30a8-df50-45e6-bc49-7bc8d49db405 tempest-VolumesSnapshotNegativeTestJSON-197063571 tempest-VolumesSnapshotNegativeTestJSON-197063571-project-member] https://10.4.3.196/volume/v3/snapshots/4f8a1c33-2e35-4d31-90d2-cb6671529b2a returned with HTTP 404
Jul 07 07:22:08.420729 np0000004709 devstack@c-api.service[96656]: [pid: 96656|app: 0|req: 134/400] 10.4.3.196 () {66 vars in 1354 bytes} [Tue Jul 7 07:22:08 2026] GET /volume/v3/snapshots/4f8a1c33-2e35-4d31-90d2-cb6671529b2a => generated 111 bytes in 11 msecs (HTTP/1.1 404) 7 headers in 292 bytes (1 switches on core 0)
Jul 07 07:22:08.431744 np0000004709 devstack@c-api.service[96655]: DEBUG cinder.api.middleware.request_id [None req-4ff2d9ec-0d91-48e6-b754-a093304145d2 None None] RequestId filter calling following filter/app {{(pid=96655) _context_setter /opt/stack/cinder/cinder/api/middleware/request_id.py:62}}
Jul 07 07:22:08.434057 np0000004709 devstack@c-api.service[96655]: INFO cinder.api.openstack.wsgi [None req-4ff2d9ec-0d91-48e6-b754-a093304145d2 tempest-VolumesSnapshotNegativeTestJSON-197063571 tempest-VolumesSnapshotNegativeTestJSON-197063571-project-member] GET https://10.4.3.196/volume/v3/volumes/3b80e1d1-f848-4763-a66a-191b624a36da
Jul 07 07:22:08.434403 np0000004709 devstack@c-api.service[96655]: DEBUG cinder.api.openstack.wsgi [None req-4ff2d9ec-0d91-48e6-b754-a093304145d2 tempest-VolumesSnapshotNegativeTestJSON-197063571 tempest-VolumesSnapshotNegativeTestJSON-197063571-project-member] Empty body provided in request {{(pid=96655) get_body /opt/stack/cinder/cinder/api/openstack/wsgi.py:725}}
Jul 07 07:22:08.434721 np0000004709 devstack@c-api.service[96655]: DEBUG cinder.api.openstack.wsgi [None req-4ff2d9ec-0d91-48e6-b754-a093304145d2 tempest-VolumesSnapshotNegativeTestJSON-197063571 tempest-VolumesSnapshotNegativeTestJSON-197063571-project-member] Calling method 'show' {{(pid=96655) _process_stack /opt/stack/cinder/cinder/api/openstack/wsgi.py:878}}
Jul 07 07:22:08.449419 np0000004709 devstack@c-api.service[96655]: /opt/stack/data/venv/lib/python3.12/site-packages/oslo_context/context.py:102: DeprecationWarning: Policy enforcement is depending on the value of is_admin. This key is deprecated. Please update your policy file to use the standard policy values.
Jul 07 07:22:08.449419 np0000004709 devstack@c-api.service[96655]: warnings.warn(
Jul 07 07:22:08.456067 np0000004709 devstack@c-api.service[96657]: DEBUG cinder.api.middleware.request_id [None req-8f773eb8-2922-4703-8c64-6197f96da22c None None] RequestId filter calling following filter/app {{(pid=96657) _context_setter /opt/stack/cinder/cinder/api/middleware/request_id.py:62}}
Jul 07 07:22:08.457934 np0000004709 devstack@c-api.service[96655]: INFO cinder.volume.api [None req-4ff2d9ec-0d91-48e6-b754-a093304145d2 tempest-VolumesSnapshotNegativeTestJSON-197063571 tempest-VolumesSnapshotNegativeTestJSON-197063571-project-member] Volume info retrieved successfully.
Jul 07 07:22:08.458853 np0000004709 devstack@c-api.service[96657]: INFO cinder.api.openstack.wsgi [None req-8f773eb8-2922-4703-8c64-6197f96da22c tempest-AttachSCSIVolumeTestJSON-1920621493 tempest-AttachSCSIVolumeTestJSON-1920621493-project-member] GET https://10.4.3.196/volume/v3/volumes/0a08dae8-a8e1-47f3-91c3-d8c20a96f0db
Jul 07 07:22:08.459203 np0000004709 devstack@c-api.service[96657]: DEBUG cinder.api.openstack.wsgi [None req-8f773eb8-2922-4703-8c64-6197f96da22c tempest-AttachSCSIVolumeTestJSON-1920621493 tempest-AttachSCSIVolumeTestJSON-1920621493-project-member] Empty body provided in request {{(pid=96657) get_body /opt/stack/cinder/cinder/api/openstack/wsgi.py:725}}
Jul 07 07:22:08.459487 np0000004709 devstack@c-api.service[96657]: DEBUG cinder.api.openstack.wsgi [None req-8f773eb8-2922-4703-8c64-6197f96da22c tempest-AttachSCSIVolumeTestJSON-1920621493 tempest-AttachSCSIVolumeTestJSON-1920621493-project-member] Calling method 'show' {{(pid=96657) _process_stack /opt/stack/cinder/cinder/api/openstack/wsgi.py:878}}
Jul 07 07:22:08.464183 np0000004709 devstack@c-api.service[96655]: INFO cinder.api.openstack.wsgi [None req-4ff2d9ec-0d91-48e6-b754-a093304145d2 tempest-VolumesSnapshotNegativeTestJSON-197063571 tempest-VolumesSnapshotNegativeTestJSON-197063571-project-member] https://10.4.3.196/volume/v3/volumes/3b80e1d1-f848-4763-a66a-191b624a36da returned with HTTP 200
Jul 07 07:22:08.466071 np0000004709 devstack@c-api.service[96655]: [pid: 96655|app: 0|req: 136/401] 10.4.3.196 () {66 vars in 1348 bytes} [Tue Jul 7 07:22:08 2026] GET /volume/v3/volumes/3b80e1d1-f848-4763-a66a-191b624a36da => generated 855 bytes in 33 msecs (HTTP/1.1 200) 7 headers in 285 bytes (1 switches on core 0)
Jul 07 07:22:08.473803 np0000004709 devstack@c-api.service[96657]: /opt/stack/data/venv/lib/python3.12/site-packages/oslo_context/context.py:102: DeprecationWarning: Policy enforcement is depending on the value of is_admin. This key is deprecated. Please update your policy file to use the standard policy values.
Jul 07 07:22:08.473803 np0000004709 devstack@c-api.service[96657]: warnings.warn(
Jul 07 07:22:08.481052 np0000004709 devstack@c-api.service[96657]: INFO cinder.volume.api [None req-8f773eb8-2922-4703-8c64-6197f96da22c tempest-AttachSCSIVolumeTestJSON-1920621493 tempest-AttachSCSIVolumeTestJSON-1920621493-project-member] Volume info retrieved successfully.
Jul 07 07:22:08.482504 np0000004709 devstack@c-api.service[96656]: DEBUG cinder.api.middleware.request_id [None req-992e4de8-d892-4c31-8c39-aafcd9fd1358 None None] RequestId filter calling following filter/app {{(pid=96656) _context_setter /opt/stack/cinder/cinder/api/middleware/request_id.py:62}}
Jul 07 07:22:08.484548 np0000004709 devstack@c-api.service[96656]: INFO cinder.api.openstack.wsgi [None req-992e4de8-d892-4c31-8c39-aafcd9fd1358 tempest-VolumesSnapshotNegativeTestJSON-197063571 tempest-VolumesSnapshotNegativeTestJSON-197063571-project-member] DELETE https://10.4.3.196/volume/v3/volumes/3b80e1d1-f848-4763-a66a-191b624a36da
Jul 07 07:22:08.484820 np0000004709 devstack@c-api.service[96656]: DEBUG cinder.api.openstack.wsgi [None req-992e4de8-d892-4c31-8c39-aafcd9fd1358 tempest-VolumesSnapshotNegativeTestJSON-197063571 tempest-VolumesSnapshotNegativeTestJSON-197063571-project-member] Empty body provided in request {{(pid=96656) get_body /opt/stack/cinder/cinder/api/openstack/wsgi.py:725}}
Jul 07 07:22:08.485044 np0000004709 devstack@c-api.service[96656]: DEBUG cinder.api.openstack.wsgi [None req-992e4de8-d892-4c31-8c39-aafcd9fd1358 tempest-VolumesSnapshotNegativeTestJSON-197063571 tempest-VolumesSnapshotNegativeTestJSON-197063571-project-member] Calling method 'delete' {{(pid=96656) _process_stack /opt/stack/cinder/cinder/api/openstack/wsgi.py:878}}
Jul 07 07:22:08.485268 np0000004709 devstack@c-api.service[96656]: INFO cinder.api.v3.volumes [None req-992e4de8-d892-4c31-8c39-aafcd9fd1358 tempest-VolumesSnapshotNegativeTestJSON-197063571 tempest-VolumesSnapshotNegativeTestJSON-197063571-project-member] Delete volume with id: 3b80e1d1-f848-4763-a66a-191b624a36da
Jul 07 07:22:08.490992 np0000004709 devstack@c-api.service[96657]: INFO cinder.api.openstack.wsgi [None req-8f773eb8-2922-4703-8c64-6197f96da22c tempest-AttachSCSIVolumeTestJSON-1920621493 tempest-AttachSCSIVolumeTestJSON-1920621493-project-member] https://10.4.3.196/volume/v3/volumes/0a08dae8-a8e1-47f3-91c3-d8c20a96f0db returned with HTTP 200
Jul 07 07:22:08.491560 np0000004709 devstack@c-api.service[96657]: [pid: 96657|app: 0|req: 132/402] 10.4.3.196 () {66 vars in 1348 bytes} [Tue Jul 7 07:22:08 2026] GET /volume/v3/volumes/0a08dae8-a8e1-47f3-91c3-d8c20a96f0db => generated 847 bytes in 36 msecs (HTTP/1.1 200) 7 headers in 285 bytes (1 switches on core 0)
Jul 07 07:22:08.495793 np0000004709 devstack@c-api.service[96656]: /opt/stack/data/venv/lib/python3.12/site-packages/oslo_context/context.py:102: DeprecationWarning: Policy enforcement is depending on the value of is_admin. This key is deprecated. Please update your policy file to use the standard policy values.
Jul 07 07:22:08.495793 np0000004709 devstack@c-api.service[96656]: warnings.warn(
Jul 07 07:22:08.496297 np0000004709 devstack@c-api.service[96656]: INFO cinder.volume.api [None req-992e4de8-d892-4c31-8c39-aafcd9fd1358 tempest-VolumesSnapshotNegativeTestJSON-197063571 tempest-VolumesSnapshotNegativeTestJSON-197063571-project-member] Volume info retrieved successfully.
Jul 07 07:22:08.521501 np0000004709 devstack@c-api.service[96656]: INFO cinder.volume.api [None req-992e4de8-d892-4c31-8c39-aafcd9fd1358 tempest-VolumesSnapshotNegativeTestJSON-197063571 tempest-VolumesSnapshotNegativeTestJSON-197063571-project-member] Delete volume request issued successfully.
Jul 07 07:22:08.521726 np0000004709 devstack@c-api.service[96656]: INFO cinder.api.openstack.wsgi [None req-992e4de8-d892-4c31-8c39-aafcd9fd1358 tempest-VolumesSnapshotNegativeTestJSON-197063571 tempest-VolumesSnapshotNegativeTestJSON-197063571-project-member] https://10.4.3.196/volume/v3/volumes/3b80e1d1-f848-4763-a66a-191b624a36da returned with HTTP 202
Jul 07 07:22:08.522133 np0000004709 devstack@c-api.service[96656]: [pid: 96656|app: 0|req: 135/403] 10.4.3.196 () {66 vars in 1351 bytes} [Tue Jul 7 07:22:08 2026] DELETE /volume/v3/volumes/3b80e1d1-f848-4763-a66a-191b624a36da => generated 0 bytes in 40 msecs (HTTP/1.1 202) 6 headers in 233 bytes (1 switches on core 0)
Jul 07 07:22:08.531416 np0000004709 devstack@c-api.service[96655]: DEBUG cinder.api.middleware.request_id [None req-0418917f-168e-423d-8a2d-dd006c1848b8 None None] RequestId filter calling following filter/app {{(pid=96655) _context_setter /opt/stack/cinder/cinder/api/middleware/request_id.py:62}}
Jul 07 07:22:08.532755 np0000004709 devstack@c-api.service[96655]: INFO cinder.api.openstack.wsgi [None req-0418917f-168e-423d-8a2d-dd006c1848b8 tempest-VolumesSnapshotNegativeTestJSON-197063571 tempest-VolumesSnapshotNegativeTestJSON-197063571-project-member] GET https://10.4.3.196/volume/v3/volumes/3b80e1d1-f848-4763-a66a-191b624a36da
Jul 07 07:22:08.532982 np0000004709 devstack@c-api.service[96655]: DEBUG cinder.api.openstack.wsgi [None req-0418917f-168e-423d-8a2d-dd006c1848b8 tempest-VolumesSnapshotNegativeTestJSON-197063571 tempest-VolumesSnapshotNegativeTestJSON-197063571-project-member] Empty body provided in request {{(pid=96655) get_body /opt/stack/cinder/cinder/api/openstack/wsgi.py:725}}
Jul 07 07:22:08.533229 np0000004709 devstack@c-api.service[96655]: DEBUG cinder.api.openstack.wsgi [None req-0418917f-168e-423d-8a2d-dd006c1848b8 tempest-VolumesSnapshotNegativeTestJSON-197063571 tempest-VolumesSnapshotNegativeTestJSON-197063571-project-member] Calling method 'show' {{(pid=96655) _process_stack /opt/stack/cinder/cinder/api/openstack/wsgi.py:878}}
Jul 07 07:22:08.539658 np0000004709 devstack@c-api.service[96655]: /opt/stack/data/venv/lib/python3.12/site-packages/oslo_context/context.py:102: DeprecationWarning: Policy enforcement is depending on the value of is_admin. This key is deprecated. Please update your policy file to use the standard policy values.
Jul 07 07:22:08.539658 np0000004709 devstack@c-api.service[96655]: warnings.warn(
Jul 07 07:22:08.544141 np0000004709 devstack@c-api.service[96655]: INFO cinder.volume.api [None req-0418917f-168e-423d-8a2d-dd006c1848b8 tempest-VolumesSnapshotNegativeTestJSON-197063571 tempest-VolumesSnapshotNegativeTestJSON-197063571-project-member] Volume info retrieved successfully.
Jul 07 07:22:08.547644 np0000004709 devstack@c-api.service[96655]: INFO cinder.api.openstack.wsgi [None req-0418917f-168e-423d-8a2d-dd006c1848b8 tempest-VolumesSnapshotNegativeTestJSON-197063571 tempest-VolumesSnapshotNegativeTestJSON-197063571-project-member] https://10.4.3.196/volume/v3/volumes/3b80e1d1-f848-4763-a66a-191b624a36da returned with HTTP 200
Jul 07 07:22:08.548031 np0000004709 devstack@c-api.service[96655]: [pid: 96655|app: 0|req: 137/404] 10.4.3.196 () {66 vars in 1348 bytes} [Tue Jul 7 07:22:08 2026] GET /volume/v3/volumes/3b80e1d1-f848-4763-a66a-191b624a36da => generated 854 bytes in 18 msecs (HTTP/1.1 200) 7 headers in 285 bytes (1 switches on core 0)
Jul 07 07:22:08.825916 np0000004709 devstack@c-api.service[96657]: DEBUG cinder.api.middleware.request_id [None req-23816187-dd8c-49cf-bf56-97b94b7a6613 None None] RequestId filter calling following filter/app {{(pid=96657) _context_setter /opt/stack/cinder/cinder/api/middleware/request_id.py:62}}
