Jul 07 07:18:57.847270 np0000004709 devstack@g-api.service[99418]: DEBUG glance_store.location [-] Registering scheme swift with {'store': , 'location_class': , 'store_entry': 'swift'} {{(pid=99418) register_scheme_map /opt/stack/data/venv/lib/python3.12/site-packages/glance_store/location.py:146}}
Jul 07 07:18:57.847313 np0000004709 devstack@g-api.service[99419]: DEBUG glance_store.location [-] Registering scheme swift+https with {'store': , 'location_class': , 'store_entry': 'swift'} {{(pid=99419) register_scheme_map /opt/stack/data/venv/lib/python3.12/site-packages/glance_store/location.py:146}}
Jul 07 07:18:57.847352 np0000004709 devstack@g-api.service[99420]: DEBUG glance_store.location [-] Registering scheme swift+https with {'store': , 'location_class': , 'store_entry': 'swift'} {{(pid=99420) register_scheme_map /opt/stack/data/venv/lib/python3.12/site-packages/glance_store/location.py:146}}
Jul 07 07:18:57.847393 np0000004709 devstack@g-api.service[99418]: DEBUG glance_store.location [-] Registering scheme swift+https with {'store': , 'location_class': , 'store_entry': 'swift'} {{(pid=99418) register_scheme_map /opt/stack/data/venv/lib/python3.12/site-packages/glance_store/location.py:146}}
Jul 07 07:18:57.847431 np0000004709 devstack@g-api.service[99420]: DEBUG glance_store.location [-] Registering scheme swift with {'store': , 'location_class': , 'store_entry': 'swift'} {{(pid=99420) register_scheme_map /opt/stack/data/venv/lib/python3.12/site-packages/glance_store/location.py:146}}
Jul 07 07:18:57.847478 np0000004709 devstack@g-api.service[99419]: DEBUG glance_store.location [-] Registering scheme swift with {'store': , 'location_class': , 'store_entry': 'swift'} {{(pid=99419) register_scheme_map /opt/stack/data/venv/lib/python3.12/site-packages/glance_store/location.py:146}}
Jul 07 07:18:57.847520 np0000004709 devstack@g-api.service[99418]: DEBUG glance_store.location [-] Registering scheme swift with {'store': , 'location_class': , 'store_entry': 'swift'} {{(pid=99418) register_scheme_map /opt/stack/data/venv/lib/python3.12/site-packages/glance_store/location.py:146}}
Jul 07 07:18:57.847558 np0000004709 devstack@g-api.service[99419]: DEBUG glance_store.location [-] Registering scheme swift+http with {'store': , 'location_class': , 'store_entry': 'swift'} {{(pid=99419) register_scheme_map /opt/stack/data/venv/lib/python3.12/site-packages/glance_store/location.py:146}}
Jul 07 07:18:57.847618 np0000004709 devstack@g-api.service[99420]: DEBUG glance_store.location [-] Registering scheme swift+http with {'store': , 'location_class': , 'store_entry': 'swift'} {{(pid=99420) register_scheme_map /opt/stack/data/venv/lib/python3.12/site-packages/glance_store/location.py:146}}
Jul 07 07:18:57.847675 np0000004709 devstack@g-api.service[99418]: DEBUG glance_store.location [-] Registering scheme swift+http with {'store': , 'location_class': , 'store_entry': 'swift'} {{(pid=99418) register_scheme_map /opt/stack/data/venv/lib/python3.12/site-packages/glance_store/location.py:146}}
Jul 07 07:18:57.847714 np0000004709 devstack@g-api.service[99419]: DEBUG glance_store.location [-] Registering scheme swift+https with {'store': , 'location_class': , 'store_entry': 'swift'} {{(pid=99419) register_scheme_map /opt/stack/data/venv/lib/python3.12/site-packages/glance_store/location.py:146}}
Jul 07 07:18:57.847765 np0000004709 devstack@g-api.service[99420]: DEBUG glance_store.location [-] Registering scheme swift+https with {'store': , 'location_class': , 'store_entry': 'swift'} {{(pid=99420) register_scheme_map /opt/stack/data/venv/lib/python3.12/site-packages/glance_store/location.py:146}}
Jul 07 07:18:57.847807 np0000004709 devstack@g-api.service[99418]: DEBUG glance_store.location [-] Registering scheme swift+https with {'store': , 'location_class': , 'store_entry': 'swift'} {{(pid=99418) register_scheme_map /opt/stack/data/venv/lib/python3.12/site-packages/glance_store/location.py:146}}
Jul 07 07:18:57.847848 np0000004709 devstack@g-api.service[99419]: DEBUG glance_store.location [-] Registering scheme swift with {'store': , 'location_class': , 'store_entry': 'swift'} {{(pid=99419) register_scheme_map /opt/stack/data/venv/lib/python3.12/site-packages/glance_store/location.py:146}}
Jul 07 07:18:57.847888 np0000004709 devstack@g-api.service[99420]: DEBUG glance_store.location [-] Registering scheme swift with {'store': , 'location_class': , 'store_entry': 'swift'} {{(pid=99420) register_scheme_map /opt/stack/data/venv/lib/python3.12/site-packages/glance_store/location.py:146}}
Jul 07 07:18:57.847926 np0000004709 devstack@g-api.service[99418]: DEBUG glance_store.location [-] Registering scheme swift with {'store': , 'location_class': , 'store_entry': 'swift'} {{(pid=99418) register_scheme_map /opt/stack/data/venv/lib/python3.12/site-packages/glance_store/location.py:146}}
Jul 07 07:18:57.847965 np0000004709 devstack@g-api.service[99419]: DEBUG glance_store.location [-] Registering scheme swift+http with {'store': , 'location_class': , 'store_entry': 'swift'} {{(pid=99419) register_scheme_map /opt/stack/data/venv/lib/python3.12/site-packages/glance_store/location.py:146}}
Jul 07 07:18:57.848004 np0000004709 devstack@g-api.service[99420]: DEBUG glance_store.location [-] Registering scheme swift+http with {'store': , 'location_class': , 'store_entry': 'swift'} {{(pid=99420) register_scheme_map /opt/stack/data/venv/lib/python3.12/site-packages/glance_store/location.py:146}}
Jul 07 07:18:57.848047 np0000004709 devstack@g-api.service[99418]: DEBUG glance_store.location [-] Registering scheme swift+http with {'store': , 'location_class': , 'store_entry': 'swift'} {{(pid=99418) register_scheme_map /opt/stack/data/venv/lib/python3.12/site-packages/glance_store/location.py:146}}
Jul 07 07:18:57.848086 np0000004709 devstack@g-api.service[99420]: DEBUG glance_store.location [-] Registering scheme swift+config with {'store': , 'location_class': , 'store_entry': 'swift'} {{(pid=99420) register_scheme_map /opt/stack/data/venv/lib/python3.12/site-packages/glance_store/location.py:146}}
Jul 07 07:18:57.848127 np0000004709 devstack@g-api.service[99419]: DEBUG glance_store.location [-] Registering scheme swift+config with {'store': , 'location_class': , 'store_entry': 'swift'} {{(pid=99419) register_scheme_map /opt/stack/data/venv/lib/python3.12/site-packages/glance_store/location.py:146}}
Jul 07 07:18:57.848168 np0000004709 devstack@g-api.service[99418]: DEBUG glance_store.location [-] Registering scheme swift+config with {'store': , 'location_class': , 'store_entry': 'swift'} {{(pid=99418) register_scheme_map /opt/stack/data/venv/lib/python3.12/site-packages/glance_store/location.py:146}}
Jul 07 07:18:57.848168 np0000004709 devstack@g-api.service[99418]: DEBUG glance.sqlite_migration [-] SQLite caching database not located, skipping migration {{(pid=99418) get_db_path /opt/stack/glance/glance/sqlite_migration.py:68}}
Jul 07 07:18:57.848250 np0000004709 devstack@g-api.service[99420]: DEBUG glance.sqlite_migration [-] SQLite caching database not located, skipping migration {{(pid=99420) get_db_path /opt/stack/glance/glance/sqlite_migration.py:68}}
Jul 07 07:18:57.848296 np0000004709 devstack@g-api.service[99419]: DEBUG glance.sqlite_migration [-] SQLite caching database not located, skipping migration {{(pid=99419) get_db_path /opt/stack/glance/glance/sqlite_migration.py:68}}
Jul 07 07:18:57.848296 np0000004709 devstack@g-api.service[99419]: WARNING glance.common.wsgi_app [-] Import methods are enabled but staging directory /tmp/staging/ does not exist; Imports will fail!
Jul 07 07:18:57.848370 np0000004709 devstack@g-api.service[99420]: WARNING glance.common.wsgi_app [-] Import methods are enabled but staging directory /tmp/staging/ does not exist; Imports will fail!
Jul 07 07:18:57.848409 np0000004709 devstack@g-api.service[99418]: WARNING glance.common.wsgi_app [-] Import methods are enabled but staging directory /tmp/staging/ does not exist; Imports will fail!
Jul 07 07:18:57.968143 np0000004709 devstack@g-api.service[99418]: DEBUG glance.common.config [None req-4ab82ee6-7b65-4715-a3da-65e86fc2d042 None None] Loading glance-api-keystone+cachemanagement from /etc/glance/glance-api-paste.ini {{(pid=99418) load_paste_app /opt/stack/glance/glance/common/config.py:765}}
Jul 07 07:18:57.968578 np0000004709 devstack@g-api.service[99420]: DEBUG glance.common.config [None req-0503460d-4b27-4372-9880-ce184d4952c0 None None] Loading glance-api-keystone+cachemanagement from /etc/glance/glance-api-paste.ini {{(pid=99420) load_paste_app /opt/stack/glance/glance/common/config.py:765}}
Jul 07 07:18:57.970613 np0000004709 devstack@g-api.service[99419]: DEBUG glance.common.config [None req-c3e84927-7565-46b2-b16f-8e5e66b03b3c None None] Loading glance-api-keystone+cachemanagement from /etc/glance/glance-api-paste.ini {{(pid=99419) load_paste_app /opt/stack/glance/glance/common/config.py:765}}
Jul 07 07:18:58.567058 np0000004709 devstack@g-api.service[99420]: INFO glance.image_cache [None req-0503460d-4b27-4372-9880-ce184d4952c0 None None] Image cache loaded driver 'centralized_db'.
Jul 07 07:18:58.581988 np0000004709 devstack@g-api.service[99419]: INFO glance.image_cache [None req-c3e84927-7565-46b2-b16f-8e5e66b03b3c None None] Image cache loaded driver 'centralized_db'.
Jul 07 07:18:58.593542 np0000004709 devstack@g-api.service[99418]: INFO glance.image_cache [None req-4ab82ee6-7b65-4715-a3da-65e86fc2d042 None None] Image cache loaded driver 'centralized_db'.
Jul 07 07:18:58.611263 np0000004709 devstack@g-api.service[99420]: INFO dbcounter [None req-0503460d-4b27-4372-9880-ce184d4952c0 None None] Registered counter for database glance
Jul 07 07:18:58.632105 np0000004709 devstack@g-api.service[99419]: INFO dbcounter [None req-c3e84927-7565-46b2-b16f-8e5e66b03b3c None None] Registered counter for database glance
Jul 07 07:18:58.639036 np0000004709 devstack@g-api.service[99418]: INFO dbcounter [None req-4ab82ee6-7b65-4715-a3da-65e86fc2d042 None None] Registered counter for database glance
Jul 07 07:18:58.651061 np0000004709 devstack@g-api.service[99420]: DEBUG oslo_db.sqlalchemy.engines [None req-0503460d-4b27-4372-9880-ce184d4952c0 None None] MySQL server mode set to STRICT_TRANS_TABLES,STRICT_ALL_TABLES,NO_ZERO_IN_DATE,NO_ZERO_DATE,ERROR_FOR_DIVISION_BY_ZERO,TRADITIONAL,NO_ENGINE_SUBSTITUTION {{(pid=99420) _check_effective_sql_mode /opt/stack/data/venv/lib/python3.12/site-packages/oslo_db/sqlalchemy/engines.py:325}}
Jul 07 07:18:58.669056 np0000004709 devstack@g-api.service[99419]: DEBUG oslo_db.sqlalchemy.engines [None req-c3e84927-7565-46b2-b16f-8e5e66b03b3c None None] MySQL server mode set to STRICT_TRANS_TABLES,STRICT_ALL_TABLES,NO_ZERO_IN_DATE,NO_ZERO_DATE,ERROR_FOR_DIVISION_BY_ZERO,TRADITIONAL,NO_ENGINE_SUBSTITUTION {{(pid=99419) _check_effective_sql_mode /opt/stack/data/venv/lib/python3.12/site-packages/oslo_db/sqlalchemy/engines.py:325}}
Jul 07 07:18:58.671431 np0000004709 devstack@g-api.service[99420]: DEBUG dbcounter [-] [99420] Writer thread running {{(pid=99420) stat_writer /opt/stack/data/venv/lib/python3.12/site-packages/dbcounter.py:102}}
Jul 07 07:18:58.679034 np0000004709 devstack@g-api.service[99418]: DEBUG oslo_db.sqlalchemy.engines [None req-4ab82ee6-7b65-4715-a3da-65e86fc2d042 None None] MySQL server mode set to STRICT_TRANS_TABLES,STRICT_ALL_TABLES,NO_ZERO_IN_DATE,NO_ZERO_DATE,ERROR_FOR_DIVISION_BY_ZERO,TRADITIONAL,NO_ENGINE_SUBSTITUTION {{(pid=99418) _check_effective_sql_mode /opt/stack/data/venv/lib/python3.12/site-packages/oslo_db/sqlalchemy/engines.py:325}}
Jul 07 07:18:58.685687 np0000004709 devstack@g-api.service[99420]: INFO glance.image_cache [None req-0503460d-4b27-4372-9880-ce184d4952c0 None None] Image cache loaded driver 'centralized_db'.
Jul 07 07:18:58.689518 np0000004709 devstack@g-api.service[99419]: DEBUG dbcounter [-] [99419] Writer thread running {{(pid=99419) stat_writer /opt/stack/data/venv/lib/python3.12/site-packages/dbcounter.py:102}}
Jul 07 07:18:58.693446 np0000004709 devstack@g-api.service[99419]: DEBUG glance.image_cache.drivers.centralized_db [None req-c3e84927-7565-46b2-b16f-8e5e66b03b3c None None] Node reference is already recorded, ignoring it {{(pid=99419) configure /opt/stack/glance/glance/image_cache/drivers/centralized_db.py:71}}
Jul 07 07:18:58.698775 np0000004709 devstack@g-api.service[99419]: INFO glance.image_cache [None req-c3e84927-7565-46b2-b16f-8e5e66b03b3c None None] Image cache loaded driver 'centralized_db'.
Jul 07 07:18:58.699515 np0000004709 devstack@g-api.service[99418]: DEBUG dbcounter [-] [99418] Writer thread running {{(pid=99418) stat_writer /opt/stack/data/venv/lib/python3.12/site-packages/dbcounter.py:102}}
Jul 07 07:18:58.702322 np0000004709 devstack@g-api.service[99418]: DEBUG glance.image_cache.drivers.centralized_db [None req-4ab82ee6-7b65-4715-a3da-65e86fc2d042 None None] Node reference is already recorded, ignoring it {{(pid=99418) configure /opt/stack/glance/glance/image_cache/drivers/centralized_db.py:71}}
Jul 07 07:18:58.708205 np0000004709 devstack@g-api.service[99418]: INFO glance.image_cache [None req-4ab82ee6-7b65-4715-a3da-65e86fc2d042 None None] Image cache loaded driver 'centralized_db'.
Jul 07 07:18:58.783850 np0000004709 devstack@g-api.service[99420]: DEBUG glance.image_cache.drivers.centralized_db [None req-0503460d-4b27-4372-9880-ce184d4952c0 None None] Node reference is already recorded, ignoring it {{(pid=99420) configure /opt/stack/glance/glance/image_cache/drivers/centralized_db.py:71}}
Jul 07 07:18:58.790202 np0000004709 devstack@g-api.service[99420]: DEBUG glance.api.v2.cached_images [None req-0503460d-4b27-4372-9880-ce184d4952c0 None None] Started cache worker thread {{(pid=99420) __init__ /opt/stack/glance/glance/api/v2/cached_images.py:71}}
Jul 07 07:18:58.790875 np0000004709 devstack@g-api.service[99420]: INFO glance.image_cache [None req-0503460d-4b27-4372-9880-ce184d4952c0 None None] Image cache loaded driver 'centralized_db'.
Jul 07 07:18:58.799523 np0000004709 devstack@g-api.service[99420]: DEBUG glance.image_cache.drivers.centralized_db [None req-0503460d-4b27-4372-9880-ce184d4952c0 None None] Node reference is already recorded, ignoring it {{(pid=99420) configure /opt/stack/glance/glance/image_cache/drivers/centralized_db.py:71}}
Jul 07 07:18:58.801829 np0000004709 devstack@g-api.service[99419]: DEBUG glance.image_cache.drivers.centralized_db [None req-c3e84927-7565-46b2-b16f-8e5e66b03b3c None None] Node reference is already recorded, ignoring it {{(pid=99419) configure /opt/stack/glance/glance/image_cache/drivers/centralized_db.py:71}}
Jul 07 07:18:58.803959 np0000004709 devstack@g-api.service[99420]: INFO glance.api.middleware.cache_manage [None req-0503460d-4b27-4372-9880-ce184d4952c0 None None] Initialized image cache management middleware
Jul 07 07:18:58.804127 np0000004709 devstack@g-api.service[99420]: INFO glance.image_cache [None req-0503460d-4b27-4372-9880-ce184d4952c0 None None] Image cache loaded driver 'centralized_db'.
Jul 07 07:18:58.806717 np0000004709 devstack@g-api.service[99419]: DEBUG glance.api.v2.cached_images [None req-c3e84927-7565-46b2-b16f-8e5e66b03b3c None None] Started cache worker thread {{(pid=99419) __init__ /opt/stack/glance/glance/api/v2/cached_images.py:71}}
Jul 07 07:18:58.807364 np0000004709 devstack@g-api.service[99419]: INFO glance.image_cache [None req-c3e84927-7565-46b2-b16f-8e5e66b03b3c None None] Image cache loaded driver 'centralized_db'.
Jul 07 07:18:58.810512 np0000004709 devstack@g-api.service[99418]: DEBUG glance.image_cache.drivers.centralized_db [None req-4ab82ee6-7b65-4715-a3da-65e86fc2d042 None None] Node reference is already recorded, ignoring it {{(pid=99418) configure /opt/stack/glance/glance/image_cache/drivers/centralized_db.py:71}}
Jul 07 07:18:58.810916 np0000004709 devstack@g-api.service[99420]: DEBUG glance.image_cache.drivers.centralized_db [None req-0503460d-4b27-4372-9880-ce184d4952c0 None None] Node reference is already recorded, ignoring it {{(pid=99420) configure /opt/stack/glance/glance/image_cache/drivers/centralized_db.py:71}}
Jul 07 07:18:58.815344 np0000004709 devstack@g-api.service[99420]: INFO glance.api.middleware.cache [None req-0503460d-4b27-4372-9880-ce184d4952c0 None None] Initialized image cache middleware
Jul 07 07:18:58.816819 np0000004709 devstack@g-api.service[99419]: DEBUG glance.image_cache.drivers.centralized_db [None req-c3e84927-7565-46b2-b16f-8e5e66b03b3c None None] Node reference is already recorded, ignoring it {{(pid=99419) configure /opt/stack/glance/glance/image_cache/drivers/centralized_db.py:71}}
Jul 07 07:18:58.817200 np0000004709 devstack@g-api.service[99418]: DEBUG glance.api.v2.cached_images [None req-4ab82ee6-7b65-4715-a3da-65e86fc2d042 None None] Started cache worker thread {{(pid=99418) __init__ /opt/stack/glance/glance/api/v2/cached_images.py:71}}
Jul 07 07:18:58.818126 np0000004709 devstack@g-api.service[99418]: INFO glance.image_cache [None req-4ab82ee6-7b65-4715-a3da-65e86fc2d042 None None] Image cache loaded driver 'centralized_db'.
Jul 07 07:18:58.821381 np0000004709 devstack@g-api.service[99419]: INFO glance.api.middleware.cache_manage [None req-c3e84927-7565-46b2-b16f-8e5e66b03b3c None None] Initialized image cache management middleware
Jul 07 07:18:58.821519 np0000004709 devstack@g-api.service[99419]: INFO glance.image_cache [None req-c3e84927-7565-46b2-b16f-8e5e66b03b3c None None] Image cache loaded driver 'centralized_db'.
Jul 07 07:18:58.825434 np0000004709 devstack@g-api.service[99418]: DEBUG glance.image_cache.drivers.centralized_db [None req-4ab82ee6-7b65-4715-a3da-65e86fc2d042 None None] Node reference is already recorded, ignoring it {{(pid=99418) configure /opt/stack/glance/glance/image_cache/drivers/centralized_db.py:71}}
Jul 07 07:18:58.827130 np0000004709 devstack@g-api.service[99420]: DEBUG glance.common.config [None req-0503460d-4b27-4372-9880-ce184d4952c0 None None] ******************************************************************************** {{(pid=99420) log_opt_values /opt/stack/data/venv/lib/python3.12/site-packages/oslo_config/cfg.py:3226}}
Jul 07 07:18:58.827227 np0000004709 devstack@g-api.service[99420]: DEBUG glance.common.config [None req-0503460d-4b27-4372-9880-ce184d4952c0 None None] Configuration options gathered from: {{(pid=99420) log_opt_values /opt/stack/data/venv/lib/python3.12/site-packages/oslo_config/cfg.py:3227}}
Jul 07 07:18:58.827491 np0000004709 devstack@g-api.service[99420]: DEBUG glance.common.config [None req-0503460d-4b27-4372-9880-ce184d4952c0 None None] command line args: [] {{(pid=99420) log_opt_values /opt/stack/data/venv/lib/python3.12/site-packages/oslo_config/cfg.py:3228}}
Jul 07 07:18:58.827614 np0000004709 devstack@g-api.service[99420]: DEBUG glance.common.config [None req-0503460d-4b27-4372-9880-ce184d4952c0 None None] config files: ['/etc/glance/glance-image-import.conf', '/etc/glance/glance-api.conf'] {{(pid=99420) log_opt_values /opt/stack/data/venv/lib/python3.12/site-packages/oslo_config/cfg.py:3229}}
Jul 07 07:18:58.827732 np0000004709 devstack@g-api.service[99420]: DEBUG glance.common.config [None req-0503460d-4b27-4372-9880-ce184d4952c0 None None] ================================================================================ {{(pid=99420) log_opt_values /opt/stack/data/venv/lib/python3.12/site-packages/oslo_config/cfg.py:3234}}
Jul 07 07:18:58.827877 np0000004709 devstack@g-api.service[99420]: DEBUG glance.common.config [None req-0503460d-4b27-4372-9880-ce184d4952c0 None None] allow_anonymous_access = False {{(pid=99420) log_opt_values /opt/stack/data/venv/lib/python3.12/site-packages/oslo_config/cfg.py:3242}}
Jul 07 07:18:58.827997 np0000004709 devstack@g-api.service[99420]: DEBUG glance.common.config [None req-0503460d-4b27-4372-9880-ce184d4952c0 None None] api_limit_max = 1000 {{(pid=99420) log_opt_values /opt/stack/data/venv/lib/python3.12/site-packages/oslo_config/cfg.py:3242}}
Jul 07 07:18:58.828098 np0000004709 devstack@g-api.service[99420]: DEBUG glance.common.config [None req-0503460d-4b27-4372-9880-ce184d4952c0 None None] config_dir = [] {{(pid=99420) log_opt_values /opt/stack/data/venv/lib/python3.12/site-packages/oslo_config/cfg.py:3242}}
Jul 07 07:18:58.828168 np0000004709 devstack@g-api.service[99420]: DEBUG glance.common.config [None req-0503460d-4b27-4372-9880-ce184d4952c0 None None] config_file = ['/etc/glance/glance-image-import.conf', '/etc/glance/glance-api.conf'] {{(pid=99420) log_opt_values /opt/stack/data/venv/lib/python3.12/site-packages/oslo_config/cfg.py:3242}}
Jul 07 07:18:58.828257 np0000004709 devstack@g-api.service[99420]: DEBUG glance.common.config [None req-0503460d-4b27-4372-9880-ce184d4952c0 None None] config_source = [] {{(pid=99420) log_opt_values /opt/stack/data/venv/lib/python3.12/site-packages/oslo_config/cfg.py:3242}}
Jul 07 07:18:58.828354 np0000004709 devstack@g-api.service[99420]: DEBUG glance.common.config [None req-0503460d-4b27-4372-9880-ce184d4952c0 None None] control_exchange = glance {{(pid=99420) log_opt_values /opt/stack/data/venv/lib/python3.12/site-packages/oslo_config/cfg.py:3242}}
Jul 07 07:18:58.828420 np0000004709 devstack@g-api.service[99420]: DEBUG glance.common.config [None req-0503460d-4b27-4372-9880-ce184d4952c0 None None] debug = True {{(pid=99420) log_opt_values /opt/stack/data/venv/lib/python3.12/site-packages/oslo_config/cfg.py:3242}}
Jul 07 07:18:58.828661 np0000004709 devstack@g-api.service[99420]: DEBUG glance.common.config [None req-0503460d-4b27-4372-9880-ce184d4952c0 None None] default_log_levels = ['amqp=WARN', 'boto=WARN', 'sqlalchemy=WARN', 'suds=INFO', 'oslo.messaging=INFO', 'oslo_messaging=INFO', 'iso8601=WARN', 'requests.packages.urllib3.connectionpool=WARN', 'urllib3.connectionpool=WARN', 'websocket=WARN', 'requests.packages.urllib3.util.retry=WARN', 'urllib3.util.retry=WARN', 'keystonemiddleware=WARN', 'routes.middleware=WARN', 'stevedore=WARN', 'taskflow=WARN', 'keystoneauth=WARN', 'oslo.cache=INFO', 'oslo_policy=INFO', 'dogpile.core.dogpile=INFO'] {{(pid=99420) log_opt_values /opt/stack/data/venv/lib/python3.12/site-packages/oslo_config/cfg.py:3242}}
Jul 07 07:18:58.828783 np0000004709 devstack@g-api.service[99420]: DEBUG glance.common.config [None req-0503460d-4b27-4372-9880-ce184d4952c0 None None] default_publisher_id = image.localhost {{(pid=99420) log_opt_values /opt/stack/data/venv/lib/python3.12/site-packages/oslo_config/cfg.py:3242}}
Jul 07 07:18:58.828887 np0000004709 devstack@g-api.service[99420]: DEBUG glance.common.config [None req-0503460d-4b27-4372-9880-ce184d4952c0 None None] delayed_delete = False {{(pid=99420) log_opt_values /opt/stack/data/venv/lib/python3.12/site-packages/oslo_config/cfg.py:3242}}
Jul 07 07:18:58.828919 np0000004709 devstack@g-api.service[99419]: DEBUG glance.image_cache.drivers.centralized_db [None req-c3e84927-7565-46b2-b16f-8e5e66b03b3c None None] Node reference is already recorded, ignoring it {{(pid=99419) configure /opt/stack/glance/glance/image_cache/drivers/centralized_db.py:71}}
Jul 07 07:18:58.828983 np0000004709 devstack@g-api.service[99420]: DEBUG glance.common.config [None req-0503460d-4b27-4372-9880-ce184d4952c0 None None] digest_algorithm = sha256 {{(pid=99420) log_opt_values /opt/stack/data/venv/lib/python3.12/site-packages/oslo_config/cfg.py:3242}}
Jul 07 07:18:58.829081 np0000004709 devstack@g-api.service[99420]: DEBUG glance.common.config [None req-0503460d-4b27-4372-9880-ce184d4952c0 None None] disabled_notifications = [] {{(pid=99420) log_opt_values /opt/stack/data/venv/lib/python3.12/site-packages/oslo_config/cfg.py:3242}}
Jul 07 07:18:58.829166 np0000004709 devstack@g-api.service[99420]: DEBUG glance.common.config [None req-0503460d-4b27-4372-9880-ce184d4952c0 None None] do_secure_hash = True {{(pid=99420) log_opt_values /opt/stack/data/venv/lib/python3.12/site-packages/oslo_config/cfg.py:3242}}
Jul 07 07:18:58.829256 np0000004709 devstack@g-api.service[99420]: DEBUG glance.common.config [None req-0503460d-4b27-4372-9880-ce184d4952c0 None None] enabled_backends = None {{(pid=99420) log_opt_values /opt/stack/data/venv/lib/python3.12/site-packages/oslo_config/cfg.py:3242}}
Jul 07 07:18:58.829364 np0000004709 devstack@g-api.service[99420]: DEBUG glance.common.config [None req-0503460d-4b27-4372-9880-ce184d4952c0 None None] enabled_import_methods = ['glance-direct', 'web-download', 'copy-image'] {{(pid=99420) log_opt_values /opt/stack/data/venv/lib/python3.12/site-packages/oslo_config/cfg.py:3242}}
Jul 07 07:18:58.829457 np0000004709 devstack@g-api.service[99420]: DEBUG glance.common.config [None req-0503460d-4b27-4372-9880-ce184d4952c0 None None] fatal_deprecations = False {{(pid=99420) log_opt_values /opt/stack/data/venv/lib/python3.12/site-packages/oslo_config/cfg.py:3242}}
Jul 07 07:18:58.829543 np0000004709 devstack@g-api.service[99420]: DEBUG glance.common.config [None req-0503460d-4b27-4372-9880-ce184d4952c0 None None] hashing_algorithm = sha512 {{(pid=99420) log_opt_values /opt/stack/data/venv/lib/python3.12/site-packages/oslo_config/cfg.py:3242}}
Jul 07 07:18:58.829659 np0000004709 devstack@g-api.service[99420]: DEBUG glance.common.config [None req-0503460d-4b27-4372-9880-ce184d4952c0 None None] http_retries = 3 {{(pid=99420) log_opt_values /opt/stack/data/venv/lib/python3.12/site-packages/oslo_config/cfg.py:3242}}
Jul 07 07:18:58.829701 np0000004709 devstack@g-api.service[99418]: INFO glance.api.middleware.cache_manage [None req-4ab82ee6-7b65-4715-a3da-65e86fc2d042 None None] Initialized image cache management middleware
Jul 07 07:18:58.829756 np0000004709 devstack@g-api.service[99420]: DEBUG glance.common.config [None req-0503460d-4b27-4372-9880-ce184d4952c0 None None] image_cache_dir = /opt/stack/data/glance/cache/ {{(pid=99420) log_opt_values /opt/stack/data/venv/lib/python3.12/site-packages/oslo_config/cfg.py:3242}}
Jul 07 07:18:58.829841 np0000004709 devstack@g-api.service[99418]: INFO glance.image_cache [None req-4ab82ee6-7b65-4715-a3da-65e86fc2d042 None None] Image cache loaded driver 'centralized_db'.
Jul 07 07:18:58.829874 np0000004709 devstack@g-api.service[99420]: DEBUG glance.common.config [None req-0503460d-4b27-4372-9880-ce184d4952c0 None None] image_cache_driver = centralized_db {{(pid=99420) log_opt_values /opt/stack/data/venv/lib/python3.12/site-packages/oslo_config/cfg.py:3242}}
Jul 07 07:18:58.829930 np0000004709 devstack@g-api.service[99420]: DEBUG glance.common.config [None req-0503460d-4b27-4372-9880-ce184d4952c0 None None] image_cache_max_size = 10737418240 {{(pid=99420) log_opt_values /opt/stack/data/venv/lib/python3.12/site-packages/oslo_config/cfg.py:3242}}
Jul 07 07:18:58.830018 np0000004709 devstack@g-api.service[99420]: DEBUG glance.common.config [None req-0503460d-4b27-4372-9880-ce184d4952c0 None None] image_cache_sqlite_db = cache.db {{(pid=99420) log_opt_values /opt/stack/data/venv/lib/python3.12/site-packages/oslo_config/cfg.py:3242}}
Jul 07 07:18:58.830106 np0000004709 devstack@g-api.service[99420]: DEBUG glance.common.config [None req-0503460d-4b27-4372-9880-ce184d4952c0 None None] image_cache_stall_time = 86400 {{(pid=99420) log_opt_values /opt/stack/data/venv/lib/python3.12/site-packages/oslo_config/cfg.py:3242}}
Jul 07 07:18:58.830190 np0000004709 devstack@g-api.service[99420]: DEBUG glance.common.config [None req-0503460d-4b27-4372-9880-ce184d4952c0 None None] image_location_quota = 10 {{(pid=99420) log_opt_values /opt/stack/data/venv/lib/python3.12/site-packages/oslo_config/cfg.py:3242}}
Jul 07 07:18:58.830273 np0000004709 devstack@g-api.service[99420]: DEBUG glance.common.config [None req-0503460d-4b27-4372-9880-ce184d4952c0 None None] image_member_quota = 128 {{(pid=99420) log_opt_values /opt/stack/data/venv/lib/python3.12/site-packages/oslo_config/cfg.py:3242}}
Jul 07 07:18:58.830354 np0000004709 devstack@g-api.service[99420]: DEBUG glance.common.config [None req-0503460d-4b27-4372-9880-ce184d4952c0 None None] image_property_quota = 128 {{(pid=99420) log_opt_values /opt/stack/data/venv/lib/python3.12/site-packages/oslo_config/cfg.py:3242}}
Jul 07 07:18:58.830441 np0000004709 devstack@g-api.service[99420]: DEBUG glance.common.config [None req-0503460d-4b27-4372-9880-ce184d4952c0 None None] image_size_cap = 1099511627776 {{(pid=99420) log_opt_values /opt/stack/data/venv/lib/python3.12/site-packages/oslo_config/cfg.py:3242}}
Jul 07 07:18:58.830518 np0000004709 devstack@g-api.service[99420]: DEBUG glance.common.config [None req-0503460d-4b27-4372-9880-ce184d4952c0 None None] image_tag_quota = 128 {{(pid=99420) log_opt_values /opt/stack/data/venv/lib/python3.12/site-packages/oslo_config/cfg.py:3242}}
Jul 07 07:18:58.830612 np0000004709 devstack@g-api.service[99420]: DEBUG glance.common.config [None req-0503460d-4b27-4372-9880-ce184d4952c0 None None] instance_format = [instance: %(uuid)s] {{(pid=99420) log_opt_values /opt/stack/data/venv/lib/python3.12/site-packages/oslo_config/cfg.py:3242}}
Jul 07 07:18:58.830728 np0000004709 devstack@g-api.service[99420]: DEBUG glance.common.config [None req-0503460d-4b27-4372-9880-ce184d4952c0 None None] instance_uuid_format = [instance: %(uuid)s] {{(pid=99420) log_opt_values /opt/stack/data/venv/lib/python3.12/site-packages/oslo_config/cfg.py:3242}}
Jul 07 07:18:58.830819 np0000004709 devstack@g-api.service[99420]: DEBUG glance.common.config [None req-0503460d-4b27-4372-9880-ce184d4952c0 None None] limit_param_default = 25 {{(pid=99420) log_opt_values /opt/stack/data/venv/lib/python3.12/site-packages/oslo_config/cfg.py:3242}}
Jul 07 07:18:58.830907 np0000004709 devstack@g-api.service[99420]: DEBUG glance.common.config [None req-0503460d-4b27-4372-9880-ce184d4952c0 None None] log_color = False {{(pid=99420) log_opt_values /opt/stack/data/venv/lib/python3.12/site-packages/oslo_config/cfg.py:3242}}
Jul 07 07:18:58.830995 np0000004709 devstack@g-api.service[99420]: DEBUG glance.common.config [None req-0503460d-4b27-4372-9880-ce184d4952c0 None None] log_config_append = None {{(pid=99420) log_opt_values /opt/stack/data/venv/lib/python3.12/site-packages/oslo_config/cfg.py:3242}}
Jul 07 07:18:58.831090 np0000004709 devstack@g-api.service[99420]: DEBUG glance.common.config [None req-0503460d-4b27-4372-9880-ce184d4952c0 None None] log_date_format = %Y-%m-%d %H:%M:%S {{(pid=99420) log_opt_values /opt/stack/data/venv/lib/python3.12/site-packages/oslo_config/cfg.py:3242}}
Jul 07 07:18:58.831173 np0000004709 devstack@g-api.service[99420]: DEBUG glance.common.config [None req-0503460d-4b27-4372-9880-ce184d4952c0 None None] log_dir = None {{(pid=99420) log_opt_values /opt/stack/data/venv/lib/python3.12/site-packages/oslo_config/cfg.py:3242}}
Jul 07 07:18:58.831255 np0000004709 devstack@g-api.service[99420]: DEBUG glance.common.config [None req-0503460d-4b27-4372-9880-ce184d4952c0 None None] log_file = None {{(pid=99420) log_opt_values /opt/stack/data/venv/lib/python3.12/site-packages/oslo_config/cfg.py:3242}}
Jul 07 07:18:58.831335 np0000004709 devstack@g-api.service[99420]: DEBUG glance.common.config [None req-0503460d-4b27-4372-9880-ce184d4952c0 None None] log_rotate_interval = 1 {{(pid=99420) log_opt_values /opt/stack/data/venv/lib/python3.12/site-packages/oslo_config/cfg.py:3242}}
Jul 07 07:18:58.831452 np0000004709 devstack@g-api.service[99420]: DEBUG glance.common.config [None req-0503460d-4b27-4372-9880-ce184d4952c0 None None] log_rotate_interval_type = days {{(pid=99420) log_opt_values /opt/stack/data/venv/lib/python3.12/site-packages/oslo_config/cfg.py:3242}}
Jul 07 07:18:58.831544 np0000004709 devstack@g-api.service[99420]: DEBUG glance.common.config [None req-0503460d-4b27-4372-9880-ce184d4952c0 None None] log_rotation_type = none {{(pid=99420) log_opt_values /opt/stack/data/venv/lib/python3.12/site-packages/oslo_config/cfg.py:3242}}
Jul 07 07:18:58.831618 np0000004709 devstack@g-api.service[99420]: DEBUG glance.common.config [None req-0503460d-4b27-4372-9880-ce184d4952c0 None None] logging_context_format_string = %(color)s%(levelname)s %(name)s [%(global_request_id)s %(request_id)s %(project_name)s %(user_name)s%(color)s] %(instance)s%(color)s%(message)s {{(pid=99420) log_opt_values /opt/stack/data/venv/lib/python3.12/site-packages/oslo_config/cfg.py:3242}}
Jul 07 07:18:58.831755 np0000004709 devstack@g-api.service[99420]: DEBUG glance.common.config [None req-0503460d-4b27-4372-9880-ce184d4952c0 None None] logging_debug_format_suffix = {{(pid=%(process)d) %(funcName)s %(pathname)s:%(lineno)d}} {{(pid=99420) log_opt_values /opt/stack/data/venv/lib/python3.12/site-packages/oslo_config/cfg.py:3242}}
Jul 07 07:18:58.831914 np0000004709 devstack@g-api.service[99420]: DEBUG glance.common.config [None req-0503460d-4b27-4372-9880-ce184d4952c0 None None] logging_default_format_string = %(color)s%(levelname)s %(name)s [-%(color)s] %(instance)s%(color)s%(message)s {{(pid=99420) log_opt_values /opt/stack/data/venv/lib/python3.12/site-packages/oslo_config/cfg.py:3242}}
Jul 07 07:18:58.832025 np0000004709 devstack@g-api.service[99420]: DEBUG glance.common.config [None req-0503460d-4b27-4372-9880-ce184d4952c0 None None] logging_exception_prefix = ERROR %(name)s %(instance)s {{(pid=99420) log_opt_values /opt/stack/data/venv/lib/python3.12/site-packages/oslo_config/cfg.py:3242}}
Jul 07 07:18:58.832090 np0000004709 devstack@g-api.service[99420]: DEBUG glance.common.config [None req-0503460d-4b27-4372-9880-ce184d4952c0 None None] logging_user_identity_format = %(user)s %(project)s %(domain)s %(system_scope)s %(user_domain)s %(project_domain)s {{(pid=99420) log_opt_values /opt/stack/data/venv/lib/python3.12/site-packages/oslo_config/cfg.py:3242}}
Jul 07 07:18:58.832182 np0000004709 devstack@g-api.service[99420]: DEBUG glance.common.config [None req-0503460d-4b27-4372-9880-ce184d4952c0 None None] max_logfile_count = 30 {{(pid=99420) log_opt_values /opt/stack/data/venv/lib/python3.12/site-packages/oslo_config/cfg.py:3242}}
Jul 07 07:18:58.832269 np0000004709 devstack@g-api.service[99420]: DEBUG glance.common.config [None req-0503460d-4b27-4372-9880-ce184d4952c0 None None] max_logfile_size_mb = 200 {{(pid=99420) log_opt_values /opt/stack/data/venv/lib/python3.12/site-packages/oslo_config/cfg.py:3242}}
Jul 07 07:18:58.832355 np0000004709 devstack@g-api.service[99420]: DEBUG glance.common.config [None req-0503460d-4b27-4372-9880-ce184d4952c0 None None] max_request_id_length = 64 {{(pid=99420) log_opt_values /opt/stack/data/venv/lib/python3.12/site-packages/oslo_config/cfg.py:3242}}
Jul 07 07:18:58.832447 np0000004709 devstack@g-api.service[99420]: DEBUG glance.common.config [None req-0503460d-4b27-4372-9880-ce184d4952c0 None None] metadata_encryption_key = **** {{(pid=99420) log_opt_values /opt/stack/data/venv/lib/python3.12/site-packages/oslo_config/cfg.py:3242}}
Jul 07 07:18:58.832487 np0000004709 devstack@g-api.service[99419]: INFO glance.api.middleware.cache [None req-c3e84927-7565-46b2-b16f-8e5e66b03b3c None None] Initialized image cache middleware
Jul 07 07:18:58.832568 np0000004709 devstack@g-api.service[99420]: DEBUG glance.common.config [None req-0503460d-4b27-4372-9880-ce184d4952c0 None None] node_staging_uri = file:///tmp/staging/ {{(pid=99420) log_opt_values /opt/stack/data/venv/lib/python3.12/site-packages/oslo_config/cfg.py:3242}}
Jul 07 07:18:58.832687 np0000004709 devstack@g-api.service[99420]: DEBUG glance.common.config [None req-0503460d-4b27-4372-9880-ce184d4952c0 None None] property_protection_file = None {{(pid=99420) log_opt_values /opt/stack/data/venv/lib/python3.12/site-packages/oslo_config/cfg.py:3242}}
Jul 07 07:18:58.832783 np0000004709 devstack@g-api.service[99420]: DEBUG glance.common.config [None req-0503460d-4b27-4372-9880-ce184d4952c0 None None] property_protection_rule_format = roles {{(pid=99420) log_opt_values /opt/stack/data/venv/lib/python3.12/site-packages/oslo_config/cfg.py:3242}}
Jul 07 07:18:58.832873 np0000004709 devstack@g-api.service[99420]: DEBUG glance.common.config [None req-0503460d-4b27-4372-9880-ce184d4952c0 None None] public_endpoint = https://10.4.3.196/image {{(pid=99420) log_opt_values /opt/stack/data/venv/lib/python3.12/site-packages/oslo_config/cfg.py:3242}}
Jul 07 07:18:58.832958 np0000004709 devstack@g-api.service[99420]: DEBUG glance.common.config [None req-0503460d-4b27-4372-9880-ce184d4952c0 None None] publish_errors = False {{(pid=99420) log_opt_values /opt/stack/data/venv/lib/python3.12/site-packages/oslo_config/cfg.py:3242}}
Jul 07 07:18:58.833044 np0000004709 devstack@g-api.service[99420]: DEBUG glance.common.config [None req-0503460d-4b27-4372-9880-ce184d4952c0 None None] pydev_worker_debug_host = None {{(pid=99420) log_opt_values /opt/stack/data/venv/lib/python3.12/site-packages/oslo_config/cfg.py:3242}}
Jul 07 07:18:58.833137 np0000004709 devstack@g-api.service[99420]: DEBUG glance.common.config [None req-0503460d-4b27-4372-9880-ce184d4952c0 None None] pydev_worker_debug_port = 5678 {{(pid=99420) log_opt_values /opt/stack/data/venv/lib/python3.12/site-packages/oslo_config/cfg.py:3242}}
Jul 07 07:18:58.833220 np0000004709 devstack@g-api.service[99420]: DEBUG glance.common.config [None req-0503460d-4b27-4372-9880-ce184d4952c0 None None] rate_limit_burst = 0 {{(pid=99420) log_opt_values /opt/stack/data/venv/lib/python3.12/site-packages/oslo_config/cfg.py:3242}}
Jul 07 07:18:58.833307 np0000004709 devstack@g-api.service[99420]: DEBUG glance.common.config [None req-0503460d-4b27-4372-9880-ce184d4952c0 None None] rate_limit_except_level = CRITICAL {{(pid=99420) log_opt_values /opt/stack/data/venv/lib/python3.12/site-packages/oslo_config/cfg.py:3242}}
Jul 07 07:18:58.833389 np0000004709 devstack@g-api.service[99420]: DEBUG glance.common.config [None req-0503460d-4b27-4372-9880-ce184d4952c0 None None] rate_limit_interval = 0 {{(pid=99420) log_opt_values /opt/stack/data/venv/lib/python3.12/site-packages/oslo_config/cfg.py:3242}}
Jul 07 07:18:58.833487 np0000004709 devstack@g-api.service[99420]: DEBUG glance.common.config [None req-0503460d-4b27-4372-9880-ce184d4952c0 None None] scrub_pool_size = 1 {{(pid=99420) log_opt_values /opt/stack/data/venv/lib/python3.12/site-packages/oslo_config/cfg.py:3242}}
Jul 07 07:18:58.833576 np0000004709 devstack@g-api.service[99420]: DEBUG glance.common.config [None req-0503460d-4b27-4372-9880-ce184d4952c0 None None] scrub_time = 0 {{(pid=99420) log_opt_values /opt/stack/data/venv/lib/python3.12/site-packages/oslo_config/cfg.py:3242}}
Jul 07 07:18:58.833688 np0000004709 devstack@g-api.service[99420]: DEBUG glance.common.config [None req-0503460d-4b27-4372-9880-ce184d4952c0 None None] shell_completion = None {{(pid=99420) log_opt_values /opt/stack/data/venv/lib/python3.12/site-packages/oslo_config/cfg.py:3242}}
Jul 07 07:18:58.833782 np0000004709 devstack@g-api.service[99420]: DEBUG glance.common.config [None req-0503460d-4b27-4372-9880-ce184d4952c0 None None] show_image_direct_url = False {{(pid=99420) log_opt_values /opt/stack/data/venv/lib/python3.12/site-packages/oslo_config/cfg.py:3242}}
Jul 07 07:18:58.834075 np0000004709 devstack@g-api.service[99420]: WARNING oslo_config.cfg [None req-0503460d-4b27-4372-9880-ce184d4952c0 None None] Deprecated: Option "show_multiple_locations" from group "DEFAULT" is deprecated for removal (Use of this option, deprecated since Newton, is a security risk and will be removed once we figure out a way to satisfy those use cases that currently require it. An earlier announcement that the same functionality can be achieved with greater granularity by using policies is incorrect. You cannot work around this option via policy configuration at the present time, though that is the direction we believe the fix will take. Please keep an eye on the Glance release notes to stay up to date on progress in addressing this issue.). Its value may be silently ignored in the future.
Jul 07 07:18:58.834231 np0000004709 devstack@g-api.service[99420]: DEBUG glance.common.config [None req-0503460d-4b27-4372-9880-ce184d4952c0 None None] show_multiple_locations = False {{(pid=99420) log_opt_values /opt/stack/data/venv/lib/python3.12/site-packages/oslo_config/cfg.py:3242}}
Jul 07 07:18:58.834333 np0000004709 devstack@g-api.service[99420]: DEBUG glance.common.config [None req-0503460d-4b27-4372-9880-ce184d4952c0 None None] syslog_log_facility = LOG_USER {{(pid=99420) log_opt_values /opt/stack/data/venv/lib/python3.12/site-packages/oslo_config/cfg.py:3242}}
Jul 07 07:18:58.834484 np0000004709 devstack@g-api.service[99420]: DEBUG glance.common.config [None req-0503460d-4b27-4372-9880-ce184d4952c0 None None] transport_url = **** {{(pid=99420) log_opt_values /opt/stack/data/venv/lib/python3.12/site-packages/oslo_config/cfg.py:3242}}
Jul 07 07:18:58.834610 np0000004709 devstack@g-api.service[99420]: DEBUG glance.common.config [None req-0503460d-4b27-4372-9880-ce184d4952c0 None None] use_journal = False {{(pid=99420) log_opt_values /opt/stack/data/venv/lib/python3.12/site-packages/oslo_config/cfg.py:3242}}
Jul 07 07:18:58.834736 np0000004709 devstack@g-api.service[99420]: DEBUG glance.common.config [None req-0503460d-4b27-4372-9880-ce184d4952c0 None None] use_json = False {{(pid=99420) log_opt_values /opt/stack/data/venv/lib/python3.12/site-packages/oslo_config/cfg.py:3242}}
Jul 07 07:18:58.834848 np0000004709 devstack@g-api.service[99420]: DEBUG glance.common.config [None req-0503460d-4b27-4372-9880-ce184d4952c0 None None] use_keystone_limits = True {{(pid=99420) log_opt_values /opt/stack/data/venv/lib/python3.12/site-packages/oslo_config/cfg.py:3242}}
Jul 07 07:18:58.834938 np0000004709 devstack@g-api.service[99420]: DEBUG glance.common.config [None req-0503460d-4b27-4372-9880-ce184d4952c0 None None] use_stderr = False {{(pid=99420) log_opt_values /opt/stack/data/venv/lib/python3.12/site-packages/oslo_config/cfg.py:3242}}
Jul 07 07:18:58.835051 np0000004709 devstack@g-api.service[99420]: DEBUG glance.common.config [None req-0503460d-4b27-4372-9880-ce184d4952c0 None None] use_syslog = False {{(pid=99420) log_opt_values /opt/stack/data/venv/lib/python3.12/site-packages/oslo_config/cfg.py:3242}}
Jul 07 07:18:58.835145 np0000004709 devstack@g-api.service[99420]: DEBUG glance.common.config [None req-0503460d-4b27-4372-9880-ce184d4952c0 None None] user_storage_quota = 0 {{(pid=99420) log_opt_values /opt/stack/data/venv/lib/python3.12/site-packages/oslo_config/cfg.py:3242}}
Jul 07 07:18:58.835260 np0000004709 devstack@g-api.service[99420]: DEBUG glance.common.config [None req-0503460d-4b27-4372-9880-ce184d4952c0 None None] worker_self_reference_url = http://127.0.0.1:60999 {{(pid=99420) log_opt_values /opt/stack/data/venv/lib/python3.12/site-packages/oslo_config/cfg.py:3242}}
Jul 07 07:18:58.835391 np0000004709 devstack@g-api.service[99420]: DEBUG glance.common.config [None req-0503460d-4b27-4372-9880-ce184d4952c0 None None] oslo_concurrency.disable_process_locking = False {{(pid=99420) log_opt_values /opt/stack/data/venv/lib/python3.12/site-packages/oslo_config/cfg.py:3253}}
Jul 07 07:18:58.835542 np0000004709 devstack@g-api.service[99420]: DEBUG glance.common.config [None req-0503460d-4b27-4372-9880-ce184d4952c0 None None] oslo_concurrency.lock_path = /opt/stack/data/glance/locks {{(pid=99420) log_opt_values /opt/stack/data/venv/lib/python3.12/site-packages/oslo_config/cfg.py:3253}}
Jul 07 07:18:58.835707 np0000004709 devstack@g-api.service[99420]: DEBUG glance.common.config [None req-0503460d-4b27-4372-9880-ce184d4952c0 None None] oslo_middleware.enable_proxy_headers_parsing = False {{(pid=99420) log_opt_values /opt/stack/data/venv/lib/python3.12/site-packages/oslo_config/cfg.py:3253}}
Jul 07 07:18:58.835833 np0000004709 devstack@g-api.service[99420]: DEBUG glance.common.config [None req-0503460d-4b27-4372-9880-ce184d4952c0 None None] oslo_middleware.http_basic_auth_user_file = /etc/htpasswd {{(pid=99420) log_opt_values /opt/stack/data/venv/lib/python3.12/site-packages/oslo_config/cfg.py:3253}}
Jul 07 07:18:58.835992 np0000004709 devstack@g-api.service[99420]: DEBUG glance.common.config [None req-0503460d-4b27-4372-9880-ce184d4952c0 None None] paste_deploy.config_file = None {{(pid=99420) log_opt_values /opt/stack/data/venv/lib/python3.12/site-packages/oslo_config/cfg.py:3253}}
Jul 07 07:18:58.836113 np0000004709 devstack@g-api.service[99420]: DEBUG glance.common.config [None req-0503460d-4b27-4372-9880-ce184d4952c0 None None] paste_deploy.flavor = keystone+cachemanagement {{(pid=99420) log_opt_values /opt/stack/data/venv/lib/python3.12/site-packages/oslo_config/cfg.py:3253}}
Jul 07 07:18:58.836265 np0000004709 devstack@g-api.service[99418]: DEBUG glance.image_cache.drivers.centralized_db [None req-4ab82ee6-7b65-4715-a3da-65e86fc2d042 None None] Node reference is already recorded, ignoring it {{(pid=99418) configure /opt/stack/glance/glance/image_cache/drivers/centralized_db.py:71}}
Jul 07 07:18:58.836301 np0000004709 devstack@g-api.service[99420]: DEBUG glance.common.config [None req-0503460d-4b27-4372-9880-ce184d4952c0 None None] image_format.container_formats = ['ami', 'ari', 'aki', 'bare', 'ovf', 'ova', 'docker', 'compressed'] {{(pid=99420) log_opt_values /opt/stack/data/venv/lib/python3.12/site-packages/oslo_config/cfg.py:3253}}
Jul 07 07:18:58.836492 np0000004709 devstack@g-api.service[99420]: DEBUG glance.common.config [None req-0503460d-4b27-4372-9880-ce184d4952c0 None None] image_format.disk_formats = ['ami', 'ari', 'aki', 'vhd', 'vhdx', 'vmdk', 'raw', 'qcow2', 'vdi', 'iso', 'ploop'] {{(pid=99420) log_opt_values /opt/stack/data/venv/lib/python3.12/site-packages/oslo_config/cfg.py:3253}}
Jul 07 07:18:58.836615 np0000004709 devstack@g-api.service[99420]: DEBUG glance.common.config [None req-0503460d-4b27-4372-9880-ce184d4952c0 None None] image_format.gpt_safety_checks_nonfatal = [] {{(pid=99420) log_opt_values /opt/stack/data/venv/lib/python3.12/site-packages/oslo_config/cfg.py:3253}}
Jul 07 07:18:58.836739 np0000004709 devstack@g-api.service[99420]: DEBUG glance.common.config [None req-0503460d-4b27-4372-9880-ce184d4952c0 None None] image_format.require_image_format_match = True {{(pid=99420) log_opt_values /opt/stack/data/venv/lib/python3.12/site-packages/oslo_config/cfg.py:3253}}
Jul 07 07:18:58.836848 np0000004709 devstack@g-api.service[99420]: DEBUG glance.common.config [None req-0503460d-4b27-4372-9880-ce184d4952c0 None None] image_format.vmdk_allowed_types = ['streamOptimized', 'monolithicSparse'] {{(pid=99420) log_opt_values /opt/stack/data/venv/lib/python3.12/site-packages/oslo_config/cfg.py:3253}}
Jul 07 07:18:58.836980 np0000004709 devstack@g-api.service[99420]: DEBUG glance.common.config [None req-0503460d-4b27-4372-9880-ce184d4952c0 None None] task.task_executor = taskflow {{(pid=99420) log_opt_values /opt/stack/data/venv/lib/python3.12/site-packages/oslo_config/cfg.py:3253}}
Jul 07 07:18:58.837083 np0000004709 devstack@g-api.service[99420]: DEBUG glance.common.config [None req-0503460d-4b27-4372-9880-ce184d4952c0 None None] task.task_time_to_live = 48 {{(pid=99420) log_opt_values /opt/stack/data/venv/lib/python3.12/site-packages/oslo_config/cfg.py:3253}}
Jul 07 07:18:58.837171 np0000004709 devstack@g-api.service[99420]: DEBUG glance.common.config [None req-0503460d-4b27-4372-9880-ce184d4952c0 None None] task.work_dir = None {{(pid=99420) log_opt_values /opt/stack/data/venv/lib/python3.12/site-packages/oslo_config/cfg.py:3253}}
Jul 07 07:18:58.837274 np0000004709 devstack@g-api.service[99420]: DEBUG glance.common.config [None req-0503460d-4b27-4372-9880-ce184d4952c0 None None] wsgi.python_interpreter = /opt/stack/data/venv/bin/python3 {{(pid=99420) log_opt_values /opt/stack/data/venv/lib/python3.12/site-packages/oslo_config/cfg.py:3253}}
Jul 07 07:18:58.837365 np0000004709 devstack@g-api.service[99420]: DEBUG glance.common.config [None req-0503460d-4b27-4372-9880-ce184d4952c0 None None] wsgi.task_pool_threads = 16 {{(pid=99420) log_opt_values /opt/stack/data/venv/lib/python3.12/site-packages/oslo_config/cfg.py:3253}}
Jul 07 07:18:58.837461 np0000004709 devstack@g-api.service[99420]: DEBUG glance.common.config [None req-0503460d-4b27-4372-9880-ce184d4952c0 None None] import_filtering_opts.allowed_hosts = [] {{(pid=99420) log_opt_values /opt/stack/data/venv/lib/python3.12/site-packages/oslo_config/cfg.py:3253}}
Jul 07 07:18:58.837552 np0000004709 devstack@g-api.service[99420]: DEBUG glance.common.config [None req-0503460d-4b27-4372-9880-ce184d4952c0 None None] import_filtering_opts.allowed_ports = [80, 443] {{(pid=99420) log_opt_values /opt/stack/data/venv/lib/python3.12/site-packages/oslo_config/cfg.py:3253}}
Jul 07 07:18:58.837691 np0000004709 devstack@g-api.service[99420]: DEBUG glance.common.config [None req-0503460d-4b27-4372-9880-ce184d4952c0 None None] import_filtering_opts.allowed_schemes = ['http', 'https'] {{(pid=99420) log_opt_values /opt/stack/data/venv/lib/python3.12/site-packages/oslo_config/cfg.py:3253}}
Jul 07 07:18:58.837783 np0000004709 devstack@g-api.service[99420]: DEBUG glance.common.config [None req-0503460d-4b27-4372-9880-ce184d4952c0 None None] import_filtering_opts.disallowed_hosts = [] {{(pid=99420) log_opt_values /opt/stack/data/venv/lib/python3.12/site-packages/oslo_config/cfg.py:3253}}
Jul 07 07:18:58.837873 np0000004709 devstack@g-api.service[99420]: DEBUG glance.common.config [None req-0503460d-4b27-4372-9880-ce184d4952c0 None None] import_filtering_opts.disallowed_ports = [] {{(pid=99420) log_opt_values /opt/stack/data/venv/lib/python3.12/site-packages/oslo_config/cfg.py:3253}}
Jul 07 07:18:58.837958 np0000004709 devstack@g-api.service[99420]: DEBUG glance.common.config [None req-0503460d-4b27-4372-9880-ce184d4952c0 None None] import_filtering_opts.disallowed_schemes = [] {{(pid=99420) log_opt_values /opt/stack/data/venv/lib/python3.12/site-packages/oslo_config/cfg.py:3253}}
Jul 07 07:18:58.838086 np0000004709 devstack@g-api.service[99420]: DEBUG glance.common.config [None req-0503460d-4b27-4372-9880-ce184d4952c0 None None] oslo_messaging_metrics.metrics_buffer_size = 1000 {{(pid=99420) log_opt_values /opt/stack/data/venv/lib/python3.12/site-packages/oslo_config/cfg.py:3253}}
