Jul 07 07:18:36.679038 np0000004709 nova-scheduler[93149]: DEBUG cotyledon.oslo_config_glue [-] oslo_messaging_notifications.driver = ['messagingv2'] {{(pid=93149) log_opt_values /opt/stack/data/venv/lib/python3.12/site-packages/oslo_config/cfg.py:3253}}
Jul 07 07:18:36.679038 np0000004709 nova-scheduler[93149]: DEBUG cotyledon.oslo_config_glue [-] oslo_messaging_notifications.retry = -1 {{(pid=93149) log_opt_values /opt/stack/data/venv/lib/python3.12/site-packages/oslo_config/cfg.py:3253}}
Jul 07 07:18:36.679038 np0000004709 nova-scheduler[93149]: DEBUG cotyledon.oslo_config_glue [-] oslo_messaging_notifications.topics = ['notifications'] {{(pid=93149) log_opt_values /opt/stack/data/venv/lib/python3.12/site-packages/oslo_config/cfg.py:3253}}
Jul 07 07:18:36.679038 np0000004709 nova-scheduler[93149]: DEBUG cotyledon.oslo_config_glue [-] oslo_messaging_notifications.transport_url = **** {{(pid=93149) log_opt_values /opt/stack/data/venv/lib/python3.12/site-packages/oslo_config/cfg.py:3253}}
Jul 07 07:18:36.679322 np0000004709 nova-scheduler[93149]: DEBUG cotyledon.oslo_config_glue [-] oslo_limit.auth_section = None {{(pid=93149) log_opt_values /opt/stack/data/venv/lib/python3.12/site-packages/oslo_config/cfg.py:3253}}
Jul 07 07:18:36.679322 np0000004709 nova-scheduler[93149]: DEBUG cotyledon.oslo_config_glue [-] oslo_limit.auth_type = None {{(pid=93149) log_opt_values /opt/stack/data/venv/lib/python3.12/site-packages/oslo_config/cfg.py:3253}}
Jul 07 07:18:36.679322 np0000004709 nova-scheduler[93149]: DEBUG cotyledon.oslo_config_glue [-] oslo_limit.cafile = None {{(pid=93149) log_opt_values /opt/stack/data/venv/lib/python3.12/site-packages/oslo_config/cfg.py:3253}}
Jul 07 07:18:36.679322 np0000004709 nova-scheduler[93149]: DEBUG cotyledon.oslo_config_glue [-] oslo_limit.certfile = None {{(pid=93149) log_opt_values /opt/stack/data/venv/lib/python3.12/site-packages/oslo_config/cfg.py:3253}}
Jul 07 07:18:36.679322 np0000004709 nova-scheduler[93149]: DEBUG cotyledon.oslo_config_glue [-] oslo_limit.collect_timing = False {{(pid=93149) log_opt_values /opt/stack/data/venv/lib/python3.12/site-packages/oslo_config/cfg.py:3253}}
Jul 07 07:18:36.679322 np0000004709 nova-scheduler[93149]: DEBUG cotyledon.oslo_config_glue [-] oslo_limit.connect_retries = None {{(pid=93149) log_opt_values /opt/stack/data/venv/lib/python3.12/site-packages/oslo_config/cfg.py:3253}}
Jul 07 07:18:36.679322 np0000004709 nova-scheduler[93149]: DEBUG cotyledon.oslo_config_glue [-] oslo_limit.connect_retry_delay = None {{(pid=93149) log_opt_values /opt/stack/data/venv/lib/python3.12/site-packages/oslo_config/cfg.py:3253}}
Jul 07 07:18:36.679322 np0000004709 nova-scheduler[93149]: DEBUG cotyledon.oslo_config_glue [-] oslo_limit.endpoint_id = None {{(pid=93149) log_opt_values /opt/stack/data/venv/lib/python3.12/site-packages/oslo_config/cfg.py:3253}}
Jul 07 07:18:36.679322 np0000004709 nova-scheduler[93149]: DEBUG cotyledon.oslo_config_glue [-] oslo_limit.endpoint_interface = public {{(pid=93149) log_opt_values /opt/stack/data/venv/lib/python3.12/site-packages/oslo_config/cfg.py:3253}}
Jul 07 07:18:36.679722 np0000004709 nova-scheduler[93149]: DEBUG cotyledon.oslo_config_glue [-] oslo_limit.endpoint_override = None {{(pid=93149) log_opt_values /opt/stack/data/venv/lib/python3.12/site-packages/oslo_config/cfg.py:3253}}
Jul 07 07:18:36.679722 np0000004709 nova-scheduler[93149]: DEBUG cotyledon.oslo_config_glue [-] oslo_limit.endpoint_region_name = None {{(pid=93149) log_opt_values /opt/stack/data/venv/lib/python3.12/site-packages/oslo_config/cfg.py:3253}}
Jul 07 07:18:36.679722 np0000004709 nova-scheduler[93149]: DEBUG cotyledon.oslo_config_glue [-] oslo_limit.endpoint_service_name = None {{(pid=93149) log_opt_values /opt/stack/data/venv/lib/python3.12/site-packages/oslo_config/cfg.py:3253}}
Jul 07 07:18:36.679722 np0000004709 nova-scheduler[93149]: DEBUG cotyledon.oslo_config_glue [-] oslo_limit.endpoint_service_type = None {{(pid=93149) log_opt_values /opt/stack/data/venv/lib/python3.12/site-packages/oslo_config/cfg.py:3253}}
Jul 07 07:18:36.679722 np0000004709 nova-scheduler[93149]: DEBUG cotyledon.oslo_config_glue [-] oslo_limit.insecure = False {{(pid=93149) log_opt_values /opt/stack/data/venv/lib/python3.12/site-packages/oslo_config/cfg.py:3253}}
Jul 07 07:18:36.679722 np0000004709 nova-scheduler[93149]: DEBUG cotyledon.oslo_config_glue [-] oslo_limit.keyfile = None {{(pid=93149) log_opt_values /opt/stack/data/venv/lib/python3.12/site-packages/oslo_config/cfg.py:3253}}
Jul 07 07:18:36.679722 np0000004709 nova-scheduler[93149]: DEBUG cotyledon.oslo_config_glue [-] oslo_limit.max_version = None {{(pid=93149) log_opt_values /opt/stack/data/venv/lib/python3.12/site-packages/oslo_config/cfg.py:3253}}
Jul 07 07:18:36.679722 np0000004709 nova-scheduler[93149]: DEBUG cotyledon.oslo_config_glue [-] oslo_limit.min_version = None {{(pid=93149) log_opt_values /opt/stack/data/venv/lib/python3.12/site-packages/oslo_config/cfg.py:3253}}
Jul 07 07:18:36.679722 np0000004709 nova-scheduler[93149]: DEBUG cotyledon.oslo_config_glue [-] oslo_limit.region_name = None {{(pid=93149) log_opt_values /opt/stack/data/venv/lib/python3.12/site-packages/oslo_config/cfg.py:3253}}
Jul 07 07:18:36.679959 np0000004709 nova-scheduler[93149]: DEBUG cotyledon.oslo_config_glue [-] oslo_limit.retriable_status_codes = None {{(pid=93149) log_opt_values /opt/stack/data/venv/lib/python3.12/site-packages/oslo_config/cfg.py:3253}}
Jul 07 07:18:36.679959 np0000004709 nova-scheduler[93149]: DEBUG cotyledon.oslo_config_glue [-] oslo_limit.service_name = None {{(pid=93149) log_opt_values /opt/stack/data/venv/lib/python3.12/site-packages/oslo_config/cfg.py:3253}}
Jul 07 07:18:36.679959 np0000004709 nova-scheduler[93149]: DEBUG cotyledon.oslo_config_glue [-] oslo_limit.service_type = None {{(pid=93149) log_opt_values /opt/stack/data/venv/lib/python3.12/site-packages/oslo_config/cfg.py:3253}}
Jul 07 07:18:36.679959 np0000004709 nova-scheduler[93149]: DEBUG cotyledon.oslo_config_glue [-] oslo_limit.split_loggers = False {{(pid=93149) log_opt_values /opt/stack/data/venv/lib/python3.12/site-packages/oslo_config/cfg.py:3253}}
Jul 07 07:18:36.679959 np0000004709 nova-scheduler[93149]: DEBUG cotyledon.oslo_config_glue [-] oslo_limit.status_code_retries = None {{(pid=93149) log_opt_values /opt/stack/data/venv/lib/python3.12/site-packages/oslo_config/cfg.py:3253}}
Jul 07 07:18:36.679959 np0000004709 nova-scheduler[93149]: DEBUG cotyledon.oslo_config_glue [-] oslo_limit.status_code_retry_delay = None {{(pid=93149) log_opt_values /opt/stack/data/venv/lib/python3.12/site-packages/oslo_config/cfg.py:3253}}
Jul 07 07:18:36.679959 np0000004709 nova-scheduler[93149]: DEBUG cotyledon.oslo_config_glue [-] oslo_limit.timeout = None {{(pid=93149) log_opt_values /opt/stack/data/venv/lib/python3.12/site-packages/oslo_config/cfg.py:3253}}
Jul 07 07:18:36.679959 np0000004709 nova-scheduler[93149]: DEBUG cotyledon.oslo_config_glue [-] oslo_limit.valid_interfaces = None {{(pid=93149) log_opt_values /opt/stack/data/venv/lib/python3.12/site-packages/oslo_config/cfg.py:3253}}
Jul 07 07:18:36.679959 np0000004709 nova-scheduler[93149]: DEBUG cotyledon.oslo_config_glue [-] oslo_limit.version = None {{(pid=93149) log_opt_values /opt/stack/data/venv/lib/python3.12/site-packages/oslo_config/cfg.py:3253}}
Jul 07 07:18:36.680187 np0000004709 nova-scheduler[93149]: DEBUG cotyledon.oslo_config_glue [-] oslo_reports.file_event_handler = None {{(pid=93149) log_opt_values /opt/stack/data/venv/lib/python3.12/site-packages/oslo_config/cfg.py:3253}}
Jul 07 07:18:36.680187 np0000004709 nova-scheduler[93149]: DEBUG cotyledon.oslo_config_glue [-] oslo_reports.file_event_handler_interval = 1 {{(pid=93149) log_opt_values /opt/stack/data/venv/lib/python3.12/site-packages/oslo_config/cfg.py:3253}}
Jul 07 07:18:36.680187 np0000004709 nova-scheduler[93149]: DEBUG cotyledon.oslo_config_glue [-] oslo_reports.log_dir = None {{(pid=93149) log_opt_values /opt/stack/data/venv/lib/python3.12/site-packages/oslo_config/cfg.py:3253}}
Jul 07 07:18:36.680187 np0000004709 nova-scheduler[93149]: DEBUG cotyledon.oslo_config_glue [-] ******************************************************************************** {{(pid=93149) log_opt_values /opt/stack/data/venv/lib/python3.12/site-packages/oslo_config/cfg.py:3260}}
Jul 07 07:18:36.680187 np0000004709 nova-scheduler[93149]: DEBUG cotyledon._service_worker [-] Run service ServiceWrapper(2) [93149] {{(pid=93149) wait_forever /opt/stack/data/venv/lib/python3.12/site-packages/cotyledon/_service_worker.py:218}}
Jul 07 07:18:36.680187 np0000004709 nova-scheduler[93149]: INFO nova.service [-] Starting scheduler node (version 33.1.0)
Jul 07 07:18:36.680187 np0000004709 nova-scheduler[93149]: INFO dbcounter [None req-83efdefd-8866-418a-8138-7ba5100736a3 None None] Registered counter for database nova_cell0
Jul 07 07:18:36.683043 np0000004709 nova-scheduler[93147]: DEBUG oslo_db.sqlalchemy.engines [None req-e45067ca-3524-459a-ab52-13f3aef8b760 None None] MySQL server mode set to STRICT_TRANS_TABLES,STRICT_ALL_TABLES,NO_ZERO_IN_DATE,NO_ZERO_DATE,ERROR_FOR_DIVISION_BY_ZERO,TRADITIONAL,NO_ENGINE_SUBSTITUTION {{(pid=93147) _check_effective_sql_mode /opt/stack/data/venv/lib/python3.12/site-packages/oslo_db/sqlalchemy/engines.py:325}}
Jul 07 07:18:36.693790 np0000004709 nova-scheduler[93147]: DEBUG dbcounter [-] [93147] Writer thread running {{(pid=93147) stat_writer /opt/stack/data/venv/lib/python3.12/site-packages/dbcounter.py:102}}
Jul 07 07:18:36.694015 np0000004709 nova-scheduler[93149]: DEBUG oslo_db.sqlalchemy.engines [None req-83efdefd-8866-418a-8138-7ba5100736a3 None None] MySQL server mode set to STRICT_TRANS_TABLES,STRICT_ALL_TABLES,NO_ZERO_IN_DATE,NO_ZERO_DATE,ERROR_FOR_DIVISION_BY_ZERO,TRADITIONAL,NO_ENGINE_SUBSTITUTION {{(pid=93149) _check_effective_sql_mode /opt/stack/data/venv/lib/python3.12/site-packages/oslo_db/sqlalchemy/engines.py:325}}
Jul 07 07:18:36.698056 np0000004709 nova-scheduler[93145]: DEBUG oslo_db.sqlalchemy.engines [None req-5360d1da-db48-4f69-911b-1c87055f5dc8 None None] MySQL server mode set to STRICT_TRANS_TABLES,STRICT_ALL_TABLES,NO_ZERO_IN_DATE,NO_ZERO_DATE,ERROR_FOR_DIVISION_BY_ZERO,TRADITIONAL,NO_ENGINE_SUBSTITUTION {{(pid=93145) _check_effective_sql_mode /opt/stack/data/venv/lib/python3.12/site-packages/oslo_db/sqlalchemy/engines.py:325}}
Jul 07 07:18:36.704335 np0000004709 nova-scheduler[93149]: DEBUG dbcounter [-] [93149] Writer thread running {{(pid=93149) stat_writer /opt/stack/data/venv/lib/python3.12/site-packages/dbcounter.py:102}}
Jul 07 07:18:36.713291 np0000004709 nova-scheduler[93145]: DEBUG dbcounter [-] [93145] Writer thread running {{(pid=93145) stat_writer /opt/stack/data/venv/lib/python3.12/site-packages/dbcounter.py:102}}
Jul 07 07:18:36.742138 np0000004709 nova-scheduler[93147]: DEBUG nova.service [None req-e45067ca-3524-459a-ab52-13f3aef8b760 None None] Creating RPC server for service: nova-scheduler on topic: scheduler {{(pid=93147) start /opt/stack/nova/nova/service.py:196}}
Jul 07 07:18:36.755827 np0000004709 nova-scheduler[93149]: DEBUG nova.service [None req-83efdefd-8866-418a-8138-7ba5100736a3 None None] Creating RPC server for service: nova-scheduler on topic: scheduler {{(pid=93149) start /opt/stack/nova/nova/service.py:196}}
Jul 07 07:18:36.755952 np0000004709 nova-scheduler[93145]: DEBUG nova.service [None req-5360d1da-db48-4f69-911b-1c87055f5dc8 None None] Creating RPC server for service: nova-scheduler on topic: scheduler {{(pid=93145) start /opt/stack/nova/nova/service.py:196}}
Jul 07 07:18:36.763951 np0000004709 nova-scheduler[93147]: DEBUG nova.service [None req-e45067ca-3524-459a-ab52-13f3aef8b760 None None] Join ServiceGroup membership for this service scheduler {{(pid=93147) start /opt/stack/nova/nova/service.py:222}}
Jul 07 07:18:36.764113 np0000004709 nova-scheduler[93147]: DEBUG nova.servicegroup.drivers.db [None req-e45067ca-3524-459a-ab52-13f3aef8b760 None None] DB_Driver: join new ServiceGroup member np0000004709 to the scheduler group, service = {{(pid=93147) join /opt/stack/nova/nova/servicegroup/drivers/db.py:44}}
Jul 07 07:18:36.775730 np0000004709 nova-scheduler[93149]: DEBUG nova.service [None req-83efdefd-8866-418a-8138-7ba5100736a3 None None] Join ServiceGroup membership for this service scheduler {{(pid=93149) start /opt/stack/nova/nova/service.py:222}}
Jul 07 07:18:36.775860 np0000004709 nova-scheduler[93145]: DEBUG nova.service [None req-5360d1da-db48-4f69-911b-1c87055f5dc8 None None] Join ServiceGroup membership for this service scheduler {{(pid=93145) start /opt/stack/nova/nova/service.py:222}}
Jul 07 07:18:36.775948 np0000004709 nova-scheduler[93149]: DEBUG nova.servicegroup.drivers.db [None req-83efdefd-8866-418a-8138-7ba5100736a3 None None] DB_Driver: join new ServiceGroup member np0000004709 to the scheduler group, service = {{(pid=93149) join /opt/stack/nova/nova/servicegroup/drivers/db.py:44}}
Jul 07 07:18:36.775998 np0000004709 nova-scheduler[93145]: DEBUG nova.servicegroup.drivers.db [None req-5360d1da-db48-4f69-911b-1c87055f5dc8 None None] DB_Driver: join new ServiceGroup member np0000004709 to the scheduler group, service = {{(pid=93145) join /opt/stack/nova/nova/servicegroup/drivers/db.py:44}}
Jul 07 07:18:41.782137 np0000004709 nova-scheduler[93147]: DEBUG oslo.service.backend._threading.loopingcall [-] Fixed interval looping call 'nova.servicegroup.drivers.db.DbDriver._report_state' sleeping for 119.98 seconds {{(pid=93147) _run_loop /opt/stack/data/venv/lib/python3.12/site-packages/oslo_service/backend/_threading/loopingcall.py:125}}
Jul 07 07:18:41.784369 np0000004709 nova-scheduler[93145]: DEBUG oslo.service.backend._threading.loopingcall [-] Fixed interval looping call 'nova.servicegroup.drivers.db.DbDriver._report_state' sleeping for 119.99 seconds {{(pid=93145) _run_loop /opt/stack/data/venv/lib/python3.12/site-packages/oslo_service/backend/_threading/loopingcall.py:125}}
Jul 07 07:18:41.785123 np0000004709 nova-scheduler[93149]: DEBUG oslo.service.backend._threading.loopingcall [-] Fixed interval looping call 'nova.servicegroup.drivers.db.DbDriver._report_state' sleeping for 119.99 seconds {{(pid=93149) _run_loop /opt/stack/data/venv/lib/python3.12/site-packages/oslo_service/backend/_threading/loopingcall.py:125}}
Jul 07 07:18:45.310168 np0000004709 nova-scheduler[91941]: DEBUG dbcounter [-] [91941] Writing DB stats nova_api:SELECT=3 {{(pid=91941) stat_writer /opt/stack/data/venv/lib/python3.12/site-packages/dbcounter.py:115}}
Jul 07 07:18:45.442284 np0000004709 nova-scheduler[91941]: DEBUG dbcounter [-] [91941] Writing DB stats nova_cell1:SELECT=1 {{(pid=91941) stat_writer /opt/stack/data/venv/lib/python3.12/site-packages/dbcounter.py:115}}
Jul 07 07:18:45.452926 np0000004709 nova-scheduler[91941]: DEBUG dbcounter [-] [91941] Writing DB stats nova_cell0:SELECT=1 {{(pid=91941) stat_writer /opt/stack/data/venv/lib/python3.12/site-packages/dbcounter.py:115}}
Jul 07 07:18:51.778639 np0000004709 nova-scheduler[93147]: DEBUG dbcounter [-] [93147] Writing DB stats nova_cell0:SELECT=4,nova_cell0:INSERT=1,nova_cell0:UPDATE=1 {{(pid=93147) stat_writer /opt/stack/data/venv/lib/python3.12/site-packages/dbcounter.py:115}}
Jul 07 07:18:51.782814 np0000004709 nova-scheduler[93149]: DEBUG dbcounter [-] [93149] Writing DB stats nova_cell0:SELECT=5,nova_cell0:INSERT=1 {{(pid=93149) stat_writer /opt/stack/data/venv/lib/python3.12/site-packages/dbcounter.py:115}}
Jul 07 07:18:51.786853 np0000004709 nova-scheduler[93145]: DEBUG dbcounter [-] [93145] Writing DB stats nova_cell0:SELECT=5,nova_cell0:INSERT=1 {{(pid=93145) stat_writer /opt/stack/data/venv/lib/python3.12/site-packages/dbcounter.py:115}}
Jul 07 07:18:57.766478 np0000004709 nova-scheduler[93147]: DEBUG oslo.service.backend._threading.loopingcall [None req-ea7a2cd2-f94e-4914-a2f5-70557b3899ad None None] Dynamic interval looping call 'nova.service.Service.periodic_tasks' sleeping for 60.00 seconds {{(pid=93147) _run_loop /opt/stack/data/venv/lib/python3.12/site-packages/oslo_service/backend/_threading/loopingcall.py:125}}
Jul 07 07:19:21.778474 np0000004709 nova-scheduler[93145]: DEBUG oslo.service.backend._threading.loopingcall [None req-c3ad2415-02b5-40f4-be25-ca2a3b0be985 None None] Dynamic interval looping call 'nova.service.Service.periodic_tasks' sleeping for 60.00 seconds {{(pid=93145) _run_loop /opt/stack/data/venv/lib/python3.12/site-packages/oslo_service/backend/_threading/loopingcall.py:125}}
Jul 07 07:19:24.778393 np0000004709 nova-scheduler[93149]: DEBUG oslo.service.backend._threading.loopingcall [None req-c16bab94-1106-4426-a40a-9b400edc938d None None] Dynamic interval looping call 'nova.service.Service.periodic_tasks' sleeping for 60.00 seconds {{(pid=93149) _run_loop /opt/stack/data/venv/lib/python3.12/site-packages/oslo_service/backend/_threading/loopingcall.py:125}}
Jul 07 07:19:57.766924 np0000004709 nova-scheduler[93147]: DEBUG oslo.service.backend._threading.loopingcall [None req-ea7a2cd2-f94e-4914-a2f5-70557b3899ad None None] Dynamic interval looping call 'nova.service.Service.periodic_tasks' sleeping for 60.00 seconds {{(pid=93147) _run_loop /opt/stack/data/venv/lib/python3.12/site-packages/oslo_service/backend/_threading/loopingcall.py:125}}
Jul 07 07:20:21.778962 np0000004709 nova-scheduler[93145]: DEBUG oslo.service.backend._threading.loopingcall [None req-c3ad2415-02b5-40f4-be25-ca2a3b0be985 None None] Dynamic interval looping call 'nova.service.Service.periodic_tasks' sleeping for 60.00 seconds {{(pid=93145) _run_loop /opt/stack/data/venv/lib/python3.12/site-packages/oslo_service/backend/_threading/loopingcall.py:125}}
Jul 07 07:20:24.778845 np0000004709 nova-scheduler[93149]: DEBUG oslo.service.backend._threading.loopingcall [None req-c16bab94-1106-4426-a40a-9b400edc938d None None] Dynamic interval looping call 'nova.service.Service.periodic_tasks' sleeping for 60.00 seconds {{(pid=93149) _run_loop /opt/stack/data/venv/lib/python3.12/site-packages/oslo_service/backend/_threading/loopingcall.py:125}}
Jul 07 07:20:41.768404 np0000004709 nova-scheduler[93147]: DEBUG oslo.service.backend._threading.loopingcall [-] Fixed interval looping call 'nova.servicegroup.drivers.db.DbDriver._report_state' sleeping for 119.99 seconds {{(pid=93147) _run_loop /opt/stack/data/venv/lib/python3.12/site-packages/oslo_service/backend/_threading/loopingcall.py:125}}
Jul 07 07:20:41.779413 np0000004709 nova-scheduler[93145]: DEBUG oslo.service.backend._threading.loopingcall [-] Fixed interval looping call 'nova.servicegroup.drivers.db.DbDriver._report_state' sleeping for 120.00 seconds {{(pid=93145) _run_loop /opt/stack/data/venv/lib/python3.12/site-packages/oslo_service/backend/_threading/loopingcall.py:125}}
Jul 07 07:20:41.781146 np0000004709 nova-scheduler[93149]: DEBUG oslo.service.backend._threading.loopingcall [-] Fixed interval looping call 'nova.servicegroup.drivers.db.DbDriver._report_state' sleeping for 119.99 seconds {{(pid=93149) _run_loop /opt/stack/data/venv/lib/python3.12/site-packages/oslo_service/backend/_threading/loopingcall.py:125}}
Jul 07 07:20:51.767027 np0000004709 nova-scheduler[93147]: DEBUG dbcounter [-] [93147] Writing DB stats nova_cell0:SELECT=1,nova_cell0:UPDATE=1 {{(pid=93147) stat_writer /opt/stack/data/venv/lib/python3.12/site-packages/dbcounter.py:115}}
Jul 07 07:20:51.776782 np0000004709 nova-scheduler[93145]: DEBUG dbcounter [-] [93145] Writing DB stats nova_cell0:SELECT=1 {{(pid=93145) stat_writer /opt/stack/data/venv/lib/python3.12/site-packages/dbcounter.py:115}}
Jul 07 07:20:51.779267 np0000004709 nova-scheduler[93149]: DEBUG dbcounter [-] [93149] Writing DB stats nova_cell0:SELECT=1 {{(pid=93149) stat_writer /opt/stack/data/venv/lib/python3.12/site-packages/dbcounter.py:115}}
Jul 07 07:20:57.767422 np0000004709 nova-scheduler[93147]: DEBUG oslo.service.backend._threading.loopingcall [None req-ea7a2cd2-f94e-4914-a2f5-70557b3899ad None None] Dynamic interval looping call 'nova.service.Service.periodic_tasks' sleeping for 60.00 seconds {{(pid=93147) _run_loop /opt/stack/data/venv/lib/python3.12/site-packages/oslo_service/backend/_threading/loopingcall.py:125}}
Jul 07 07:21:00.795027 np0000004709 nova-scheduler[93147]: DEBUG nova.scheduler.manager [None req-11838bdd-1051-4b11-9485-0f6fa070f3fc tempest-DeleteServersTestJSON-1705406291 tempest-DeleteServersTestJSON-1705406291-project-member] Starting to schedule for instances: ['478d2a45-91db-4b6a-a2d2-0b65ecf87cf4'] {{(pid=93147) select_destinations /opt/stack/nova/nova/scheduler/manager.py:209}}
Jul 07 07:21:00.796077 np0000004709 nova-scheduler[93147]: DEBUG nova.scheduler.request_filter [None req-11838bdd-1051-4b11-9485-0f6fa070f3fc tempest-DeleteServersTestJSON-1705406291 tempest-DeleteServersTestJSON-1705406291-project-member] compute_status_filter request filter added forbidden trait COMPUTE_STATUS_DISABLED {{(pid=93147) compute_status_filter /opt/stack/nova/nova/scheduler/request_filter.py:253}}
Jul 07 07:21:00.796193 np0000004709 nova-scheduler[93147]: DEBUG nova.scheduler.request_filter [None req-11838bdd-1051-4b11-9485-0f6fa070f3fc tempest-DeleteServersTestJSON-1705406291 tempest-DeleteServersTestJSON-1705406291-project-member] Request filter 'compute_status_filter' took 0.0 seconds {{(pid=93147) wrapper /opt/stack/nova/nova/scheduler/request_filter.py:46}}
Jul 07 07:21:00.796396 np0000004709 nova-scheduler[93147]: DEBUG nova.scheduler.request_filter [None req-11838bdd-1051-4b11-9485-0f6fa070f3fc tempest-DeleteServersTestJSON-1705406291 tempest-DeleteServersTestJSON-1705406291-project-member] Request filter 'accelerators_filter' took 0.0 seconds {{(pid=93147) wrapper /opt/stack/nova/nova/scheduler/request_filter.py:46}}
Jul 07 07:21:00.796619 np0000004709 nova-scheduler[93147]: DEBUG nova.scheduler.request_filter [None req-11838bdd-1051-4b11-9485-0f6fa070f3fc tempest-DeleteServersTestJSON-1705406291 tempest-DeleteServersTestJSON-1705406291-project-member] Request filter 'packed_virtqueue_filter' took 0.0 seconds {{(pid=93147) wrapper /opt/stack/nova/nova/scheduler/request_filter.py:46}}
Jul 07 07:21:00.796889 np0000004709 nova-scheduler[93147]: DEBUG nova.scheduler.request_filter [None req-11838bdd-1051-4b11-9485-0f6fa070f3fc tempest-DeleteServersTestJSON-1705406291 tempest-DeleteServersTestJSON-1705406291-project-member] Request filter 'remote_managed_ports_filter' took 0.0 seconds {{(pid=93147) wrapper /opt/stack/nova/nova/scheduler/request_filter.py:46}}
Jul 07 07:21:00.797014 np0000004709 nova-scheduler[93147]: DEBUG nova.scheduler.request_filter [None req-11838bdd-1051-4b11-9485-0f6fa070f3fc tempest-DeleteServersTestJSON-1705406291 tempest-DeleteServersTestJSON-1705406291-project-member] ephemeral_encryption_filter skipped {{(pid=93147) ephemeral_encryption_filter /opt/stack/nova/nova/scheduler/request_filter.py:426}}
Jul 07 07:21:00.797145 np0000004709 nova-scheduler[93147]: DEBUG nova.scheduler.request_filter [None req-11838bdd-1051-4b11-9485-0f6fa070f3fc tempest-DeleteServersTestJSON-1705406291 tempest-DeleteServersTestJSON-1705406291-project-member] virtio_sound_filter skipped {{(pid=93147) virtio_sound_filter /opt/stack/nova/nova/scheduler/request_filter.py:460}}
Jul 07 07:21:00.797508 np0000004709 nova-scheduler[93147]: DEBUG nova.scheduler.request_filter [None req-11838bdd-1051-4b11-9485-0f6fa070f3fc tempest-DeleteServersTestJSON-1705406291 tempest-DeleteServersTestJSON-1705406291-project-member] tpm_secret_security_filter skipped {{(pid=93147) tpm_secret_security_filter /opt/stack/nova/nova/scheduler/request_filter.py:477}}
Jul 07 07:21:01.390127 np0000004709 nova-scheduler[93149]: DEBUG nova.scheduler.manager [None req-0f3da562-49bd-46c6-b6cd-ea3d3d567808 tempest-ServerActionsTestOtherA-995063823 tempest-ServerActionsTestOtherA-995063823-project-member] Starting to schedule for instances: ['cbdba2b7-c1f8-46ea-b09f-203687fab7de'] {{(pid=93149) select_destinations /opt/stack/nova/nova/scheduler/manager.py:209}}
Jul 07 07:21:01.390826 np0000004709 nova-scheduler[93149]: DEBUG nova.scheduler.request_filter [None req-0f3da562-49bd-46c6-b6cd-ea3d3d567808 tempest-ServerActionsTestOtherA-995063823 tempest-ServerActionsTestOtherA-995063823-project-member] compute_status_filter request filter added forbidden trait COMPUTE_STATUS_DISABLED {{(pid=93149) compute_status_filter /opt/stack/nova/nova/scheduler/request_filter.py:253}}
Jul 07 07:21:01.390988 np0000004709 nova-scheduler[93149]: DEBUG nova.scheduler.request_filter [None req-0f3da562-49bd-46c6-b6cd-ea3d3d567808 tempest-ServerActionsTestOtherA-995063823 tempest-ServerActionsTestOtherA-995063823-project-member] Request filter 'compute_status_filter' took 0.0 seconds {{(pid=93149) wrapper /opt/stack/nova/nova/scheduler/request_filter.py:46}}
Jul 07 07:21:01.391824 np0000004709 nova-scheduler[93149]: DEBUG nova.scheduler.request_filter [None req-0f3da562-49bd-46c6-b6cd-ea3d3d567808 tempest-ServerActionsTestOtherA-995063823 tempest-ServerActionsTestOtherA-995063823-project-member] Request filter 'accelerators_filter' took 0.0 seconds {{(pid=93149) wrapper /opt/stack/nova/nova/scheduler/request_filter.py:46}}
Jul 07 07:21:01.392049 np0000004709 nova-scheduler[93149]: DEBUG nova.scheduler.request_filter [None req-0f3da562-49bd-46c6-b6cd-ea3d3d567808 tempest-ServerActionsTestOtherA-995063823 tempest-ServerActionsTestOtherA-995063823-project-member] Request filter 'packed_virtqueue_filter' took 0.0 seconds {{(pid=93149) wrapper /opt/stack/nova/nova/scheduler/request_filter.py:46}}
Jul 07 07:21:01.392467 np0000004709 nova-scheduler[93149]: DEBUG nova.scheduler.request_filter [None req-0f3da562-49bd-46c6-b6cd-ea3d3d567808 tempest-ServerActionsTestOtherA-995063823 tempest-ServerActionsTestOtherA-995063823-project-member] Request filter 'remote_managed_ports_filter' took 0.0 seconds {{(pid=93149) wrapper /opt/stack/nova/nova/scheduler/request_filter.py:46}}
Jul 07 07:21:01.392574 np0000004709 nova-scheduler[93149]: DEBUG nova.scheduler.request_filter [None req-0f3da562-49bd-46c6-b6cd-ea3d3d567808 tempest-ServerActionsTestOtherA-995063823 tempest-ServerActionsTestOtherA-995063823-project-member] ephemeral_encryption_filter skipped {{(pid=93149) ephemeral_encryption_filter /opt/stack/nova/nova/scheduler/request_filter.py:426}}
Jul 07 07:21:01.392798 np0000004709 nova-scheduler[93149]: DEBUG nova.scheduler.request_filter [None req-0f3da562-49bd-46c6-b6cd-ea3d3d567808 tempest-ServerActionsTestOtherA-995063823 tempest-ServerActionsTestOtherA-995063823-project-member] virtio_sound_filter skipped {{(pid=93149) virtio_sound_filter /opt/stack/nova/nova/scheduler/request_filter.py:460}}
Jul 07 07:21:01.393108 np0000004709 nova-scheduler[93149]: DEBUG nova.scheduler.request_filter [None req-0f3da562-49bd-46c6-b6cd-ea3d3d567808 tempest-ServerActionsTestOtherA-995063823 tempest-ServerActionsTestOtherA-995063823-project-member] tpm_secret_security_filter skipped {{(pid=93149) tpm_secret_security_filter /opt/stack/nova/nova/scheduler/request_filter.py:477}}
Jul 07 07:21:01.577765 np0000004709 nova-scheduler[93147]: INFO nova.utils [None req-11838bdd-1051-4b11-9485-0f6fa070f3fc tempest-DeleteServersTestJSON-1705406291 tempest-DeleteServersTestJSON-1705406291-project-member] The cell worker thread pool ForkProcess-2.cell_worker is initialized
Jul 07 07:21:01.578058 np0000004709 nova-scheduler[93147]: DEBUG oslo_concurrency.lockutils [None req-11838bdd-1051-4b11-9485-0f6fa070f3fc tempest-DeleteServersTestJSON-1705406291 tempest-DeleteServersTestJSON-1705406291-project-member] Acquiring lock "76be91a5-0b7f-4d2b-95fc-d60890d4a29d" by "nova.context.set_target_cell..get_or_set_cached_cell_and_set_connections" {{(pid=93147) inner /opt/stack/data/venv/lib/python3.12/site-packages/oslo_concurrency/lockutils.py:511}}
Jul 07 07:21:01.578240 np0000004709 nova-scheduler[93147]: DEBUG oslo_concurrency.lockutils [None req-11838bdd-1051-4b11-9485-0f6fa070f3fc tempest-DeleteServersTestJSON-1705406291 tempest-DeleteServersTestJSON-1705406291-project-member] Lock "76be91a5-0b7f-4d2b-95fc-d60890d4a29d" acquired by "nova.context.set_target_cell..get_or_set_cached_cell_and_set_connections" :: waited 0.000s {{(pid=93147) inner /opt/stack/data/venv/lib/python3.12/site-packages/oslo_concurrency/lockutils.py:524}}
Jul 07 07:21:01.579731 np0000004709 nova-scheduler[93147]: DEBUG oslo_concurrency.lockutils [None req-11838bdd-1051-4b11-9485-0f6fa070f3fc tempest-DeleteServersTestJSON-1705406291 tempest-DeleteServersTestJSON-1705406291-project-member] Lock "76be91a5-0b7f-4d2b-95fc-d60890d4a29d" "released" by "nova.context.set_target_cell..get_or_set_cached_cell_and_set_connections" :: held 0.001s {{(pid=93147) inner /opt/stack/data/venv/lib/python3.12/site-packages/oslo_concurrency/lockutils.py:543}}
Jul 07 07:21:01.583626 np0000004709 nova-scheduler[93147]: INFO dbcounter [None req-11838bdd-1051-4b11-9485-0f6fa070f3fc tempest-DeleteServersTestJSON-1705406291 tempest-DeleteServersTestJSON-1705406291-project-member] Registered counter for database nova_cell1
Jul 07 07:21:01.617963 np0000004709 nova-scheduler[93147]: DEBUG oslo_db.sqlalchemy.engines [None req-11838bdd-1051-4b11-9485-0f6fa070f3fc tempest-DeleteServersTestJSON-1705406291 tempest-DeleteServersTestJSON-1705406291-project-member] MySQL server mode set to STRICT_TRANS_TABLES,STRICT_ALL_TABLES,NO_ZERO_IN_DATE,NO_ZERO_DATE,ERROR_FOR_DIVISION_BY_ZERO,TRADITIONAL,NO_ENGINE_SUBSTITUTION {{(pid=93147) _check_effective_sql_mode /opt/stack/data/venv/lib/python3.12/site-packages/oslo_db/sqlalchemy/engines.py:325}}
Jul 07 07:21:01.623073 np0000004709 nova-scheduler[93147]: DEBUG dbcounter [-] [93147] Writer thread running {{(pid=93147) stat_writer /opt/stack/data/venv/lib/python3.12/site-packages/dbcounter.py:102}}
Jul 07 07:21:01.641703 np0000004709 nova-scheduler[93147]: DEBUG oslo_db.sqlalchemy.engines [None req-11838bdd-1051-4b11-9485-0f6fa070f3fc tempest-DeleteServersTestJSON-1705406291 tempest-DeleteServersTestJSON-1705406291-project-member] Parent process 91941 forked (93147) with an open database connection, which is being discarded and recreated. {{(pid=93147) checkout /opt/stack/data/venv/lib/python3.12/site-packages/oslo_db/sqlalchemy/engines.py:402}}
Jul 07 07:21:01.681351 np0000004709 nova-scheduler[93147]: DEBUG dbcounter [-] [93147] Writer thread running {{(pid=93147) stat_writer /opt/stack/data/venv/lib/python3.12/site-packages/dbcounter.py:102}}
Jul 07 07:21:01.685064 np0000004709 nova-scheduler[93147]: DEBUG oslo_concurrency.lockutils [None req-11838bdd-1051-4b11-9485-0f6fa070f3fc tempest-DeleteServersTestJSON-1705406291 tempest-DeleteServersTestJSON-1705406291-project-member] Acquiring lock "76be91a5-0b7f-4d2b-95fc-d60890d4a29d" by "nova.context.set_target_cell..get_or_set_cached_cell_and_set_connections" {{(pid=93147) inner /opt/stack/data/venv/lib/python3.12/site-packages/oslo_concurrency/lockutils.py:511}}
Jul 07 07:21:01.685366 np0000004709 nova-scheduler[93147]: DEBUG oslo_concurrency.lockutils [None req-11838bdd-1051-4b11-9485-0f6fa070f3fc tempest-DeleteServersTestJSON-1705406291 tempest-DeleteServersTestJSON-1705406291-project-member] Lock "76be91a5-0b7f-4d2b-95fc-d60890d4a29d" acquired by "nova.context.set_target_cell..get_or_set_cached_cell_and_set_connections" :: waited 0.000s {{(pid=93147) inner /opt/stack/data/venv/lib/python3.12/site-packages/oslo_concurrency/lockutils.py:524}}
Jul 07 07:21:01.685718 np0000004709 nova-scheduler[93147]: DEBUG oslo_concurrency.lockutils [None req-11838bdd-1051-4b11-9485-0f6fa070f3fc tempest-DeleteServersTestJSON-1705406291 tempest-DeleteServersTestJSON-1705406291-project-member] Lock "76be91a5-0b7f-4d2b-95fc-d60890d4a29d" "released" by "nova.context.set_target_cell..get_or_set_cached_cell_and_set_connections" :: held 0.000s {{(pid=93147) inner /opt/stack/data/venv/lib/python3.12/site-packages/oslo_concurrency/lockutils.py:543}}
Jul 07 07:21:01.692666 np0000004709 nova-scheduler[93147]: DEBUG oslo_concurrency.lockutils [None req-11838bdd-1051-4b11-9485-0f6fa070f3fc tempest-DeleteServersTestJSON-1705406291 tempest-DeleteServersTestJSON-1705406291-project-member] Acquiring lock "np0000004709-np0000004709" by "nova.scheduler.host_manager.HostState.update.._locked_update" {{(pid=93147) inner /opt/stack/data/venv/lib/python3.12/site-packages/oslo_concurrency/lockutils.py:511}}
Jul 07 07:21:01.692997 np0000004709 nova-scheduler[93147]: DEBUG oslo_concurrency.lockutils [None req-11838bdd-1051-4b11-9485-0f6fa070f3fc tempest-DeleteServersTestJSON-1705406291 tempest-DeleteServersTestJSON-1705406291-project-member] Lock "np0000004709-np0000004709" acquired by "nova.scheduler.host_manager.HostState.update.._locked_update" :: waited 0.000s {{(pid=93147) inner /opt/stack/data/venv/lib/python3.12/site-packages/oslo_concurrency/lockutils.py:524}}
Jul 07 07:21:01.693863 np0000004709 nova-scheduler[93147]: DEBUG nova.scheduler.host_manager [None req-11838bdd-1051-4b11-9485-0f6fa070f3fc tempest-DeleteServersTestJSON-1705406291 tempest-DeleteServersTestJSON-1705406291-project-member] Update host state from compute node: ComputeNode(cpu_allocation_ratio=4.0,cpu_info='{"arch": "x86_64", "model": "EPYC-Milan", "vendor": "AMD", "topology": {"cells": 1, "sockets": 16, "cores": 1, "threads": 1}, "maxphysaddr": {"mode": "emulate", "bits": 40}, "features": ["rdtscp", "abm", "mmxext", "ibpb", "erms", "amd-stibp", "fsgsbase", "pdpe1gb", "vmcb-clean", "pge", "cx16", "flushbyasid", "osvw", "tsc_adjust", "xsaves", "amd-psfd", "fma", "misalignsse", "pclmuldq", "cr8legacy", "xsaveerptr", "pae", "smep", "xsave", "topoext", "smap", "pse", "bmi1", "svme-addr-chk", "de", "clflushopt", "null-sel-clr-base", "fpu", "cx8", "syscall", "tsc", "movbe", "arch-capabilities", "invpcid", "xsaveopt", "rdctl-no", "spec-ctrl", "amd-ssbd", "cmov", "sse4.2", "pause-filter", "sse", "lm", "umip", "xgetbv1", "msr", "nx", "vme", "mca", "avx", "bmi2", "pni", "aes", "pse36", "skip-l1dfl-vmentry", "mds-no", "no-nested-data-bp", "stibp-always-on", "arat", "hypervisor", "lfence-always-serializing", "sse4a", "3dnowprefetch", "v-vmsave-vmload", "vgif", "stibp", "clflush", "sse2", "cmp_legacy", "ibrs", "wbnoinvd", "clzero", "popcnt", "lahf_lm", "vaes", "pschange-mc-no", "ssse3", "gds-no", "mtrr", "sha-ni", "adx", "clwb", "mmx", "sep", "pfthreshold", "x2apic", "svm", "avx2", "sse4.1", "tsc-deadline", "fxsr_opt", "xsavec", "rdpid", "virt-ssbd", "fsrm", "apic", "vpclmulqdq", "npt", "nrip-save", "rdrand", "mce", "pat", "fxsr", "f16c", "pcid", "perfctr_core", "rdseed", "ssbd", "pku", "tsc-scale", "lbrv"]}',created_at=2026-07-07T07:19:02Z,current_workload=0,deleted=False,deleted_at=None,disk_allocation_ratio=1.0,disk_available_least=73,free_disk_gb=95,free_ram_mb=62765,host='np0000004709',host_ip=10.4.3.196,hypervisor_hostname='np0000004709',hypervisor_type='QEMU',hypervisor_version=8002002,id=1,local_gb=95,local_gb_used=0,mapped=1,memory_mb=63277,memory_mb_used=512,metrics='[]',numa_topology='{"nova_object.name": "NUMATopology", "nova_object.namespace": "nova", "nova_object.version": "1.2", "nova_object.data": {"cells": [{"nova_object.name": "NUMACell", "nova_object.namespace": "nova", "nova_object.version": "1.5", "nova_object.data": {"id": 0, "cpuset": [0, 1, 2, 3, 4, 5, 6, 7, 8, 9, 10, 11, 12, 13, 14, 15], "pcpuset": [0, 1, 2, 3, 4, 5, 6, 7, 8, 9, 10, 11, 12, 13, 14, 15], "memory": 63277, "cpu_usage": 0, "memory_usage": 0, "pinned_cpus": [], "siblings": [[6], [12], [2], [15], [5], [11], [8], [14], [4], [1], [7], [10], [0], [13], [3], [9]], "mempages": [{"nova_object.name": "NUMAPagesTopology", "nova_object.namespace": "nova", "nova_object.version": "1.1", "nova_object.data": {"size_kb": 4, "total": 16177929, "used": 0, "reserved": 0}, "nova_object.changes": ["used", "total", "size_kb", "reserved"]}, {"nova_object.name": "NUMAPagesTopology", "nova_object.namespace": "nova", "nova_object.version": "1.1", "nova_object.data": {"size_kb": 2048, "total": 41, "used": 0, "reserved": 0}, "nova_object.changes": ["used", "total", "size_kb", "reserved"]}, {"nova_object.name": "NUMAPagesTopology", "nova_object.namespace": "nova", "nova_object.version": "1.1", "nova_object.data": {"size_kb": 1048576, "total": 0, "used": 0, "reserved": 0}, "nova_object.changes": ["used", "total", "size_kb", "reserved"]}], "network_metadata": {"nova_object.name": "NetworkMetadata", "nova_object.namespace": "nova", "nova_object.version": "1.0", "nova_object.data": {"physnets": [], "tunneled": false}, "nova_object.changes": ["physnets", "tunneled"]}, "socket": null}, "nova_object.changes": ["pcpuset", "pinned_cpus", "siblings", "mempages", "network_metadata", "cpuset", "memory_usage", "cpu_usage", "id", "socket", "memory"]}]}, "nova_object.changes": ["cells"]}',pci_device_pools=PciDevicePoolList,ram_allocation_ratio=1.0,running_vms=0,service_id=3,stats={failed_builds='0',uptime=' 07:20:47 up 13 min, 2 users, load average: 2.15, 1.73, 0.95
Jul 07 07:21:01.693863 np0000004709 nova-scheduler[93147]: '},supported_hv_specs=[HVSpec,HVSpec,HVSpec,HVSpec,HVSpec,HVSpec,HVSpec,HVSpec,HVSpec,HVSpec,HVSpec,HVSpec,HVSpec,HVSpec,HVSpec,HVSpec,HVSpec,HVSpec,HVSpec,HVSpec,HVSpec,HVSpec,HVSpec,HVSpec,HVSpec],updated_at=2026-07-07T07:20:49Z,uuid=f7d114d6-021f-4e2e-91bb-07ff11898b77,vcpus=16,vcpus_used=0) {{(pid=93147) _locked_update /opt/stack/nova/nova/scheduler/host_manager.py:168}}
Jul 07 07:21:01.694869 np0000004709 nova-scheduler[93147]: DEBUG nova.scheduler.host_manager [None req-11838bdd-1051-4b11-9485-0f6fa070f3fc tempest-DeleteServersTestJSON-1705406291 tempest-DeleteServersTestJSON-1705406291-project-member] Update host state with aggregates: [] {{(pid=93147) _locked_update /opt/stack/nova/nova/scheduler/host_manager.py:171}}
Jul 07 07:21:01.695012 np0000004709 nova-scheduler[93147]: DEBUG nova.scheduler.host_manager [None req-11838bdd-1051-4b11-9485-0f6fa070f3fc tempest-DeleteServersTestJSON-1705406291 tempest-DeleteServersTestJSON-1705406291-project-member] Update host state with service dict: {'id': 3, 'uuid': '31a94334-97b6-4c72-8824-d2bb0ab68cfa', 'host': 'np0000004709', 'binary': 'nova-compute', 'topic': 'compute', 'report_count': 1, 'disabled': False, 'disabled_reason': None, 'last_seen_up': datetime.datetime(2026, 7, 7, 7, 19, 11, tzinfo=datetime.timezone.utc), 'forced_down': False, 'version': 72, 'created_at': datetime.datetime(2026, 7, 7, 7, 19, tzinfo=datetime.timezone.utc), 'updated_at': datetime.datetime(2026, 7, 7, 7, 19, 11, tzinfo=datetime.timezone.utc), 'deleted_at': None, 'deleted': False} {{(pid=93147) _locked_update /opt/stack/nova/nova/scheduler/host_manager.py:174}}
Jul 07 07:21:01.695169 np0000004709 nova-scheduler[93147]: DEBUG nova.scheduler.host_manager [None req-11838bdd-1051-4b11-9485-0f6fa070f3fc tempest-DeleteServersTestJSON-1705406291 tempest-DeleteServersTestJSON-1705406291-project-member] Update host state with instances: [] {{(pid=93147) _locked_update /opt/stack/nova/nova/scheduler/host_manager.py:177}}
Jul 07 07:21:01.695289 np0000004709 nova-scheduler[93147]: DEBUG oslo_concurrency.lockutils [None req-11838bdd-1051-4b11-9485-0f6fa070f3fc tempest-DeleteServersTestJSON-1705406291 tempest-DeleteServersTestJSON-1705406291-project-member] Lock "np0000004709-np0000004709" "released" by "nova.scheduler.host_manager.HostState.update.._locked_update" :: held 0.002s {{(pid=93147) inner /opt/stack/data/venv/lib/python3.12/site-packages/oslo_concurrency/lockutils.py:543}}
Jul 07 07:21:01.695771 np0000004709 nova-scheduler[93147]: DEBUG nova.filters [None req-11838bdd-1051-4b11-9485-0f6fa070f3fc tempest-DeleteServersTestJSON-1705406291 tempest-DeleteServersTestJSON-1705406291-project-member] Starting with 1 host(s) {{(pid=93147) get_filtered_objects /opt/stack/nova/nova/filters.py:70}}
Jul 07 07:21:01.695983 np0000004709 nova-scheduler[93147]: DEBUG nova.filters [None req-11838bdd-1051-4b11-9485-0f6fa070f3fc tempest-DeleteServersTestJSON-1705406291 tempest-DeleteServersTestJSON-1705406291-project-member] Filter ComputeFilter returned 1 host(s) {{(pid=93147) get_filtered_objects /opt/stack/nova/nova/filters.py:102}}
Jul 07 07:21:01.696131 np0000004709 nova-scheduler[93147]: DEBUG nova.filters [None req-11838bdd-1051-4b11-9485-0f6fa070f3fc tempest-DeleteServersTestJSON-1705406291 tempest-DeleteServersTestJSON-1705406291-project-member] Filter ComputeCapabilitiesFilter returned 1 host(s) {{(pid=93147) get_filtered_objects /opt/stack/nova/nova/filters.py:102}}
Jul 07 07:21:01.696367 np0000004709 nova-scheduler[93147]: DEBUG nova.filters [None req-11838bdd-1051-4b11-9485-0f6fa070f3fc tempest-DeleteServersTestJSON-1705406291 tempest-DeleteServersTestJSON-1705406291-project-member] Filter ImagePropertiesFilter returned 1 host(s) {{(pid=93147) get_filtered_objects /opt/stack/nova/nova/filters.py:102}}
Jul 07 07:21:01.696516 np0000004709 nova-scheduler[93147]: DEBUG nova.filters [None req-11838bdd-1051-4b11-9485-0f6fa070f3fc tempest-DeleteServersTestJSON-1705406291 tempest-DeleteServersTestJSON-1705406291-project-member] Filter ServerGroupAntiAffinityFilter returned 1 host(s) {{(pid=93147) get_filtered_objects /opt/stack/nova/nova/filters.py:102}}
Jul 07 07:21:01.696699 np0000004709 nova-scheduler[93147]: DEBUG nova.filters [None req-11838bdd-1051-4b11-9485-0f6fa070f3fc tempest-DeleteServersTestJSON-1705406291 tempest-DeleteServersTestJSON-1705406291-project-member] Filter ServerGroupAffinityFilter returned 1 host(s) {{(pid=93147) get_filtered_objects /opt/stack/nova/nova/filters.py:102}}
Jul 07 07:21:01.697056 np0000004709 nova-scheduler[93147]: DEBUG nova.filters [None req-11838bdd-1051-4b11-9485-0f6fa070f3fc tempest-DeleteServersTestJSON-1705406291 tempest-DeleteServersTestJSON-1705406291-project-member] Filter SameHostFilter returned 1 host(s) {{(pid=93147) get_filtered_objects /opt/stack/nova/nova/filters.py:102}}
Jul 07 07:21:01.697056 np0000004709 nova-scheduler[93147]: DEBUG nova.filters [None req-11838bdd-1051-4b11-9485-0f6fa070f3fc tempest-DeleteServersTestJSON-1705406291 tempest-DeleteServersTestJSON-1705406291-project-member] Filter DifferentHostFilter returned 1 host(s) {{(pid=93147) get_filtered_objects /opt/stack/nova/nova/filters.py:102}}
Jul 07 07:21:01.697056 np0000004709 nova-scheduler[93147]: DEBUG nova.scheduler.manager [None req-11838bdd-1051-4b11-9485-0f6fa070f3fc tempest-DeleteServersTestJSON-1705406291 tempest-DeleteServersTestJSON-1705406291-project-member] Filtered [(np0000004709, np0000004709) ram: 62765MB disk: 74752MB io_ops: 0 instances: 0, allocation_candidates: 1] {{(pid=93147) _get_sorted_hosts /opt/stack/nova/nova/scheduler/manager.py:742}}
Jul 07 07:21:01.697264 np0000004709 nova-scheduler[93147]: DEBUG nova.scheduler.manager [None req-11838bdd-1051-4b11-9485-0f6fa070f3fc tempest-DeleteServersTestJSON-1705406291 tempest-DeleteServersTestJSON-1705406291-project-member] Weighed [WeighedHost [host: (np0000004709, np0000004709) ram: 62765MB disk: 74752MB io_ops: 0 instances: 0, allocation_candidates: 1, weight: 0.0]] {{(pid=93147) _get_sorted_hosts /opt/stack/nova/nova/scheduler/manager.py:764}}
Jul 07 07:21:01.697465 np0000004709 nova-scheduler[93147]: DEBUG nova.scheduler.utils [None req-11838bdd-1051-4b11-9485-0f6fa070f3fc tempest-DeleteServersTestJSON-1705406291 tempest-DeleteServersTestJSON-1705406291-project-member] Attempting to claim resources in the placement API for instance 478d2a45-91db-4b6a-a2d2-0b65ecf87cf4 {{(pid=93147) claim_resources /opt/stack/nova/nova/scheduler/utils.py:1345}}
Jul 07 07:21:01.787380 np0000004709 nova-scheduler[93149]: INFO nova.utils [None req-0f3da562-49bd-46c6-b6cd-ea3d3d567808 tempest-ServerActionsTestOtherA-995063823 tempest-ServerActionsTestOtherA-995063823-project-member] The cell worker thread pool ForkProcess-3.cell_worker is initialized
Jul 07 07:21:01.787958 np0000004709 nova-scheduler[93149]: DEBUG oslo_concurrency.lockutils [None req-0f3da562-49bd-46c6-b6cd-ea3d3d567808 tempest-ServerActionsTestOtherA-995063823 tempest-ServerActionsTestOtherA-995063823-project-member] Acquiring lock "76be91a5-0b7f-4d2b-95fc-d60890d4a29d" by "nova.context.set_target_cell..get_or_set_cached_cell_and_set_connections" {{(pid=93149) inner /opt/stack/data/venv/lib/python3.12/site-packages/oslo_concurrency/lockutils.py:511}}
Jul 07 07:21:01.788365 np0000004709 nova-scheduler[93149]: DEBUG oslo_concurrency.lockutils [None req-0f3da562-49bd-46c6-b6cd-ea3d3d567808 tempest-ServerActionsTestOtherA-995063823 tempest-ServerActionsTestOtherA-995063823-project-member] Lock "76be91a5-0b7f-4d2b-95fc-d60890d4a29d" acquired by "nova.context.set_target_cell..get_or_set_cached_cell_and_set_connections" :: waited 0.000s {{(pid=93149) inner /opt/stack/data/venv/lib/python3.12/site-packages/oslo_concurrency/lockutils.py:524}}
Jul 07 07:21:01.790950 np0000004709 nova-scheduler[93149]: DEBUG oslo_concurrency.lockutils [None req-0f3da562-49bd-46c6-b6cd-ea3d3d567808 tempest-ServerActionsTestOtherA-995063823 tempest-ServerActionsTestOtherA-995063823-project-member] Lock "76be91a5-0b7f-4d2b-95fc-d60890d4a29d" "released" by "nova.context.set_target_cell..get_or_set_cached_cell_and_set_connections" :: held 0.002s {{(pid=93149) inner /opt/stack/data/venv/lib/python3.12/site-packages/oslo_concurrency/lockutils.py:543}}
Jul 07 07:21:01.794752 np0000004709 nova-scheduler[93149]: INFO dbcounter [None req-0f3da562-49bd-46c6-b6cd-ea3d3d567808 tempest-ServerActionsTestOtherA-995063823 tempest-ServerActionsTestOtherA-995063823-project-member] Registered counter for database nova_cell1
Jul 07 07:21:01.829629 np0000004709 nova-scheduler[93149]: DEBUG oslo_db.sqlalchemy.engines [None req-0f3da562-49bd-46c6-b6cd-ea3d3d567808 tempest-ServerActionsTestOtherA-995063823 tempest-ServerActionsTestOtherA-995063823-project-member] MySQL server mode set to STRICT_TRANS_TABLES,STRICT_ALL_TABLES,NO_ZERO_IN_DATE,NO_ZERO_DATE,ERROR_FOR_DIVISION_BY_ZERO,TRADITIONAL,NO_ENGINE_SUBSTITUTION {{(pid=93149) _check_effective_sql_mode /opt/stack/data/venv/lib/python3.12/site-packages/oslo_db/sqlalchemy/engines.py:325}}
Jul 07 07:21:01.834247 np0000004709 nova-scheduler[93149]: DEBUG dbcounter [-] [93149] Writer thread running {{(pid=93149) stat_writer /opt/stack/data/venv/lib/python3.12/site-packages/dbcounter.py:102}}
Jul 07 07:21:01.835931 np0000004709 nova-scheduler[93147]: DEBUG nova.scheduler.manager [None req-11838bdd-1051-4b11-9485-0f6fa070f3fc tempest-DeleteServersTestJSON-1705406291 tempest-DeleteServersTestJSON-1705406291-project-member] [instance: 478d2a45-91db-4b6a-a2d2-0b65ecf87cf4] Selected host: (np0000004709, np0000004709) ram: 62765MB disk: 74752MB io_ops: 0 instances: 0, allocation_candidates: 1 {{(pid=93147) _consume_selected_host /opt/stack/nova/nova/scheduler/manager.py:624}}
Jul 07 07:21:01.836525 np0000004709 nova-scheduler[93147]: DEBUG oslo_concurrency.lockutils [None req-11838bdd-1051-4b11-9485-0f6fa070f3fc tempest-DeleteServersTestJSON-1705406291 tempest-DeleteServersTestJSON-1705406291-project-member] Acquiring lock "np0000004709-np0000004709" by "nova.scheduler.host_manager.HostState.consume_from_request.._locked" {{(pid=93147) inner /opt/stack/data/venv/lib/python3.12/site-packages/oslo_concurrency/lockutils.py:511}}
Jul 07 07:21:01.836747 np0000004709 nova-scheduler[93147]: DEBUG oslo_concurrency.lockutils [None req-11838bdd-1051-4b11-9485-0f6fa070f3fc tempest-DeleteServersTestJSON-1705406291 tempest-DeleteServersTestJSON-1705406291-project-member] Lock "np0000004709-np0000004709" acquired by "nova.scheduler.host_manager.HostState.consume_from_request.._locked" :: waited 0.000s {{(pid=93147) inner /opt/stack/data/venv/lib/python3.12/site-packages/oslo_concurrency/lockutils.py:524}}
Jul 07 07:21:01.836945 np0000004709 nova-scheduler[93147]: DEBUG oslo_concurrency.lockutils [None req-11838bdd-1051-4b11-9485-0f6fa070f3fc tempest-DeleteServersTestJSON-1705406291 tempest-DeleteServersTestJSON-1705406291-project-member] Lock "np0000004709-np0000004709" "released" by "nova.scheduler.host_manager.HostState.consume_from_request.._locked" :: held 0.000s {{(pid=93147) inner /opt/stack/data/venv/lib/python3.12/site-packages/oslo_concurrency/lockutils.py:543}}
Jul 07 07:21:01.886628 np0000004709 nova-scheduler[93149]: DEBUG dbcounter [-] [93149] Writer thread running {{(pid=93149) stat_writer /opt/stack/data/venv/lib/python3.12/site-packages/dbcounter.py:102}}
Jul 07 07:21:01.893253 np0000004709 nova-scheduler[93149]: DEBUG oslo_concurrency.lockutils [None req-0f3da562-49bd-46c6-b6cd-ea3d3d567808 tempest-ServerActionsTestOtherA-995063823 tempest-ServerActionsTestOtherA-995063823-project-member] Acquiring lock "76be91a5-0b7f-4d2b-95fc-d60890d4a29d" by "nova.context.set_target_cell..get_or_set_cached_cell_and_set_connections" {{(pid=93149) inner /opt/stack/data/venv/lib/python3.12/site-packages/oslo_concurrency/lockutils.py:511}}
Jul 07 07:21:01.893491 np0000004709 nova-scheduler[93149]: DEBUG oslo_concurrency.lockutils [None req-0f3da562-49bd-46c6-b6cd-ea3d3d567808 tempest-ServerActionsTestOtherA-995063823 tempest-ServerActionsTestOtherA-995063823-project-member] Lock "76be91a5-0b7f-4d2b-95fc-d60890d4a29d" acquired by "nova.context.set_target_cell..get_or_set_cached_cell_and_set_connections" :: waited 0.000s {{(pid=93149) inner /opt/stack/data/venv/lib/python3.12/site-packages/oslo_concurrency/lockutils.py:524}}
Jul 07 07:21:01.893616 np0000004709 nova-scheduler[93149]: DEBUG oslo_concurrency.lockutils [None req-0f3da562-49bd-46c6-b6cd-ea3d3d567808 tempest-ServerActionsTestOtherA-995063823 tempest-ServerActionsTestOtherA-995063823-project-member] Lock "76be91a5-0b7f-4d2b-95fc-d60890d4a29d" "released" by "nova.context.set_target_cell..get_or_set_cached_cell_and_set_connections" :: held 0.000s {{(pid=93149) inner /opt/stack/data/venv/lib/python3.12/site-packages/oslo_concurrency/lockutils.py:543}}
