Aug 26 08:57:59.477219 np0000008150 devstack@g-api.service[99739]: DEBUG glance.api.middleware.version_negotiation [None req-73f3d802-fc47-4065-831d-9b7b5988e725 tempest-TaggedBootDevicesTest_v242-690658005 tempest-TaggedBootDevicesTest_v242-690658005-project-member] Matched version: v2 {{(pid=99739) process_request /opt/stack/glance/glance/api/middleware/version_negotiation.py:69}}
Aug 26 08:57:59.477346 np0000008150 devstack@g-api.service[99739]: DEBUG glance.api.middleware.version_negotiation [None req-73f3d802-fc47-4065-831d-9b7b5988e725 tempest-TaggedBootDevicesTest_v242-690658005 tempest-TaggedBootDevicesTest_v242-690658005-project-member] new path /v2/images/9152c161-6690-401f-8ab1-8acb828d14a6 {{(pid=99739) process_request /opt/stack/glance/glance/api/middleware/version_negotiation.py:70}}
Aug 26 08:57:59.652825 np0000008150 devstack@g-api.service[99738]: DEBUG glance.api.middleware.version_negotiation [None req-73f3d802-fc47-4065-831d-9b7b5988e725 tempest-TaggedBootDevicesTest_v242-690658005 tempest-TaggedBootDevicesTest_v242-690658005-project-member] Determining version of request: GET /versions Accept: */* {{(pid=99738) process_request /opt/stack/glance/glance/api/middleware/version_negotiation.py:44}}
Aug 26 08:57:59.653262 np0000008150 devstack@g-api.service[99738]: [pid: 99738|app: 0|req: 20/54] 127.0.0.1 () {44 vars in 1039 bytes} [Wed Aug 26 08:57:59 2026] GET /versions => generated 1515 bytes in 1 msecs (HTTP/1.1 200) 3 headers in 92 bytes (1 switches on core 0)
Aug 26 08:57:59.662709 np0000008150 devstack@g-api.service[99737]: DEBUG glance.api.middleware.version_negotiation [None req-73f3d802-fc47-4065-831d-9b7b5988e725 tempest-TaggedBootDevicesTest_v242-690658005 tempest-TaggedBootDevicesTest_v242-690658005-project-member] Determining version of request: GET /v2/images/9152c161-6690-401f-8ab1-8acb828d14a6/locations Accept: */* {{(pid=99737) process_request /opt/stack/glance/glance/api/middleware/version_negotiation.py:44}}
Aug 26 08:57:59.662915 np0000008150 devstack@g-api.service[99737]: DEBUG glance.api.middleware.version_negotiation [None req-73f3d802-fc47-4065-831d-9b7b5988e725 tempest-TaggedBootDevicesTest_v242-690658005 tempest-TaggedBootDevicesTest_v242-690658005-project-member] Using url versioning {{(pid=99737) process_request /opt/stack/glance/glance/api/middleware/version_negotiation.py:57}}
Aug 26 08:57:59.663067 np0000008150 devstack@g-api.service[99737]: DEBUG glance.api.middleware.version_negotiation [None req-73f3d802-fc47-4065-831d-9b7b5988e725 tempest-TaggedBootDevicesTest_v242-690658005 tempest-TaggedBootDevicesTest_v242-690658005-project-member] Matched version: v2 {{(pid=99737) process_request /opt/stack/glance/glance/api/middleware/version_negotiation.py:69}}
Aug 26 08:57:59.663208 np0000008150 devstack@g-api.service[99737]: DEBUG glance.api.middleware.version_negotiation [None req-73f3d802-fc47-4065-831d-9b7b5988e725 tempest-TaggedBootDevicesTest_v242-690658005 tempest-TaggedBootDevicesTest_v242-690658005-project-member] new path /v2/images/9152c161-6690-401f-8ab1-8acb828d14a6/locations {{(pid=99737) process_request /opt/stack/glance/glance/api/middleware/version_negotiation.py:70}}
Aug 26 08:57:59.838297 np0000008150 devstack@g-api.service[99739]: [pid: 99739|app: 0|req: 18/55] 127.0.0.1 () {40 vars in 838 bytes} [Wed Aug 26 08:57:59 2026] GET /v2/images/9152c161-6690-401f-8ab1-8acb828d14a6 => generated 1044 bytes in 361 msecs (HTTP/1.1 200) 4 headers in 158 bytes (1 switches on core 0)
Aug 26 08:57:59.847411 np0000008150 devstack@g-api.service[99738]: DEBUG glance.api.middleware.version_negotiation [None req-73f3d802-fc47-4065-831d-9b7b5988e725 tempest-TaggedBootDevicesTest_v242-690658005 tempest-TaggedBootDevicesTest_v242-690658005-project-member] Determining version of request: GET /v2/images/9152c161-6690-401f-8ab1-8acb828d14a6/file Accept: application/json {{(pid=99738) process_request /opt/stack/glance/glance/api/middleware/version_negotiation.py:44}}
Aug 26 08:57:59.847601 np0000008150 devstack@g-api.service[99738]: DEBUG glance.api.middleware.version_negotiation [None req-73f3d802-fc47-4065-831d-9b7b5988e725 tempest-TaggedBootDevicesTest_v242-690658005 tempest-TaggedBootDevicesTest_v242-690658005-project-member] Using url versioning {{(pid=99738) process_request /opt/stack/glance/glance/api/middleware/version_negotiation.py:57}}
Aug 26 08:57:59.848016 np0000008150 devstack@g-api.service[99738]: DEBUG glance.api.middleware.version_negotiation [None req-73f3d802-fc47-4065-831d-9b7b5988e725 tempest-TaggedBootDevicesTest_v242-690658005 tempest-TaggedBootDevicesTest_v242-690658005-project-member] Matched version: v2 {{(pid=99738) process_request /opt/stack/glance/glance/api/middleware/version_negotiation.py:69}}
Aug 26 08:57:59.849653 np0000008150 devstack@g-api.service[99738]: DEBUG glance.api.middleware.version_negotiation [None req-73f3d802-fc47-4065-831d-9b7b5988e725 tempest-TaggedBootDevicesTest_v242-690658005 tempest-TaggedBootDevicesTest_v242-690658005-project-member] new path /v2/images/9152c161-6690-401f-8ab1-8acb828d14a6/file {{(pid=99738) process_request /opt/stack/glance/glance/api/middleware/version_negotiation.py:70}}
Aug 26 08:57:59.930978 np0000008150 devstack@g-api.service[99737]: [pid: 99737|app: 0|req: 18/56] 127.0.0.1 () {44 vars in 1135 bytes} [Wed Aug 26 08:57:59 2026] GET /v2/images/9152c161-6690-401f-8ab1-8acb828d14a6/locations => generated 92 bytes in 268 msecs (HTTP/1.1 200) 4 headers in 156 bytes (1 switches on core 0)
Aug 26 08:57:59.944514 np0000008150 devstack@g-api.service[99739]: DEBUG glance.api.middleware.version_negotiation [None req-9db82720-1746-4b9f-95e6-ae9085ad835c tempest-AttachSCSIVolumeTestJSON-673119997 tempest-AttachSCSIVolumeTestJSON-673119997-project-reader] Determining version of request: GET /v2/images/9152c161-6690-401f-8ab1-8acb828d14a6 Accept: */* {{(pid=99739) process_request /opt/stack/glance/glance/api/middleware/version_negotiation.py:44}}
Aug 26 08:57:59.944728 np0000008150 devstack@g-api.service[99739]: DEBUG glance.api.middleware.version_negotiation [None req-9db82720-1746-4b9f-95e6-ae9085ad835c tempest-AttachSCSIVolumeTestJSON-673119997 tempest-AttachSCSIVolumeTestJSON-673119997-project-reader] Using url versioning {{(pid=99739) process_request /opt/stack/glance/glance/api/middleware/version_negotiation.py:57}}
Aug 26 08:57:59.944905 np0000008150 devstack@g-api.service[99739]: DEBUG glance.api.middleware.version_negotiation [None req-9db82720-1746-4b9f-95e6-ae9085ad835c tempest-AttachSCSIVolumeTestJSON-673119997 tempest-AttachSCSIVolumeTestJSON-673119997-project-reader] Matched version: v2 {{(pid=99739) process_request /opt/stack/glance/glance/api/middleware/version_negotiation.py:69}}
Aug 26 08:57:59.945047 np0000008150 devstack@g-api.service[99739]: DEBUG glance.api.middleware.version_negotiation [None req-9db82720-1746-4b9f-95e6-ae9085ad835c tempest-AttachSCSIVolumeTestJSON-673119997 tempest-AttachSCSIVolumeTestJSON-673119997-project-reader] new path /v2/images/9152c161-6690-401f-8ab1-8acb828d14a6 {{(pid=99739) process_request /opt/stack/glance/glance/api/middleware/version_negotiation.py:70}}
Aug 26 08:57:59.969259 np0000008150 devstack@g-api.service[99739]: [pid: 99739|app: 0|req: 19/57] 127.0.0.1 () {44 vars in 1115 bytes} [Wed Aug 26 08:57:59 2026] GET /v2/images/9152c161-6690-401f-8ab1-8acb828d14a6 => generated 1044 bytes in 22 msecs (HTTP/1.1 200) 4 headers in 158 bytes (1 switches on core 0)
Aug 26 08:57:59.981883 np0000008150 devstack@g-api.service[99737]: DEBUG glance.api.middleware.version_negotiation [None req-73f3d802-fc47-4065-831d-9b7b5988e725 service glance] Determining version of request: GET /v2/schemas/image Accept: */* {{(pid=99737) process_request /opt/stack/glance/glance/api/middleware/version_negotiation.py:44}}
Aug 26 08:57:59.982071 np0000008150 devstack@g-api.service[99737]: DEBUG glance.api.middleware.version_negotiation [None req-73f3d802-fc47-4065-831d-9b7b5988e725 service glance] Using url versioning {{(pid=99737) process_request /opt/stack/glance/glance/api/middleware/version_negotiation.py:57}}
Aug 26 08:57:59.982224 np0000008150 devstack@g-api.service[99737]: DEBUG glance.api.middleware.version_negotiation [None req-73f3d802-fc47-4065-831d-9b7b5988e725 service glance] Matched version: v2 {{(pid=99737) process_request /opt/stack/glance/glance/api/middleware/version_negotiation.py:69}}
Aug 26 08:57:59.982348 np0000008150 devstack@g-api.service[99737]: DEBUG glance.api.middleware.version_negotiation [None req-73f3d802-fc47-4065-831d-9b7b5988e725 service glance] new path /v2/schemas/image {{(pid=99737) process_request /opt/stack/glance/glance/api/middleware/version_negotiation.py:70}}
Aug 26 08:57:59.985247 np0000008150 devstack@g-api.service[99737]: [pid: 99737|app: 0|req: 19/58] 127.0.0.1 () {44 vars in 1055 bytes} [Wed Aug 26 08:57:59 2026] GET /v2/schemas/image => generated 6083 bytes in 3 msecs (HTTP/1.1 200) 4 headers in 158 bytes (1 switches on core 0)
Aug 26 08:57:59.985849 np0000008150 devstack@g-api.service[99739]: DEBUG glance.api.middleware.version_negotiation [None req-73f3d802-fc47-4065-831d-9b7b5988e725 tempest-TaggedBootDevicesTest_v242-690658005 tempest-TaggedBootDevicesTest_v242-690658005-project-member] Determining version of request: GET /v2/images/9152c161-6690-401f-8ab1-8acb828d14a6 Accept: */* {{(pid=99739) process_request /opt/stack/glance/glance/api/middleware/version_negotiation.py:44}}
Aug 26 08:57:59.985998 np0000008150 devstack@g-api.service[99739]: DEBUG glance.api.middleware.version_negotiation [None req-73f3d802-fc47-4065-831d-9b7b5988e725 tempest-TaggedBootDevicesTest_v242-690658005 tempest-TaggedBootDevicesTest_v242-690658005-project-member] Using url versioning {{(pid=99739) process_request /opt/stack/glance/glance/api/middleware/version_negotiation.py:57}}
Aug 26 08:57:59.986131 np0000008150 devstack@g-api.service[99739]: DEBUG glance.api.middleware.version_negotiation [None req-73f3d802-fc47-4065-831d-9b7b5988e725 tempest-TaggedBootDevicesTest_v242-690658005 tempest-TaggedBootDevicesTest_v242-690658005-project-member] Matched version: v2 {{(pid=99739) process_request /opt/stack/glance/glance/api/middleware/version_negotiation.py:69}}
Aug 26 08:57:59.986259 np0000008150 devstack@g-api.service[99739]: DEBUG glance.api.middleware.version_negotiation [None req-73f3d802-fc47-4065-831d-9b7b5988e725 tempest-TaggedBootDevicesTest_v242-690658005 tempest-TaggedBootDevicesTest_v242-690658005-project-member] new path /v2/images/9152c161-6690-401f-8ab1-8acb828d14a6 {{(pid=99739) process_request /opt/stack/glance/glance/api/middleware/version_negotiation.py:70}}
Aug 26 08:57:59.996104 np0000008150 devstack@g-api.service[99737]: DEBUG glance.api.middleware.version_negotiation [None req-73f3d802-fc47-4065-831d-9b7b5988e725 tempest-TaggedBootDevicesTest_v242-690658005 tempest-TaggedBootDevicesTest_v242-690658005-project-member] Determining version of request: GET /v2/schemas/image Accept: */* {{(pid=99737) process_request /opt/stack/glance/glance/api/middleware/version_negotiation.py:44}}
Aug 26 08:57:59.996324 np0000008150 devstack@g-api.service[99737]: DEBUG glance.api.middleware.version_negotiation [None req-73f3d802-fc47-4065-831d-9b7b5988e725 tempest-TaggedBootDevicesTest_v242-690658005 tempest-TaggedBootDevicesTest_v242-690658005-project-member] Using url versioning {{(pid=99737) process_request /opt/stack/glance/glance/api/middleware/version_negotiation.py:57}}
Aug 26 08:57:59.996491 np0000008150 devstack@g-api.service[99737]: DEBUG glance.api.middleware.version_negotiation [None req-73f3d802-fc47-4065-831d-9b7b5988e725 tempest-TaggedBootDevicesTest_v242-690658005 tempest-TaggedBootDevicesTest_v242-690658005-project-member] Matched version: v2 {{(pid=99737) process_request /opt/stack/glance/glance/api/middleware/version_negotiation.py:69}}
Aug 26 08:57:59.997794 np0000008150 devstack@g-api.service[99739]: [pid: 99739|app: 0|req: 20/59] 127.0.0.1 () {44 vars in 1115 bytes} [Wed Aug 26 08:57:59 2026] GET /v2/images/9152c161-6690-401f-8ab1-8acb828d14a6 => generated 1044 bytes in 11 msecs (HTTP/1.1 200) 4 headers in 158 bytes (1 switches on core 0)
Aug 26 08:57:59.997892 np0000008150 devstack@g-api.service[99737]: DEBUG glance.api.middleware.version_negotiation [None req-73f3d802-fc47-4065-831d-9b7b5988e725 tempest-TaggedBootDevicesTest_v242-690658005 tempest-TaggedBootDevicesTest_v242-690658005-project-member] new path /v2/schemas/image {{(pid=99737) process_request /opt/stack/glance/glance/api/middleware/version_negotiation.py:70}}
Aug 26 08:57:59.999327 np0000008150 devstack@g-api.service[99737]: [pid: 99737|app: 0|req: 20/60] 127.0.0.1 () {44 vars in 1055 bytes} [Wed Aug 26 08:57:59 2026] GET /v2/schemas/image => generated 6083 bytes in 3 msecs (HTTP/1.1 200) 4 headers in 158 bytes (1 switches on core 0)
Aug 26 08:58:00.017096 np0000008150 devstack@g-api.service[99739]: DEBUG glance.api.middleware.version_negotiation [None req-d1d51d97-f219-449a-b8c5-2449b00ef429 tempest-ServerActionsV293TestJSON-465886463 tempest-ServerActionsV293TestJSON-465886463-project-member] Determining version of request: GET /v2/schemas/image Accept: */* {{(pid=99739) process_request /opt/stack/glance/glance/api/middleware/version_negotiation.py:44}}
Aug 26 08:58:00.017096 np0000008150 devstack@g-api.service[99739]: DEBUG glance.api.middleware.version_negotiation [None req-d1d51d97-f219-449a-b8c5-2449b00ef429 tempest-ServerActionsV293TestJSON-465886463 tempest-ServerActionsV293TestJSON-465886463-project-member] Using url versioning {{(pid=99739) process_request /opt/stack/glance/glance/api/middleware/version_negotiation.py:57}}
Aug 26 08:58:00.017096 np0000008150 devstack@g-api.service[99739]: DEBUG glance.api.middleware.version_negotiation [None req-d1d51d97-f219-449a-b8c5-2449b00ef429 tempest-ServerActionsV293TestJSON-465886463 tempest-ServerActionsV293TestJSON-465886463-project-member] Matched version: v2 {{(pid=99739) process_request /opt/stack/glance/glance/api/middleware/version_negotiation.py:69}}
Aug 26 08:58:00.017693 np0000008150 devstack@g-api.service[99739]: DEBUG glance.api.middleware.version_negotiation [None req-d1d51d97-f219-449a-b8c5-2449b00ef429 tempest-ServerActionsV293TestJSON-465886463 tempest-ServerActionsV293TestJSON-465886463-project-member] new path /v2/schemas/image {{(pid=99739) process_request /opt/stack/glance/glance/api/middleware/version_negotiation.py:70}}
Aug 26 08:58:00.020461 np0000008150 devstack@g-api.service[99739]: [pid: 99739|app: 0|req: 21/61] 127.0.0.1 () {44 vars in 1055 bytes} [Wed Aug 26 08:58:00 2026] GET /v2/schemas/image => generated 6083 bytes in 4 msecs (HTTP/1.1 200) 4 headers in 158 bytes (1 switches on core 0)
Aug 26 08:58:00.181342 np0000008150 devstack@g-api.service[99738]: DEBUG glance.api.middleware.cache [None req-4ad1f219-c9f3-4241-b9bd-a4f0e0d0b926 tempest-AttachSCSIVolumeTestJSON-982727254 tempest-AttachSCSIVolumeTestJSON-982727254-project-admin] Cache hit for image '9152c161-6690-401f-8ab1-8acb828d14a6' {{(pid=99738) process_request /opt/stack/glance/glance/api/middleware/cache.py:160}}
Aug 26 08:58:00.191080 np0000008150 devstack@g-api.service[99737]: DEBUG glance.api.middleware.version_negotiation [None req-73f3d802-fc47-4065-831d-9b7b5988e725 tempest-TaggedBootDevicesTest_v242-690658005 tempest-TaggedBootDevicesTest_v242-690658005-project-member] Determining version of request: POST /v2/images Accept: application/json {{(pid=99737) process_request /opt/stack/glance/glance/api/middleware/version_negotiation.py:44}}
Aug 26 08:58:00.191556 np0000008150 devstack@g-api.service[99737]: DEBUG glance.api.middleware.version_negotiation [None req-73f3d802-fc47-4065-831d-9b7b5988e725 tempest-TaggedBootDevicesTest_v242-690658005 tempest-TaggedBootDevicesTest_v242-690658005-project-member] Using url versioning {{(pid=99737) process_request /opt/stack/glance/glance/api/middleware/version_negotiation.py:57}}
Aug 26 08:58:00.191556 np0000008150 devstack@g-api.service[99737]: DEBUG glance.api.middleware.version_negotiation [None req-73f3d802-fc47-4065-831d-9b7b5988e725 tempest-TaggedBootDevicesTest_v242-690658005 tempest-TaggedBootDevicesTest_v242-690658005-project-member] Matched version: v2 {{(pid=99737) process_request /opt/stack/glance/glance/api/middleware/version_negotiation.py:69}}
Aug 26 08:58:00.191556 np0000008150 devstack@g-api.service[99737]: DEBUG glance.api.middleware.version_negotiation [None req-73f3d802-fc47-4065-831d-9b7b5988e725 tempest-TaggedBootDevicesTest_v242-690658005 tempest-TaggedBootDevicesTest_v242-690658005-project-member] new path /v2/images {{(pid=99737) process_request /opt/stack/glance/glance/api/middleware/version_negotiation.py:70}}
Aug 26 08:58:00.920040 np0000008150 devstack@g-api.service[99737]: [pid: 99737|app: 0|req: 21/62] 127.0.0.1 () {42 vars in 786 bytes} [Wed Aug 26 08:58:00 2026] POST /v2/images => generated 690 bytes in 729 msecs (HTTP/1.1 201) 6 headers in 315 bytes (1 switches on core 0)
Aug 26 08:58:00.930206 np0000008150 devstack@g-api.service[99739]: DEBUG glance.api.middleware.version_negotiation [None req-d1d51d97-f219-449a-b8c5-2449b00ef429 tempest-ServerActionsV293TestJSON-465886463 tempest-ServerActionsV293TestJSON-465886463-project-member] Determining version of request: PUT /v2/images/352faf4e-453a-47ab-956a-84d373033b1b/file Accept: {{(pid=99739) process_request /opt/stack/glance/glance/api/middleware/version_negotiation.py:44}}
Aug 26 08:58:00.930963 np0000008150 devstack@g-api.service[99739]: DEBUG glance.api.middleware.version_negotiation [None req-d1d51d97-f219-449a-b8c5-2449b00ef429 tempest-ServerActionsV293TestJSON-465886463 tempest-ServerActionsV293TestJSON-465886463-project-member] Using url versioning {{(pid=99739) process_request /opt/stack/glance/glance/api/middleware/version_negotiation.py:57}}
Aug 26 08:58:00.930963 np0000008150 devstack@g-api.service[99739]: DEBUG glance.api.middleware.version_negotiation [None req-d1d51d97-f219-449a-b8c5-2449b00ef429 tempest-ServerActionsV293TestJSON-465886463 tempest-ServerActionsV293TestJSON-465886463-project-member] Matched version: v2 {{(pid=99739) process_request /opt/stack/glance/glance/api/middleware/version_negotiation.py:69}}
Aug 26 08:58:00.930963 np0000008150 devstack@g-api.service[99739]: DEBUG glance.api.middleware.version_negotiation [None req-d1d51d97-f219-449a-b8c5-2449b00ef429 tempest-ServerActionsV293TestJSON-465886463 tempest-ServerActionsV293TestJSON-465886463-project-member] new path /v2/images/352faf4e-453a-47ab-956a-84d373033b1b/file {{(pid=99739) process_request /opt/stack/glance/glance/api/middleware/version_negotiation.py:70}}
Aug 26 08:58:00.976849 np0000008150 devstack@g-api.service[99738]: [pid: 99738|app: 0|req: 21/63] 127.0.0.1 () {40 vars in 848 bytes} [Wed Aug 26 08:57:59 2026] GET /v2/images/9152c161-6690-401f-8ab1-8acb828d14a6/file => generated 21692416 bytes in 1129 msecs (HTTP/1.1 200) 5 headers in 217 bytes (338 switches on core 0)
Aug 26 08:58:01.266940 np0000008150 devstack@g-api.service[99737]: DEBUG glance.api.middleware.version_negotiation [None req-3cd7e211-f25a-43ad-81a5-7696cdab6a1a tempest-AttachSCSIVolumeTestJSON-982727254 tempest-AttachSCSIVolumeTestJSON-982727254-project-admin] Determining version of request: GET /v2/images/9152c161-6690-401f-8ab1-8acb828d14a6 Accept: */* {{(pid=99737) process_request /opt/stack/glance/glance/api/middleware/version_negotiation.py:44}}
Aug 26 08:58:01.267520 np0000008150 devstack@g-api.service[99737]: DEBUG glance.api.middleware.version_negotiation [None req-3cd7e211-f25a-43ad-81a5-7696cdab6a1a tempest-AttachSCSIVolumeTestJSON-982727254 tempest-AttachSCSIVolumeTestJSON-982727254-project-admin] Using url versioning {{(pid=99737) process_request /opt/stack/glance/glance/api/middleware/version_negotiation.py:57}}
Aug 26 08:58:01.267520 np0000008150 devstack@g-api.service[99737]: DEBUG glance.api.middleware.version_negotiation [None req-3cd7e211-f25a-43ad-81a5-7696cdab6a1a tempest-AttachSCSIVolumeTestJSON-982727254 tempest-AttachSCSIVolumeTestJSON-982727254-project-admin] Matched version: v2 {{(pid=99737) process_request /opt/stack/glance/glance/api/middleware/version_negotiation.py:69}}
Aug 26 08:58:01.267992 np0000008150 devstack@g-api.service[99737]: DEBUG glance.api.middleware.version_negotiation [None req-3cd7e211-f25a-43ad-81a5-7696cdab6a1a tempest-AttachSCSIVolumeTestJSON-982727254 tempest-AttachSCSIVolumeTestJSON-982727254-project-admin] new path /v2/images/9152c161-6690-401f-8ab1-8acb828d14a6 {{(pid=99737) process_request /opt/stack/glance/glance/api/middleware/version_negotiation.py:70}}
Aug 26 08:58:01.281286 np0000008150 devstack@g-api.service[99737]: [pid: 99737|app: 0|req: 22/64] 127.0.0.1 () {44 vars in 1115 bytes} [Wed Aug 26 08:58:01 2026] GET /v2/images/9152c161-6690-401f-8ab1-8acb828d14a6 => generated 1044 bytes in 15 msecs (HTTP/1.1 200) 4 headers in 158 bytes (1 switches on core 0)
Aug 26 08:58:01.293735 np0000008150 devstack@g-api.service[99738]: DEBUG glance.api.middleware.version_negotiation [None req-4ad1f219-c9f3-4241-b9bd-a4f0e0d0b926 tempest-AttachSCSIVolumeTestJSON-982727254 tempest-AttachSCSIVolumeTestJSON-982727254-project-admin] Determining version of request: GET /v2/schemas/image Accept: */* {{(pid=99738) process_request /opt/stack/glance/glance/api/middleware/version_negotiation.py:44}}
Aug 26 08:58:01.293735 np0000008150 devstack@g-api.service[99738]: DEBUG glance.api.middleware.version_negotiation [None req-4ad1f219-c9f3-4241-b9bd-a4f0e0d0b926 tempest-AttachSCSIVolumeTestJSON-982727254 tempest-AttachSCSIVolumeTestJSON-982727254-project-admin] Using url versioning {{(pid=99738) process_request /opt/stack/glance/glance/api/middleware/version_negotiation.py:57}}
Aug 26 08:58:01.295009 np0000008150 devstack@g-api.service[99738]: DEBUG glance.api.middleware.version_negotiation [None req-4ad1f219-c9f3-4241-b9bd-a4f0e0d0b926 tempest-AttachSCSIVolumeTestJSON-982727254 tempest-AttachSCSIVolumeTestJSON-982727254-project-admin] Matched version: v2 {{(pid=99738) process_request /opt/stack/glance/glance/api/middleware/version_negotiation.py:69}}
Aug 26 08:58:01.295009 np0000008150 devstack@g-api.service[99738]: DEBUG glance.api.middleware.version_negotiation [None req-4ad1f219-c9f3-4241-b9bd-a4f0e0d0b926 tempest-AttachSCSIVolumeTestJSON-982727254 tempest-AttachSCSIVolumeTestJSON-982727254-project-admin] new path /v2/schemas/image {{(pid=99738) process_request /opt/stack/glance/glance/api/middleware/version_negotiation.py:70}}
Aug 26 08:58:01.300629 np0000008150 devstack@g-api.service[99738]: [pid: 99738|app: 0|req: 22/65] 127.0.0.1 () {44 vars in 1055 bytes} [Wed Aug 26 08:58:01 2026] GET /v2/schemas/image => generated 6083 bytes in 6 msecs (HTTP/1.1 200) 4 headers in 158 bytes (1 switches on core 0)
Aug 26 08:58:01.761025 np0000008150 devstack@g-api.service[99739]: INFO glance.api.v2.image_data [None req-a57ad149-cec9-4f37-865f-9082d9746fd2 tempest-AttachSCSIVolumeTestJSON-982727254 tempest-AttachSCSIVolumeTestJSON-982727254-project-admin] Unable to create trust: no such option collect_timing in group [keystone_authtoken] Use the existing user token.
Aug 26 08:58:02.267347 np0000008150 devstack@g-api.service[99737]: DEBUG glance.api.middleware.version_negotiation [None req-d1d51d97-f219-449a-b8c5-2449b00ef429 tempest-ServerActionsV293TestJSON-465886463 tempest-ServerActionsV293TestJSON-465886463-project-member] Determining version of request: GET /v2/images/9152c161-6690-401f-8ab1-8acb828d14a6 Accept: */* {{(pid=99737) process_request /opt/stack/glance/glance/api/middleware/version_negotiation.py:44}}
Aug 26 08:58:02.268299 np0000008150 devstack@g-api.service[99737]: DEBUG glance.api.middleware.version_negotiation [None req-d1d51d97-f219-449a-b8c5-2449b00ef429 tempest-ServerActionsV293TestJSON-465886463 tempest-ServerActionsV293TestJSON-465886463-project-member] Using url versioning {{(pid=99737) process_request /opt/stack/glance/glance/api/middleware/version_negotiation.py:57}}
Aug 26 08:58:02.268299 np0000008150 devstack@g-api.service[99737]: DEBUG glance.api.middleware.version_negotiation [None req-d1d51d97-f219-449a-b8c5-2449b00ef429 tempest-ServerActionsV293TestJSON-465886463 tempest-ServerActionsV293TestJSON-465886463-project-member] Matched version: v2 {{(pid=99737) process_request /opt/stack/glance/glance/api/middleware/version_negotiation.py:69}}
Aug 26 08:58:02.268299 np0000008150 devstack@g-api.service[99737]: DEBUG glance.api.middleware.version_negotiation [None req-d1d51d97-f219-449a-b8c5-2449b00ef429 tempest-ServerActionsV293TestJSON-465886463 tempest-ServerActionsV293TestJSON-465886463-project-member] new path /v2/images/9152c161-6690-401f-8ab1-8acb828d14a6 {{(pid=99737) process_request /opt/stack/glance/glance/api/middleware/version_negotiation.py:70}}
Aug 26 08:58:02.755230 np0000008150 devstack@g-api.service[99737]: [pid: 99737|app: 0|req: 23/66] 127.0.0.1 () {44 vars in 1115 bytes} [Wed Aug 26 08:58:02 2026] GET /v2/images/9152c161-6690-401f-8ab1-8acb828d14a6 => generated 1044 bytes in 488 msecs (HTTP/1.1 200) 4 headers in 158 bytes (1 switches on core 0)
Aug 26 08:58:02.800480 np0000008150 devstack@g-api.service[99738]: DEBUG glance.api.middleware.version_negotiation [None req-d1d51d97-f219-449a-b8c5-2449b00ef429 tempest-ServerActionsV293TestJSON-465886463 tempest-ServerActionsV293TestJSON-465886463-project-member] Determining version of request: GET /v2/images/9152c161-6690-401f-8ab1-8acb828d14a6/file Accept: */* {{(pid=99738) process_request /opt/stack/glance/glance/api/middleware/version_negotiation.py:44}}
Aug 26 08:58:02.801514 np0000008150 devstack@g-api.service[99738]: DEBUG glance.api.middleware.version_negotiation [None req-d1d51d97-f219-449a-b8c5-2449b00ef429 tempest-ServerActionsV293TestJSON-465886463 tempest-ServerActionsV293TestJSON-465886463-project-member] Using url versioning {{(pid=99738) process_request /opt/stack/glance/glance/api/middleware/version_negotiation.py:57}}
Aug 26 08:58:02.802092 np0000008150 devstack@g-api.service[99738]: DEBUG glance.api.middleware.version_negotiation [None req-d1d51d97-f219-449a-b8c5-2449b00ef429 tempest-ServerActionsV293TestJSON-465886463 tempest-ServerActionsV293TestJSON-465886463-project-member] Matched version: v2 {{(pid=99738) process_request /opt/stack/glance/glance/api/middleware/version_negotiation.py:69}}
Aug 26 08:58:02.802416 np0000008150 devstack@g-api.service[99738]: DEBUG glance.api.middleware.version_negotiation [None req-d1d51d97-f219-449a-b8c5-2449b00ef429 tempest-ServerActionsV293TestJSON-465886463 tempest-ServerActionsV293TestJSON-465886463-project-member] new path /v2/images/9152c161-6690-401f-8ab1-8acb828d14a6/file {{(pid=99738) process_request /opt/stack/glance/glance/api/middleware/version_negotiation.py:70}}
Aug 26 08:58:02.816265 np0000008150 devstack@g-api.service[99738]: DEBUG glance.api.middleware.cache [None req-af2fe64e-7082-4702-969b-61c55ab828e7 tempest-DeleteServersTestJSON-892738492 tempest-DeleteServersTestJSON-892738492-project-member] Cache hit for image '9152c161-6690-401f-8ab1-8acb828d14a6' {{(pid=99738) process_request /opt/stack/glance/glance/api/middleware/cache.py:160}}
Aug 26 08:58:02.879236 np0000008150 devstack@g-api.service[99738]: [pid: 99738|app: 0|req: 23/67] 127.0.0.1 () {44 vars in 1125 bytes} [Wed Aug 26 08:58:02 2026] GET /v2/images/9152c161-6690-401f-8ab1-8acb828d14a6/file => generated 21692416 bytes in 78 msecs (HTTP/1.1 200) 5 headers in 217 bytes (341 switches on core 0)
Aug 26 08:58:02.922617 np0000008150 devstack@g-api.service[99739]: DEBUG glance.location [None req-a57ad149-cec9-4f37-865f-9082d9746fd2 tempest-AttachSCSIVolumeTestJSON-982727254 tempest-AttachSCSIVolumeTestJSON-982727254-project-admin] Enabling in-flight format inspection for qcow2 {{(pid=99739) set_data /opt/stack/glance/glance/location.py:596}}
Aug 26 08:58:02.923162 np0000008150 devstack@g-api.service[99739]: DEBUG glance_store.backend [None req-a57ad149-cec9-4f37-865f-9082d9746fd2 tempest-AttachSCSIVolumeTestJSON-982727254 tempest-AttachSCSIVolumeTestJSON-982727254-project-admin] Attempting to import store swift {{(pid=99739) _load_store /opt/stack/data/venv/lib/python3.12/site-packages/glance_store/backend.py:215}}
Aug 26 08:58:02.924775 np0000008150 devstack@g-api.service[99739]: DEBUG glance_store.capabilities [None req-a57ad149-cec9-4f37-865f-9082d9746fd2 tempest-AttachSCSIVolumeTestJSON-982727254 tempest-AttachSCSIVolumeTestJSON-982727254-project-admin] Store glance_store._drivers.swift.store.SingleTenantStore doesn't support updating dynamic storage capabilities. Please overwrite 'update_capabilities' method of the store to implement updating logics if needed. {{(pid=99739) update_capabilities /opt/stack/data/venv/lib/python3.12/site-packages/glance_store/capabilities.py:91}}
Aug 26 08:58:02.924885 np0000008150 devstack@g-api.service[99739]: DEBUG glance_store.driver [None req-a57ad149-cec9-4f37-865f-9082d9746fd2 tempest-AttachSCSIVolumeTestJSON-982727254 tempest-AttachSCSIVolumeTestJSON-982727254-project-admin] Late loading location class glance_store._drivers.swift.store.StoreLocation {{(pid=99739) get_store_location_class /opt/stack/data/venv/lib/python3.12/site-packages/glance_store/driver.py:134}}
Aug 26 08:58:02.924986 np0000008150 devstack@g-api.service[99739]: DEBUG glance_store.location [None req-a57ad149-cec9-4f37-865f-9082d9746fd2 tempest-AttachSCSIVolumeTestJSON-982727254 tempest-AttachSCSIVolumeTestJSON-982727254-project-admin] Registering scheme swift+https with {'store': , 'location_class': , 'store_entry': 'swift'} {{(pid=99739) register_scheme_map /opt/stack/data/venv/lib/python3.12/site-packages/glance_store/location.py:146}}
Aug 26 08:58:02.925077 np0000008150 devstack@g-api.service[99739]: DEBUG glance_store.location [None req-a57ad149-cec9-4f37-865f-9082d9746fd2 tempest-AttachSCSIVolumeTestJSON-982727254 tempest-AttachSCSIVolumeTestJSON-982727254-project-admin] Registering scheme swift+https with {'store': , 'location_class': , 'store_entry': 'swift'} {{(pid=99739) register_scheme_map /opt/stack/data/venv/lib/python3.12/site-packages/glance_store/location.py:146}}
Aug 26 08:58:02.925141 np0000008150 devstack@g-api.service[99739]: DEBUG glance_store.location [None req-a57ad149-cec9-4f37-865f-9082d9746fd2 tempest-AttachSCSIVolumeTestJSON-982727254 tempest-AttachSCSIVolumeTestJSON-982727254-project-admin] Registering scheme swift with {'store': , 'location_class': , 'store_entry': 'swift'} {{(pid=99739) register_scheme_map /opt/stack/data/venv/lib/python3.12/site-packages/glance_store/location.py:146}}
Aug 26 08:58:02.925212 np0000008150 devstack@g-api.service[99739]: DEBUG glance_store.location [None req-a57ad149-cec9-4f37-865f-9082d9746fd2 tempest-AttachSCSIVolumeTestJSON-982727254 tempest-AttachSCSIVolumeTestJSON-982727254-project-admin] Registering scheme swift+https with {'store': , 'location_class': , 'store_entry': 'swift'} {{(pid=99739) register_scheme_map /opt/stack/data/venv/lib/python3.12/site-packages/glance_store/location.py:146}}
Aug 26 08:58:02.925267 np0000008150 devstack@g-api.service[99739]: DEBUG glance_store.location [None req-a57ad149-cec9-4f37-865f-9082d9746fd2 tempest-AttachSCSIVolumeTestJSON-982727254 tempest-AttachSCSIVolumeTestJSON-982727254-project-admin] Registering scheme swift with {'store': , 'location_class': , 'store_entry': 'swift'} {{(pid=99739) register_scheme_map /opt/stack/data/venv/lib/python3.12/site-packages/glance_store/location.py:146}}
Aug 26 08:58:02.925303 np0000008150 devstack@g-api.service[99739]: DEBUG glance_store.location [None req-a57ad149-cec9-4f37-865f-9082d9746fd2 tempest-AttachSCSIVolumeTestJSON-982727254 tempest-AttachSCSIVolumeTestJSON-982727254-project-admin] Registering scheme swift+http with {'store': , 'location_class': , 'store_entry': 'swift'} {{(pid=99739) register_scheme_map /opt/stack/data/venv/lib/python3.12/site-packages/glance_store/location.py:146}}
Aug 26 08:58:02.925354 np0000008150 devstack@g-api.service[99739]: DEBUG glance_store.location [None req-a57ad149-cec9-4f37-865f-9082d9746fd2 tempest-AttachSCSIVolumeTestJSON-982727254 tempest-AttachSCSIVolumeTestJSON-982727254-project-admin] Registering scheme swift+https with {'store': , 'location_class': , 'store_entry': 'swift'} {{(pid=99739) register_scheme_map /opt/stack/data/venv/lib/python3.12/site-packages/glance_store/location.py:146}}
Aug 26 08:58:02.925427 np0000008150 devstack@g-api.service[99739]: DEBUG glance_store.location [None req-a57ad149-cec9-4f37-865f-9082d9746fd2 tempest-AttachSCSIVolumeTestJSON-982727254 tempest-AttachSCSIVolumeTestJSON-982727254-project-admin] Registering scheme swift with {'store': , 'location_class': , 'store_entry': 'swift'} {{(pid=99739) register_scheme_map /opt/stack/data/venv/lib/python3.12/site-packages/glance_store/location.py:146}}
Aug 26 08:58:02.925490 np0000008150 devstack@g-api.service[99739]: DEBUG glance_store.location [None req-a57ad149-cec9-4f37-865f-9082d9746fd2 tempest-AttachSCSIVolumeTestJSON-982727254 tempest-AttachSCSIVolumeTestJSON-982727254-project-admin] Registering scheme swift+http with {'store': , 'location_class': , 'store_entry': 'swift'} {{(pid=99739) register_scheme_map /opt/stack/data/venv/lib/python3.12/site-packages/glance_store/location.py:146}}
Aug 26 08:58:02.925880 np0000008150 devstack@g-api.service[99739]: DEBUG glance_store.location [None req-a57ad149-cec9-4f37-865f-9082d9746fd2 tempest-AttachSCSIVolumeTestJSON-982727254 tempest-AttachSCSIVolumeTestJSON-982727254-project-admin] Registering scheme swift+config with {'store': , 'location_class': , 'store_entry': 'swift'} {{(pid=99739) register_scheme_map /opt/stack/data/venv/lib/python3.12/site-packages/glance_store/location.py:146}}
Aug 26 08:58:03.023019 np0000008150 devstack@g-api.service[99737]: DEBUG glance.api.middleware.version_negotiation [None req-af2fe64e-7082-4702-969b-61c55ab828e7 tempest-DeleteServersTestJSON-892738492 tempest-DeleteServersTestJSON-892738492-project-member] Determining version of request: GET /v2/images/9152c161-6690-401f-8ab1-8acb828d14a6 Accept: */* {{(pid=99737) process_request /opt/stack/glance/glance/api/middleware/version_negotiation.py:44}}
Aug 26 08:58:03.023136 np0000008150 devstack@g-api.service[99737]: DEBUG glance.api.middleware.version_negotiation [None req-af2fe64e-7082-4702-969b-61c55ab828e7 tempest-DeleteServersTestJSON-892738492 tempest-DeleteServersTestJSON-892738492-project-member] Using url versioning {{(pid=99737) process_request /opt/stack/glance/glance/api/middleware/version_negotiation.py:57}}
Aug 26 08:58:03.023252 np0000008150 devstack@g-api.service[99737]: DEBUG glance.api.middleware.version_negotiation [None req-af2fe64e-7082-4702-969b-61c55ab828e7 tempest-DeleteServersTestJSON-892738492 tempest-DeleteServersTestJSON-892738492-project-member] Matched version: v2 {{(pid=99737) process_request /opt/stack/glance/glance/api/middleware/version_negotiation.py:69}}
Aug 26 08:58:03.023337 np0000008150 devstack@g-api.service[99737]: DEBUG glance.api.middleware.version_negotiation [None req-af2fe64e-7082-4702-969b-61c55ab828e7 tempest-DeleteServersTestJSON-892738492 tempest-DeleteServersTestJSON-892738492-project-member] new path /v2/images/9152c161-6690-401f-8ab1-8acb828d14a6 {{(pid=99737) process_request /opt/stack/glance/glance/api/middleware/version_negotiation.py:70}}
Aug 26 08:58:03.039530 np0000008150 devstack@g-api.service[99737]: [pid: 99737|app: 0|req: 24/68] 127.0.0.1 () {44 vars in 1115 bytes} [Wed Aug 26 08:58:03 2026] GET /v2/images/9152c161-6690-401f-8ab1-8acb828d14a6 => generated 1044 bytes in 17 msecs (HTTP/1.1 200) 4 headers in 158 bytes (1 switches on core 0)
Aug 26 08:58:03.086501 np0000008150 devstack@g-api.service[99738]: DEBUG glance.api.middleware.version_negotiation [None req-af2fe64e-7082-4702-969b-61c55ab828e7 tempest-DeleteServersTestJSON-892738492 tempest-DeleteServersTestJSON-892738492-project-member] Determining version of request: GET /v2/schemas/image Accept: */* {{(pid=99738) process_request /opt/stack/glance/glance/api/middleware/version_negotiation.py:44}}
Aug 26 08:58:03.086864 np0000008150 devstack@g-api.service[99738]: DEBUG glance.api.middleware.version_negotiation [None req-af2fe64e-7082-4702-969b-61c55ab828e7 tempest-DeleteServersTestJSON-892738492 tempest-DeleteServersTestJSON-892738492-project-member] Using url versioning {{(pid=99738) process_request /opt/stack/glance/glance/api/middleware/version_negotiation.py:57}}
Aug 26 08:58:03.086953 np0000008150 devstack@g-api.service[99738]: DEBUG glance.api.middleware.version_negotiation [None req-af2fe64e-7082-4702-969b-61c55ab828e7 tempest-DeleteServersTestJSON-892738492 tempest-DeleteServersTestJSON-892738492-project-member] Matched version: v2 {{(pid=99738) process_request /opt/stack/glance/glance/api/middleware/version_negotiation.py:69}}
Aug 26 08:58:03.087009 np0000008150 devstack@g-api.service[99738]: DEBUG glance.api.middleware.version_negotiation [None req-af2fe64e-7082-4702-969b-61c55ab828e7 tempest-DeleteServersTestJSON-892738492 tempest-DeleteServersTestJSON-892738492-project-member] new path /v2/schemas/image {{(pid=99738) process_request /opt/stack/glance/glance/api/middleware/version_negotiation.py:70}}
Aug 26 08:58:03.092468 np0000008150 devstack@g-api.service[99738]: [pid: 99738|app: 0|req: 24/69] 127.0.0.1 () {44 vars in 1055 bytes} [Wed Aug 26 08:58:03 2026] GET /v2/schemas/image => generated 6083 bytes in 6 msecs (HTTP/1.1 200) 4 headers in 158 bytes (1 switches on core 0)
Aug 26 08:58:03.482958 np0000008150 devstack@g-api.service[99739]: DEBUG swiftclient [None req-a57ad149-cec9-4f37-865f-9082d9746fd2 tempest-AttachSCSIVolumeTestJSON-982727254 tempest-AttachSCSIVolumeTestJSON-982727254-project-admin] REQ: curl -i https://10.4.3.182:8080/v1/AUTH_98e1b71e829643f2a080bc4eec61faaa/glance -I -H "X-Auth-Token: gAAAAABqjqqa4-2Y..." {{(pid=99739) http_log /opt/stack/data/venv/lib/python3.12/site-packages/swiftclient/client.py:160}}
Aug 26 08:58:03.483119 np0000008150 devstack@g-api.service[99739]: DEBUG swiftclient [None req-a57ad149-cec9-4f37-865f-9082d9746fd2 tempest-AttachSCSIVolumeTestJSON-982727254 tempest-AttachSCSIVolumeTestJSON-982727254-project-admin] RESP STATUS: 204 No Content {{(pid=99739) http_log /opt/stack/data/venv/lib/python3.12/site-packages/swiftclient/client.py:161}}
Aug 26 08:58:03.483954 np0000008150 devstack@g-api.service[99739]: DEBUG swiftclient [None req-a57ad149-cec9-4f37-865f-9082d9746fd2 tempest-AttachSCSIVolumeTestJSON-982727254 tempest-AttachSCSIVolumeTestJSON-982727254-project-admin] RESP HEADERS: {'Date': 'Wed, 26 Aug 2026 08:58:03 GMT', 'Server': 'Apache/2.4.58 (Ubuntu)', 'Content-Type': 'text/plain; charset=utf-8', 'X-Container-Object-Count': '3', 'X-Container-Bytes-Used': '64356352', 'X-Timestamp': '1787734557.78715', 'Last-Modified': 'Wed, 26 Aug 2026 08:55:58 GMT', 'Accept-Ranges': 'bytes', 'X-Storage-Policy': 'Policy-0', 'X-Container-Sharding': 'False', 'Vary': 'Accept', 'X-Trans-Id': 'tx959e331defcc4a19ac5cc-006a8eaa9b', 'X-Openstack-Request-Id': 'tx959e331defcc4a19ac5cc-006a8eaa9b', 'Connection': 'close'} {{(pid=99739) http_log /opt/stack/data/venv/lib/python3.12/site-packages/swiftclient/client.py:162}}
Aug 26 08:58:03.483954 np0000008150 devstack@g-api.service[99739]: DEBUG glance_store._drivers.swift.store [None req-a57ad149-cec9-4f37-865f-9082d9746fd2 tempest-AttachSCSIVolumeTestJSON-982727254 tempest-AttachSCSIVolumeTestJSON-982727254-project-admin] Adding image object '352faf4e-453a-47ab-956a-84d373033b1b' to Swift {{(pid=99739) add /opt/stack/data/venv/lib/python3.12/site-packages/glance_store/_drivers/swift/store.py:970}}
Aug 26 08:58:03.484637 np0000008150 devstack@g-api.service[99739]: DEBUG glance_store._drivers.swift.store [None req-a57ad149-cec9-4f37-865f-9082d9746fd2 tempest-AttachSCSIVolumeTestJSON-982727254 tempest-AttachSCSIVolumeTestJSON-982727254-project-admin] Cannot determine image size because it is either not provided in the request or chunked-transfer encoding is used. Adding image as a segmented object to Swift. {{(pid=99739) add /opt/stack/data/venv/lib/python3.12/site-packages/glance_store/_drivers/swift/store.py:994}}
Aug 26 08:58:03.495629 np0000008150 devstack@g-api.service[99739]: DEBUG oslo_utils.imageutils.format_inspector [None req-a57ad149-cec9-4f37-865f-9082d9746fd2 tempest-AttachSCSIVolumeTestJSON-982727254 tempest-AttachSCSIVolumeTestJSON-982727254-project-admin] Format inspector for vmdk does not match, excluding from consideration (Signature KDMV not found: b'QFI\xfb') {{(pid=99739) _process_chunk /opt/stack/data/venv/lib/python3.12/site-packages/oslo_utils/imageutils/format_inspector.py:1758}}
Aug 26 08:58:03.500156 np0000008150 devstack@g-api.service[99739]: DEBUG oslo_utils.imageutils.format_inspector [None req-a57ad149-cec9-4f37-865f-9082d9746fd2 tempest-AttachSCSIVolumeTestJSON-982727254 tempest-AttachSCSIVolumeTestJSON-982727254-project-admin] Format inspector for vhdx does not match, excluding from consideration (Region signature not found at 30000) {{(pid=99739) _process_chunk /opt/stack/data/venv/lib/python3.12/site-packages/oslo_utils/imageutils/format_inspector.py:1758}}
Aug 26 08:58:03.768300 np0000008150 devstack@g-api.service[99739]: DEBUG swiftclient [None req-a57ad149-cec9-4f37-865f-9082d9746fd2 tempest-AttachSCSIVolumeTestJSON-982727254 tempest-AttachSCSIVolumeTestJSON-982727254-project-admin] REQ: curl -i https://10.4.3.182:8080/v1/AUTH_98e1b71e829643f2a080bc4eec61faaa/glance/352faf4e-453a-47ab-956a-84d373033b1b-00001 -X PUT -H "X-Auth-Token: gAAAAABqjqqa4-2Y..." {{(pid=99739) http_log /opt/stack/data/venv/lib/python3.12/site-packages/swiftclient/client.py:160}}
Aug 26 08:58:03.768712 np0000008150 devstack@g-api.service[99739]: DEBUG swiftclient [None req-a57ad149-cec9-4f37-865f-9082d9746fd2 tempest-AttachSCSIVolumeTestJSON-982727254 tempest-AttachSCSIVolumeTestJSON-982727254-project-admin] RESP STATUS: 201 Created {{(pid=99739) http_log /opt/stack/data/venv/lib/python3.12/site-packages/swiftclient/client.py:161}}
Aug 26 08:58:03.769096 np0000008150 devstack@g-api.service[99739]: DEBUG swiftclient [None req-a57ad149-cec9-4f37-865f-9082d9746fd2 tempest-AttachSCSIVolumeTestJSON-982727254 tempest-AttachSCSIVolumeTestJSON-982727254-project-admin] RESP HEADERS: {'Date': 'Wed, 26 Aug 2026 08:58:03 GMT', 'Server': 'Apache/2.4.58 (Ubuntu)', 'Content-Type': 'text/html; charset=UTF-8', 'Content-Length': '0', 'Etag': '87617e24a5e30cb3b87fda8c0764838f', 'Last-Modified': 'Wed, 26 Aug 2026 08:58:04 GMT', 'X-Trans-Id': 'txb73c01f1c41746fa8424b-006a8eaa9b', 'X-Openstack-Request-Id': 'txb73c01f1c41746fa8424b-006a8eaa9b', 'Connection': 'close'} {{(pid=99739) http_log /opt/stack/data/venv/lib/python3.12/site-packages/swiftclient/client.py:162}}
Aug 26 08:58:03.769331 np0000008150 devstack@g-api.service[99739]: DEBUG glance_store._drivers.swift.store [None req-a57ad149-cec9-4f37-865f-9082d9746fd2 tempest-AttachSCSIVolumeTestJSON-982727254 tempest-AttachSCSIVolumeTestJSON-982727254-project-admin] Wrote chunk 352faf4e-453a-47ab-956a-84d373033b1b-00001 (1/?) of length 21692416 to Swift returning MD5 of content: 87617e24a5e30cb3b87fda8c0764838f {{(pid=99739) add /opt/stack/data/venv/lib/python3.12/site-packages/glance_store/_drivers/swift/store.py:1059}}
Aug 26 08:58:03.769697 np0000008150 devstack@g-api.service[99739]: DEBUG glance_store._drivers.swift.store [None req-a57ad149-cec9-4f37-865f-9082d9746fd2 tempest-AttachSCSIVolumeTestJSON-982727254 tempest-AttachSCSIVolumeTestJSON-982727254-project-admin] Not writing zero-length chunk. {{(pid=99739) add /opt/stack/data/venv/lib/python3.12/site-packages/glance_store/_drivers/swift/store.py:1028}}
Aug 26 08:58:03.800167 np0000008150 devstack@g-api.service[99739]: DEBUG swiftclient [None req-a57ad149-cec9-4f37-865f-9082d9746fd2 tempest-AttachSCSIVolumeTestJSON-982727254 tempest-AttachSCSIVolumeTestJSON-982727254-project-admin] REQ: curl -i https://10.4.3.182:8080/v1/AUTH_98e1b71e829643f2a080bc4eec61faaa/glance/352faf4e-453a-47ab-956a-84d373033b1b -X PUT -H "X-Object-Manifest: glance/352faf4e-453a-47ab-956a-84d373033b1b-" -H "X-Auth-Token: gAAAAABqjqqa4-2Y..." -H "Content-Length: 0" {{(pid=99739) http_log /opt/stack/data/venv/lib/python3.12/site-packages/swiftclient/client.py:160}}
Aug 26 08:58:03.800382 np0000008150 devstack@g-api.service[99739]: DEBUG swiftclient [None req-a57ad149-cec9-4f37-865f-9082d9746fd2 tempest-AttachSCSIVolumeTestJSON-982727254 tempest-AttachSCSIVolumeTestJSON-982727254-project-admin] RESP STATUS: 201 Created {{(pid=99739) http_log /opt/stack/data/venv/lib/python3.12/site-packages/swiftclient/client.py:161}}
Aug 26 08:58:03.800488 np0000008150 devstack@g-api.service[99739]: DEBUG swiftclient [None req-a57ad149-cec9-4f37-865f-9082d9746fd2 tempest-AttachSCSIVolumeTestJSON-982727254 tempest-AttachSCSIVolumeTestJSON-982727254-project-admin] RESP HEADERS: {'Date': 'Wed, 26 Aug 2026 08:58:03 GMT', 'Server': 'Apache/2.4.58 (Ubuntu)', 'Content-Type': 'text/html; charset=UTF-8', 'Content-Length': '0', 'Etag': 'd41d8cd98f00b204e9800998ecf8427e', 'Last-Modified': 'Wed, 26 Aug 2026 08:58:04 GMT', 'X-Trans-Id': 'tx8392c579909f4a2ba3bc6-006a8eaa9b', 'X-Openstack-Request-Id': 'tx8392c579909f4a2ba3bc6-006a8eaa9b', 'Connection': 'close'} {{(pid=99739) http_log /opt/stack/data/venv/lib/python3.12/site-packages/swiftclient/client.py:162}}
Aug 26 08:58:03.801062 np0000008150 devstack@g-api.service[99739]: INFO glance.location [None req-a57ad149-cec9-4f37-865f-9082d9746fd2 tempest-AttachSCSIVolumeTestJSON-982727254 tempest-AttachSCSIVolumeTestJSON-982727254-project-admin] Image format matched and virtual size computed: 117440512
Aug 26 08:58:03.835049 np0000008150 devstack@g-api.service[99739]: DEBUG glance_store.backend [None req-a57ad149-cec9-4f37-865f-9082d9746fd2 tempest-AttachSCSIVolumeTestJSON-982727254 tempest-AttachSCSIVolumeTestJSON-982727254-project-admin] Attempting to import store swift {{(pid=99739) _load_store /opt/stack/data/venv/lib/python3.12/site-packages/glance_store/backend.py:215}}
Aug 26 08:58:03.838943 np0000008150 devstack@g-api.service[99739]: DEBUG glance_store.capabilities [None req-a57ad149-cec9-4f37-865f-9082d9746fd2 tempest-AttachSCSIVolumeTestJSON-982727254 tempest-AttachSCSIVolumeTestJSON-982727254-project-admin] Store glance_store._drivers.swift.store.SingleTenantStore doesn't support updating dynamic storage capabilities. Please overwrite 'update_capabilities' method of the store to implement updating logics if needed. {{(pid=99739) update_capabilities /opt/stack/data/venv/lib/python3.12/site-packages/glance_store/capabilities.py:91}}
Aug 26 08:58:03.839152 np0000008150 devstack@g-api.service[99739]: DEBUG glance_store.driver [None req-a57ad149-cec9-4f37-865f-9082d9746fd2 tempest-AttachSCSIVolumeTestJSON-982727254 tempest-AttachSCSIVolumeTestJSON-982727254-project-admin] Late loading location class glance_store._drivers.swift.store.StoreLocation {{(pid=99739) get_store_location_class /opt/stack/data/venv/lib/python3.12/site-packages/glance_store/driver.py:134}}
Aug 26 08:58:03.839342 np0000008150 devstack@g-api.service[99739]: DEBUG glance_store.location [None req-a57ad149-cec9-4f37-865f-9082d9746fd2 tempest-AttachSCSIVolumeTestJSON-982727254 tempest-AttachSCSIVolumeTestJSON-982727254-project-admin] Registering scheme swift+https with {'store': , 'location_class': , 'store_entry': 'swift'} {{(pid=99739) register_scheme_map /opt/stack/data/venv/lib/python3.12/site-packages/glance_store/location.py:146}}
Aug 26 08:58:03.839485 np0000008150 devstack@g-api.service[99739]: DEBUG glance_store.location [None req-a57ad149-cec9-4f37-865f-9082d9746fd2 tempest-AttachSCSIVolumeTestJSON-982727254 tempest-AttachSCSIVolumeTestJSON-982727254-project-admin] Registering scheme swift+https with {'store': , 'location_class': , 'store_entry': 'swift'} {{(pid=99739) register_scheme_map /opt/stack/data/venv/lib/python3.12/site-packages/glance_store/location.py:146}}
Aug 26 08:58:03.839848 np0000008150 devstack@g-api.service[99739]: DEBUG glance_store.location [None req-a57ad149-cec9-4f37-865f-9082d9746fd2 tempest-AttachSCSIVolumeTestJSON-982727254 tempest-AttachSCSIVolumeTestJSON-982727254-project-admin] Registering scheme swift with {'store': , 'location_class': , 'store_entry': 'swift'} {{(pid=99739) register_scheme_map /opt/stack/data/venv/lib/python3.12/site-packages/glance_store/location.py:146}}
Aug 26 08:58:03.840046 np0000008150 devstack@g-api.service[99739]: DEBUG glance_store.location [None req-a57ad149-cec9-4f37-865f-9082d9746fd2 tempest-AttachSCSIVolumeTestJSON-982727254 tempest-AttachSCSIVolumeTestJSON-982727254-project-admin] Registering scheme swift+https with {'store': , 'location_class': , 'store_entry': 'swift'} {{(pid=99739) register_scheme_map /opt/stack/data/venv/lib/python3.12/site-packages/glance_store/location.py:146}}
Aug 26 08:58:03.840046 np0000008150 devstack@g-api.service[99739]: DEBUG glance_store.location [None req-a57ad149-cec9-4f37-865f-9082d9746fd2 tempest-AttachSCSIVolumeTestJSON-982727254 tempest-AttachSCSIVolumeTestJSON-982727254-project-admin] Registering scheme swift with {'store': , 'location_class': , 'store_entry': 'swift'} {{(pid=99739) register_scheme_map /opt/stack/data/venv/lib/python3.12/site-packages/glance_store/location.py:146}}
Aug 26 08:58:03.840196 np0000008150 devstack@g-api.service[99739]: DEBUG glance_store.location [None req-a57ad149-cec9-4f37-865f-9082d9746fd2 tempest-AttachSCSIVolumeTestJSON-982727254 tempest-AttachSCSIVolumeTestJSON-982727254-project-admin] Registering scheme swift+http with {'store': , 'location_class': , 'store_entry': 'swift'} {{(pid=99739) register_scheme_map /opt/stack/data/venv/lib/python3.12/site-packages/glance_store/location.py:146}}
