Aug 26 09:02:01.837502 np0000008150 devstack@g-api.service[99737]: DEBUG glance.api.middleware.version_negotiation [None req-4ef98f51-7504-414f-aa92-21a9a77418e1 tempest-VolumesImageMetadata-1963724838 tempest-VolumesImageMetadata-1963724838-project-member] Matched version: v2 {{(pid=99737) process_request /opt/stack/glance/glance/api/middleware/version_negotiation.py:69}}
Aug 26 09:02:01.837727 np0000008150 devstack@g-api.service[99737]: DEBUG glance.api.middleware.version_negotiation [None req-4ef98f51-7504-414f-aa92-21a9a77418e1 tempest-VolumesImageMetadata-1963724838 tempest-VolumesImageMetadata-1963724838-project-member] new path /v2/schemas/image {{(pid=99737) process_request /opt/stack/glance/glance/api/middleware/version_negotiation.py:70}}
Aug 26 09:02:01.844387 np0000008150 devstack@g-api.service[99737]: [pid: 99737|app: 0|req: 119/337] 127.0.0.1 () {44 vars in 1055 bytes} [Wed Aug 26 09:02:01 2026] GET /v2/schemas/image => generated 6083 bytes in 8 msecs (HTTP/1.1 200) 4 headers in 158 bytes (1 switches on core 0)
Aug 26 09:02:01.882391 np0000008150 devstack@g-api.service[99739]: DEBUG glance.api.middleware.version_negotiation [None req-4ef98f51-7504-414f-aa92-21a9a77418e1 tempest-VolumesImageMetadata-1963724838 tempest-VolumesImageMetadata-1963724838-project-member] Determining version of request: GET /v2/images/9152c161-6690-401f-8ab1-8acb828d14a6 Accept: */* {{(pid=99739) process_request /opt/stack/glance/glance/api/middleware/version_negotiation.py:44}}
Aug 26 09:02:01.882391 np0000008150 devstack@g-api.service[99739]: DEBUG glance.api.middleware.version_negotiation [None req-4ef98f51-7504-414f-aa92-21a9a77418e1 tempest-VolumesImageMetadata-1963724838 tempest-VolumesImageMetadata-1963724838-project-member] Using url versioning {{(pid=99739) process_request /opt/stack/glance/glance/api/middleware/version_negotiation.py:57}}
Aug 26 09:02:01.882391 np0000008150 devstack@g-api.service[99739]: DEBUG glance.api.middleware.version_negotiation [None req-4ef98f51-7504-414f-aa92-21a9a77418e1 tempest-VolumesImageMetadata-1963724838 tempest-VolumesImageMetadata-1963724838-project-member] Matched version: v2 {{(pid=99739) process_request /opt/stack/glance/glance/api/middleware/version_negotiation.py:69}}
Aug 26 09:02:01.882391 np0000008150 devstack@g-api.service[99739]: DEBUG glance.api.middleware.version_negotiation [None req-4ef98f51-7504-414f-aa92-21a9a77418e1 tempest-VolumesImageMetadata-1963724838 tempest-VolumesImageMetadata-1963724838-project-member] new path /v2/images/9152c161-6690-401f-8ab1-8acb828d14a6 {{(pid=99739) process_request /opt/stack/glance/glance/api/middleware/version_negotiation.py:70}}
Aug 26 09:02:01.895799 np0000008150 devstack@g-api.service[99739]: [pid: 99739|app: 0|req: 106/338] 127.0.0.1 () {44 vars in 1115 bytes} [Wed Aug 26 09:02:01 2026] GET /v2/images/9152c161-6690-401f-8ab1-8acb828d14a6 => generated 1044 bytes in 15 msecs (HTTP/1.1 200) 4 headers in 158 bytes (1 switches on core 0)
Aug 26 09:02:01.907715 np0000008150 devstack@g-api.service[99738]: DEBUG glance.api.middleware.version_negotiation [None req-4ef98f51-7504-414f-aa92-21a9a77418e1 tempest-VolumesImageMetadata-1963724838 tempest-VolumesImageMetadata-1963724838-project-member] Determining version of request: GET /v2/schemas/image Accept: */* {{(pid=99738) process_request /opt/stack/glance/glance/api/middleware/version_negotiation.py:44}}
Aug 26 09:02:01.909158 np0000008150 devstack@g-api.service[99738]: DEBUG glance.api.middleware.version_negotiation [None req-4ef98f51-7504-414f-aa92-21a9a77418e1 tempest-VolumesImageMetadata-1963724838 tempest-VolumesImageMetadata-1963724838-project-member] Using url versioning {{(pid=99738) process_request /opt/stack/glance/glance/api/middleware/version_negotiation.py:57}}
Aug 26 09:02:01.909158 np0000008150 devstack@g-api.service[99738]: DEBUG glance.api.middleware.version_negotiation [None req-4ef98f51-7504-414f-aa92-21a9a77418e1 tempest-VolumesImageMetadata-1963724838 tempest-VolumesImageMetadata-1963724838-project-member] Matched version: v2 {{(pid=99738) process_request /opt/stack/glance/glance/api/middleware/version_negotiation.py:69}}
Aug 26 09:02:01.909158 np0000008150 devstack@g-api.service[99738]: DEBUG glance.api.middleware.version_negotiation [None req-4ef98f51-7504-414f-aa92-21a9a77418e1 tempest-VolumesImageMetadata-1963724838 tempest-VolumesImageMetadata-1963724838-project-member] new path /v2/schemas/image {{(pid=99738) process_request /opt/stack/glance/glance/api/middleware/version_negotiation.py:70}}
Aug 26 09:02:01.913059 np0000008150 devstack@g-api.service[99738]: [pid: 99738|app: 0|req: 114/339] 127.0.0.1 () {44 vars in 1055 bytes} [Wed Aug 26 09:02:01 2026] GET /v2/schemas/image => generated 6083 bytes in 6 msecs (HTTP/1.1 200) 4 headers in 158 bytes (1 switches on core 0)
Aug 26 09:02:02.492455 np0000008150 devstack@g-api.service[99737]: DEBUG glance.api.middleware.version_negotiation [None req-4ef98f51-7504-414f-aa92-21a9a77418e1 tempest-VolumesImageMetadata-1963724838 tempest-VolumesImageMetadata-1963724838-project-member] Determining version of request: GET /versions Accept: */* {{(pid=99737) process_request /opt/stack/glance/glance/api/middleware/version_negotiation.py:44}}
Aug 26 09:02:02.493523 np0000008150 devstack@g-api.service[99737]: [pid: 99737|app: 0|req: 120/340] 127.0.0.1 () {44 vars in 1039 bytes} [Wed Aug 26 09:02:02 2026] GET /versions => generated 1515 bytes in 1 msecs (HTTP/1.1 200) 3 headers in 92 bytes (1 switches on core 0)
Aug 26 09:02:02.504403 np0000008150 devstack@g-api.service[99739]: DEBUG glance.api.middleware.version_negotiation [None req-4ef98f51-7504-414f-aa92-21a9a77418e1 tempest-VolumesImageMetadata-1963724838 tempest-VolumesImageMetadata-1963724838-project-member] Determining version of request: GET /v2/images/9152c161-6690-401f-8ab1-8acb828d14a6/locations Accept: */* {{(pid=99739) process_request /opt/stack/glance/glance/api/middleware/version_negotiation.py:44}}
Aug 26 09:02:02.504639 np0000008150 devstack@g-api.service[99739]: DEBUG glance.api.middleware.version_negotiation [None req-4ef98f51-7504-414f-aa92-21a9a77418e1 tempest-VolumesImageMetadata-1963724838 tempest-VolumesImageMetadata-1963724838-project-member] Using url versioning {{(pid=99739) process_request /opt/stack/glance/glance/api/middleware/version_negotiation.py:57}}
Aug 26 09:02:02.504840 np0000008150 devstack@g-api.service[99739]: DEBUG glance.api.middleware.version_negotiation [None req-4ef98f51-7504-414f-aa92-21a9a77418e1 tempest-VolumesImageMetadata-1963724838 tempest-VolumesImageMetadata-1963724838-project-member] Matched version: v2 {{(pid=99739) process_request /opt/stack/glance/glance/api/middleware/version_negotiation.py:69}}
Aug 26 09:02:02.504916 np0000008150 devstack@g-api.service[99739]: DEBUG glance.api.middleware.version_negotiation [None req-4ef98f51-7504-414f-aa92-21a9a77418e1 tempest-VolumesImageMetadata-1963724838 tempest-VolumesImageMetadata-1963724838-project-member] new path /v2/images/9152c161-6690-401f-8ab1-8acb828d14a6/locations {{(pid=99739) process_request /opt/stack/glance/glance/api/middleware/version_negotiation.py:70}}
Aug 26 09:02:02.633657 np0000008150 devstack@g-api.service[99739]: [pid: 99739|app: 0|req: 107/341] 127.0.0.1 () {44 vars in 1135 bytes} [Wed Aug 26 09:02:02 2026] GET /v2/images/9152c161-6690-401f-8ab1-8acb828d14a6/locations => generated 92 bytes in 129 msecs (HTTP/1.1 200) 4 headers in 156 bytes (1 switches on core 0)
Aug 26 09:02:02.643149 np0000008150 devstack@g-api.service[99738]: DEBUG glance.api.middleware.version_negotiation [None req-4ef98f51-7504-414f-aa92-21a9a77418e1 tempest-VolumesImageMetadata-1963724838 tempest-VolumesImageMetadata-1963724838-project-member] Determining version of request: GET /v2/images/9152c161-6690-401f-8ab1-8acb828d14a6 Accept: */* {{(pid=99738) process_request /opt/stack/glance/glance/api/middleware/version_negotiation.py:44}}
Aug 26 09:02:02.643393 np0000008150 devstack@g-api.service[99738]: DEBUG glance.api.middleware.version_negotiation [None req-4ef98f51-7504-414f-aa92-21a9a77418e1 tempest-VolumesImageMetadata-1963724838 tempest-VolumesImageMetadata-1963724838-project-member] Using url versioning {{(pid=99738) process_request /opt/stack/glance/glance/api/middleware/version_negotiation.py:57}}
Aug 26 09:02:02.643809 np0000008150 devstack@g-api.service[99738]: DEBUG glance.api.middleware.version_negotiation [None req-4ef98f51-7504-414f-aa92-21a9a77418e1 tempest-VolumesImageMetadata-1963724838 tempest-VolumesImageMetadata-1963724838-project-member] Matched version: v2 {{(pid=99738) process_request /opt/stack/glance/glance/api/middleware/version_negotiation.py:69}}
Aug 26 09:02:02.644083 np0000008150 devstack@g-api.service[99738]: DEBUG glance.api.middleware.version_negotiation [None req-4ef98f51-7504-414f-aa92-21a9a77418e1 tempest-VolumesImageMetadata-1963724838 tempest-VolumesImageMetadata-1963724838-project-member] new path /v2/images/9152c161-6690-401f-8ab1-8acb828d14a6 {{(pid=99738) process_request /opt/stack/glance/glance/api/middleware/version_negotiation.py:70}}
Aug 26 09:02:02.667360 np0000008150 devstack@g-api.service[99738]: [pid: 99738|app: 0|req: 115/342] 127.0.0.1 () {44 vars in 1115 bytes} [Wed Aug 26 09:02:02 2026] GET /v2/images/9152c161-6690-401f-8ab1-8acb828d14a6 => generated 1044 bytes in 24 msecs (HTTP/1.1 200) 4 headers in 158 bytes (1 switches on core 0)
Aug 26 09:02:02.680569 np0000008150 devstack@g-api.service[99737]: DEBUG glance.api.middleware.version_negotiation [None req-4ef98f51-7504-414f-aa92-21a9a77418e1 tempest-VolumesImageMetadata-1963724838 tempest-VolumesImageMetadata-1963724838-project-member] Determining version of request: GET /v2/schemas/image Accept: */* {{(pid=99737) process_request /opt/stack/glance/glance/api/middleware/version_negotiation.py:44}}
Aug 26 09:02:02.680569 np0000008150 devstack@g-api.service[99737]: DEBUG glance.api.middleware.version_negotiation [None req-4ef98f51-7504-414f-aa92-21a9a77418e1 tempest-VolumesImageMetadata-1963724838 tempest-VolumesImageMetadata-1963724838-project-member] Using url versioning {{(pid=99737) process_request /opt/stack/glance/glance/api/middleware/version_negotiation.py:57}}
Aug 26 09:02:02.680942 np0000008150 devstack@g-api.service[99737]: DEBUG glance.api.middleware.version_negotiation [None req-4ef98f51-7504-414f-aa92-21a9a77418e1 tempest-VolumesImageMetadata-1963724838 tempest-VolumesImageMetadata-1963724838-project-member] Matched version: v2 {{(pid=99737) process_request /opt/stack/glance/glance/api/middleware/version_negotiation.py:69}}
Aug 26 09:02:02.682493 np0000008150 devstack@g-api.service[99737]: DEBUG glance.api.middleware.version_negotiation [None req-4ef98f51-7504-414f-aa92-21a9a77418e1 tempest-VolumesImageMetadata-1963724838 tempest-VolumesImageMetadata-1963724838-project-member] new path /v2/schemas/image {{(pid=99737) process_request /opt/stack/glance/glance/api/middleware/version_negotiation.py:70}}
Aug 26 09:02:02.687280 np0000008150 devstack@g-api.service[99737]: [pid: 99737|app: 0|req: 121/343] 127.0.0.1 () {44 vars in 1055 bytes} [Wed Aug 26 09:02:02 2026] GET /v2/schemas/image => generated 6083 bytes in 8 msecs (HTTP/1.1 200) 4 headers in 158 bytes (1 switches on core 0)
Aug 26 09:02:02.700372 np0000008150 devstack@g-api.service[99739]: DEBUG glance.api.middleware.version_negotiation [None req-4ef98f51-7504-414f-aa92-21a9a77418e1 service glance] Determining version of request: GET /v2/schemas/image Accept: */* {{(pid=99739) process_request /opt/stack/glance/glance/api/middleware/version_negotiation.py:44}}
Aug 26 09:02:02.700372 np0000008150 devstack@g-api.service[99739]: DEBUG glance.api.middleware.version_negotiation [None req-4ef98f51-7504-414f-aa92-21a9a77418e1 service glance] Using url versioning {{(pid=99739) process_request /opt/stack/glance/glance/api/middleware/version_negotiation.py:57}}
Aug 26 09:02:02.700584 np0000008150 devstack@g-api.service[99739]: DEBUG glance.api.middleware.version_negotiation [None req-4ef98f51-7504-414f-aa92-21a9a77418e1 service glance] Matched version: v2 {{(pid=99739) process_request /opt/stack/glance/glance/api/middleware/version_negotiation.py:69}}
Aug 26 09:02:02.700843 np0000008150 devstack@g-api.service[99739]: DEBUG glance.api.middleware.version_negotiation [None req-4ef98f51-7504-414f-aa92-21a9a77418e1 service glance] new path /v2/schemas/image {{(pid=99739) process_request /opt/stack/glance/glance/api/middleware/version_negotiation.py:70}}
Aug 26 09:02:02.705965 np0000008150 devstack@g-api.service[99739]: [pid: 99739|app: 0|req: 108/344] 127.0.0.1 () {44 vars in 1055 bytes} [Wed Aug 26 09:02:02 2026] GET /v2/schemas/image => generated 6083 bytes in 6 msecs (HTTP/1.1 200) 4 headers in 158 bytes (1 switches on core 0)
Aug 26 09:02:11.692300 np0000008150 devstack@g-api.service[99737]: DEBUG dbcounter [-] [99737] Writing DB stats glance:SELECT=2 {{(pid=99737) stat_writer /opt/stack/data/venv/lib/python3.12/site-packages/dbcounter.py:115}}
Aug 26 09:02:12.630198 np0000008150 devstack@g-api.service[99739]: DEBUG dbcounter [-] [99739] Writing DB stats glance:SELECT=8 {{(pid=99739) stat_writer /opt/stack/data/venv/lib/python3.12/site-packages/dbcounter.py:115}}
Aug 26 09:02:12.661157 np0000008150 devstack@g-api.service[99738]: DEBUG dbcounter [-] [99738] Writing DB stats glance:SELECT=54,glance:INSERT=21,glance:UPDATE=26,glance:DELETE=1 {{(pid=99738) stat_writer /opt/stack/data/venv/lib/python3.12/site-packages/dbcounter.py:115}}
Aug 26 09:02:22.561582 np0000008150 devstack@g-api.service[99738]: DEBUG glance.api.middleware.version_negotiation [None req-4ef98f51-7504-414f-aa92-21a9a77418e1 tempest-VolumesImageMetadata-1963724838 tempest-VolumesImageMetadata-1963724838-project-member] Determining version of request: GET /v2/images/9152c161-6690-401f-8ab1-8acb828d14a6 Accept: */* {{(pid=99738) process_request /opt/stack/glance/glance/api/middleware/version_negotiation.py:44}}
Aug 26 09:02:22.562215 np0000008150 devstack@g-api.service[99738]: DEBUG glance.api.middleware.version_negotiation [None req-4ef98f51-7504-414f-aa92-21a9a77418e1 tempest-VolumesImageMetadata-1963724838 tempest-VolumesImageMetadata-1963724838-project-member] Using url versioning {{(pid=99738) process_request /opt/stack/glance/glance/api/middleware/version_negotiation.py:57}}
Aug 26 09:02:22.562215 np0000008150 devstack@g-api.service[99738]: DEBUG glance.api.middleware.version_negotiation [None req-4ef98f51-7504-414f-aa92-21a9a77418e1 tempest-VolumesImageMetadata-1963724838 tempest-VolumesImageMetadata-1963724838-project-member] Matched version: v2 {{(pid=99738) process_request /opt/stack/glance/glance/api/middleware/version_negotiation.py:69}}
Aug 26 09:02:22.562215 np0000008150 devstack@g-api.service[99738]: DEBUG glance.api.middleware.version_negotiation [None req-4ef98f51-7504-414f-aa92-21a9a77418e1 tempest-VolumesImageMetadata-1963724838 tempest-VolumesImageMetadata-1963724838-project-member] new path /v2/images/9152c161-6690-401f-8ab1-8acb828d14a6 {{(pid=99738) process_request /opt/stack/glance/glance/api/middleware/version_negotiation.py:70}}
Aug 26 09:02:22.571297 np0000008150 devstack@g-api.service[99738]: [pid: 99738|app: 0|req: 116/345] 127.0.0.1 () {44 vars in 1115 bytes} [Wed Aug 26 09:02:22 2026] GET /v2/images/9152c161-6690-401f-8ab1-8acb828d14a6 => generated 1044 bytes in 10 msecs (HTTP/1.1 200) 4 headers in 158 bytes (1 switches on core 0)
Aug 26 09:02:22.603430 np0000008150 devstack@g-api.service[99737]: DEBUG glance.api.middleware.version_negotiation [None req-4ef98f51-7504-414f-aa92-21a9a77418e1 tempest-VolumesImageMetadata-1963724838 tempest-VolumesImageMetadata-1963724838-project-member] Determining version of request: GET /v2/schemas/image Accept: */* {{(pid=99737) process_request /opt/stack/glance/glance/api/middleware/version_negotiation.py:44}}
Aug 26 09:02:22.603864 np0000008150 devstack@g-api.service[99737]: DEBUG glance.api.middleware.version_negotiation [None req-4ef98f51-7504-414f-aa92-21a9a77418e1 tempest-VolumesImageMetadata-1963724838 tempest-VolumesImageMetadata-1963724838-project-member] Using url versioning {{(pid=99737) process_request /opt/stack/glance/glance/api/middleware/version_negotiation.py:57}}
Aug 26 09:02:22.603864 np0000008150 devstack@g-api.service[99737]: DEBUG glance.api.middleware.version_negotiation [None req-4ef98f51-7504-414f-aa92-21a9a77418e1 tempest-VolumesImageMetadata-1963724838 tempest-VolumesImageMetadata-1963724838-project-member] Matched version: v2 {{(pid=99737) process_request /opt/stack/glance/glance/api/middleware/version_negotiation.py:69}}
Aug 26 09:02:22.603864 np0000008150 devstack@g-api.service[99737]: DEBUG glance.api.middleware.version_negotiation [None req-4ef98f51-7504-414f-aa92-21a9a77418e1 tempest-VolumesImageMetadata-1963724838 tempest-VolumesImageMetadata-1963724838-project-member] new path /v2/schemas/image {{(pid=99737) process_request /opt/stack/glance/glance/api/middleware/version_negotiation.py:70}}
Aug 26 09:02:22.606482 np0000008150 devstack@g-api.service[99737]: [pid: 99737|app: 0|req: 122/346] 127.0.0.1 () {44 vars in 1055 bytes} [Wed Aug 26 09:02:22 2026] GET /v2/schemas/image => generated 6083 bytes in 3 msecs (HTTP/1.1 200) 4 headers in 158 bytes (1 switches on core 0)
Aug 26 09:02:32.569525 np0000008150 devstack@g-api.service[99738]: DEBUG dbcounter [-] [99738] Writing DB stats glance:SELECT=2 {{(pid=99738) stat_writer /opt/stack/data/venv/lib/python3.12/site-packages/dbcounter.py:115}}
Aug 26 09:02:34.866054 np0000008150 devstack@g-api.service[99739]: DEBUG glance.api.middleware.version_negotiation [None req-4ef98f51-7504-414f-aa92-21a9a77418e1 tempest-VolumesImageMetadata-1963724838 tempest-VolumesImageMetadata-1963724838-project-member] Determining version of request: GET /v2/images/9152c161-6690-401f-8ab1-8acb828d14a6 Accept: */* {{(pid=99739) process_request /opt/stack/glance/glance/api/middleware/version_negotiation.py:44}}
Aug 26 09:02:34.866484 np0000008150 devstack@g-api.service[99739]: DEBUG glance.api.middleware.version_negotiation [None req-4ef98f51-7504-414f-aa92-21a9a77418e1 tempest-VolumesImageMetadata-1963724838 tempest-VolumesImageMetadata-1963724838-project-member] Using url versioning {{(pid=99739) process_request /opt/stack/glance/glance/api/middleware/version_negotiation.py:57}}
Aug 26 09:02:34.866484 np0000008150 devstack@g-api.service[99739]: DEBUG glance.api.middleware.version_negotiation [None req-4ef98f51-7504-414f-aa92-21a9a77418e1 tempest-VolumesImageMetadata-1963724838 tempest-VolumesImageMetadata-1963724838-project-member] Matched version: v2 {{(pid=99739) process_request /opt/stack/glance/glance/api/middleware/version_negotiation.py:69}}
Aug 26 09:02:34.866484 np0000008150 devstack@g-api.service[99739]: DEBUG glance.api.middleware.version_negotiation [None req-4ef98f51-7504-414f-aa92-21a9a77418e1 tempest-VolumesImageMetadata-1963724838 tempest-VolumesImageMetadata-1963724838-project-member] new path /v2/images/9152c161-6690-401f-8ab1-8acb828d14a6 {{(pid=99739) process_request /opt/stack/glance/glance/api/middleware/version_negotiation.py:70}}
Aug 26 09:02:34.892958 np0000008150 devstack@g-api.service[99739]: [pid: 99739|app: 0|req: 109/347] 127.0.0.1 () {44 vars in 1115 bytes} [Wed Aug 26 09:02:34 2026] GET /v2/images/9152c161-6690-401f-8ab1-8acb828d14a6 => generated 1044 bytes in 27 msecs (HTTP/1.1 200) 4 headers in 158 bytes (1 switches on core 0)
Aug 26 09:02:34.938228 np0000008150 devstack@g-api.service[99738]: DEBUG glance.api.middleware.version_negotiation [None req-1d7fdae4-b60f-4930-ac4a-6fe9f67d335a tempest-AttachVolumeNegativeTest-463553206 tempest-AttachVolumeNegativeTest-463553206-project-member] Determining version of request: GET /v2/schemas/image Accept: */* {{(pid=99738) process_request /opt/stack/glance/glance/api/middleware/version_negotiation.py:44}}
Aug 26 09:02:34.938668 np0000008150 devstack@g-api.service[99738]: DEBUG glance.api.middleware.version_negotiation [None req-1d7fdae4-b60f-4930-ac4a-6fe9f67d335a tempest-AttachVolumeNegativeTest-463553206 tempest-AttachVolumeNegativeTest-463553206-project-member] Using url versioning {{(pid=99738) process_request /opt/stack/glance/glance/api/middleware/version_negotiation.py:57}}
Aug 26 09:02:34.938668 np0000008150 devstack@g-api.service[99738]: DEBUG glance.api.middleware.version_negotiation [None req-1d7fdae4-b60f-4930-ac4a-6fe9f67d335a tempest-AttachVolumeNegativeTest-463553206 tempest-AttachVolumeNegativeTest-463553206-project-member] Matched version: v2 {{(pid=99738) process_request /opt/stack/glance/glance/api/middleware/version_negotiation.py:69}}
Aug 26 09:02:34.938821 np0000008150 devstack@g-api.service[99738]: DEBUG glance.api.middleware.version_negotiation [None req-1d7fdae4-b60f-4930-ac4a-6fe9f67d335a tempest-AttachVolumeNegativeTest-463553206 tempest-AttachVolumeNegativeTest-463553206-project-member] new path /v2/schemas/image {{(pid=99738) process_request /opt/stack/glance/glance/api/middleware/version_negotiation.py:70}}
Aug 26 09:02:34.941773 np0000008150 devstack@g-api.service[99738]: [pid: 99738|app: 0|req: 117/348] 127.0.0.1 () {44 vars in 1055 bytes} [Wed Aug 26 09:02:34 2026] GET /v2/schemas/image => generated 6083 bytes in 4 msecs (HTTP/1.1 200) 4 headers in 158 bytes (1 switches on core 0)
Aug 26 09:02:35.741101 np0000008150 devstack@g-api.service[99737]: DEBUG glance.api.middleware.version_negotiation [None req-1d7fdae4-b60f-4930-ac4a-6fe9f67d335a tempest-AttachVolumeNegativeTest-463553206 tempest-AttachVolumeNegativeTest-463553206-project-member] Determining version of request: GET /v2/images/9152c161-6690-401f-8ab1-8acb828d14a6 Accept: */* {{(pid=99737) process_request /opt/stack/glance/glance/api/middleware/version_negotiation.py:44}}
Aug 26 09:02:35.742083 np0000008150 devstack@g-api.service[99737]: DEBUG glance.api.middleware.version_negotiation [None req-1d7fdae4-b60f-4930-ac4a-6fe9f67d335a tempest-AttachVolumeNegativeTest-463553206 tempest-AttachVolumeNegativeTest-463553206-project-member] Using url versioning {{(pid=99737) process_request /opt/stack/glance/glance/api/middleware/version_negotiation.py:57}}
Aug 26 09:02:35.742083 np0000008150 devstack@g-api.service[99737]: DEBUG glance.api.middleware.version_negotiation [None req-1d7fdae4-b60f-4930-ac4a-6fe9f67d335a tempest-AttachVolumeNegativeTest-463553206 tempest-AttachVolumeNegativeTest-463553206-project-member] Matched version: v2 {{(pid=99737) process_request /opt/stack/glance/glance/api/middleware/version_negotiation.py:69}}
Aug 26 09:02:35.742219 np0000008150 devstack@g-api.service[99737]: DEBUG glance.api.middleware.version_negotiation [None req-1d7fdae4-b60f-4930-ac4a-6fe9f67d335a tempest-AttachVolumeNegativeTest-463553206 tempest-AttachVolumeNegativeTest-463553206-project-member] new path /v2/images/9152c161-6690-401f-8ab1-8acb828d14a6 {{(pid=99737) process_request /opt/stack/glance/glance/api/middleware/version_negotiation.py:70}}
Aug 26 09:02:35.768128 np0000008150 devstack@g-api.service[99737]: [pid: 99737|app: 0|req: 123/349] 127.0.0.1 () {44 vars in 1115 bytes} [Wed Aug 26 09:02:35 2026] GET /v2/images/9152c161-6690-401f-8ab1-8acb828d14a6 => generated 1044 bytes in 25 msecs (HTTP/1.1 200) 4 headers in 158 bytes (1 switches on core 0)
Aug 26 09:02:35.824734 np0000008150 devstack@g-api.service[99739]: DEBUG glance.api.middleware.version_negotiation [None req-ed2345a1-f8bf-442f-b68a-6260ed70fccf tempest-VolumesActionsTest-1810083079 tempest-VolumesActionsTest-1810083079-project-member] Determining version of request: GET /v2/schemas/image Accept: */* {{(pid=99739) process_request /opt/stack/glance/glance/api/middleware/version_negotiation.py:44}}
Aug 26 09:02:35.824804 np0000008150 devstack@g-api.service[99739]: DEBUG glance.api.middleware.version_negotiation [None req-ed2345a1-f8bf-442f-b68a-6260ed70fccf tempest-VolumesActionsTest-1810083079 tempest-VolumesActionsTest-1810083079-project-member] Using url versioning {{(pid=99739) process_request /opt/stack/glance/glance/api/middleware/version_negotiation.py:57}}
Aug 26 09:02:35.824937 np0000008150 devstack@g-api.service[99739]: DEBUG glance.api.middleware.version_negotiation [None req-ed2345a1-f8bf-442f-b68a-6260ed70fccf tempest-VolumesActionsTest-1810083079 tempest-VolumesActionsTest-1810083079-project-member] Matched version: v2 {{(pid=99739) process_request /opt/stack/glance/glance/api/middleware/version_negotiation.py:69}}
Aug 26 09:02:35.825045 np0000008150 devstack@g-api.service[99739]: DEBUG glance.api.middleware.version_negotiation [None req-ed2345a1-f8bf-442f-b68a-6260ed70fccf tempest-VolumesActionsTest-1810083079 tempest-VolumesActionsTest-1810083079-project-member] new path /v2/schemas/image {{(pid=99739) process_request /opt/stack/glance/glance/api/middleware/version_negotiation.py:70}}
Aug 26 09:02:35.827871 np0000008150 devstack@g-api.service[99739]: [pid: 99739|app: 0|req: 110/350] 127.0.0.1 () {44 vars in 1055 bytes} [Wed Aug 26 09:02:35 2026] GET /v2/schemas/image => generated 6083 bytes in 3 msecs (HTTP/1.1 200) 4 headers in 158 bytes (1 switches on core 0)
Aug 26 09:02:39.296107 np0000008150 devstack@g-api.service[99738]: DEBUG glance.api.middleware.version_negotiation [None req-ed2345a1-f8bf-442f-b68a-6260ed70fccf tempest-VolumesActionsTest-1810083079 tempest-VolumesActionsTest-1810083079-project-member] Determining version of request: POST /v2/images Accept: application/json {{(pid=99738) process_request /opt/stack/glance/glance/api/middleware/version_negotiation.py:44}}
Aug 26 09:02:39.296724 np0000008150 devstack@g-api.service[99738]: DEBUG glance.api.middleware.version_negotiation [None req-ed2345a1-f8bf-442f-b68a-6260ed70fccf tempest-VolumesActionsTest-1810083079 tempest-VolumesActionsTest-1810083079-project-member] Using url versioning {{(pid=99738) process_request /opt/stack/glance/glance/api/middleware/version_negotiation.py:57}}
Aug 26 09:02:39.296724 np0000008150 devstack@g-api.service[99738]: DEBUG glance.api.middleware.version_negotiation [None req-ed2345a1-f8bf-442f-b68a-6260ed70fccf tempest-VolumesActionsTest-1810083079 tempest-VolumesActionsTest-1810083079-project-member] Matched version: v2 {{(pid=99738) process_request /opt/stack/glance/glance/api/middleware/version_negotiation.py:69}}
Aug 26 09:02:39.296724 np0000008150 devstack@g-api.service[99738]: DEBUG glance.api.middleware.version_negotiation [None req-ed2345a1-f8bf-442f-b68a-6260ed70fccf tempest-VolumesActionsTest-1810083079 tempest-VolumesActionsTest-1810083079-project-member] new path /v2/images {{(pid=99738) process_request /opt/stack/glance/glance/api/middleware/version_negotiation.py:70}}
Aug 26 09:02:40.159847 np0000008150 devstack@g-api.service[99738]: [pid: 99738|app: 0|req: 118/351] 127.0.0.1 () {42 vars in 786 bytes} [Wed Aug 26 09:02:39 2026] POST /v2/images => generated 642 bytes in 863 msecs (HTTP/1.1 201) 6 headers in 315 bytes (1 switches on core 0)
Aug 26 09:02:40.168695 np0000008150 devstack@g-api.service[99737]: DEBUG glance.api.middleware.version_negotiation [None req-ab87c5e2-f35d-4f22-a551-1d41b87450d9 tempest-VolumesBackupsTest-1420233948 tempest-VolumesBackupsTest-1420233948-project-member] Determining version of request: PUT /v2/images/954de7b7-75ba-40c1-9470-ec77697bee92/file Accept: {{(pid=99737) process_request /opt/stack/glance/glance/api/middleware/version_negotiation.py:44}}
Aug 26 09:02:40.169198 np0000008150 devstack@g-api.service[99737]: DEBUG glance.api.middleware.version_negotiation [None req-ab87c5e2-f35d-4f22-a551-1d41b87450d9 tempest-VolumesBackupsTest-1420233948 tempest-VolumesBackupsTest-1420233948-project-member] Using url versioning {{(pid=99737) process_request /opt/stack/glance/glance/api/middleware/version_negotiation.py:57}}
Aug 26 09:02:40.173760 np0000008150 devstack@g-api.service[99737]: DEBUG glance.api.middleware.version_negotiation [None req-ab87c5e2-f35d-4f22-a551-1d41b87450d9 tempest-VolumesBackupsTest-1420233948 tempest-VolumesBackupsTest-1420233948-project-member] Matched version: v2 {{(pid=99737) process_request /opt/stack/glance/glance/api/middleware/version_negotiation.py:69}}
Aug 26 09:02:40.173760 np0000008150 devstack@g-api.service[99737]: DEBUG glance.api.middleware.version_negotiation [None req-ab87c5e2-f35d-4f22-a551-1d41b87450d9 tempest-VolumesBackupsTest-1420233948 tempest-VolumesBackupsTest-1420233948-project-member] new path /v2/images/954de7b7-75ba-40c1-9470-ec77697bee92/file {{(pid=99737) process_request /opt/stack/glance/glance/api/middleware/version_negotiation.py:70}}
Aug 26 09:02:40.844277 np0000008150 devstack@g-api.service[99737]: INFO glance.api.v2.image_data [None req-9ea00276-bfdd-4ed6-b0dd-229e8241a83e tempest-TestMinimumBasicScenario-1523928826 tempest-TestMinimumBasicScenario-1523928826-project-member] Unable to create trust: no such option collect_timing in group [keystone_authtoken] Use the existing user token.
Aug 26 09:02:41.535903 np0000008150 devstack@g-api.service[99737]: DEBUG glance.location [None req-9ea00276-bfdd-4ed6-b0dd-229e8241a83e tempest-TestMinimumBasicScenario-1523928826 tempest-TestMinimumBasicScenario-1523928826-project-member] Enabling in-flight format inspection for qcow2 {{(pid=99737) set_data /opt/stack/glance/glance/location.py:596}}
Aug 26 09:02:41.536517 np0000008150 devstack@g-api.service[99737]: DEBUG glance_store.backend [None req-9ea00276-bfdd-4ed6-b0dd-229e8241a83e tempest-TestMinimumBasicScenario-1523928826 tempest-TestMinimumBasicScenario-1523928826-project-member] Attempting to import store swift {{(pid=99737) _load_store /opt/stack/data/venv/lib/python3.12/site-packages/glance_store/backend.py:215}}
Aug 26 09:02:41.538234 np0000008150 devstack@g-api.service[99737]: DEBUG glance_store.capabilities [None req-9ea00276-bfdd-4ed6-b0dd-229e8241a83e tempest-TestMinimumBasicScenario-1523928826 tempest-TestMinimumBasicScenario-1523928826-project-member] Store glance_store._drivers.swift.store.SingleTenantStore doesn't support updating dynamic storage capabilities. Please overwrite 'update_capabilities' method of the store to implement updating logics if needed. {{(pid=99737) update_capabilities /opt/stack/data/venv/lib/python3.12/site-packages/glance_store/capabilities.py:91}}
Aug 26 09:02:41.538335 np0000008150 devstack@g-api.service[99737]: DEBUG glance_store.driver [None req-9ea00276-bfdd-4ed6-b0dd-229e8241a83e tempest-TestMinimumBasicScenario-1523928826 tempest-TestMinimumBasicScenario-1523928826-project-member] Late loading location class glance_store._drivers.swift.store.StoreLocation {{(pid=99737) get_store_location_class /opt/stack/data/venv/lib/python3.12/site-packages/glance_store/driver.py:134}}
Aug 26 09:02:41.538478 np0000008150 devstack@g-api.service[99737]: DEBUG glance_store.location [None req-9ea00276-bfdd-4ed6-b0dd-229e8241a83e tempest-TestMinimumBasicScenario-1523928826 tempest-TestMinimumBasicScenario-1523928826-project-member] Registering scheme swift+https with {'store': , 'location_class': , 'store_entry': 'swift'} {{(pid=99737) register_scheme_map /opt/stack/data/venv/lib/python3.12/site-packages/glance_store/location.py:146}}
Aug 26 09:02:41.538691 np0000008150 devstack@g-api.service[99737]: DEBUG glance_store.location [None req-9ea00276-bfdd-4ed6-b0dd-229e8241a83e tempest-TestMinimumBasicScenario-1523928826 tempest-TestMinimumBasicScenario-1523928826-project-member] Registering scheme swift+https with {'store': , 'location_class': , 'store_entry': 'swift'} {{(pid=99737) register_scheme_map /opt/stack/data/venv/lib/python3.12/site-packages/glance_store/location.py:146}}
Aug 26 09:02:41.538839 np0000008150 devstack@g-api.service[99737]: DEBUG glance_store.location [None req-9ea00276-bfdd-4ed6-b0dd-229e8241a83e tempest-TestMinimumBasicScenario-1523928826 tempest-TestMinimumBasicScenario-1523928826-project-member] Registering scheme swift with {'store': , 'location_class': , 'store_entry': 'swift'} {{(pid=99737) register_scheme_map /opt/stack/data/venv/lib/python3.12/site-packages/glance_store/location.py:146}}
Aug 26 09:02:41.538951 np0000008150 devstack@g-api.service[99737]: DEBUG glance_store.location [None req-9ea00276-bfdd-4ed6-b0dd-229e8241a83e tempest-TestMinimumBasicScenario-1523928826 tempest-TestMinimumBasicScenario-1523928826-project-member] Registering scheme swift+https with {'store': , 'location_class': , 'store_entry': 'swift'} {{(pid=99737) register_scheme_map /opt/stack/data/venv/lib/python3.12/site-packages/glance_store/location.py:146}}
Aug 26 09:02:41.539126 np0000008150 devstack@g-api.service[99737]: DEBUG glance_store.location [None req-9ea00276-bfdd-4ed6-b0dd-229e8241a83e tempest-TestMinimumBasicScenario-1523928826 tempest-TestMinimumBasicScenario-1523928826-project-member] Registering scheme swift with {'store': , 'location_class': , 'store_entry': 'swift'} {{(pid=99737) register_scheme_map /opt/stack/data/venv/lib/python3.12/site-packages/glance_store/location.py:146}}
Aug 26 09:02:41.539364 np0000008150 devstack@g-api.service[99737]: DEBUG glance_store.location [None req-9ea00276-bfdd-4ed6-b0dd-229e8241a83e tempest-TestMinimumBasicScenario-1523928826 tempest-TestMinimumBasicScenario-1523928826-project-member] Registering scheme swift+http with {'store': , 'location_class': , 'store_entry': 'swift'} {{(pid=99737) register_scheme_map /opt/stack/data/venv/lib/python3.12/site-packages/glance_store/location.py:146}}
Aug 26 09:02:41.539453 np0000008150 devstack@g-api.service[99737]: DEBUG glance_store.location [None req-9ea00276-bfdd-4ed6-b0dd-229e8241a83e tempest-TestMinimumBasicScenario-1523928826 tempest-TestMinimumBasicScenario-1523928826-project-member] Registering scheme swift+https with {'store': , 'location_class': , 'store_entry': 'swift'} {{(pid=99737) register_scheme_map /opt/stack/data/venv/lib/python3.12/site-packages/glance_store/location.py:146}}
Aug 26 09:02:41.539506 np0000008150 devstack@g-api.service[99737]: DEBUG glance_store.location [None req-9ea00276-bfdd-4ed6-b0dd-229e8241a83e tempest-TestMinimumBasicScenario-1523928826 tempest-TestMinimumBasicScenario-1523928826-project-member] Registering scheme swift with {'store': , 'location_class': , 'store_entry': 'swift'} {{(pid=99737) register_scheme_map /opt/stack/data/venv/lib/python3.12/site-packages/glance_store/location.py:146}}
Aug 26 09:02:41.539588 np0000008150 devstack@g-api.service[99737]: DEBUG glance_store.location [None req-9ea00276-bfdd-4ed6-b0dd-229e8241a83e tempest-TestMinimumBasicScenario-1523928826 tempest-TestMinimumBasicScenario-1523928826-project-member] Registering scheme swift+http with {'store': , 'location_class': , 'store_entry': 'swift'} {{(pid=99737) register_scheme_map /opt/stack/data/venv/lib/python3.12/site-packages/glance_store/location.py:146}}
Aug 26 09:02:41.539639 np0000008150 devstack@g-api.service[99737]: DEBUG glance_store.location [None req-9ea00276-bfdd-4ed6-b0dd-229e8241a83e tempest-TestMinimumBasicScenario-1523928826 tempest-TestMinimumBasicScenario-1523928826-project-member] Registering scheme swift+config with {'store': , 'location_class': , 'store_entry': 'swift'} {{(pid=99737) register_scheme_map /opt/stack/data/venv/lib/python3.12/site-packages/glance_store/location.py:146}}
Aug 26 09:02:41.742805 np0000008150 devstack@g-api.service[99737]: DEBUG swiftclient [None req-9ea00276-bfdd-4ed6-b0dd-229e8241a83e tempest-TestMinimumBasicScenario-1523928826 tempest-TestMinimumBasicScenario-1523928826-project-member] REQ: curl -i https://10.4.3.182:8080/v1/AUTH_98e1b71e829643f2a080bc4eec61faaa/glance -I -H "X-Auth-Token: gAAAAABqjquxhk4G..." {{(pid=99737) http_log /opt/stack/data/venv/lib/python3.12/site-packages/swiftclient/client.py:160}}
Aug 26 09:02:41.742927 np0000008150 devstack@g-api.service[99737]: DEBUG swiftclient [None req-9ea00276-bfdd-4ed6-b0dd-229e8241a83e tempest-TestMinimumBasicScenario-1523928826 tempest-TestMinimumBasicScenario-1523928826-project-member] RESP STATUS: 204 No Content {{(pid=99737) http_log /opt/stack/data/venv/lib/python3.12/site-packages/swiftclient/client.py:161}}
Aug 26 09:02:41.743249 np0000008150 devstack@g-api.service[99737]: DEBUG swiftclient [None req-9ea00276-bfdd-4ed6-b0dd-229e8241a83e tempest-TestMinimumBasicScenario-1523928826 tempest-TestMinimumBasicScenario-1523928826-project-member] RESP HEADERS: {'Date': 'Wed, 26 Aug 2026 09:02:41 GMT', 'Server': 'Apache/2.4.58 (Ubuntu)', 'Content-Type': 'text/plain; charset=utf-8', 'X-Container-Object-Count': '3', 'X-Container-Bytes-Used': '64356352', 'X-Timestamp': '1787734557.78715', 'Last-Modified': 'Wed, 26 Aug 2026 08:55:58 GMT', 'Accept-Ranges': 'bytes', 'X-Storage-Policy': 'Policy-0', 'X-Container-Sharding': 'False', 'Vary': 'Accept', 'X-Trans-Id': 'tx533baded29fa4219951e9-006a8eabb1', 'X-Openstack-Request-Id': 'tx533baded29fa4219951e9-006a8eabb1', 'Connection': 'close'} {{(pid=99737) http_log /opt/stack/data/venv/lib/python3.12/site-packages/swiftclient/client.py:162}}
Aug 26 09:02:41.743479 np0000008150 devstack@g-api.service[99737]: DEBUG glance_store._drivers.swift.store [None req-9ea00276-bfdd-4ed6-b0dd-229e8241a83e tempest-TestMinimumBasicScenario-1523928826 tempest-TestMinimumBasicScenario-1523928826-project-member] Adding image object '954de7b7-75ba-40c1-9470-ec77697bee92' to Swift {{(pid=99737) add /opt/stack/data/venv/lib/python3.12/site-packages/glance_store/_drivers/swift/store.py:970}}
Aug 26 09:02:41.743576 np0000008150 devstack@g-api.service[99737]: DEBUG glance_store._drivers.swift.store [None req-9ea00276-bfdd-4ed6-b0dd-229e8241a83e tempest-TestMinimumBasicScenario-1523928826 tempest-TestMinimumBasicScenario-1523928826-project-member] Cannot determine image size because it is either not provided in the request or chunked-transfer encoding is used. Adding image as a segmented object to Swift. {{(pid=99737) add /opt/stack/data/venv/lib/python3.12/site-packages/glance_store/_drivers/swift/store.py:994}}
Aug 26 09:02:41.754791 np0000008150 devstack@g-api.service[99737]: DEBUG oslo_utils.imageutils.format_inspector [None req-9ea00276-bfdd-4ed6-b0dd-229e8241a83e tempest-TestMinimumBasicScenario-1523928826 tempest-TestMinimumBasicScenario-1523928826-project-member] Format inspector for vmdk does not match, excluding from consideration (Signature KDMV not found: b'QFI\xfb') {{(pid=99737) _process_chunk /opt/stack/data/venv/lib/python3.12/site-packages/oslo_utils/imageutils/format_inspector.py:1758}}
Aug 26 09:02:41.756922 np0000008150 devstack@g-api.service[99737]: DEBUG oslo_utils.imageutils.format_inspector [None req-9ea00276-bfdd-4ed6-b0dd-229e8241a83e tempest-TestMinimumBasicScenario-1523928826 tempest-TestMinimumBasicScenario-1523928826-project-member] Format inspector for vhdx does not match, excluding from consideration (Region signature not found at 30000) {{(pid=99737) _process_chunk /opt/stack/data/venv/lib/python3.12/site-packages/oslo_utils/imageutils/format_inspector.py:1758}}
Aug 26 09:02:41.987408 np0000008150 devstack@g-api.service[99737]: DEBUG swiftclient [None req-9ea00276-bfdd-4ed6-b0dd-229e8241a83e tempest-TestMinimumBasicScenario-1523928826 tempest-TestMinimumBasicScenario-1523928826-project-member] REQ: curl -i https://10.4.3.182:8080/v1/AUTH_98e1b71e829643f2a080bc4eec61faaa/glance/954de7b7-75ba-40c1-9470-ec77697bee92-00001 -X PUT -H "X-Auth-Token: gAAAAABqjquxhk4G..." {{(pid=99737) http_log /opt/stack/data/venv/lib/python3.12/site-packages/swiftclient/client.py:160}}
Aug 26 09:02:41.987574 np0000008150 devstack@g-api.service[99737]: DEBUG swiftclient [None req-9ea00276-bfdd-4ed6-b0dd-229e8241a83e tempest-TestMinimumBasicScenario-1523928826 tempest-TestMinimumBasicScenario-1523928826-project-member] RESP STATUS: 201 Created {{(pid=99737) http_log /opt/stack/data/venv/lib/python3.12/site-packages/swiftclient/client.py:161}}
Aug 26 09:02:41.987866 np0000008150 devstack@g-api.service[99737]: DEBUG swiftclient [None req-9ea00276-bfdd-4ed6-b0dd-229e8241a83e tempest-TestMinimumBasicScenario-1523928826 tempest-TestMinimumBasicScenario-1523928826-project-member] RESP HEADERS: {'Date': 'Wed, 26 Aug 2026 09:02:41 GMT', 'Server': 'Apache/2.4.58 (Ubuntu)', 'Content-Type': 'text/html; charset=UTF-8', 'Content-Length': '0', 'Etag': '87617e24a5e30cb3b87fda8c0764838f', 'Last-Modified': 'Wed, 26 Aug 2026 09:02:42 GMT', 'X-Trans-Id': 'tx6d4962f092c7491da67ef-006a8eabb1', 'X-Openstack-Request-Id': 'tx6d4962f092c7491da67ef-006a8eabb1', 'Connection': 'close'} {{(pid=99737) http_log /opt/stack/data/venv/lib/python3.12/site-packages/swiftclient/client.py:162}}
Aug 26 09:02:41.988009 np0000008150 devstack@g-api.service[99737]: DEBUG glance_store._drivers.swift.store [None req-9ea00276-bfdd-4ed6-b0dd-229e8241a83e tempest-TestMinimumBasicScenario-1523928826 tempest-TestMinimumBasicScenario-1523928826-project-member] Wrote chunk 954de7b7-75ba-40c1-9470-ec77697bee92-00001 (1/?) of length 21692416 to Swift returning MD5 of content: 87617e24a5e30cb3b87fda8c0764838f {{(pid=99737) add /opt/stack/data/venv/lib/python3.12/site-packages/glance_store/_drivers/swift/store.py:1059}}
Aug 26 09:02:41.988328 np0000008150 devstack@g-api.service[99737]: DEBUG glance_store._drivers.swift.store [None req-9ea00276-bfdd-4ed6-b0dd-229e8241a83e tempest-TestMinimumBasicScenario-1523928826 tempest-TestMinimumBasicScenario-1523928826-project-member] Not writing zero-length chunk. {{(pid=99737) add /opt/stack/data/venv/lib/python3.12/site-packages/glance_store/_drivers/swift/store.py:1028}}
Aug 26 09:02:41.997434 np0000008150 devstack@g-api.service[99739]: DEBUG glance.api.middleware.version_negotiation [None req-ab87c5e2-f35d-4f22-a551-1d41b87450d9 tempest-VolumesBackupsTest-1420233948 tempest-VolumesBackupsTest-1420233948-project-member] Determining version of request: GET /v2/images/9152c161-6690-401f-8ab1-8acb828d14a6 Accept: */* {{(pid=99739) process_request /opt/stack/glance/glance/api/middleware/version_negotiation.py:44}}
Aug 26 09:02:41.997908 np0000008150 devstack@g-api.service[99739]: DEBUG glance.api.middleware.version_negotiation [None req-ab87c5e2-f35d-4f22-a551-1d41b87450d9 tempest-VolumesBackupsTest-1420233948 tempest-VolumesBackupsTest-1420233948-project-member] Using url versioning {{(pid=99739) process_request /opt/stack/glance/glance/api/middleware/version_negotiation.py:57}}
Aug 26 09:02:41.997908 np0000008150 devstack@g-api.service[99739]: DEBUG glance.api.middleware.version_negotiation [None req-ab87c5e2-f35d-4f22-a551-1d41b87450d9 tempest-VolumesBackupsTest-1420233948 tempest-VolumesBackupsTest-1420233948-project-member] Matched version: v2 {{(pid=99739) process_request /opt/stack/glance/glance/api/middleware/version_negotiation.py:69}}
Aug 26 09:02:41.998110 np0000008150 devstack@g-api.service[99739]: DEBUG glance.api.middleware.version_negotiation [None req-ab87c5e2-f35d-4f22-a551-1d41b87450d9 tempest-VolumesBackupsTest-1420233948 tempest-VolumesBackupsTest-1420233948-project-member] new path /v2/images/9152c161-6690-401f-8ab1-8acb828d14a6 {{(pid=99739) process_request /opt/stack/glance/glance/api/middleware/version_negotiation.py:70}}
Aug 26 09:02:42.011585 np0000008150 devstack@g-api.service[99739]: [pid: 99739|app: 0|req: 111/352] 127.0.0.1 () {44 vars in 1115 bytes} [Wed Aug 26 09:02:41 2026] GET /v2/images/9152c161-6690-401f-8ab1-8acb828d14a6 => generated 1044 bytes in 14 msecs (HTTP/1.1 200) 4 headers in 158 bytes (1 switches on core 0)
Aug 26 09:02:42.020833 np0000008150 devstack@g-api.service[99737]: DEBUG swiftclient [None req-9ea00276-bfdd-4ed6-b0dd-229e8241a83e tempest-TestMinimumBasicScenario-1523928826 tempest-TestMinimumBasicScenario-1523928826-project-member] REQ: curl -i https://10.4.3.182:8080/v1/AUTH_98e1b71e829643f2a080bc4eec61faaa/glance/954de7b7-75ba-40c1-9470-ec77697bee92 -X PUT -H "X-Object-Manifest: glance/954de7b7-75ba-40c1-9470-ec77697bee92-" -H "X-Auth-Token: gAAAAABqjquxhk4G..." -H "Content-Length: 0" {{(pid=99737) http_log /opt/stack/data/venv/lib/python3.12/site-packages/swiftclient/client.py:160}}
Aug 26 09:02:42.021019 np0000008150 devstack@g-api.service[99737]: DEBUG swiftclient [None req-9ea00276-bfdd-4ed6-b0dd-229e8241a83e tempest-TestMinimumBasicScenario-1523928826 tempest-TestMinimumBasicScenario-1523928826-project-member] RESP STATUS: 201 Created {{(pid=99737) http_log /opt/stack/data/venv/lib/python3.12/site-packages/swiftclient/client.py:161}}
Aug 26 09:02:42.021174 np0000008150 devstack@g-api.service[99737]: DEBUG swiftclient [None req-9ea00276-bfdd-4ed6-b0dd-229e8241a83e tempest-TestMinimumBasicScenario-1523928826 tempest-TestMinimumBasicScenario-1523928826-project-member] RESP HEADERS: {'Date': 'Wed, 26 Aug 2026 09:02:42 GMT', 'Server': 'Apache/2.4.58 (Ubuntu)', 'Content-Type': 'text/html; charset=UTF-8', 'Content-Length': '0', 'Etag': 'd41d8cd98f00b204e9800998ecf8427e', 'Last-Modified': 'Wed, 26 Aug 2026 09:02:42 GMT', 'X-Trans-Id': 'tx77d3597868644488b0a3b-006a8eabb1', 'X-Openstack-Request-Id': 'tx77d3597868644488b0a3b-006a8eabb1', 'Connection': 'close'} {{(pid=99737) http_log /opt/stack/data/venv/lib/python3.12/site-packages/swiftclient/client.py:162}}
Aug 26 09:02:42.021676 np0000008150 devstack@g-api.service[99737]: INFO glance.location [None req-9ea00276-bfdd-4ed6-b0dd-229e8241a83e tempest-TestMinimumBasicScenario-1523928826 tempest-TestMinimumBasicScenario-1523928826-project-member] Image format matched and virtual size computed: 117440512
Aug 26 09:02:42.056976 np0000008150 devstack@g-api.service[99737]: DEBUG glance_store.backend [None req-9ea00276-bfdd-4ed6-b0dd-229e8241a83e tempest-TestMinimumBasicScenario-1523928826 tempest-TestMinimumBasicScenario-1523928826-project-member] Attempting to import store swift {{(pid=99737) _load_store /opt/stack/data/venv/lib/python3.12/site-packages/glance_store/backend.py:215}}
Aug 26 09:02:42.058622 np0000008150 devstack@g-api.service[99737]: DEBUG glance_store.capabilities [None req-9ea00276-bfdd-4ed6-b0dd-229e8241a83e tempest-TestMinimumBasicScenario-1523928826 tempest-TestMinimumBasicScenario-1523928826-project-member] Store glance_store._drivers.swift.store.SingleTenantStore doesn't support updating dynamic storage capabilities. Please overwrite 'update_capabilities' method of the store to implement updating logics if needed. {{(pid=99737) update_capabilities /opt/stack/data/venv/lib/python3.12/site-packages/glance_store/capabilities.py:91}}
Aug 26 09:02:42.058756 np0000008150 devstack@g-api.service[99737]: DEBUG glance_store.driver [None req-9ea00276-bfdd-4ed6-b0dd-229e8241a83e tempest-TestMinimumBasicScenario-1523928826 tempest-TestMinimumBasicScenario-1523928826-project-member] Late loading location class glance_store._drivers.swift.store.StoreLocation {{(pid=99737) get_store_location_class /opt/stack/data/venv/lib/python3.12/site-packages/glance_store/driver.py:134}}
Aug 26 09:02:42.058913 np0000008150 devstack@g-api.service[99737]: DEBUG glance_store.location [None req-9ea00276-bfdd-4ed6-b0dd-229e8241a83e tempest-TestMinimumBasicScenario-1523928826 tempest-TestMinimumBasicScenario-1523928826-project-member] Registering scheme swift+https with {'store': , 'location_class': , 'store_entry': 'swift'} {{(pid=99737) register_scheme_map /opt/stack/data/venv/lib/python3.12/site-packages/glance_store/location.py:146}}
Aug 26 09:02:42.059045 np0000008150 devstack@g-api.service[99738]: DEBUG glance.api.middleware.version_negotiation [None req-ffe3ce69-d674-481c-aa7a-4f43e5a336b7 tempest-TestMinimumBasicScenario-1523928826 tempest-TestMinimumBasicScenario-1523928826-project-member] Determining version of request: GET /v2/schemas/image Accept: */* {{(pid=99738) process_request /opt/stack/glance/glance/api/middleware/version_negotiation.py:44}}
Aug 26 09:02:42.059472 np0000008150 devstack@g-api.service[99737]: DEBUG glance_store.location [None req-9ea00276-bfdd-4ed6-b0dd-229e8241a83e tempest-TestMinimumBasicScenario-1523928826 tempest-TestMinimumBasicScenario-1523928826-project-member] Registering scheme swift+https with {'store': , 'location_class': , 'store_entry': 'swift'} {{(pid=99737) register_scheme_map /opt/stack/data/venv/lib/python3.12/site-packages/glance_store/location.py:146}}
Aug 26 09:02:42.059472 np0000008150 devstack@g-api.service[99737]: DEBUG glance_store.location [None req-9ea00276-bfdd-4ed6-b0dd-229e8241a83e tempest-TestMinimumBasicScenario-1523928826 tempest-TestMinimumBasicScenario-1523928826-project-member] Registering scheme swift with {'store': , 'location_class': , 'store_entry': 'swift'} {{(pid=99737) register_scheme_map /opt/stack/data/venv/lib/python3.12/site-packages/glance_store/location.py:146}}
Aug 26 09:02:42.059674 np0000008150 devstack@g-api.service[99738]: DEBUG glance.api.middleware.version_negotiation [None req-ffe3ce69-d674-481c-aa7a-4f43e5a336b7 tempest-TestMinimumBasicScenario-1523928826 tempest-TestMinimumBasicScenario-1523928826-project-member] Using url versioning {{(pid=99738) process_request /opt/stack/glance/glance/api/middleware/version_negotiation.py:57}}
Aug 26 09:02:42.059748 np0000008150 devstack@g-api.service[99737]: DEBUG glance_store.location [None req-9ea00276-bfdd-4ed6-b0dd-229e8241a83e tempest-TestMinimumBasicScenario-1523928826 tempest-TestMinimumBasicScenario-1523928826-project-member] Registering scheme swift+https with {'store': , 'location_class': , 'store_entry': 'swift'} {{(pid=99737) register_scheme_map /opt/stack/data/venv/lib/python3.12/site-packages/glance_store/location.py:146}}
Aug 26 09:02:42.059806 np0000008150 devstack@g-api.service[99738]: DEBUG glance.api.middleware.version_negotiation [None req-ffe3ce69-d674-481c-aa7a-4f43e5a336b7 tempest-TestMinimumBasicScenario-1523928826 tempest-TestMinimumBasicScenario-1523928826-project-member] Matched version: v2 {{(pid=99738) process_request /opt/stack/glance/glance/api/middleware/version_negotiation.py:69}}
