Aug 26 08:55:33.386599 np0000008150 nova-conductor[95771]: DEBUG cotyledon.oslo_config_glue [-] oslo_messaging_rabbit.rabbit_ha_queues = False {{(pid=95771) log_opt_values /opt/stack/data/venv/lib/python3.12/site-packages/oslo_config/cfg.py:3560}}
Aug 26 08:55:33.386599 np0000008150 nova-conductor[95771]: DEBUG cotyledon.oslo_config_glue [-] oslo_messaging_rabbit.rabbit_interval_max = 30 {{(pid=95771) log_opt_values /opt/stack/data/venv/lib/python3.12/site-packages/oslo_config/cfg.py:3560}}
Aug 26 08:55:33.386599 np0000008150 nova-conductor[95771]: DEBUG cotyledon.oslo_config_glue [-] oslo_messaging_rabbit.rabbit_login_method = AMQPLAIN {{(pid=95771) log_opt_values /opt/stack/data/venv/lib/python3.12/site-packages/oslo_config/cfg.py:3560}}
Aug 26 08:55:33.386599 np0000008150 nova-conductor[95771]: DEBUG cotyledon.oslo_config_glue [-] oslo_messaging_rabbit.rabbit_qos_prefetch_count = 0 {{(pid=95771) log_opt_values /opt/stack/data/venv/lib/python3.12/site-packages/oslo_config/cfg.py:3560}}
Aug 26 08:55:33.386599 np0000008150 nova-conductor[95771]: DEBUG cotyledon.oslo_config_glue [-] oslo_messaging_rabbit.rabbit_quorum_delivery_limit = 0 {{(pid=95771) log_opt_values /opt/stack/data/venv/lib/python3.12/site-packages/oslo_config/cfg.py:3560}}
Aug 26 08:55:33.386599 np0000008150 nova-conductor[95771]: DEBUG cotyledon.oslo_config_glue [-] oslo_messaging_rabbit.rabbit_quorum_max_memory_bytes = 0 {{(pid=95771) log_opt_values /opt/stack/data/venv/lib/python3.12/site-packages/oslo_config/cfg.py:3560}}
Aug 26 08:55:33.386599 np0000008150 nova-conductor[95771]: DEBUG cotyledon.oslo_config_glue [-] oslo_messaging_rabbit.rabbit_quorum_max_memory_length = 0 {{(pid=95771) log_opt_values /opt/stack/data/venv/lib/python3.12/site-packages/oslo_config/cfg.py:3560}}
Aug 26 08:55:33.386599 np0000008150 nova-conductor[95771]: DEBUG cotyledon.oslo_config_glue [-] oslo_messaging_rabbit.rabbit_quorum_queue = False {{(pid=95771) log_opt_values /opt/stack/data/venv/lib/python3.12/site-packages/oslo_config/cfg.py:3560}}
Aug 26 08:55:33.386886 np0000008150 nova-conductor[95771]: DEBUG cotyledon.oslo_config_glue [-] oslo_messaging_rabbit.rabbit_retry_backoff = 2 {{(pid=95771) log_opt_values /opt/stack/data/venv/lib/python3.12/site-packages/oslo_config/cfg.py:3560}}
Aug 26 08:55:33.386886 np0000008150 nova-conductor[95771]: DEBUG cotyledon.oslo_config_glue [-] oslo_messaging_rabbit.rabbit_retry_interval = 1 {{(pid=95771) log_opt_values /opt/stack/data/venv/lib/python3.12/site-packages/oslo_config/cfg.py:3560}}
Aug 26 08:55:33.386886 np0000008150 nova-conductor[95771]: DEBUG cotyledon.oslo_config_glue [-] oslo_messaging_rabbit.rabbit_stream_fanout = False {{(pid=95771) log_opt_values /opt/stack/data/venv/lib/python3.12/site-packages/oslo_config/cfg.py:3560}}
Aug 26 08:55:33.386886 np0000008150 nova-conductor[95771]: DEBUG cotyledon.oslo_config_glue [-] oslo_messaging_rabbit.rabbit_transient_queues_ttl = 1800 {{(pid=95771) log_opt_values /opt/stack/data/venv/lib/python3.12/site-packages/oslo_config/cfg.py:3560}}
Aug 26 08:55:33.386886 np0000008150 nova-conductor[95771]: DEBUG cotyledon.oslo_config_glue [-] oslo_messaging_rabbit.rabbit_transient_quorum_queue = False {{(pid=95771) log_opt_values /opt/stack/data/venv/lib/python3.12/site-packages/oslo_config/cfg.py:3560}}
Aug 26 08:55:33.386886 np0000008150 nova-conductor[95771]: DEBUG cotyledon.oslo_config_glue [-] oslo_messaging_rabbit.rpc_conn_pool_size = 30 {{(pid=95771) log_opt_values /opt/stack/data/venv/lib/python3.12/site-packages/oslo_config/cfg.py:3560}}
Aug 26 08:55:33.386886 np0000008150 nova-conductor[95771]: DEBUG cotyledon.oslo_config_glue [-] oslo_messaging_rabbit.ssl = False {{(pid=95771) log_opt_values /opt/stack/data/venv/lib/python3.12/site-packages/oslo_config/cfg.py:3560}}
Aug 26 08:55:33.386886 np0000008150 nova-conductor[95771]: DEBUG cotyledon.oslo_config_glue [-] oslo_messaging_rabbit.ssl_ca_file = {{(pid=95771) log_opt_values /opt/stack/data/venv/lib/python3.12/site-packages/oslo_config/cfg.py:3560}}
Aug 26 08:55:33.386886 np0000008150 nova-conductor[95771]: DEBUG cotyledon.oslo_config_glue [-] oslo_messaging_rabbit.ssl_cert_file = {{(pid=95771) log_opt_values /opt/stack/data/venv/lib/python3.12/site-packages/oslo_config/cfg.py:3560}}
Aug 26 08:55:33.387168 np0000008150 nova-conductor[95771]: DEBUG cotyledon.oslo_config_glue [-] oslo_messaging_rabbit.ssl_enforce_fips_mode = False {{(pid=95771) log_opt_values /opt/stack/data/venv/lib/python3.12/site-packages/oslo_config/cfg.py:3560}}
Aug 26 08:55:33.387168 np0000008150 nova-conductor[95771]: DEBUG cotyledon.oslo_config_glue [-] oslo_messaging_rabbit.ssl_enforce_hostname_verification = True {{(pid=95771) log_opt_values /opt/stack/data/venv/lib/python3.12/site-packages/oslo_config/cfg.py:3560}}
Aug 26 08:55:33.387168 np0000008150 nova-conductor[95771]: DEBUG cotyledon.oslo_config_glue [-] oslo_messaging_rabbit.ssl_key_file = {{(pid=95771) log_opt_values /opt/stack/data/venv/lib/python3.12/site-packages/oslo_config/cfg.py:3560}}
Aug 26 08:55:33.387168 np0000008150 nova-conductor[95771]: DEBUG cotyledon.oslo_config_glue [-] oslo_messaging_rabbit.ssl_version = {{(pid=95771) log_opt_values /opt/stack/data/venv/lib/python3.12/site-packages/oslo_config/cfg.py:3560}}
Aug 26 08:55:33.387168 np0000008150 nova-conductor[95771]: DEBUG cotyledon.oslo_config_glue [-] oslo_messaging_rabbit.use_queue_manager = False {{(pid=95771) log_opt_values /opt/stack/data/venv/lib/python3.12/site-packages/oslo_config/cfg.py:3560}}
Aug 26 08:55:33.387168 np0000008150 nova-conductor[95771]: DEBUG cotyledon.oslo_config_glue [-] oslo_messaging_notifications.driver = ['messagingv2'] {{(pid=95771) log_opt_values /opt/stack/data/venv/lib/python3.12/site-packages/oslo_config/cfg.py:3560}}
Aug 26 08:55:33.387168 np0000008150 nova-conductor[95771]: DEBUG cotyledon.oslo_config_glue [-] oslo_messaging_notifications.retry = -1 {{(pid=95771) log_opt_values /opt/stack/data/venv/lib/python3.12/site-packages/oslo_config/cfg.py:3560}}
Aug 26 08:55:33.387168 np0000008150 nova-conductor[95771]: DEBUG cotyledon.oslo_config_glue [-] oslo_messaging_notifications.topics = ['notifications'] {{(pid=95771) log_opt_values /opt/stack/data/venv/lib/python3.12/site-packages/oslo_config/cfg.py:3560}}
Aug 26 08:55:33.387168 np0000008150 nova-conductor[95771]: DEBUG cotyledon.oslo_config_glue [-] oslo_messaging_notifications.transport_url = **** {{(pid=95771) log_opt_values /opt/stack/data/venv/lib/python3.12/site-packages/oslo_config/cfg.py:3560}}
Aug 26 08:55:33.387399 np0000008150 nova-conductor[95771]: DEBUG cotyledon.oslo_config_glue [-] oslo_limit.auth_section = None {{(pid=95771) log_opt_values /opt/stack/data/venv/lib/python3.12/site-packages/oslo_config/cfg.py:3560}}
Aug 26 08:55:33.387399 np0000008150 nova-conductor[95771]: DEBUG cotyledon.oslo_config_glue [-] oslo_limit.auth_type = None {{(pid=95771) log_opt_values /opt/stack/data/venv/lib/python3.12/site-packages/oslo_config/cfg.py:3560}}
Aug 26 08:55:33.387399 np0000008150 nova-conductor[95771]: DEBUG cotyledon.oslo_config_glue [-] oslo_limit.cafile = None {{(pid=95771) log_opt_values /opt/stack/data/venv/lib/python3.12/site-packages/oslo_config/cfg.py:3560}}
Aug 26 08:55:33.387399 np0000008150 nova-conductor[95771]: DEBUG cotyledon.oslo_config_glue [-] oslo_limit.certfile = None {{(pid=95771) log_opt_values /opt/stack/data/venv/lib/python3.12/site-packages/oslo_config/cfg.py:3560}}
Aug 26 08:55:33.387399 np0000008150 nova-conductor[95771]: DEBUG cotyledon.oslo_config_glue [-] oslo_limit.collect_timing = False {{(pid=95771) log_opt_values /opt/stack/data/venv/lib/python3.12/site-packages/oslo_config/cfg.py:3560}}
Aug 26 08:55:33.387399 np0000008150 nova-conductor[95771]: DEBUG cotyledon.oslo_config_glue [-] oslo_limit.connect_retries = None {{(pid=95771) log_opt_values /opt/stack/data/venv/lib/python3.12/site-packages/oslo_config/cfg.py:3560}}
Aug 26 08:55:33.387399 np0000008150 nova-conductor[95771]: DEBUG cotyledon.oslo_config_glue [-] oslo_limit.connect_retry_delay = None {{(pid=95771) log_opt_values /opt/stack/data/venv/lib/python3.12/site-packages/oslo_config/cfg.py:3560}}
Aug 26 08:55:33.387399 np0000008150 nova-conductor[95771]: DEBUG cotyledon.oslo_config_glue [-] oslo_limit.endpoint_id = None {{(pid=95771) log_opt_values /opt/stack/data/venv/lib/python3.12/site-packages/oslo_config/cfg.py:3560}}
Aug 26 08:55:33.387399 np0000008150 nova-conductor[95771]: DEBUG cotyledon.oslo_config_glue [-] oslo_limit.endpoint_interface = public {{(pid=95771) log_opt_values /opt/stack/data/venv/lib/python3.12/site-packages/oslo_config/cfg.py:3560}}
Aug 26 08:55:33.387626 np0000008150 nova-conductor[95771]: DEBUG cotyledon.oslo_config_glue [-] oslo_limit.endpoint_override = None {{(pid=95771) log_opt_values /opt/stack/data/venv/lib/python3.12/site-packages/oslo_config/cfg.py:3560}}
Aug 26 08:55:33.387626 np0000008150 nova-conductor[95771]: DEBUG cotyledon.oslo_config_glue [-] oslo_limit.endpoint_region_name = None {{(pid=95771) log_opt_values /opt/stack/data/venv/lib/python3.12/site-packages/oslo_config/cfg.py:3560}}
Aug 26 08:55:33.387626 np0000008150 nova-conductor[95771]: DEBUG cotyledon.oslo_config_glue [-] oslo_limit.endpoint_service_name = None {{(pid=95771) log_opt_values /opt/stack/data/venv/lib/python3.12/site-packages/oslo_config/cfg.py:3560}}
Aug 26 08:55:33.387626 np0000008150 nova-conductor[95771]: DEBUG cotyledon.oslo_config_glue [-] oslo_limit.endpoint_service_type = None {{(pid=95771) log_opt_values /opt/stack/data/venv/lib/python3.12/site-packages/oslo_config/cfg.py:3560}}
Aug 26 08:55:33.387626 np0000008150 nova-conductor[95771]: DEBUG cotyledon.oslo_config_glue [-] oslo_limit.insecure = False {{(pid=95771) log_opt_values /opt/stack/data/venv/lib/python3.12/site-packages/oslo_config/cfg.py:3560}}
Aug 26 08:55:33.387626 np0000008150 nova-conductor[95771]: DEBUG cotyledon.oslo_config_glue [-] oslo_limit.keyfile = None {{(pid=95771) log_opt_values /opt/stack/data/venv/lib/python3.12/site-packages/oslo_config/cfg.py:3560}}
Aug 26 08:55:33.387626 np0000008150 nova-conductor[95771]: DEBUG cotyledon.oslo_config_glue [-] oslo_limit.max_version = None {{(pid=95771) log_opt_values /opt/stack/data/venv/lib/python3.12/site-packages/oslo_config/cfg.py:3560}}
Aug 26 08:55:33.387626 np0000008150 nova-conductor[95771]: DEBUG cotyledon.oslo_config_glue [-] oslo_limit.min_version = None {{(pid=95771) log_opt_values /opt/stack/data/venv/lib/python3.12/site-packages/oslo_config/cfg.py:3560}}
Aug 26 08:55:33.387626 np0000008150 nova-conductor[95771]: DEBUG cotyledon.oslo_config_glue [-] oslo_limit.region_name = None {{(pid=95771) log_opt_values /opt/stack/data/venv/lib/python3.12/site-packages/oslo_config/cfg.py:3560}}
Aug 26 08:55:33.387799 np0000008150 nova-conductor[95771]: DEBUG cotyledon.oslo_config_glue [-] oslo_limit.retriable_status_codes = None {{(pid=95771) log_opt_values /opt/stack/data/venv/lib/python3.12/site-packages/oslo_config/cfg.py:3560}}
Aug 26 08:55:33.387799 np0000008150 nova-conductor[95771]: DEBUG cotyledon.oslo_config_glue [-] oslo_limit.service_name = None {{(pid=95771) log_opt_values /opt/stack/data/venv/lib/python3.12/site-packages/oslo_config/cfg.py:3560}}
Aug 26 08:55:33.387799 np0000008150 nova-conductor[95771]: DEBUG cotyledon.oslo_config_glue [-] oslo_limit.service_type = None {{(pid=95771) log_opt_values /opt/stack/data/venv/lib/python3.12/site-packages/oslo_config/cfg.py:3560}}
Aug 26 08:55:33.387799 np0000008150 nova-conductor[95771]: DEBUG cotyledon.oslo_config_glue [-] oslo_limit.split_loggers = False {{(pid=95771) log_opt_values /opt/stack/data/venv/lib/python3.12/site-packages/oslo_config/cfg.py:3560}}
Aug 26 08:55:33.387799 np0000008150 nova-conductor[95771]: DEBUG cotyledon.oslo_config_glue [-] oslo_limit.status_code_retries = None {{(pid=95771) log_opt_values /opt/stack/data/venv/lib/python3.12/site-packages/oslo_config/cfg.py:3560}}
Aug 26 08:55:33.387799 np0000008150 nova-conductor[95771]: DEBUG cotyledon.oslo_config_glue [-] oslo_limit.status_code_retry_delay = None {{(pid=95771) log_opt_values /opt/stack/data/venv/lib/python3.12/site-packages/oslo_config/cfg.py:3560}}
Aug 26 08:55:33.387799 np0000008150 nova-conductor[95771]: DEBUG cotyledon.oslo_config_glue [-] oslo_limit.timeout = None {{(pid=95771) log_opt_values /opt/stack/data/venv/lib/python3.12/site-packages/oslo_config/cfg.py:3560}}
Aug 26 08:55:33.387799 np0000008150 nova-conductor[95771]: DEBUG cotyledon.oslo_config_glue [-] oslo_limit.valid_interfaces = None {{(pid=95771) log_opt_values /opt/stack/data/venv/lib/python3.12/site-packages/oslo_config/cfg.py:3560}}
Aug 26 08:55:33.387799 np0000008150 nova-conductor[95771]: DEBUG cotyledon.oslo_config_glue [-] oslo_limit.version = None {{(pid=95771) log_opt_values /opt/stack/data/venv/lib/python3.12/site-packages/oslo_config/cfg.py:3560}}
Aug 26 08:55:33.388122 np0000008150 nova-conductor[95771]: DEBUG cotyledon.oslo_config_glue [-] oslo_reports.file_event_handler = None {{(pid=95771) log_opt_values /opt/stack/data/venv/lib/python3.12/site-packages/oslo_config/cfg.py:3560}}
Aug 26 08:55:33.388122 np0000008150 nova-conductor[95771]: DEBUG cotyledon.oslo_config_glue [-] oslo_reports.file_event_handler_interval = 1 {{(pid=95771) log_opt_values /opt/stack/data/venv/lib/python3.12/site-packages/oslo_config/cfg.py:3560}}
Aug 26 08:55:33.388122 np0000008150 nova-conductor[95771]: DEBUG cotyledon.oslo_config_glue [-] oslo_reports.log_dir = None {{(pid=95771) log_opt_values /opt/stack/data/venv/lib/python3.12/site-packages/oslo_config/cfg.py:3560}}
Aug 26 08:55:33.388122 np0000008150 nova-conductor[95771]: DEBUG cotyledon.oslo_config_glue [-] ******************************************************************************** {{(pid=95771) log_opt_values /opt/stack/data/venv/lib/python3.12/site-packages/oslo_config/cfg.py:3567}}
Aug 26 08:55:33.388122 np0000008150 nova-conductor[95771]: DEBUG cotyledon._service_worker [-] Run service ServiceWrapper(2) [95771] {{(pid=95771) wait_forever /opt/stack/data/venv/lib/python3.12/site-packages/cotyledon/_service_worker.py:218}}
Aug 26 08:55:33.388231 np0000008150 nova-conductor[95764]: INFO dbcounter [None req-c24495b1-3ab3-4a9a-b0b9-81ce6f0b230c None None] Registered counter for database nova_cell0
Aug 26 08:55:33.388269 np0000008150 nova-conductor[95771]: INFO nova.service [-] Starting conductor node (version 33.1.0)
Aug 26 08:55:33.388305 np0000008150 nova-conductor[95755]: DEBUG oslo_db.sqlalchemy.engines [None req-bac970c3-5bf6-4e87-b896-23c17583b4e5 None None] MySQL server mode set to STRICT_TRANS_TABLES,STRICT_ALL_TABLES,NO_ZERO_IN_DATE,NO_ZERO_DATE,ERROR_FOR_DIVISION_BY_ZERO,TRADITIONAL,NO_ENGINE_SUBSTITUTION {{(pid=95755) _check_effective_sql_mode /opt/stack/data/venv/lib/python3.12/site-packages/oslo_db/sqlalchemy/engines.py:325}}
Aug 26 08:55:33.388334 np0000008150 nova-conductor[95771]: INFO dbcounter [None req-87d8dc9b-4217-41ad-b925-7ed2a0680479 None None] Registered counter for database nova_cell0
Aug 26 08:55:33.393481 np0000008150 nova-conductor[95755]: DEBUG dbcounter [-] [95755] Writer thread running {{(pid=95755) stat_writer /opt/stack/data/venv/lib/python3.12/site-packages/dbcounter.py:102}}
Aug 26 08:55:33.408475 np0000008150 nova-conductor[95755]: DEBUG nova.service [None req-bac970c3-5bf6-4e87-b896-23c17583b4e5 None None] Creating RPC server for service: nova-conductor on topic: conductor {{(pid=95755) start /opt/stack/nova/nova/service.py:262}}
Aug 26 08:55:33.415802 np0000008150 nova-conductor[95764]: DEBUG oslo_db.sqlalchemy.engines [None req-c24495b1-3ab3-4a9a-b0b9-81ce6f0b230c None None] MySQL server mode set to STRICT_TRANS_TABLES,STRICT_ALL_TABLES,NO_ZERO_IN_DATE,NO_ZERO_DATE,ERROR_FOR_DIVISION_BY_ZERO,TRADITIONAL,NO_ENGINE_SUBSTITUTION {{(pid=95764) _check_effective_sql_mode /opt/stack/data/venv/lib/python3.12/site-packages/oslo_db/sqlalchemy/engines.py:325}}
Aug 26 08:55:33.423969 np0000008150 nova-conductor[95764]: DEBUG dbcounter [-] [95764] Writer thread running {{(pid=95764) stat_writer /opt/stack/data/venv/lib/python3.12/site-packages/dbcounter.py:102}}
Aug 26 08:55:33.426856 np0000008150 nova-conductor[95764]: DEBUG nova.service [None req-c24495b1-3ab3-4a9a-b0b9-81ce6f0b230c None None] Creating RPC server for service: nova-conductor on topic: conductor {{(pid=95764) start /opt/stack/nova/nova/service.py:262}}
Aug 26 08:55:33.429073 np0000008150 nova-conductor[95755]: DEBUG nova.service [None req-bac970c3-5bf6-4e87-b896-23c17583b4e5 None None] Join ServiceGroup membership for this service conductor {{(pid=95755) start /opt/stack/nova/nova/service.py:288}}
Aug 26 08:55:33.429328 np0000008150 nova-conductor[95755]: DEBUG nova.servicegroup.drivers.db [None req-bac970c3-5bf6-4e87-b896-23c17583b4e5 None None] DB_Driver: join new ServiceGroup member np0000008150 to the conductor group, service = {{(pid=95755) join /opt/stack/nova/nova/servicegroup/drivers/db.py:44}}
Aug 26 08:55:33.431365 np0000008150 nova-conductor[95771]: DEBUG oslo_db.sqlalchemy.engines [None req-87d8dc9b-4217-41ad-b925-7ed2a0680479 None None] MySQL server mode set to STRICT_TRANS_TABLES,STRICT_ALL_TABLES,NO_ZERO_IN_DATE,NO_ZERO_DATE,ERROR_FOR_DIVISION_BY_ZERO,TRADITIONAL,NO_ENGINE_SUBSTITUTION {{(pid=95771) _check_effective_sql_mode /opt/stack/data/venv/lib/python3.12/site-packages/oslo_db/sqlalchemy/engines.py:325}}
Aug 26 08:55:33.441083 np0000008150 nova-conductor[95771]: DEBUG dbcounter [-] [95771] Writer thread running {{(pid=95771) stat_writer /opt/stack/data/venv/lib/python3.12/site-packages/dbcounter.py:102}}
Aug 26 08:55:33.444142 np0000008150 nova-conductor[95771]: DEBUG nova.service [None req-87d8dc9b-4217-41ad-b925-7ed2a0680479 None None] Creating RPC server for service: nova-conductor on topic: conductor {{(pid=95771) start /opt/stack/nova/nova/service.py:262}}
Aug 26 08:55:33.444252 np0000008150 nova-conductor[95764]: DEBUG nova.service [None req-c24495b1-3ab3-4a9a-b0b9-81ce6f0b230c None None] Join ServiceGroup membership for this service conductor {{(pid=95764) start /opt/stack/nova/nova/service.py:288}}
Aug 26 08:55:33.444703 np0000008150 nova-conductor[95764]: DEBUG nova.servicegroup.drivers.db [None req-c24495b1-3ab3-4a9a-b0b9-81ce6f0b230c None None] DB_Driver: join new ServiceGroup member np0000008150 to the conductor group, service = {{(pid=95764) join /opt/stack/nova/nova/servicegroup/drivers/db.py:44}}
Aug 26 08:55:33.464359 np0000008150 nova-conductor[95771]: DEBUG nova.service [None req-87d8dc9b-4217-41ad-b925-7ed2a0680479 None None] Join ServiceGroup membership for this service conductor {{(pid=95771) start /opt/stack/nova/nova/service.py:288}}
Aug 26 08:55:33.464679 np0000008150 nova-conductor[95771]: DEBUG nova.servicegroup.drivers.db [None req-87d8dc9b-4217-41ad-b925-7ed2a0680479 None None] DB_Driver: join new ServiceGroup member np0000008150 to the conductor group, service = {{(pid=95771) join /opt/stack/nova/nova/servicegroup/drivers/db.py:44}}
Aug 26 08:55:38.443363 np0000008150 nova-conductor[95755]: DEBUG oslo.service.backend._threading.loopingcall [-] Fixed interval looping call 'nova.servicegroup.drivers.db.DbDriver._report_state' sleeping for 119.99 seconds {{(pid=95755) _run_loop /opt/stack/data/venv/lib/python3.12/site-packages/oslo_service/backend/_threading/loopingcall.py:125}}
Aug 26 08:55:38.454562 np0000008150 nova-conductor[95764]: DEBUG oslo.service.backend._threading.loopingcall [-] Fixed interval looping call 'nova.servicegroup.drivers.db.DbDriver._report_state' sleeping for 119.99 seconds {{(pid=95764) _run_loop /opt/stack/data/venv/lib/python3.12/site-packages/oslo_service/backend/_threading/loopingcall.py:125}}
Aug 26 08:55:38.474571 np0000008150 nova-conductor[95771]: DEBUG oslo.service.backend._threading.loopingcall [-] Fixed interval looping call 'nova.servicegroup.drivers.db.DbDriver._report_state' sleeping for 119.99 seconds {{(pid=95771) _run_loop /opt/stack/data/venv/lib/python3.12/site-packages/oslo_service/backend/_threading/loopingcall.py:125}}
Aug 26 08:55:42.016605 np0000008150 nova-conductor[94350]: DEBUG dbcounter [-] [94350] Writing DB stats nova_api:SELECT=1 {{(pid=94350) stat_writer /opt/stack/data/venv/lib/python3.12/site-packages/dbcounter.py:115}}
Aug 26 08:55:42.149108 np0000008150 nova-conductor[94350]: DEBUG dbcounter [-] [94350] Writing DB stats nova_cell0:SELECT=1 {{(pid=94350) stat_writer /opt/stack/data/venv/lib/python3.12/site-packages/dbcounter.py:115}}
Aug 26 08:55:42.153429 np0000008150 nova-conductor[94350]: DEBUG dbcounter [-] [94350] Writing DB stats nova_cell1:SELECT=1 {{(pid=94350) stat_writer /opt/stack/data/venv/lib/python3.12/site-packages/dbcounter.py:115}}
Aug 26 08:55:48.438613 np0000008150 nova-conductor[95755]: DEBUG dbcounter [-] [95755] Writing DB stats nova_cell0:SELECT=4,nova_cell0:INSERT=1,nova_cell0:UPDATE=1 {{(pid=95755) stat_writer /opt/stack/data/venv/lib/python3.12/site-packages/dbcounter.py:115}}
Aug 26 08:55:48.454231 np0000008150 nova-conductor[95764]: DEBUG dbcounter [-] [95764] Writing DB stats nova_cell0:SELECT=3 {{(pid=95764) stat_writer /opt/stack/data/venv/lib/python3.12/site-packages/dbcounter.py:115}}
Aug 26 08:55:48.476147 np0000008150 nova-conductor[95771]: DEBUG dbcounter [-] [95771] Writing DB stats nova_cell0:SELECT=3 {{(pid=95771) stat_writer /opt/stack/data/venv/lib/python3.12/site-packages/dbcounter.py:115}}
Aug 26 08:55:57.446897 np0000008150 nova-conductor[95764]: DEBUG oslo.service.backend._threading.loopingcall [None req-df1b208d-ca33-4808-a201-461c128048ba None None] Dynamic interval looping call 'nova.service.Service.periodic_tasks' sleeping for 60.00 seconds {{(pid=95764) _run_loop /opt/stack/data/venv/lib/python3.12/site-packages/oslo_service/backend/_threading/loopingcall.py:125}}
Aug 26 08:56:11.467077 np0000008150 nova-conductor[95771]: DEBUG oslo.service.backend._threading.loopingcall [None req-4e811a37-0337-4db2-8ac7-eea6bed5eb2e None None] Dynamic interval looping call 'nova.service.Service.periodic_tasks' sleeping for 60.00 seconds {{(pid=95771) _run_loop /opt/stack/data/venv/lib/python3.12/site-packages/oslo_service/backend/_threading/loopingcall.py:125}}
Aug 26 08:56:30.431625 np0000008150 nova-conductor[95755]: DEBUG oslo.service.backend._threading.loopingcall [None req-ea613ec1-2ef2-4c19-be37-4e0e70e72ea5 None None] Dynamic interval looping call 'nova.service.Service.periodic_tasks' sleeping for 60.00 seconds {{(pid=95755) _run_loop /opt/stack/data/venv/lib/python3.12/site-packages/oslo_service/backend/_threading/loopingcall.py:125}}
Aug 26 08:56:57.447381 np0000008150 nova-conductor[95764]: DEBUG oslo.service.backend._threading.loopingcall [None req-df1b208d-ca33-4808-a201-461c128048ba None None] Dynamic interval looping call 'nova.service.Service.periodic_tasks' sleeping for 60.00 seconds {{(pid=95764) _run_loop /opt/stack/data/venv/lib/python3.12/site-packages/oslo_service/backend/_threading/loopingcall.py:125}}
Aug 26 08:57:11.467577 np0000008150 nova-conductor[95771]: DEBUG oslo.service.backend._threading.loopingcall [None req-4e811a37-0337-4db2-8ac7-eea6bed5eb2e None None] Dynamic interval looping call 'nova.service.Service.periodic_tasks' sleeping for 60.00 seconds {{(pid=95771) _run_loop /opt/stack/data/venv/lib/python3.12/site-packages/oslo_service/backend/_threading/loopingcall.py:125}}
Aug 26 08:57:30.432233 np0000008150 nova-conductor[95755]: DEBUG oslo.service.backend._threading.loopingcall [None req-ea613ec1-2ef2-4c19-be37-4e0e70e72ea5 None None] Dynamic interval looping call 'nova.service.Service.periodic_tasks' sleeping for 60.00 seconds {{(pid=95755) _run_loop /opt/stack/data/venv/lib/python3.12/site-packages/oslo_service/backend/_threading/loopingcall.py:125}}
Aug 26 08:57:38.441234 np0000008150 nova-conductor[95755]: DEBUG oslo.service.backend._threading.loopingcall [-] Fixed interval looping call 'nova.servicegroup.drivers.db.DbDriver._report_state' sleeping for 119.99 seconds {{(pid=95755) _run_loop /opt/stack/data/venv/lib/python3.12/site-packages/oslo_service/backend/_threading/loopingcall.py:125}}
Aug 26 08:57:38.448149 np0000008150 nova-conductor[95764]: DEBUG oslo.service.backend._threading.loopingcall [-] Fixed interval looping call 'nova.servicegroup.drivers.db.DbDriver._report_state' sleeping for 120.00 seconds {{(pid=95764) _run_loop /opt/stack/data/venv/lib/python3.12/site-packages/oslo_service/backend/_threading/loopingcall.py:125}}
Aug 26 08:57:38.467853 np0000008150 nova-conductor[95771]: DEBUG oslo.service.backend._threading.loopingcall [-] Fixed interval looping call 'nova.servicegroup.drivers.db.DbDriver._report_state' sleeping for 120.00 seconds {{(pid=95771) _run_loop /opt/stack/data/venv/lib/python3.12/site-packages/oslo_service/backend/_threading/loopingcall.py:125}}
Aug 26 08:57:48.436722 np0000008150 nova-conductor[95755]: DEBUG dbcounter [-] [95755] Writing DB stats nova_cell0:SELECT=1,nova_cell0:UPDATE=1 {{(pid=95755) stat_writer /opt/stack/data/venv/lib/python3.12/site-packages/dbcounter.py:115}}
Aug 26 08:57:48.446777 np0000008150 nova-conductor[95764]: DEBUG dbcounter [-] [95764] Writing DB stats nova_cell0:SELECT=1 {{(pid=95764) stat_writer /opt/stack/data/venv/lib/python3.12/site-packages/dbcounter.py:115}}
Aug 26 08:57:48.469681 np0000008150 nova-conductor[95771]: DEBUG dbcounter [-] [95771] Writing DB stats nova_cell0:SELECT=1 {{(pid=95771) stat_writer /opt/stack/data/venv/lib/python3.12/site-packages/dbcounter.py:115}}
Aug 26 08:57:57.447963 np0000008150 nova-conductor[95764]: DEBUG oslo.service.backend._threading.loopingcall [None req-df1b208d-ca33-4808-a201-461c128048ba None None] Dynamic interval looping call 'nova.service.Service.periodic_tasks' sleeping for 60.00 seconds {{(pid=95764) _run_loop /opt/stack/data/venv/lib/python3.12/site-packages/oslo_service/backend/_threading/loopingcall.py:125}}
Aug 26 08:57:59.707267 np0000008150 nova-conductor[95755]: DEBUG oslo_db.sqlalchemy.engines [None req-af2fe64e-7082-4702-969b-61c55ab828e7 tempest-DeleteServersTestJSON-892738492 tempest-DeleteServersTestJSON-892738492-project-member] Parent process 94350 forked (95755) with an open database connection, which is being discarded and recreated. {{(pid=95755) checkout /opt/stack/data/venv/lib/python3.12/site-packages/oslo_db/sqlalchemy/engines.py:402}}
Aug 26 08:57:59.766042 np0000008150 nova-conductor[95755]: DEBUG dbcounter [-] [95755] Writer thread running {{(pid=95755) stat_writer /opt/stack/data/venv/lib/python3.12/site-packages/dbcounter.py:102}}
Aug 26 08:58:00.824680 np0000008150 nova-conductor[95755]: DEBUG nova.conductor.manager [None req-af2fe64e-7082-4702-969b-61c55ab828e7 tempest-DeleteServersTestJSON-892738492 tempest-DeleteServersTestJSON-892738492-project-member] Took 1.06 seconds to select destinations for 1 instance(s). {{(pid=95755) _schedule_instances /opt/stack/nova/nova/conductor/manager.py:957}}
Aug 26 08:58:00.863570 np0000008150 nova-conductor[95755]: DEBUG oslo_concurrency.lockutils [None req-af2fe64e-7082-4702-969b-61c55ab828e7 tempest-DeleteServersTestJSON-892738492 tempest-DeleteServersTestJSON-892738492-project-member] Acquiring lock "7cbd9e8b-5152-401c-a8af-bb1dd5336e38" by "nova.context.set_target_cell..get_or_set_cached_cell_and_set_connections" {{(pid=95755) inner /opt/stack/data/venv/lib/python3.12/site-packages/oslo_concurrency/lockutils.py:512}}
Aug 26 08:58:00.863570 np0000008150 nova-conductor[95755]: DEBUG oslo_concurrency.lockutils [None req-af2fe64e-7082-4702-969b-61c55ab828e7 tempest-DeleteServersTestJSON-892738492 tempest-DeleteServersTestJSON-892738492-project-member] Lock "7cbd9e8b-5152-401c-a8af-bb1dd5336e38" acquired by "nova.context.set_target_cell..get_or_set_cached_cell_and_set_connections" :: waited 0.000s {{(pid=95755) inner /opt/stack/data/venv/lib/python3.12/site-packages/oslo_concurrency/lockutils.py:525}}
Aug 26 08:58:00.865449 np0000008150 nova-conductor[95755]: DEBUG oslo_concurrency.lockutils [None req-af2fe64e-7082-4702-969b-61c55ab828e7 tempest-DeleteServersTestJSON-892738492 tempest-DeleteServersTestJSON-892738492-project-member] Lock "7cbd9e8b-5152-401c-a8af-bb1dd5336e38" "released" by "nova.context.set_target_cell..get_or_set_cached_cell_and_set_connections" :: held 0.001s {{(pid=95755) inner /opt/stack/data/venv/lib/python3.12/site-packages/oslo_concurrency/lockutils.py:544}}
Aug 26 08:58:00.868454 np0000008150 nova-conductor[95755]: INFO dbcounter [None req-af2fe64e-7082-4702-969b-61c55ab828e7 tempest-DeleteServersTestJSON-892738492 tempest-DeleteServersTestJSON-892738492-project-member] Registered counter for database nova_cell1
Aug 26 08:58:00.924949 np0000008150 nova-conductor[95755]: DEBUG oslo_db.sqlalchemy.engines [None req-af2fe64e-7082-4702-969b-61c55ab828e7 tempest-DeleteServersTestJSON-892738492 tempest-DeleteServersTestJSON-892738492-project-member] MySQL server mode set to STRICT_TRANS_TABLES,STRICT_ALL_TABLES,NO_ZERO_IN_DATE,NO_ZERO_DATE,ERROR_FOR_DIVISION_BY_ZERO,TRADITIONAL,NO_ENGINE_SUBSTITUTION {{(pid=95755) _check_effective_sql_mode /opt/stack/data/venv/lib/python3.12/site-packages/oslo_db/sqlalchemy/engines.py:325}}
Aug 26 08:58:00.940461 np0000008150 nova-conductor[95764]: DEBUG dbcounter [-] [95764] Writer thread running {{(pid=95764) stat_writer /opt/stack/data/venv/lib/python3.12/site-packages/dbcounter.py:102}}
Aug 26 08:58:00.947009 np0000008150 nova-conductor[95755]: DEBUG dbcounter [-] [95755] Writer thread running {{(pid=95755) stat_writer /opt/stack/data/venv/lib/python3.12/site-packages/dbcounter.py:102}}
Aug 26 08:58:01.034979 np0000008150 nova-conductor[95755]: DEBUG oslo_concurrency.lockutils [None req-af2fe64e-7082-4702-969b-61c55ab828e7 tempest-DeleteServersTestJSON-892738492 tempest-DeleteServersTestJSON-892738492-project-member] Acquiring lock "00000000-0000-0000-0000-000000000000" by "nova.context.set_target_cell..get_or_set_cached_cell_and_set_connections" {{(pid=95755) inner /opt/stack/data/venv/lib/python3.12/site-packages/oslo_concurrency/lockutils.py:512}}
Aug 26 08:58:01.035126 np0000008150 nova-conductor[95755]: DEBUG oslo_concurrency.lockutils [None req-af2fe64e-7082-4702-969b-61c55ab828e7 tempest-DeleteServersTestJSON-892738492 tempest-DeleteServersTestJSON-892738492-project-member] Lock "00000000-0000-0000-0000-000000000000" acquired by "nova.context.set_target_cell..get_or_set_cached_cell_and_set_connections" :: waited 0.000s {{(pid=95755) inner /opt/stack/data/venv/lib/python3.12/site-packages/oslo_concurrency/lockutils.py:525}}
Aug 26 08:58:01.035455 np0000008150 nova-conductor[95755]: DEBUG oslo_concurrency.lockutils [None req-af2fe64e-7082-4702-969b-61c55ab828e7 tempest-DeleteServersTestJSON-892738492 tempest-DeleteServersTestJSON-892738492-project-member] Lock "00000000-0000-0000-0000-000000000000" "released" by "nova.context.set_target_cell..get_or_set_cached_cell_and_set_connections" :: held 0.000s {{(pid=95755) inner /opt/stack/data/venv/lib/python3.12/site-packages/oslo_concurrency/lockutils.py:544}}
Aug 26 08:58:01.035846 np0000008150 nova-conductor[95755]: INFO nova.thread_pool_factory [None req-af2fe64e-7082-4702-969b-61c55ab828e7 tempest-DeleteServersTestJSON-892738492 tempest-DeleteServersTestJSON-892738492-project-member] The cell_worker thread pool ForkProcess-1.cell_worker is initialized
Aug 26 08:58:01.036864 np0000008150 nova-conductor[95755]: DEBUG oslo_concurrency.lockutils [None req-af2fe64e-7082-4702-969b-61c55ab828e7 tempest-DeleteServersTestJSON-892738492 tempest-DeleteServersTestJSON-892738492-project-member] Acquiring lock "7cbd9e8b-5152-401c-a8af-bb1dd5336e38" by "nova.context.set_target_cell..get_or_set_cached_cell_and_set_connections" {{(pid=95755) inner /opt/stack/data/venv/lib/python3.12/site-packages/oslo_concurrency/lockutils.py:512}}
Aug 26 08:58:01.038772 np0000008150 nova-conductor[95755]: INFO dbcounter [None req-af2fe64e-7082-4702-969b-61c55ab828e7 tempest-DeleteServersTestJSON-892738492 tempest-DeleteServersTestJSON-892738492-project-member] Registered counter for database nova_cell0
Aug 26 08:58:01.041678 np0000008150 nova-conductor[95755]: DEBUG oslo_concurrency.lockutils [None req-af2fe64e-7082-4702-969b-61c55ab828e7 tempest-DeleteServersTestJSON-892738492 tempest-DeleteServersTestJSON-892738492-project-member] Lock "7cbd9e8b-5152-401c-a8af-bb1dd5336e38" acquired by "nova.context.set_target_cell..get_or_set_cached_cell_and_set_connections" :: waited 0.002s {{(pid=95755) inner /opt/stack/data/venv/lib/python3.12/site-packages/oslo_concurrency/lockutils.py:525}}
Aug 26 08:58:01.042288 np0000008150 nova-conductor[95755]: DEBUG oslo_concurrency.lockutils [None req-af2fe64e-7082-4702-969b-61c55ab828e7 tempest-DeleteServersTestJSON-892738492 tempest-DeleteServersTestJSON-892738492-project-member] Lock "7cbd9e8b-5152-401c-a8af-bb1dd5336e38" "released" by "nova.context.set_target_cell..get_or_set_cached_cell_and_set_connections" :: held 0.003s {{(pid=95755) inner /opt/stack/data/venv/lib/python3.12/site-packages/oslo_concurrency/lockutils.py:544}}
Aug 26 08:58:01.078999 np0000008150 nova-conductor[95755]: DEBUG oslo_db.sqlalchemy.engines [None req-af2fe64e-7082-4702-969b-61c55ab828e7 tempest-DeleteServersTestJSON-892738492 tempest-DeleteServersTestJSON-892738492-project-member] MySQL server mode set to STRICT_TRANS_TABLES,STRICT_ALL_TABLES,NO_ZERO_IN_DATE,NO_ZERO_DATE,ERROR_FOR_DIVISION_BY_ZERO,TRADITIONAL,NO_ENGINE_SUBSTITUTION {{(pid=95755) _check_effective_sql_mode /opt/stack/data/venv/lib/python3.12/site-packages/oslo_db/sqlalchemy/engines.py:325}}
Aug 26 08:58:01.085060 np0000008150 nova-conductor[95755]: DEBUG dbcounter [-] [95755] Writer thread running {{(pid=95755) stat_writer /opt/stack/data/venv/lib/python3.12/site-packages/dbcounter.py:102}}
Aug 26 08:58:01.095488 np0000008150 nova-conductor[95755]: DEBUG nova.quota [None req-af2fe64e-7082-4702-969b-61c55ab828e7 tempest-DeleteServersTestJSON-892738492 tempest-DeleteServersTestJSON-892738492-project-member] Getting quotas for project a3a335b492d341f79014d4c21ded45ee. Resources: {'ram', 'instances', 'cores'} {{(pid=95755) _get_quotas /opt/stack/nova/nova/quota.py:389}}
Aug 26 08:58:01.098136 np0000008150 nova-conductor[95771]: DEBUG dbcounter [-] [95771] Writer thread running {{(pid=95771) stat_writer /opt/stack/data/venv/lib/python3.12/site-packages/dbcounter.py:102}}
Aug 26 08:58:01.100297 np0000008150 nova-conductor[95755]: DEBUG nova.quota [None req-af2fe64e-7082-4702-969b-61c55ab828e7 tempest-DeleteServersTestJSON-892738492 tempest-DeleteServersTestJSON-892738492-project-member] Getting quotas for user 19b3db2953234939a52bb5eb857e0066 and project a3a335b492d341f79014d4c21ded45ee. Resources: {'ram', 'instances', 'cores'} {{(pid=95755) _get_quotas /opt/stack/nova/nova/quota.py:379}}
Aug 26 08:58:01.107005 np0000008150 nova-conductor[95755]: DEBUG nova.conductor.manager [None req-af2fe64e-7082-4702-969b-61c55ab828e7 tempest-DeleteServersTestJSON-892738492 tempest-DeleteServersTestJSON-892738492-project-member] [instance: c971ec32-0dea-4506-a722-4dfc52c2835b] Selected host: np0000008150; Selected node: np0000008150; Alternates: [] {{(pid=95755) schedule_and_build_instances /opt/stack/nova/nova/conductor/manager.py:1773}}
Aug 26 08:58:01.108953 np0000008150 nova-conductor[95755]: DEBUG oslo_concurrency.lockutils [None req-af2fe64e-7082-4702-969b-61c55ab828e7 tempest-DeleteServersTestJSON-892738492 tempest-DeleteServersTestJSON-892738492-project-member] Acquiring lock "7cbd9e8b-5152-401c-a8af-bb1dd5336e38" by "nova.context.set_target_cell..get_or_set_cached_cell_and_set_connections" {{(pid=95755) inner /opt/stack/data/venv/lib/python3.12/site-packages/oslo_concurrency/lockutils.py:512}}
Aug 26 08:58:01.108953 np0000008150 nova-conductor[95755]: DEBUG oslo_concurrency.lockutils [None req-af2fe64e-7082-4702-969b-61c55ab828e7 tempest-DeleteServersTestJSON-892738492 tempest-DeleteServersTestJSON-892738492-project-member] Lock "7cbd9e8b-5152-401c-a8af-bb1dd5336e38" acquired by "nova.context.set_target_cell..get_or_set_cached_cell_and_set_connections" :: waited 0.000s {{(pid=95755) inner /opt/stack/data/venv/lib/python3.12/site-packages/oslo_concurrency/lockutils.py:525}}
Aug 26 08:58:01.108953 np0000008150 nova-conductor[95755]: DEBUG oslo_concurrency.lockutils [None req-af2fe64e-7082-4702-969b-61c55ab828e7 tempest-DeleteServersTestJSON-892738492 tempest-DeleteServersTestJSON-892738492-project-member] Lock "7cbd9e8b-5152-401c-a8af-bb1dd5336e38" "released" by "nova.context.set_target_cell..get_or_set_cached_cell_and_set_connections" :: held 0.000s {{(pid=95755) inner /opt/stack/data/venv/lib/python3.12/site-packages/oslo_concurrency/lockutils.py:544}}
Aug 26 08:58:01.119048 np0000008150 nova-conductor[95755]: DEBUG nova.conductor.manager [None req-af2fe64e-7082-4702-969b-61c55ab828e7 tempest-DeleteServersTestJSON-892738492 tempest-DeleteServersTestJSON-892738492-project-member] [instance: c971ec32-0dea-4506-a722-4dfc52c2835b] block_device_mapping [BlockDeviceMapping(attachment_id=,boot_index=0,connection_info=None,created_at=,delete_on_termination=True,deleted=,deleted_at=,destination_type='local',device_name=None,device_type='disk',disk_bus=None,encrypted=False,encryption_format=None,encryption_options=None,encryption_secret_uuid=None,guest_format=None,id=,image_id='9152c161-6690-401f-8ab1-8acb828d14a6',instance=,instance_uuid=,no_device=False,snapshot_id=None,source_type='image',tag=None,updated_at=,uuid=,volume_id=None,volume_size=None,volume_type=None)] {{(pid=95755) _create_block_device_mapping /opt/stack/nova/nova/conductor/manager.py:1518}}
Aug 26 08:58:01.120835 np0000008150 nova-conductor[95755]: DEBUG oslo_concurrency.lockutils [None req-af2fe64e-7082-4702-969b-61c55ab828e7 tempest-DeleteServersTestJSON-892738492 tempest-DeleteServersTestJSON-892738492-project-member] Acquiring lock "7cbd9e8b-5152-401c-a8af-bb1dd5336e38" by "nova.context.set_target_cell..get_or_set_cached_cell_and_set_connections" {{(pid=95755) inner /opt/stack/data/venv/lib/python3.12/site-packages/oslo_concurrency/lockutils.py:512}}
Aug 26 08:58:01.121104 np0000008150 nova-conductor[95755]: DEBUG oslo_concurrency.lockutils [None req-af2fe64e-7082-4702-969b-61c55ab828e7 tempest-DeleteServersTestJSON-892738492 tempest-DeleteServersTestJSON-892738492-project-member] Lock "7cbd9e8b-5152-401c-a8af-bb1dd5336e38" acquired by "nova.context.set_target_cell..get_or_set_cached_cell_and_set_connections" :: waited 0.000s {{(pid=95755) inner /opt/stack/data/venv/lib/python3.12/site-packages/oslo_concurrency/lockutils.py:525}}
Aug 26 08:58:01.121284 np0000008150 nova-conductor[95755]: DEBUG oslo_concurrency.lockutils [None req-af2fe64e-7082-4702-969b-61c55ab828e7 tempest-DeleteServersTestJSON-892738492 tempest-DeleteServersTestJSON-892738492-project-member] Lock "7cbd9e8b-5152-401c-a8af-bb1dd5336e38" "released" by "nova.context.set_target_cell..get_or_set_cached_cell_and_set_connections" :: held 0.000s {{(pid=95755) inner /opt/stack/data/venv/lib/python3.12/site-packages/oslo_concurrency/lockutils.py:544}}
Aug 26 08:58:01.193660 np0000008150 nova-conductor[95755]: DEBUG oslo_concurrency.lockutils [None req-af2fe64e-7082-4702-969b-61c55ab828e7 tempest-DeleteServersTestJSON-892738492 tempest-DeleteServersTestJSON-892738492-project-member] Acquiring lock "7cbd9e8b-5152-401c-a8af-bb1dd5336e38" by "nova.context.set_target_cell..get_or_set_cached_cell_and_set_connections" {{(pid=95755) inner /opt/stack/data/venv/lib/python3.12/site-packages/oslo_concurrency/lockutils.py:512}}
Aug 26 08:58:01.193954 np0000008150 nova-conductor[95755]: DEBUG oslo_concurrency.lockutils [None req-af2fe64e-7082-4702-969b-61c55ab828e7 tempest-DeleteServersTestJSON-892738492 tempest-DeleteServersTestJSON-892738492-project-member] Lock "7cbd9e8b-5152-401c-a8af-bb1dd5336e38" acquired by "nova.context.set_target_cell..get_or_set_cached_cell_and_set_connections" :: waited 0.001s {{(pid=95755) inner /opt/stack/data/venv/lib/python3.12/site-packages/oslo_concurrency/lockutils.py:525}}
Aug 26 08:58:01.194079 np0000008150 nova-conductor[95755]: DEBUG oslo_concurrency.lockutils [None req-af2fe64e-7082-4702-969b-61c55ab828e7 tempest-DeleteServersTestJSON-892738492 tempest-DeleteServersTestJSON-892738492-project-member] Lock "7cbd9e8b-5152-401c-a8af-bb1dd5336e38" "released" by "nova.context.set_target_cell..get_or_set_cached_cell_and_set_connections" :: held 0.000s {{(pid=95755) inner /opt/stack/data/venv/lib/python3.12/site-packages/oslo_concurrency/lockutils.py:544}}
Aug 26 08:58:01.194546 np0000008150 nova-conductor[95755]: DEBUG oslo_concurrency.lockutils [None req-af2fe64e-7082-4702-969b-61c55ab828e7 tempest-DeleteServersTestJSON-892738492 tempest-DeleteServersTestJSON-892738492-project-member] Acquiring lock "compute-rpcapi-router" {{(pid=95755) lock /opt/stack/data/venv/lib/python3.12/site-packages/oslo_concurrency/lockutils.py:396}}
Aug 26 08:58:01.194635 np0000008150 nova-conductor[95755]: DEBUG oslo_concurrency.lockutils [None req-af2fe64e-7082-4702-969b-61c55ab828e7 tempest-DeleteServersTestJSON-892738492 tempest-DeleteServersTestJSON-892738492-project-member] Acquired lock "compute-rpcapi-router" {{(pid=95755) lock /opt/stack/data/venv/lib/python3.12/site-packages/oslo_concurrency/lockutils.py:399}}
Aug 26 08:58:01.195307 np0000008150 nova-conductor[95755]: DEBUG oslo_concurrency.lockutils [None req-79f4de73-c5f7-4249-810b-5f3ed3a7d8fe None None] Acquiring lock "00000000-0000-0000-0000-000000000000" by "nova.context.set_target_cell..get_or_set_cached_cell_and_set_connections" {{(pid=95755) inner /opt/stack/data/venv/lib/python3.12/site-packages/oslo_concurrency/lockutils.py:512}}
Aug 26 08:58:01.195454 np0000008150 nova-conductor[95755]: DEBUG oslo_concurrency.lockutils [None req-79f4de73-c5f7-4249-810b-5f3ed3a7d8fe None None] Lock "00000000-0000-0000-0000-000000000000" acquired by "nova.context.set_target_cell..get_or_set_cached_cell_and_set_connections" :: waited 0.000s {{(pid=95755) inner /opt/stack/data/venv/lib/python3.12/site-packages/oslo_concurrency/lockutils.py:525}}
Aug 26 08:58:01.195635 np0000008150 nova-conductor[95755]: DEBUG oslo_concurrency.lockutils [None req-79f4de73-c5f7-4249-810b-5f3ed3a7d8fe None None] Lock "00000000-0000-0000-0000-000000000000" "released" by "nova.context.set_target_cell..get_or_set_cached_cell_and_set_connections" :: held 0.000s {{(pid=95755) inner /opt/stack/data/venv/lib/python3.12/site-packages/oslo_concurrency/lockutils.py:544}}
Aug 26 08:58:01.196463 np0000008150 nova-conductor[95755]: DEBUG oslo_concurrency.lockutils [None req-79f4de73-c5f7-4249-810b-5f3ed3a7d8fe None None] Acquiring lock "7cbd9e8b-5152-401c-a8af-bb1dd5336e38" by "nova.context.set_target_cell..get_or_set_cached_cell_and_set_connections" {{(pid=95755) inner /opt/stack/data/venv/lib/python3.12/site-packages/oslo_concurrency/lockutils.py:512}}
Aug 26 08:58:01.199757 np0000008150 nova-conductor[95755]: DEBUG oslo_concurrency.lockutils [None req-79f4de73-c5f7-4249-810b-5f3ed3a7d8fe None None] Lock "7cbd9e8b-5152-401c-a8af-bb1dd5336e38" acquired by "nova.context.set_target_cell..get_or_set_cached_cell_and_set_connections" :: waited 0.003s {{(pid=95755) inner /opt/stack/data/venv/lib/python3.12/site-packages/oslo_concurrency/lockutils.py:525}}
Aug 26 08:58:01.201286 np0000008150 nova-conductor[95755]: DEBUG oslo_concurrency.lockutils [None req-79f4de73-c5f7-4249-810b-5f3ed3a7d8fe None None] Lock "7cbd9e8b-5152-401c-a8af-bb1dd5336e38" "released" by "nova.context.set_target_cell..get_or_set_cached_cell_and_set_connections" :: held 0.002s {{(pid=95755) inner /opt/stack/data/venv/lib/python3.12/site-packages/oslo_concurrency/lockutils.py:544}}
Aug 26 08:58:01.209388 np0000008150 nova-conductor[95755]: INFO nova.compute.rpcapi [None req-79f4de73-c5f7-4249-810b-5f3ed3a7d8fe None None] Automatically selected compute RPC version 6.5 from minimum service version 73
Aug 26 08:58:01.209959 np0000008150 nova-conductor[95755]: DEBUG oslo_concurrency.lockutils [None req-79f4de73-c5f7-4249-810b-5f3ed3a7d8fe None None] Releasing lock "compute-rpcapi-router" {{(pid=95755) lock /opt/stack/data/venv/lib/python3.12/site-packages/oslo_concurrency/lockutils.py:419}}
Aug 26 08:58:01.465312 np0000008150 nova-conductor[95764]: DEBUG nova.conductor.manager [None req-045193c7-1217-44b2-bfef-b6294e56a707 tempest-ServerStableDeviceRescueTest-1177430148 tempest-ServerStableDeviceRescueTest-1177430148-project-member] Took 0.52 seconds to select destinations for 1 instance(s). {{(pid=95764) _schedule_instances /opt/stack/nova/nova/conductor/manager.py:957}}
Aug 26 08:58:01.494439 np0000008150 nova-conductor[95764]: DEBUG oslo_concurrency.lockutils [None req-045193c7-1217-44b2-bfef-b6294e56a707 tempest-ServerStableDeviceRescueTest-1177430148 tempest-ServerStableDeviceRescueTest-1177430148-project-member] Acquiring lock "7cbd9e8b-5152-401c-a8af-bb1dd5336e38" by "nova.context.set_target_cell..get_or_set_cached_cell_and_set_connections" {{(pid=95764) inner /opt/stack/data/venv/lib/python3.12/site-packages/oslo_concurrency/lockutils.py:512}}
Aug 26 08:58:01.494760 np0000008150 nova-conductor[95764]: DEBUG oslo_concurrency.lockutils [None req-045193c7-1217-44b2-bfef-b6294e56a707 tempest-ServerStableDeviceRescueTest-1177430148 tempest-ServerStableDeviceRescueTest-1177430148-project-member] Lock "7cbd9e8b-5152-401c-a8af-bb1dd5336e38" acquired by "nova.context.set_target_cell..get_or_set_cached_cell_and_set_connections" :: waited 0.000s {{(pid=95764) inner /opt/stack/data/venv/lib/python3.12/site-packages/oslo_concurrency/lockutils.py:525}}
Aug 26 08:58:01.496325 np0000008150 nova-conductor[95764]: DEBUG oslo_concurrency.lockutils [None req-045193c7-1217-44b2-bfef-b6294e56a707 tempest-ServerStableDeviceRescueTest-1177430148 tempest-ServerStableDeviceRescueTest-1177430148-project-member] Lock "7cbd9e8b-5152-401c-a8af-bb1dd5336e38" "released" by "nova.context.set_target_cell..get_or_set_cached_cell_and_set_connections" :: held 0.002s {{(pid=95764) inner /opt/stack/data/venv/lib/python3.12/site-packages/oslo_concurrency/lockutils.py:544}}
Aug 26 08:58:01.498196 np0000008150 nova-conductor[95764]: INFO dbcounter [None req-045193c7-1217-44b2-bfef-b6294e56a707 tempest-ServerStableDeviceRescueTest-1177430148 tempest-ServerStableDeviceRescueTest-1177430148-project-member] Registered counter for database nova_cell1
Aug 26 08:58:01.530811 np0000008150 nova-conductor[95764]: DEBUG oslo_db.sqlalchemy.engines [None req-045193c7-1217-44b2-bfef-b6294e56a707 tempest-ServerStableDeviceRescueTest-1177430148 tempest-ServerStableDeviceRescueTest-1177430148-project-member] MySQL server mode set to STRICT_TRANS_TABLES,STRICT_ALL_TABLES,NO_ZERO_IN_DATE,NO_ZERO_DATE,ERROR_FOR_DIVISION_BY_ZERO,TRADITIONAL,NO_ENGINE_SUBSTITUTION {{(pid=95764) _check_effective_sql_mode /opt/stack/data/venv/lib/python3.12/site-packages/oslo_db/sqlalchemy/engines.py:325}}
Aug 26 08:58:01.537659 np0000008150 nova-conductor[95764]: DEBUG dbcounter [-] [95764] Writer thread running {{(pid=95764) stat_writer /opt/stack/data/venv/lib/python3.12/site-packages/dbcounter.py:102}}
Aug 26 08:58:01.602198 np0000008150 nova-conductor[95764]: DEBUG oslo_concurrency.lockutils [None req-045193c7-1217-44b2-bfef-b6294e56a707 tempest-ServerStableDeviceRescueTest-1177430148 tempest-ServerStableDeviceRescueTest-1177430148-project-member] Acquiring lock "00000000-0000-0000-0000-000000000000" by "nova.context.set_target_cell..get_or_set_cached_cell_and_set_connections" {{(pid=95764) inner /opt/stack/data/venv/lib/python3.12/site-packages/oslo_concurrency/lockutils.py:512}}
Aug 26 08:58:01.602382 np0000008150 nova-conductor[95764]: DEBUG oslo_concurrency.lockutils [None req-045193c7-1217-44b2-bfef-b6294e56a707 tempest-ServerStableDeviceRescueTest-1177430148 tempest-ServerStableDeviceRescueTest-1177430148-project-member] Lock "00000000-0000-0000-0000-000000000000" acquired by "nova.context.set_target_cell..get_or_set_cached_cell_and_set_connections" :: waited 0.000s {{(pid=95764) inner /opt/stack/data/venv/lib/python3.12/site-packages/oslo_concurrency/lockutils.py:525}}
Aug 26 08:58:01.602838 np0000008150 nova-conductor[95764]: DEBUG oslo_concurrency.lockutils [None req-045193c7-1217-44b2-bfef-b6294e56a707 tempest-ServerStableDeviceRescueTest-1177430148 tempest-ServerStableDeviceRescueTest-1177430148-project-member] Lock "00000000-0000-0000-0000-000000000000" "released" by "nova.context.set_target_cell..get_or_set_cached_cell_and_set_connections" :: held 0.000s {{(pid=95764) inner /opt/stack/data/venv/lib/python3.12/site-packages/oslo_concurrency/lockutils.py:544}}
Aug 26 08:58:01.603186 np0000008150 nova-conductor[95764]: INFO nova.thread_pool_factory [None req-045193c7-1217-44b2-bfef-b6294e56a707 tempest-ServerStableDeviceRescueTest-1177430148 tempest-ServerStableDeviceRescueTest-1177430148-project-member] The cell_worker thread pool ForkProcess-2.cell_worker is initialized
Aug 26 08:58:01.603851 np0000008150 nova-conductor[95771]: DEBUG nova.conductor.manager [None req-4d93929c-ed25-4af3-884e-2fc395197be9 tempest-ServerActionsTestOtherB-334636223 tempest-ServerActionsTestOtherB-334636223-project-member] Took 0.50 seconds to select destinations for 1 instance(s). {{(pid=95771) _schedule_instances /opt/stack/nova/nova/conductor/manager.py:957}}
Aug 26 08:58:01.603922 np0000008150 nova-conductor[95764]: DEBUG oslo_concurrency.lockutils [None req-045193c7-1217-44b2-bfef-b6294e56a707 tempest-ServerStableDeviceRescueTest-1177430148 tempest-ServerStableDeviceRescueTest-1177430148-project-member] Acquiring lock "7cbd9e8b-5152-401c-a8af-bb1dd5336e38" by "nova.context.set_target_cell..get_or_set_cached_cell_and_set_connections" {{(pid=95764) inner /opt/stack/data/venv/lib/python3.12/site-packages/oslo_concurrency/lockutils.py:512}}
