Aug 26 08:55:02.996688 np0000008150 devstack@neutron-api.service[87584]: DEBUG neutron.api.extensions [None req-75ec28c3-f503-4704-9e40-9fb1da25ae64 None None] Ext name="Network MTU" alias="net-mtu" description="Provides MTU attribute for a network resource." updated="2015-03-25T10:00:00-00:00" {{(pid=87584) _check_extension /opt/stack/neutron/neutron/api/extensions.py:415}}
Aug 26 08:55:02.996791 np0000008150 devstack@neutron-api.service[87585]: INFO neutron.plugins.ml2.managers [None req-4ad2003d-12d9-4ed3-beaf-29559eb2e0cb None None] Got port-security extension from driver 'port_security'
Aug 26 08:55:02.996898 np0000008150 devstack@neutron-api.service[87584]: INFO neutron.api.extensions [None req-75ec28c3-f503-4704-9e40-9fb1da25ae64 None None] Loaded extension: net-mtu
Aug 26 08:55:02.996898 np0000008150 devstack@neutron-api.service[87584]: DEBUG neutron.api.extensions [None req-75ec28c3-f503-4704-9e40-9fb1da25ae64 None None] Loading extension file: netmtu_writable.py {{(pid=87584) _load_all_extensions_from_path /opt/stack/neutron/neutron/api/extensions.py:449}}
Aug 26 08:55:02.997035 np0000008150 devstack@neutron-api.service[87585]: DEBUG neutron.manager [None req-4ad2003d-12d9-4ed3-beaf-29559eb2e0cb None None] Loading service plugins: ['ovn-router', 'auto_allocate', 'tag', 'timestamp', 'network_ip_availability', 'flavors', 'revisions'] {{(pid=87585) _load_service_plugins /opt/stack/neutron/neutron/manager.py:192}}
Aug 26 08:55:02.997035 np0000008150 devstack@neutron-api.service[87585]: INFO neutron.manager [None req-4ad2003d-12d9-4ed3-beaf-29559eb2e0cb None None] Loading Plugin: ovn-router
Aug 26 08:55:02.997153 np0000008150 devstack@neutron-api.service[87584]: DEBUG neutron.api.extensions [None req-75ec28c3-f503-4704-9e40-9fb1da25ae64 None None] Ext name="Network MTU (writable)" alias="net-mtu-writable" description="Provides a writable MTU attribute for a network resource." updated="2017-07-12T00:00:00-00:00" {{(pid=87584) _check_extension /opt/stack/neutron/neutron/api/extensions.py:415}}
Aug 26 08:55:02.997153 np0000008150 devstack@neutron-api.service[87584]: INFO neutron.api.extensions [None req-75ec28c3-f503-4704-9e40-9fb1da25ae64 None None] Loaded extension: net-mtu-writable
Aug 26 08:55:02.997153 np0000008150 devstack@neutron-api.service[87584]: DEBUG neutron.api.extensions [None req-75ec28c3-f503-4704-9e40-9fb1da25ae64 None None] Loading extension file: network_availability_zone.py {{(pid=87584) _load_all_extensions_from_path /opt/stack/neutron/neutron/api/extensions.py:449}}
Aug 26 08:55:02.997153 np0000008150 devstack@neutron-api.service[87584]: DEBUG neutron.api.extensions [None req-75ec28c3-f503-4704-9e40-9fb1da25ae64 None None] Ext name="Network Availability Zone" alias="network_availability_zone" description="Availability zone support for network." updated="2015-01-01T10:00:00-00:00" {{(pid=87584) _check_extension /opt/stack/neutron/neutron/api/extensions.py:415}}
Aug 26 08:55:02.997153 np0000008150 devstack@neutron-api.service[87584]: INFO neutron.api.extensions [None req-75ec28c3-f503-4704-9e40-9fb1da25ae64 None None] Loaded extension: network_availability_zone
Aug 26 08:55:02.997153 np0000008150 devstack@neutron-api.service[87584]: DEBUG neutron.api.extensions [None req-75ec28c3-f503-4704-9e40-9fb1da25ae64 None None] Loading extension file: network_ha.py {{(pid=87584) _load_all_extensions_from_path /opt/stack/neutron/neutron/api/extensions.py:449}}
Aug 26 08:55:02.997153 np0000008150 devstack@neutron-api.service[87584]: DEBUG neutron.api.extensions [None req-75ec28c3-f503-4704-9e40-9fb1da25ae64 None None] Ext name="Network HA creation flag" alias="network_ha" description="Network high availability creation flag." updated="2023-04-27T10:00:00-00:00" {{(pid=87584) _check_extension /opt/stack/neutron/neutron/api/extensions.py:415}}
Aug 26 08:55:02.997362 np0000008150 devstack@neutron-api.service[87584]: INFO neutron.api.extensions [None req-75ec28c3-f503-4704-9e40-9fb1da25ae64 None None] Extension network_ha not supported by any of loaded plugins
Aug 26 08:55:02.997362 np0000008150 devstack@neutron-api.service[87584]: DEBUG neutron.api.extensions [None req-75ec28c3-f503-4704-9e40-9fb1da25ae64 None None] Loading extension file: network_ip_availability.py {{(pid=87584) _load_all_extensions_from_path /opt/stack/neutron/neutron/api/extensions.py:449}}
Aug 26 08:55:02.997362 np0000008150 devstack@neutron-api.service[87584]: DEBUG neutron.api.extensions [None req-75ec28c3-f503-4704-9e40-9fb1da25ae64 None None] Ext name="Network IP Availability" alias="network-ip-availability" description="Provides IP availability data for each network and subnet." updated="2015-09-24T00:00:00-00:00" {{(pid=87584) _check_extension /opt/stack/neutron/neutron/api/extensions.py:415}}
Aug 26 08:55:02.997362 np0000008150 devstack@neutron-api.service[87584]: INFO neutron.api.extensions [None req-75ec28c3-f503-4704-9e40-9fb1da25ae64 None None] Loaded extension: network-ip-availability
Aug 26 08:55:02.997362 np0000008150 devstack@neutron-api.service[87584]: DEBUG neutron.api.extensions [None req-75ec28c3-f503-4704-9e40-9fb1da25ae64 None None] Loading extension file: network_ip_availability_details.py {{(pid=87584) _load_all_extensions_from_path /opt/stack/neutron/neutron/api/extensions.py:449}}
Aug 26 08:55:02.997362 np0000008150 devstack@neutron-api.service[87584]: DEBUG neutron.api.extensions [None req-75ec28c3-f503-4704-9e40-9fb1da25ae64 None None] Ext name="Network IP Availability Details Extension" alias="network-ip-availability-details" description="Add ip_availability_details attribute to network-ip-availabilities resource." updated="2025-10-31T00:00:00-00:00" {{(pid=87584) _check_extension /opt/stack/neutron/neutron/api/extensions.py:415}}
Aug 26 08:55:02.997362 np0000008150 devstack@neutron-api.service[87584]: INFO neutron.api.extensions [None req-75ec28c3-f503-4704-9e40-9fb1da25ae64 None None] Loaded extension: network-ip-availability-details
Aug 26 08:55:02.997660 np0000008150 devstack@neutron-api.service[87584]: DEBUG neutron.api.extensions [None req-75ec28c3-f503-4704-9e40-9fb1da25ae64 None None] Loading extension file: network_segment_range.py {{(pid=87584) _load_all_extensions_from_path /opt/stack/neutron/neutron/api/extensions.py:449}}
Aug 26 08:55:02.997660 np0000008150 devstack@neutron-api.service[87584]: DEBUG neutron.api.extensions [None req-75ec28c3-f503-4704-9e40-9fb1da25ae64 None None] Ext name="Neutron Network Segment Range" alias="network-segment-range" description="Provides support for the network segment range management" updated="2018-11-29T00:00:00-00:00" {{(pid=87584) _check_extension /opt/stack/neutron/neutron/api/extensions.py:415}}
Aug 26 08:55:02.997660 np0000008150 devstack@neutron-api.service[87584]: INFO neutron.api.extensions [None req-75ec28c3-f503-4704-9e40-9fb1da25ae64 None None] Extension network-segment-range not supported by any of loaded plugins
Aug 26 08:55:02.997660 np0000008150 devstack@neutron-api.service[87584]: DEBUG neutron.api.extensions [None req-75ec28c3-f503-4704-9e40-9fb1da25ae64 None None] Loading extension file: ovn_bgp.py {{(pid=87584) _load_all_extensions_from_path /opt/stack/neutron/neutron/api/extensions.py:449}}
Aug 26 08:55:02.997660 np0000008150 devstack@neutron-api.service[87584]: DEBUG neutron.api.extensions [None req-75ec28c3-f503-4704-9e40-9fb1da25ae64 None None] Ext name="OVN BGP" alias="ovn-bgp" description="Subnet extension to support OVN BGP route leaking" updated="2026-07-20T00:00:00-00:00" {{(pid=87584) _check_extension /opt/stack/neutron/neutron/api/extensions.py:415}}
Aug 26 08:55:02.997660 np0000008150 devstack@neutron-api.service[87584]: INFO neutron.api.extensions [None req-75ec28c3-f503-4704-9e40-9fb1da25ae64 None None] Extension ovn-bgp not supported by any of loaded plugins
Aug 26 08:55:02.997660 np0000008150 devstack@neutron-api.service[87584]: DEBUG neutron.api.extensions [None req-75ec28c3-f503-4704-9e40-9fb1da25ae64 None None] Loading extension file: pagination.py {{(pid=87584) _load_all_extensions_from_path /opt/stack/neutron/neutron/api/extensions.py:449}}
Aug 26 08:55:02.997897 np0000008150 devstack@neutron-api.service[87584]: DEBUG neutron.api.extensions [None req-75ec28c3-f503-4704-9e40-9fb1da25ae64 None None] Ext name="Pagination support" alias="pagination" description="Extension that indicates that pagination is enabled." updated="2016-06-12T00:00:00-00:00" {{(pid=87584) _check_extension /opt/stack/neutron/neutron/api/extensions.py:415}}
Aug 26 08:55:02.997897 np0000008150 devstack@neutron-api.service[87584]: INFO neutron.api.extensions [None req-75ec28c3-f503-4704-9e40-9fb1da25ae64 None None] Loaded extension: pagination
Aug 26 08:55:02.997897 np0000008150 devstack@neutron-api.service[87584]: DEBUG neutron.api.extensions [None req-75ec28c3-f503-4704-9e40-9fb1da25ae64 None None] Loading extension file: port_device_profile.py {{(pid=87584) _load_all_extensions_from_path /opt/stack/neutron/neutron/api/extensions.py:449}}
Aug 26 08:55:02.997897 np0000008150 devstack@neutron-api.service[87584]: DEBUG neutron.api.extensions [None req-75ec28c3-f503-4704-9e40-9fb1da25ae64 None None] Ext name="Port device profile" alias="port-device-profile" description="Expose the port device profile (Cyborg)" updated="2020-12-17T10:00:00-00:00" {{(pid=87584) _check_extension /opt/stack/neutron/neutron/api/extensions.py:415}}
Aug 26 08:55:02.997897 np0000008150 devstack@neutron-api.service[87584]: INFO neutron.api.extensions [None req-75ec28c3-f503-4704-9e40-9fb1da25ae64 None None] Loaded extension: port-device-profile
Aug 26 08:55:02.997897 np0000008150 devstack@neutron-api.service[87584]: DEBUG neutron.api.extensions [None req-75ec28c3-f503-4704-9e40-9fb1da25ae64 None None] Loading extension file: port_hardware_offload_type.py {{(pid=87584) _load_all_extensions_from_path /opt/stack/neutron/neutron/api/extensions.py:449}}
Aug 26 08:55:02.997897 np0000008150 devstack@neutron-api.service[87584]: DEBUG neutron.api.extensions [None req-75ec28c3-f503-4704-9e40-9fb1da25ae64 None None] Ext name="Port hardware offload" alias="port-hardware-offload-type" description="Expose port hardware offload extension" updated="2023-05-09T10:00:00-00:00" {{(pid=87584) _check_extension /opt/stack/neutron/neutron/api/extensions.py:415}}
Aug 26 08:55:02.998239 np0000008150 devstack@neutron-api.service[87584]: INFO neutron.api.extensions [None req-75ec28c3-f503-4704-9e40-9fb1da25ae64 None None] Extension port-hardware-offload-type not supported by any of loaded plugins
Aug 26 08:55:02.998239 np0000008150 devstack@neutron-api.service[87584]: DEBUG neutron.api.extensions [None req-75ec28c3-f503-4704-9e40-9fb1da25ae64 None None] Loading extension file: port_hint_ovs_tx_steering.py {{(pid=87584) _load_all_extensions_from_path /opt/stack/neutron/neutron/api/extensions.py:449}}
Aug 26 08:55:02.998239 np0000008150 devstack@neutron-api.service[87584]: DEBUG neutron.api.extensions [None req-75ec28c3-f503-4704-9e40-9fb1da25ae64 None None] Ext name="Port hint: Open vSwitch Tx steering" alias="port-hint-ovs-tx-steering" description="Enable Port hint: Open vSwitch Tx steering" updated="2023-01-01T00:00:00-00:00" {{(pid=87584) _check_extension /opt/stack/neutron/neutron/api/extensions.py:415}}
Aug 26 08:55:02.998239 np0000008150 devstack@neutron-api.service[87584]: INFO neutron.api.extensions [None req-75ec28c3-f503-4704-9e40-9fb1da25ae64 None None] Extension port-hint-ovs-tx-steering not supported by any of loaded plugins
Aug 26 08:55:02.998239 np0000008150 devstack@neutron-api.service[87584]: DEBUG neutron.api.extensions [None req-75ec28c3-f503-4704-9e40-9fb1da25ae64 None None] Loading extension file: port_hints.py {{(pid=87584) _load_all_extensions_from_path /opt/stack/neutron/neutron/api/extensions.py:449}}
Aug 26 08:55:02.998239 np0000008150 devstack@neutron-api.service[87584]: DEBUG neutron.api.extensions [None req-75ec28c3-f503-4704-9e40-9fb1da25ae64 None None] Ext name="Port hints" alias="port-hints" description="Backend specific port hints to allow backend specific tuning" updated="2023-01-01T00:00:00-00:00" {{(pid=87584) _check_extension /opt/stack/neutron/neutron/api/extensions.py:415}}
Aug 26 08:55:02.998239 np0000008150 devstack@neutron-api.service[87584]: INFO neutron.api.extensions [None req-75ec28c3-f503-4704-9e40-9fb1da25ae64 None None] Extension port-hints not supported by any of loaded plugins
Aug 26 08:55:02.998458 np0000008150 devstack@neutron-api.service[87584]: DEBUG neutron.api.extensions [None req-75ec28c3-f503-4704-9e40-9fb1da25ae64 None None] Loading extension file: port_mac_address_override.py {{(pid=87584) _load_all_extensions_from_path /opt/stack/neutron/neutron/api/extensions.py:449}}
Aug 26 08:55:02.998458 np0000008150 devstack@neutron-api.service[87584]: DEBUG neutron.api.extensions [None req-75ec28c3-f503-4704-9e40-9fb1da25ae64 None None] Ext name="Neutron Port MAC address override" alias="port-mac-override" description="Allow overriding the MAC address of a direct-physical Port via the active binding profile" updated="2022-03-18T10:00:00-00:00" {{(pid=87584) _check_extension /opt/stack/neutron/neutron/api/extensions.py:415}}
Aug 26 08:55:02.998458 np0000008150 devstack@neutron-api.service[87584]: INFO neutron.api.extensions [None req-75ec28c3-f503-4704-9e40-9fb1da25ae64 None None] Extension port-mac-override not supported by any of loaded plugins
Aug 26 08:55:02.998458 np0000008150 devstack@neutron-api.service[87584]: DEBUG neutron.api.extensions [None req-75ec28c3-f503-4704-9e40-9fb1da25ae64 None None] Loading extension file: port_mac_address_regenerate.py {{(pid=87584) _load_all_extensions_from_path /opt/stack/neutron/neutron/api/extensions.py:449}}
Aug 26 08:55:02.998458 np0000008150 devstack@neutron-api.service[87584]: DEBUG neutron.api.extensions [None req-75ec28c3-f503-4704-9e40-9fb1da25ae64 None None] Ext name="Neutron Port MAC address regenerate" alias="port-mac-address-regenerate" description="Network port MAC address regenerate" updated="2018-05-03T10:00:00-00:00" {{(pid=87584) _check_extension /opt/stack/neutron/neutron/api/extensions.py:415}}
Aug 26 08:55:02.998458 np0000008150 devstack@neutron-api.service[87584]: INFO neutron.api.extensions [None req-75ec28c3-f503-4704-9e40-9fb1da25ae64 None None] Loaded extension: port-mac-address-regenerate
Aug 26 08:55:02.998458 np0000008150 devstack@neutron-api.service[87584]: DEBUG neutron.api.extensions [None req-75ec28c3-f503-4704-9e40-9fb1da25ae64 None None] Loading extension file: port_numa_affinity_policy.py {{(pid=87584) _load_all_extensions_from_path /opt/stack/neutron/neutron/api/extensions.py:449}}
Aug 26 08:55:02.998720 np0000008150 devstack@neutron-api.service[87584]: DEBUG neutron.api.extensions [None req-75ec28c3-f503-4704-9e40-9fb1da25ae64 None None] Ext name="Port NUMA affinity policy" alias="port-numa-affinity-policy" description="Expose the port NUMA affinity policy" updated="2020-07-08T10:00:00-00:00" {{(pid=87584) _check_extension /opt/stack/neutron/neutron/api/extensions.py:415}}
Aug 26 08:55:02.998720 np0000008150 devstack@neutron-api.service[87584]: INFO neutron.api.extensions [None req-75ec28c3-f503-4704-9e40-9fb1da25ae64 None None] Loaded extension: port-numa-affinity-policy
Aug 26 08:55:02.998720 np0000008150 devstack@neutron-api.service[87584]: DEBUG neutron.api.extensions [None req-75ec28c3-f503-4704-9e40-9fb1da25ae64 None None] Loading extension file: port_numa_affinity_policy_socket.py {{(pid=87584) _load_all_extensions_from_path /opt/stack/neutron/neutron/api/extensions.py:449}}
Aug 26 08:55:02.998720 np0000008150 devstack@neutron-api.service[87584]: DEBUG neutron.api.extensions [None req-75ec28c3-f503-4704-9e40-9fb1da25ae64 None None] Ext name="Port NUMA affinity policy "socket"" alias="port-numa-affinity-policy-socket" description="Adds "socket" to the supported port NUMA affinity policies" updated="2024-02-09T10:00:00-00:00" {{(pid=87584) _check_extension /opt/stack/neutron/neutron/api/extensions.py:415}}
Aug 26 08:55:02.998720 np0000008150 devstack@neutron-api.service[87584]: INFO neutron.api.extensions [None req-75ec28c3-f503-4704-9e40-9fb1da25ae64 None None] Loaded extension: port-numa-affinity-policy-socket
Aug 26 08:55:02.998720 np0000008150 devstack@neutron-api.service[87584]: DEBUG neutron.api.extensions [None req-75ec28c3-f503-4704-9e40-9fb1da25ae64 None None] Loading extension file: port_resource_request.py {{(pid=87584) _load_all_extensions_from_path /opt/stack/neutron/neutron/api/extensions.py:449}}
Aug 26 08:55:02.998720 np0000008150 devstack@neutron-api.service[87584]: DEBUG neutron.api.extensions [None req-75ec28c3-f503-4704-9e40-9fb1da25ae64 None None] Ext name="Port Resource Request" alias="port-resource-request" description="Expose resource request to Port" updated="2018-05-08T10:00:00-00:00" {{(pid=87584) _check_extension /opt/stack/neutron/neutron/api/extensions.py:415}}
Aug 26 08:55:02.999110 np0000008150 devstack@neutron-api.service[87584]: INFO neutron.api.extensions [None req-75ec28c3-f503-4704-9e40-9fb1da25ae64 None None] Extension port-resource-request not supported by any of loaded plugins
Aug 26 08:55:02.999110 np0000008150 devstack@neutron-api.service[87584]: DEBUG neutron.api.extensions [None req-75ec28c3-f503-4704-9e40-9fb1da25ae64 None None] Loading extension file: port_resource_request_groups.py {{(pid=87584) _load_all_extensions_from_path /opt/stack/neutron/neutron/api/extensions.py:449}}
Aug 26 08:55:02.999110 np0000008150 devstack@neutron-api.service[87584]: DEBUG neutron.api.extensions [None req-75ec28c3-f503-4704-9e40-9fb1da25ae64 None None] Ext name="Port Resource Request Groups" alias="port-resource-request-groups" description="Support requesting multiple groups of resources and traits from the same RP subtree in resource_request" updated="2021-08-02T10:00:00-00:00" {{(pid=87584) _check_extension /opt/stack/neutron/neutron/api/extensions.py:415}}
Aug 26 08:55:02.999110 np0000008150 devstack@neutron-api.service[87584]: INFO neutron.api.extensions [None req-75ec28c3-f503-4704-9e40-9fb1da25ae64 None None] Extension port-resource-request-groups not supported by any of loaded plugins
Aug 26 08:55:02.999110 np0000008150 devstack@neutron-api.service[87584]: DEBUG neutron.api.extensions [None req-75ec28c3-f503-4704-9e40-9fb1da25ae64 None None] Loading extension file: port_trusted_vif.py {{(pid=87584) _load_all_extensions_from_path /opt/stack/neutron/neutron/api/extensions.py:449}}
Aug 26 08:55:02.999110 np0000008150 devstack@neutron-api.service[87584]: DEBUG neutron.api.extensions [None req-75ec28c3-f503-4704-9e40-9fb1da25ae64 None None] Ext name="Port trusted vif" alias="port-trusted-vif" description="Expose port 'trusted' attribute in the API" updated="2024-07-10T10:00:00-00:00" {{(pid=87584) _check_extension /opt/stack/neutron/neutron/api/extensions.py:415}}
Aug 26 08:55:02.999110 np0000008150 devstack@neutron-api.service[87584]: INFO neutron.api.extensions [None req-75ec28c3-f503-4704-9e40-9fb1da25ae64 None None] Extension port-trusted-vif not supported by any of loaded plugins
Aug 26 08:55:02.999475 np0000008150 devstack@neutron-api.service[87584]: DEBUG neutron.api.extensions [None req-75ec28c3-f503-4704-9e40-9fb1da25ae64 None None] Loading extension file: portbindings.py {{(pid=87584) _load_all_extensions_from_path /opt/stack/neutron/neutron/api/extensions.py:449}}
Aug 26 08:55:02.999475 np0000008150 devstack@neutron-api.service[87584]: DEBUG neutron.api.extensions [None req-75ec28c3-f503-4704-9e40-9fb1da25ae64 None None] Ext name="Port Binding" alias="binding" description="Expose port bindings of a virtual port to external application" updated="2014-02-03T10:00:00-00:00" {{(pid=87584) _check_extension /opt/stack/neutron/neutron/api/extensions.py:415}}
Aug 26 08:55:02.999475 np0000008150 devstack@neutron-api.service[87584]: INFO neutron.api.extensions [None req-75ec28c3-f503-4704-9e40-9fb1da25ae64 None None] Loaded extension: binding
Aug 26 08:55:02.999475 np0000008150 devstack@neutron-api.service[87584]: DEBUG neutron.api.extensions [None req-75ec28c3-f503-4704-9e40-9fb1da25ae64 None None] Loading extension file: portbindings_extended.py {{(pid=87584) _load_all_extensions_from_path /opt/stack/neutron/neutron/api/extensions.py:449}}
Aug 26 08:55:02.999475 np0000008150 devstack@neutron-api.service[87584]: DEBUG neutron.api.extensions [None req-75ec28c3-f503-4704-9e40-9fb1da25ae64 None None] Ext name="Port Bindings Extended" alias="binding-extended" description="Expose port bindings of a virtual port to external application" updated="2017-07-17T10:00:00-00:00" {{(pid=87584) _check_extension /opt/stack/neutron/neutron/api/extensions.py:415}}
Aug 26 08:55:02.999475 np0000008150 devstack@neutron-api.service[87584]: INFO neutron.api.extensions [None req-75ec28c3-f503-4704-9e40-9fb1da25ae64 None None] Loaded extension: binding-extended
Aug 26 08:55:02.999475 np0000008150 devstack@neutron-api.service[87584]: DEBUG neutron.api.extensions [None req-75ec28c3-f503-4704-9e40-9fb1da25ae64 None None] Loading extension file: portsecurity.py {{(pid=87584) _load_all_extensions_from_path /opt/stack/neutron/neutron/api/extensions.py:449}}
Aug 26 08:55:02.999873 np0000008150 devstack@neutron-api.service[87584]: DEBUG neutron.api.extensions [None req-75ec28c3-f503-4704-9e40-9fb1da25ae64 None None] Ext name="Port Security" alias="port-security" description="Provides port security" updated="2012-07-23T10:00:00-00:00" {{(pid=87584) _check_extension /opt/stack/neutron/neutron/api/extensions.py:415}}
Aug 26 08:55:02.999873 np0000008150 devstack@neutron-api.service[87584]: INFO neutron.api.extensions [None req-75ec28c3-f503-4704-9e40-9fb1da25ae64 None None] Loaded extension: port-security
Aug 26 08:55:02.999873 np0000008150 devstack@neutron-api.service[87584]: DEBUG neutron.api.extensions [None req-75ec28c3-f503-4704-9e40-9fb1da25ae64 None None] Loading extension file: project_id.py {{(pid=87584) _load_all_extensions_from_path /opt/stack/neutron/neutron/api/extensions.py:449}}
Aug 26 08:55:02.999873 np0000008150 devstack@neutron-api.service[87584]: DEBUG neutron.api.extensions [None req-75ec28c3-f503-4704-9e40-9fb1da25ae64 None None] Ext name="project_id field enabled" alias="project-id" description="Extension that indicates that project_id field is enabled." updated="2016-09-09T09:09:09-09:09" {{(pid=87584) _check_extension /opt/stack/neutron/neutron/api/extensions.py:415}}
Aug 26 08:55:03.000183 np0000008150 devstack@neutron-api.service[87584]: INFO neutron.api.extensions [None req-75ec28c3-f503-4704-9e40-9fb1da25ae64 None None] Loaded extension: project-id
Aug 26 08:55:03.000183 np0000008150 devstack@neutron-api.service[87584]: DEBUG neutron.api.extensions [None req-75ec28c3-f503-4704-9e40-9fb1da25ae64 None None] Loading extension file: providernet.py {{(pid=87584) _load_all_extensions_from_path /opt/stack/neutron/neutron/api/extensions.py:449}}
Aug 26 08:55:03.000643 np0000008150 devstack@neutron-api.service[87585]: DEBUG neutron_lib.callbacks.manager [None req-4ad2003d-12d9-4ed3-beaf-29559eb2e0cb None None] Subscribe: > router before_delete 55550000, False {{(pid=87585) subscribe /opt/stack/data/venv/lib/python3.12/site-packages/neutron_lib/callbacks/manager.py:52}}
Aug 26 08:55:03.000735 np0000008150 devstack@neutron-api.service[87584]: DEBUG neutron.api.extensions [None req-75ec28c3-f503-4704-9e40-9fb1da25ae64 None None] Ext name="Provider Network" alias="provider" description="Expose mapping of virtual networks to physical networks" updated="2012-09-07T10:00:00-00:00" {{(pid=87584) _check_extension /opt/stack/neutron/neutron/api/extensions.py:415}}
Aug 26 08:55:03.000919 np0000008150 devstack@neutron-api.service[87585]: DEBUG neutron_lib.callbacks.manager [None req-4ad2003d-12d9-4ed3-beaf-29559eb2e0cb None None] Subscribe: port before_update 55550000, False {{(pid=87585) subscribe /opt/stack/data/venv/lib/python3.12/site-packages/neutron_lib/callbacks/manager.py:52}}
Aug 26 08:55:03.001031 np0000008150 devstack@neutron-api.service[87584]: INFO neutron.api.extensions [None req-75ec28c3-f503-4704-9e40-9fb1da25ae64 None None] Loaded extension: provider
Aug 26 08:55:03.001597 np0000008150 devstack@neutron-api.service[87585]: DEBUG neutron_lib.callbacks.manager [None req-4ad2003d-12d9-4ed3-beaf-29559eb2e0cb None None] Subscribe: port after_update 55550000, False {{(pid=87585) subscribe /opt/stack/data/venv/lib/python3.12/site-packages/neutron_lib/callbacks/manager.py:52}}
Aug 26 08:55:03.001846 np0000008150 devstack@neutron-api.service[87584]: DEBUG neutron.api.extensions [None req-75ec28c3-f503-4704-9e40-9fb1da25ae64 None None] Loading extension file: pvlan.py {{(pid=87584) _load_all_extensions_from_path /opt/stack/neutron/neutron/api/extensions.py:449}}
Aug 26 08:55:03.002063 np0000008150 devstack@neutron-api.service[87585]: DEBUG neutron_lib.callbacks.manager [None req-4ad2003d-12d9-4ed3-beaf-29559eb2e0cb None None] Subscribe: > port precommit_delete 55550000, False {{(pid=87585) subscribe /opt/stack/data/venv/lib/python3.12/site-packages/neutron_lib/callbacks/manager.py:52}}
Aug 26 08:55:03.002063 np0000008150 devstack@neutron-api.service[87585]: DEBUG neutron_lib.callbacks.manager [None req-4ad2003d-12d9-4ed3-beaf-29559eb2e0cb None None] Subscribe: port before_update 55550000, False {{(pid=87585) subscribe /opt/stack/data/venv/lib/python3.12/site-packages/neutron_lib/callbacks/manager.py:52}}
Aug 26 08:55:03.002063 np0000008150 devstack@neutron-api.service[87585]: DEBUG neutron_lib.callbacks.manager [None req-4ad2003d-12d9-4ed3-beaf-29559eb2e0cb None None] Subscribe: port before_delete 55550000, False {{(pid=87585) subscribe /opt/stack/data/venv/lib/python3.12/site-packages/neutron_lib/callbacks/manager.py:52}}
Aug 26 08:55:03.002323 np0000008150 devstack@neutron-api.service[87584]: DEBUG neutron.api.extensions [None req-75ec28c3-f503-4704-9e40-9fb1da25ae64 None None] Ext name="Private VLAN" alias="pvlan" description="The Private VLAN semantics extension." updated="2026-02-03T10:00:00-00:00" {{(pid=87584) _check_extension /opt/stack/neutron/neutron/api/extensions.py:415}}
Aug 26 08:55:03.002574 np0000008150 devstack@neutron-api.service[87585]: DEBUG neutron_lib.callbacks.manager [None req-4ad2003d-12d9-4ed3-beaf-29559eb2e0cb None None] Subscribe: > router precommit_create 55550000, False {{(pid=87585) subscribe /opt/stack/data/venv/lib/python3.12/site-packages/neutron_lib/callbacks/manager.py:52}}
Aug 26 08:55:03.002692 np0000008150 devstack@neutron-api.service[87584]: INFO neutron.api.extensions [None req-75ec28c3-f503-4704-9e40-9fb1da25ae64 None None] Extension pvlan not supported by any of loaded plugins
Aug 26 08:55:03.002822 np0000008150 devstack@neutron-api.service[87585]: DEBUG neutron_lib.callbacks.manager [None req-4ad2003d-12d9-4ed3-beaf-29559eb2e0cb None None] Subscribe: > router precommit_create 55550000, False {{(pid=87585) subscribe /opt/stack/data/venv/lib/python3.12/site-packages/neutron_lib/callbacks/manager.py:52}}
Aug 26 08:55:03.003010 np0000008150 devstack@neutron-api.service[87584]: DEBUG neutron.api.extensions [None req-75ec28c3-f503-4704-9e40-9fb1da25ae64 None None] Loading extension file: qinq.py {{(pid=87584) _load_all_extensions_from_path /opt/stack/neutron/neutron/api/extensions.py:449}}
Aug 26 08:55:03.003144 np0000008150 devstack@neutron-api.service[87585]: DEBUG neutron_lib.callbacks.manager [None req-4ad2003d-12d9-4ed3-beaf-29559eb2e0cb None None] Subscribe: > router precommit_update 55550000, False {{(pid=87585) subscribe /opt/stack/data/venv/lib/python3.12/site-packages/neutron_lib/callbacks/manager.py:52}}
Aug 26 08:55:03.003144 np0000008150 devstack@neutron-api.service[87585]: DEBUG neutron_lib.callbacks.manager [None req-4ad2003d-12d9-4ed3-beaf-29559eb2e0cb None None] Subscribe: subnet after_update 55550000, False {{(pid=87585) subscribe /opt/stack/data/venv/lib/python3.12/site-packages/neutron_lib/callbacks/manager.py:52}}
Aug 26 08:55:03.003272 np0000008150 devstack@neutron-api.service[87584]: DEBUG neutron.api.extensions [None req-75ec28c3-f503-4704-9e40-9fb1da25ae64 None None] Ext name="QinQ networks" alias="qinq" description="Expose network 'qinq' attribute in the API. This allows to configure network to allow vlan in vlan configuration using 0x88a8 ethertype (QinQ)." updated="2024-12-02T10:00:00-00:00" {{(pid=87584) _check_extension /opt/stack/neutron/neutron/api/extensions.py:415}}
Aug 26 08:55:03.003392 np0000008150 devstack@neutron-api.service[87585]: DEBUG neutron.quota.resource_registry [None req-4ad2003d-12d9-4ed3-beaf-29559eb2e0cb None None] Tracking information for resource: router configured {{(pid=87585) set_tracked_resource /opt/stack/neutron/neutron/quota/resource_registry.py:203}}
Aug 26 08:55:03.003392 np0000008150 devstack@neutron-api.service[87585]: DEBUG neutron.quota.resource_registry [None req-4ad2003d-12d9-4ed3-beaf-29559eb2e0cb None None] Tracking information for resource: floatingip configured {{(pid=87585) set_tracked_resource /opt/stack/neutron/neutron/quota/resource_registry.py:203}}
Aug 26 08:55:03.003502 np0000008150 devstack@neutron-api.service[87584]: INFO neutron.api.extensions [None req-75ec28c3-f503-4704-9e40-9fb1da25ae64 None None] Loaded extension: qinq
Aug 26 08:55:03.003647 np0000008150 devstack@neutron-api.service[87585]: INFO neutron.services.ovn_l3.plugin [None req-4ad2003d-12d9-4ed3-beaf-29559eb2e0cb None None] Starting OVNL3RouterPlugin
Aug 26 08:55:03.003746 np0000008150 devstack@neutron-api.service[87584]: DEBUG neutron.api.extensions [None req-75ec28c3-f503-4704-9e40-9fb1da25ae64 None None] Loading extension file: qos.py {{(pid=87584) _load_all_extensions_from_path /opt/stack/neutron/neutron/api/extensions.py:449}}
Aug 26 08:55:03.003838 np0000008150 devstack@neutron-api.service[87585]: DEBUG neutron_lib.callbacks.manager [None req-4ad2003d-12d9-4ed3-beaf-29559eb2e0cb None None] Subscribe: > port_forwarding_plugin after_init 55550000, False {{(pid=87585) subscribe /opt/stack/data/venv/lib/python3.12/site-packages/neutron_lib/callbacks/manager.py:52}}
Aug 26 08:55:03.003838 np0000008150 devstack@neutron-api.service[87585]: DEBUG neutron_lib.callbacks.manager [None req-4ad2003d-12d9-4ed3-beaf-29559eb2e0cb None None] Subscribe: > router before_create 55550100, False {{(pid=87585) subscribe /opt/stack/data/venv/lib/python3.12/site-packages/neutron_lib/callbacks/manager.py:52}}
Aug 26 08:55:03.003838 np0000008150 devstack@neutron-api.service[87585]: DEBUG neutron_lib.callbacks.manager [None req-4ad2003d-12d9-4ed3-beaf-29559eb2e0cb None None] Subscribe: > router precommit_delete 55550100, False {{(pid=87585) subscribe /opt/stack/data/venv/lib/python3.12/site-packages/neutron_lib/callbacks/manager.py:52}}
Aug 26 08:55:03.003838 np0000008150 devstack@neutron-api.service[87585]: DEBUG neutron_lib.callbacks.manager [None req-4ad2003d-12d9-4ed3-beaf-29559eb2e0cb None None] Subscribe: > router precommit_create 55550100, False {{(pid=87585) subscribe /opt/stack/data/venv/lib/python3.12/site-packages/neutron_lib/callbacks/manager.py:52}}
Aug 26 08:55:03.003976 np0000008150 devstack@neutron-api.service[87585]: DEBUG neutron_lib.callbacks.manager [None req-4ad2003d-12d9-4ed3-beaf-29559eb2e0cb None None] Subscribe: > router precommit_update 55550100, False {{(pid=87585) subscribe /opt/stack/data/venv/lib/python3.12/site-packages/neutron_lib/callbacks/manager.py:52}}
Aug 26 08:55:03.004127 np0000008150 devstack@neutron-api.service[87584]: DEBUG neutron.api.extensions [None req-75ec28c3-f503-4704-9e40-9fb1da25ae64 None None] Ext name="Quality of Service" alias="qos" description="The Quality of Service extension." updated="2015-06-08T10:00:00-00:00" {{(pid=87584) _check_extension /opt/stack/neutron/neutron/api/extensions.py:415}}
Aug 26 08:55:03.004127 np0000008150 devstack@neutron-api.service[87584]: INFO neutron.api.extensions [None req-75ec28c3-f503-4704-9e40-9fb1da25ae64 None None] Extension qos not supported by any of loaded plugins
Aug 26 08:55:03.004127 np0000008150 devstack@neutron-api.service[87584]: DEBUG neutron.api.extensions [None req-75ec28c3-f503-4704-9e40-9fb1da25ae64 None None] Loading extension file: qos_bw_limit_direction.py {{(pid=87584) _load_all_extensions_from_path /opt/stack/neutron/neutron/api/extensions.py:449}}
Aug 26 08:55:03.004127 np0000008150 devstack@neutron-api.service[87584]: DEBUG neutron.api.extensions [None req-75ec28c3-f503-4704-9e40-9fb1da25ae64 None None] Ext name="Direction for QoS bandwidth limit rule" alias="qos-bw-limit-direction" description="Allow to configure QoS bandwidth limit rule with specific direction: ingress or egress" updated="2017-04-10T10:00:00-00:00" {{(pid=87584) _check_extension /opt/stack/neutron/neutron/api/extensions.py:415}}
Aug 26 08:55:03.004127 np0000008150 devstack@neutron-api.service[87584]: INFO neutron.api.extensions [None req-75ec28c3-f503-4704-9e40-9fb1da25ae64 None None] Extension qos-bw-limit-direction not supported by any of loaded plugins
Aug 26 08:55:03.004127 np0000008150 devstack@neutron-api.service[87584]: DEBUG neutron.api.extensions [None req-75ec28c3-f503-4704-9e40-9fb1da25ae64 None None] Loading extension file: qos_bw_minimum_ingress.py {{(pid=87584) _load_all_extensions_from_path /opt/stack/neutron/neutron/api/extensions.py:449}}
Aug 26 08:55:03.004328 np0000008150 devstack@neutron-api.service[87584]: DEBUG neutron.api.extensions [None req-75ec28c3-f503-4704-9e40-9fb1da25ae64 None None] Ext name="Ingress direction for QoS minimum bandwidth rule" alias="qos-bw-minimum-ingress" description="Allow to configure QoS minumum bandwidth rule with ingress direction." updated="2018-07-09T10:00:00-00:00" {{(pid=87584) _check_extension /opt/stack/neutron/neutron/api/extensions.py:415}}
Aug 26 08:55:03.004328 np0000008150 devstack@neutron-api.service[87584]: INFO neutron.api.extensions [None req-75ec28c3-f503-4704-9e40-9fb1da25ae64 None None] Extension qos-bw-minimum-ingress not supported by any of loaded plugins
Aug 26 08:55:03.004328 np0000008150 devstack@neutron-api.service[87584]: DEBUG neutron.api.extensions [None req-75ec28c3-f503-4704-9e40-9fb1da25ae64 None None] Loading extension file: qos_default.py {{(pid=87584) _load_all_extensions_from_path /opt/stack/neutron/neutron/api/extensions.py:449}}
Aug 26 08:55:03.004550 np0000008150 devstack@neutron-api.service[87584]: DEBUG neutron.api.extensions [None req-75ec28c3-f503-4704-9e40-9fb1da25ae64 None None] Ext name="QoS default policy" alias="qos-default" description="Expose the QoS default policy per project" updated="2017-041-06T10:00:00-00:00" {{(pid=87584) _check_extension /opt/stack/neutron/neutron/api/extensions.py:415}}
Aug 26 08:55:03.004703 np0000008150 devstack@neutron-api.service[87584]: INFO neutron.api.extensions [None req-75ec28c3-f503-4704-9e40-9fb1da25ae64 None None] Extension qos-default not supported by any of loaded plugins
Aug 26 08:55:03.004788 np0000008150 devstack@neutron-api.service[87584]: DEBUG neutron.api.extensions [None req-75ec28c3-f503-4704-9e40-9fb1da25ae64 None None] Loading extension file: qos_fip.py {{(pid=87584) _load_all_extensions_from_path /opt/stack/neutron/neutron/api/extensions.py:449}}
Aug 26 08:55:03.005049 np0000008150 devstack@neutron-api.service[87584]: DEBUG neutron.api.extensions [None req-75ec28c3-f503-4704-9e40-9fb1da25ae64 None None] Ext name="Floating IP QoS" alias="qos-fip" description="The floating IP Quality of Service extension" updated="2017-07-20T00:00:00-00:00" {{(pid=87584) _check_extension /opt/stack/neutron/neutron/api/extensions.py:415}}
Aug 26 08:55:03.005219 np0000008150 devstack@neutron-api.service[87584]: INFO neutron.api.extensions [None req-75ec28c3-f503-4704-9e40-9fb1da25ae64 None None] Extension qos-fip not supported by any of loaded plugins
Aug 26 08:55:03.005317 np0000008150 devstack@neutron-api.service[87584]: DEBUG neutron.api.extensions [None req-75ec28c3-f503-4704-9e40-9fb1da25ae64 None None] Loading extension file: qos_fip_network_policy.py {{(pid=87584) _load_all_extensions_from_path /opt/stack/neutron/neutron/api/extensions.py:449}}
Aug 26 08:55:03.005512 np0000008150 devstack@neutron-api.service[87584]: DEBUG neutron.api.extensions [None req-75ec28c3-f503-4704-9e40-9fb1da25ae64 None None] Ext name="QoS floating IP network policy ID" alias="qos-fip-network-policy" description="Adds a the QoS network ID to the floating IP definition" updated="2021-11-15T10:00:00-00:00" {{(pid=87584) _check_extension /opt/stack/neutron/neutron/api/extensions.py:415}}
Aug 26 08:55:03.005807 np0000008150 devstack@neutron-api.service[87584]: INFO neutron.api.extensions [None req-75ec28c3-f503-4704-9e40-9fb1da25ae64 None None] Extension qos-fip-network-policy not supported by any of loaded plugins
Aug 26 08:55:03.005807 np0000008150 devstack@neutron-api.service[87584]: DEBUG neutron.api.extensions [None req-75ec28c3-f503-4704-9e40-9fb1da25ae64 None None] Loading extension file: qos_gateway_ip.py {{(pid=87584) _load_all_extensions_from_path /opt/stack/neutron/neutron/api/extensions.py:449}}
Aug 26 08:55:03.006023 np0000008150 devstack@neutron-api.service[87584]: DEBUG neutron.api.extensions [None req-75ec28c3-f503-4704-9e40-9fb1da25ae64 None None] Ext name="Router gateway IP QoS" alias="qos-gateway-ip" description="The Router gateway IP Quality of Service extension" updated="2018-02-24T00:00:00-00:00" {{(pid=87584) _check_extension /opt/stack/neutron/neutron/api/extensions.py:415}}
Aug 26 08:55:03.006255 np0000008150 devstack@neutron-api.service[87584]: INFO neutron.api.extensions [None req-75ec28c3-f503-4704-9e40-9fb1da25ae64 None None] Extension qos-gateway-ip not supported by any of loaded plugins
Aug 26 08:55:03.006255 np0000008150 devstack@neutron-api.service[87584]: DEBUG neutron.api.extensions [None req-75ec28c3-f503-4704-9e40-9fb1da25ae64 None None] Loading extension file: qos_port_network_policy.py {{(pid=87584) _load_all_extensions_from_path /opt/stack/neutron/neutron/api/extensions.py:449}}
Aug 26 08:55:03.006554 np0000008150 devstack@neutron-api.service[87584]: DEBUG neutron.api.extensions [None req-75ec28c3-f503-4704-9e40-9fb1da25ae64 None None] Ext name="QoS port network policy ID" alias="qos-port-network-policy" description="Adds a the QoS network ID to the port definition" updated="2019-11-01T10:00:00-00:00" {{(pid=87584) _check_extension /opt/stack/neutron/neutron/api/extensions.py:415}}
Aug 26 08:55:03.006819 np0000008150 devstack@neutron-api.service[87585]: DEBUG neutron.services.provider_configuration [None req-4ad2003d-12d9-4ed3-beaf-29559eb2e0cb None None] Service providers = [] {{(pid=87585) parse_service_provider_opt /opt/stack/neutron/neutron/services/provider_configuration.py:170}}
Aug 26 08:55:03.007049 np0000008150 devstack@neutron-api.service[87584]: INFO neutron.api.extensions [None req-75ec28c3-f503-4704-9e40-9fb1da25ae64 None None] Extension qos-port-network-policy not supported by any of loaded plugins
Aug 26 08:55:03.007183 np0000008150 devstack@neutron-api.service[87585]: DEBUG neutron.db.servicetype_db [None req-4ad2003d-12d9-4ed3-beaf-29559eb2e0cb None None] Adding provider configuration for service L3_ROUTER_NAT {{(pid=87585) add_provider_configuration /opt/stack/neutron/neutron/db/servicetype_db.py:45}}
Aug 26 08:55:03.007459 np0000008150 devstack@neutron-api.service[87584]: DEBUG neutron.api.extensions [None req-75ec28c3-f503-4704-9e40-9fb1da25ae64 None None] Loading extension file: qos_pps_minimum_rule.py {{(pid=87584) _load_all_extensions_from_path /opt/stack/neutron/neutron/api/extensions.py:449}}
Aug 26 08:55:03.008221 np0000008150 devstack@neutron-api.service[87585]: DEBUG neutron_lib.callbacks.manager [None req-4ad2003d-12d9-4ed3-beaf-29559eb2e0cb None None] Subscribe: > router precommit_create 55549900, False {{(pid=87585) subscribe /opt/stack/data/venv/lib/python3.12/site-packages/neutron_lib/callbacks/manager.py:52}}
Aug 26 08:55:03.008221 np0000008150 devstack@neutron-api.service[87585]: DEBUG neutron_lib.callbacks.manager [None req-4ad2003d-12d9-4ed3-beaf-29559eb2e0cb None None] Subscribe: > router_interface after_create 55550000, False {{(pid=87585) subscribe /opt/stack/data/venv/lib/python3.12/site-packages/neutron_lib/callbacks/manager.py:52}}
Aug 26 08:55:03.008500 np0000008150 devstack@neutron-api.service[87585]: DEBUG neutron_lib.callbacks.manager [None req-4ad2003d-12d9-4ed3-beaf-29559eb2e0cb None None] Subscribe: > floatingip after_create 55550000, False {{(pid=87585) subscribe /opt/stack/data/venv/lib/python3.12/site-packages/neutron_lib/callbacks/manager.py:52}}
Aug 26 08:55:03.008500 np0000008150 devstack@neutron-api.service[87585]: DEBUG neutron_lib.callbacks.manager [None req-4ad2003d-12d9-4ed3-beaf-29559eb2e0cb None None] Subscribe: > floatingip precommit_create 55550000, False {{(pid=87585) subscribe /opt/stack/data/venv/lib/python3.12/site-packages/neutron_lib/callbacks/manager.py:52}}
Aug 26 08:55:03.008811 np0000008150 devstack@neutron-api.service[87585]: DEBUG neutron_lib.callbacks.manager [None req-4ad2003d-12d9-4ed3-beaf-29559eb2e0cb None None] Subscribe: > floatingip precommit_update 55550000, False {{(pid=87585) subscribe /opt/stack/data/venv/lib/python3.12/site-packages/neutron_lib/callbacks/manager.py:52}}
Aug 26 08:55:03.008811 np0000008150 devstack@neutron-api.service[87585]: DEBUG neutron_lib.callbacks.manager [None req-4ad2003d-12d9-4ed3-beaf-29559eb2e0cb None None] Subscribe: > floatingip after_delete 55550000, False {{(pid=87585) subscribe /opt/stack/data/venv/lib/python3.12/site-packages/neutron_lib/callbacks/manager.py:52}}
Aug 26 08:55:03.008811 np0000008150 devstack@neutron-api.service[87585]: DEBUG neutron_lib.callbacks.manager [None req-4ad2003d-12d9-4ed3-beaf-29559eb2e0cb None None] Subscribe: > floatingip after_status_update 55550000, False {{(pid=87585) subscribe /opt/stack/data/venv/lib/python3.12/site-packages/neutron_lib/callbacks/manager.py:52}}
Aug 26 08:55:03.009079 np0000008150 devstack@neutron-api.service[87584]: DEBUG neutron.api.extensions [None req-75ec28c3-f503-4704-9e40-9fb1da25ae64 None None] Ext name="QoS minimum packet rate rule" alias="qos-pps-minimum" description="Allow to configure QoS minimum packet rate rule." updated="2021-07-14T10:00:00-00:00" {{(pid=87584) _check_extension /opt/stack/neutron/neutron/api/extensions.py:415}}
Aug 26 08:55:03.009348 np0000008150 devstack@neutron-api.service[87585]: DEBUG neutron_lib.callbacks.manager [None req-4ad2003d-12d9-4ed3-beaf-29559eb2e0cb None None] Subscribe: > floatingip after_update 55550000, False {{(pid=87585) subscribe /opt/stack/data/venv/lib/python3.12/site-packages/neutron_lib/callbacks/manager.py:52}}
Aug 26 08:55:03.009348 np0000008150 devstack@neutron-api.service[87585]: DEBUG neutron_lib.callbacks.manager [None req-4ad2003d-12d9-4ed3-beaf-29559eb2e0cb None None] Subscribe: > port_forwarding after_create 55550000, False {{(pid=87585) subscribe /opt/stack/data/venv/lib/python3.12/site-packages/neutron_lib/callbacks/manager.py:52}}
Aug 26 08:55:03.009348 np0000008150 devstack@neutron-api.service[87585]: DEBUG neutron_lib.callbacks.manager [None req-4ad2003d-12d9-4ed3-beaf-29559eb2e0cb None None] Subscribe: > router_interface after_delete 55550000, False {{(pid=87585) subscribe /opt/stack/data/venv/lib/python3.12/site-packages/neutron_lib/callbacks/manager.py:52}}
Aug 26 08:55:03.009726 np0000008150 devstack@neutron-api.service[87584]: INFO neutron.api.extensions [None req-75ec28c3-f503-4704-9e40-9fb1da25ae64 None None] Extension qos-pps-minimum not supported by any of loaded plugins
Aug 26 08:55:03.009971 np0000008150 devstack@neutron-api.service[87585]: DEBUG neutron_lib.callbacks.manager [None req-4ad2003d-12d9-4ed3-beaf-29559eb2e0cb None None] Subscribe: > router after_create 55550000, False {{(pid=87585) subscribe /opt/stack/data/venv/lib/python3.12/site-packages/neutron_lib/callbacks/manager.py:52}}
Aug 26 08:55:03.010218 np0000008150 devstack@neutron-api.service[87584]: DEBUG neutron.api.extensions [None req-75ec28c3-f503-4704-9e40-9fb1da25ae64 None None] Loading extension file: qos_pps_minimum_rule_alias.py {{(pid=87584) _load_all_extensions_from_path /opt/stack/neutron/neutron/api/extensions.py:449}}
Aug 26 08:55:03.010652 np0000008150 devstack@neutron-api.service[87585]: DEBUG neutron_lib.callbacks.manager [None req-4ad2003d-12d9-4ed3-beaf-29559eb2e0cb None None] Subscribe: > router precommit_create 55550000, False {{(pid=87585) subscribe /opt/stack/data/venv/lib/python3.12/site-packages/neutron_lib/callbacks/manager.py:52}}
Aug 26 08:55:03.010652 np0000008150 devstack@neutron-api.service[87585]: DEBUG neutron_lib.callbacks.manager [None req-4ad2003d-12d9-4ed3-beaf-29559eb2e0cb None None] Subscribe: > router after_delete 55550000, False {{(pid=87585) subscribe /opt/stack/data/venv/lib/python3.12/site-packages/neutron_lib/callbacks/manager.py:52}}
Aug 26 08:55:03.010652 np0000008150 devstack@neutron-api.service[87585]: DEBUG neutron_lib.callbacks.manager [None req-4ad2003d-12d9-4ed3-beaf-29559eb2e0cb None None] Subscribe: > router after_update 55550000, False {{(pid=87585) subscribe /opt/stack/data/venv/lib/python3.12/site-packages/neutron_lib/callbacks/manager.py:52}}
Aug 26 08:55:03.011011 np0000008150 devstack@neutron-api.service[87584]: DEBUG neutron.api.extensions [None req-75ec28c3-f503-4704-9e40-9fb1da25ae64 None None] Ext name="QoS minimum packet rate rule alias" alias="qos-pps-minimum-rule-alias" description="API to enable GET, PUT and DELETE operations on QoS minimum packet rate rule without specifying policy ID" updated="2021-10-22T10:00:00-00:00" {{(pid=87584) _check_extension /opt/stack/neutron/neutron/api/extensions.py:415}}
Aug 26 08:55:03.011343 np0000008150 devstack@neutron-api.service[87585]: DEBUG neutron.services.service_base [None req-4ad2003d-12d9-4ed3-beaf-29559eb2e0cb None None] Loaded 'neutron.services.ovn_l3.service_providers.ovn.OvnDriver' provider for service L3_ROUTER_NAT {{(pid=87585) load_drivers /opt/stack/neutron/neutron/services/service_base.py:49}}
Aug 26 08:55:03.011343 np0000008150 devstack@neutron-api.service[87585]: DEBUG neutron_lib.callbacks.manager [None req-4ad2003d-12d9-4ed3-beaf-29559eb2e0cb None None] Subscribe: > process after_init 55550001, True {{(pid=87585) subscribe /opt/stack/data/venv/lib/python3.12/site-packages/neutron_lib/callbacks/manager.py:52}}
Aug 26 08:55:03.011694 np0000008150 devstack@neutron-api.service[87584]: INFO neutron.api.extensions [None req-75ec28c3-f503-4704-9e40-9fb1da25ae64 None None] Extension qos-pps-minimum-rule-alias not supported by any of loaded plugins
Aug 26 08:55:03.011694 np0000008150 devstack@neutron-api.service[87584]: DEBUG neutron.api.extensions [None req-75ec28c3-f503-4704-9e40-9fb1da25ae64 None None] Loading extension file: qos_pps_rule.py {{(pid=87584) _load_all_extensions_from_path /opt/stack/neutron/neutron/api/extensions.py:449}}
Aug 26 08:55:03.011965 np0000008150 devstack@neutron-api.service[87585]: DEBUG neutron.manager [None req-4ad2003d-12d9-4ed3-beaf-29559eb2e0cb None None] Successfully loaded L3_ROUTER_NAT plugin. Description: L3 Router Service Plugin for basic L3 forwarding using OVN {{(pid=87585) _create_and_add_service_plugin /opt/stack/neutron/neutron/manager.py:236}}
Aug 26 08:55:03.011965 np0000008150 devstack@neutron-api.service[87585]: INFO neutron.manager [None req-4ad2003d-12d9-4ed3-beaf-29559eb2e0cb None None] Loading Plugin: auto_allocate
Aug 26 08:55:03.012141 np0000008150 devstack@neutron-api.service[87584]: DEBUG neutron.api.extensions [None req-75ec28c3-f503-4704-9e40-9fb1da25ae64 None None] Ext name="QoS Rule Type Packet per Second Extension" alias="qos-pps" description="Add QoS Rule Type Packet per Second" updated="2021-05-12T10:00:00-00:00" {{(pid=87584) _check_extension /opt/stack/neutron/neutron/api/extensions.py:415}}
Aug 26 08:55:03.012141 np0000008150 devstack@neutron-api.service[87584]: INFO neutron.api.extensions [None req-75ec28c3-f503-4704-9e40-9fb1da25ae64 None None] Extension qos-pps not supported by any of loaded plugins
Aug 26 08:55:03.012141 np0000008150 devstack@neutron-api.service[87584]: DEBUG neutron.api.extensions [None req-75ec28c3-f503-4704-9e40-9fb1da25ae64 None None] Loading extension file: qos_rule_type_details.py {{(pid=87584) _load_all_extensions_from_path /opt/stack/neutron/neutron/api/extensions.py:449}}
Aug 26 08:55:03.012141 np0000008150 devstack@neutron-api.service[87584]: DEBUG neutron.api.extensions [None req-75ec28c3-f503-4704-9e40-9fb1da25ae64 None None] Ext name="Details of QoS rule types" alias="qos-rule-type-details" description="Expose details about QoS rule types supported by loaded backend drivers" updated="2017-06-22T10:00:00-00:00" {{(pid=87584) _check_extension /opt/stack/neutron/neutron/api/extensions.py:415}}
Aug 26 08:55:03.012313 np0000008150 devstack@neutron-api.service[87585]: DEBUG neutron_lib.callbacks.manager [None req-4ad2003d-12d9-4ed3-beaf-29559eb2e0cb None None] Subscribe: network precommit_update 55550000, False {{(pid=87585) subscribe /opt/stack/data/venv/lib/python3.12/site-packages/neutron_lib/callbacks/manager.py:52}}
Aug 26 08:55:03.012313 np0000008150 devstack@neutron-api.service[87585]: DEBUG neutron_lib.callbacks.manager [None req-4ad2003d-12d9-4ed3-beaf-29559eb2e0cb None None] Subscribe: network precommit_create 55550000, False {{(pid=87585) subscribe /opt/stack/data/venv/lib/python3.12/site-packages/neutron_lib/callbacks/manager.py:52}}
Aug 26 08:55:03.012313 np0000008150 devstack@neutron-api.service[87585]: DEBUG neutron.manager [None req-4ad2003d-12d9-4ed3-beaf-29559eb2e0cb None None] Successfully loaded auto-allocated-topology plugin. Description: Auto Allocated Topology - aka get me a network. {{(pid=87585) _create_and_add_service_plugin /opt/stack/neutron/neutron/manager.py:236}}
Aug 26 08:55:03.012313 np0000008150 devstack@neutron-api.service[87585]: INFO neutron.manager [None req-4ad2003d-12d9-4ed3-beaf-29559eb2e0cb None None] Loading Plugin: tag
