Aug 26 08:55:03.307326 np0000008150 devstack@neutron-api.service[87584]: INFO neutron.plugins.ml2.drivers.ovn.mech_driver.ovsdb.impl_idl_ovn [None req-75ec28c3-f503-4704-9e40-9fb1da25ae64 None None] Getting OvsdbSbOvnIdl for WorkerService with retry
Aug 26 08:55:03.330172 np0000008150 devstack@neutron-api.service[87585]: DEBUG neutron.common.ovn.hash_ring_manager [None req-4ad2003d-12d9-4ed3-beaf-29559eb2e0cb None None] Allow caching, nodes 3>=3 {{(pid=87585) _wait_startup_before_caching /opt/stack/neutron/neutron/common/ovn/hash_ring_manager.py:71}}
Aug 26 08:55:03.339887 np0000008150 devstack@neutron-api.service[87584]: DEBUG ovsdbapp.backend.ovs_idl [None req-75ec28c3-f503-4704-9e40-9fb1da25ae64 None None] Created lookup_table index Chassis.name {{(pid=87584) autocreate_indices /opt/stack/data/venv/lib/python3.12/site-packages/ovsdbapp/backend/ovs_idl/__init__.py:87}}
Aug 26 08:55:03.340000 np0000008150 devstack@neutron-api.service[87584]: DEBUG ovsdbapp.backend.ovs_idl [None req-75ec28c3-f503-4704-9e40-9fb1da25ae64 None None] Created lookup_table index Port_Binding.logical_port {{(pid=87584) autocreate_indices /opt/stack/data/venv/lib/python3.12/site-packages/ovsdbapp/backend/ovs_idl/__init__.py:87}}
Aug 26 08:55:03.340105 np0000008150 devstack@neutron-api.service[87584]: DEBUG ovsdbapp.backend.ovs_idl [None req-75ec28c3-f503-4704-9e40-9fb1da25ae64 None None] Created schema index Chassis_Private.name {{(pid=87584) autocreate_indices /opt/stack/data/venv/lib/python3.12/site-packages/ovsdbapp/backend/ovs_idl/__init__.py:106}}
Aug 26 08:55:03.340179 np0000008150 devstack@neutron-api.service[87584]: DEBUG ovsdbapp.backend.ovs_idl [None req-75ec28c3-f503-4704-9e40-9fb1da25ae64 None None] Created schema index Datapath_Binding.tunnel_key {{(pid=87584) autocreate_indices /opt/stack/data/venv/lib/python3.12/site-packages/ovsdbapp/backend/ovs_idl/__init__.py:106}}
Aug 26 08:55:03.342492 np0000008150 devstack@neutron-api.service[87584]: INFO ovsdbapp.backend.ovs_idl.vlog [None req-75ec28c3-f503-4704-9e40-9fb1da25ae64 None None] ssl:10.4.3.182:6642: connecting...
Aug 26 08:55:03.345423 np0000008150 devstack@neutron-api.service[87585]: DEBUG neutron.common.ovn.hash_ring_manager [None req-4ad2003d-12d9-4ed3-beaf-29559eb2e0cb None None] Hash Ring loaded. 3 active nodes. 0 offline nodes {{(pid=87585) _load_hash_ring /opt/stack/neutron/neutron/common/ovn/hash_ring_manager.py:110}}
Aug 26 08:55:03.345828 np0000008150 devstack@neutron-api.service[87585]: DEBUG neutron.plugins.ml2.drivers.ovn.mech_driver.ovsdb.ovsdb_monitor [None req-4ad2003d-12d9-4ed3-beaf-29559eb2e0cb None None] Hash Ring: Node 78bb8d6f04045704b433e7f9f59554fd (host: np0000008150) handling event "create" for row 4ff5109b-fb4e-4f7d-a037-9c1e5e6d4c9b (table: ACL) {{(pid=87585) notify /opt/stack/neutron/neutron/plugins/ml2/drivers/ovn/mech_driver/ovsdb/ovsdb_monitor.py:1099}}
Aug 26 08:55:03.347483 np0000008150 devstack@neutron-api.service[87585]: INFO neutron.plugins.ml2.drivers.ovn.mech_driver.ovsdb.impl_idl_ovn [None req-4ad2003d-12d9-4ed3-beaf-29559eb2e0cb None None] Getting OvsdbSbOvnIdl for WorkerService with retry
Aug 26 08:55:03.348752 np0000008150 devstack@neutron-api.service[87584]: INFO ovsdbapp.backend.ovs_idl.vlog [None req-75ec28c3-f503-4704-9e40-9fb1da25ae64 None None] ssl:10.4.3.182:6642: connected
Aug 26 08:55:03.376815 np0000008150 devstack@neutron-api.service[87584]: DEBUG neutron.common.ovn.hash_ring_manager [None req-75ec28c3-f503-4704-9e40-9fb1da25ae64 None None] Allow caching, nodes 3>=3 {{(pid=87584) _wait_startup_before_caching /opt/stack/neutron/neutron/common/ovn/hash_ring_manager.py:71}}
Aug 26 08:55:03.379370 np0000008150 devstack@neutron-api.service[87585]: DEBUG ovsdbapp.backend.ovs_idl [None req-4ad2003d-12d9-4ed3-beaf-29559eb2e0cb None None] Created lookup_table index Chassis.name {{(pid=87585) autocreate_indices /opt/stack/data/venv/lib/python3.12/site-packages/ovsdbapp/backend/ovs_idl/__init__.py:87}}
Aug 26 08:55:03.379483 np0000008150 devstack@neutron-api.service[87585]: DEBUG ovsdbapp.backend.ovs_idl [None req-4ad2003d-12d9-4ed3-beaf-29559eb2e0cb None None] Created lookup_table index Port_Binding.logical_port {{(pid=87585) autocreate_indices /opt/stack/data/venv/lib/python3.12/site-packages/ovsdbapp/backend/ovs_idl/__init__.py:87}}
Aug 26 08:55:03.379576 np0000008150 devstack@neutron-api.service[87585]: DEBUG ovsdbapp.backend.ovs_idl [None req-4ad2003d-12d9-4ed3-beaf-29559eb2e0cb None None] Created schema index Chassis_Private.name {{(pid=87585) autocreate_indices /opt/stack/data/venv/lib/python3.12/site-packages/ovsdbapp/backend/ovs_idl/__init__.py:106}}
Aug 26 08:55:03.379674 np0000008150 devstack@neutron-api.service[87585]: DEBUG ovsdbapp.backend.ovs_idl [None req-4ad2003d-12d9-4ed3-beaf-29559eb2e0cb None None] Created schema index Datapath_Binding.tunnel_key {{(pid=87585) autocreate_indices /opt/stack/data/venv/lib/python3.12/site-packages/ovsdbapp/backend/ovs_idl/__init__.py:106}}
Aug 26 08:55:03.381279 np0000008150 devstack@neutron-api.service[87584]: DEBUG neutron.common.ovn.hash_ring_manager [None req-75ec28c3-f503-4704-9e40-9fb1da25ae64 None None] Hash Ring loaded. 3 active nodes. 0 offline nodes {{(pid=87584) _load_hash_ring /opt/stack/neutron/neutron/common/ovn/hash_ring_manager.py:110}}
Aug 26 08:55:03.382252 np0000008150 devstack@neutron-api.service[87585]: INFO ovsdbapp.backend.ovs_idl.vlog [None req-4ad2003d-12d9-4ed3-beaf-29559eb2e0cb None None] ssl:10.4.3.182:6642: connecting...
Aug 26 08:55:03.382338 np0000008150 devstack@neutron-api.service[87584]: DEBUG ovsdbapp.backend.ovs_idl.event [None req-75ec28c3-f503-4704-9e40-9fb1da25ae64 None None] Matched CREATE: ChassisOVNAgentWriteEvent(events=('create', 'update'), table='Chassis_Private', conditions=None, old_conditions=None), priority=20 to row=Chassis_Private(uuid=a529fc71-3420-401e-be8f-08e1b83271b0, chassis=bf5a41d2-7e4b-4842-a538-dde55db52727, external_ids={'neutron:ovn-bridge': 'br-int', 'neutron:ovn-neutron-agent-id': '8fa9c407-eb9a-5950-bead-28385d434430', 'neutron:ovn-neutron-agent-sb-cfg': '0'}, name='5a8fa52a-6a53-42f9-a417-ea7080e16213', nb_cfg=0, nb_cfg_timestamp=0) old= {{(pid=87584) matches /opt/stack/data/venv/lib/python3.12/site-packages/ovsdbapp/backend/ovs_idl/event.py:55}}
Aug 26 08:55:03.382724 np0000008150 devstack@neutron-api.service[87584]: DEBUG ovsdbapp.backend.ovs_idl.event [None req-75ec28c3-f503-4704-9e40-9fb1da25ae64 None None] Matched CREATE: ChassisAgentWriteEvent(events=('create', 'update'), table='Chassis_Private', conditions=None, old_conditions=None), priority=20 to row=Chassis_Private(uuid=a529fc71-3420-401e-be8f-08e1b83271b0, chassis=bf5a41d2-7e4b-4842-a538-dde55db52727, external_ids={'neutron:ovn-bridge': 'br-int', 'neutron:ovn-neutron-agent-id': '8fa9c407-eb9a-5950-bead-28385d434430', 'neutron:ovn-neutron-agent-sb-cfg': '0'}, name='5a8fa52a-6a53-42f9-a417-ea7080e16213', nb_cfg=0, nb_cfg_timestamp=0) old= {{(pid=87584) matches /opt/stack/data/venv/lib/python3.12/site-packages/ovsdbapp/backend/ovs_idl/event.py:55}}
Aug 26 08:55:03.384723 np0000008150 devstack@neutron-api.service[87584]: INFO neutron.plugins.ml2.drivers.ovn.mech_driver.mech_driver [None req-75ec28c3-f503-4704-9e40-9fb1da25ae64 None None] WorkerService process has finished the post initialization
Aug 26 08:55:03.385126 np0000008150 devstack@neutron-api.service[87584]: DEBUG oslo_concurrency.processutils [None req-75ec28c3-f503-4704-9e40-9fb1da25ae64 None None] Running cmd (subprocess): ovsdb-client transact ssl:10.4.3.182:6641 --timeout 180 -p /opt/stack/data/CA/int-ca/private/devstack-cert.key -c /opt/stack/data/CA/int-ca/devstack-cert.crt -C /opt/stack/data/CA/int-ca/ca-chain.pem ["OVN_Northbound", {"op": "wait", "timeout": 0, "table": "Port_Group", "where": [["name", "==", "pvlan_pg_drop"]], "until": "==", "rows": []}, {"op": "insert", "table": "ACL", "row": {"action": "drop", "direction": "to-lport", "match": "outport == @pvlan_pg_drop && ip", "priority": 1010}, "uuid-name": "pvlandroptoport"}, {"op": "insert", "table": "ACL", "row": {"action": "drop", "direction": "from-lport", "match": "inport == @pvlan_pg_drop && ip", "priority": 1010}, "uuid-name": "pvlandropfromport"}, {"op": "insert", "table": "Port_Group", "row": {"name": "pvlan_pg_drop", "acls": ["set", [["named-uuid", "pvlandroptoport"], ["named-uuid", "pvlandropfromport"]]]}}] {{(pid=87584) execute /opt/stack/data/venv/lib/python3.12/site-packages/oslo_concurrency/processutils.py:440}}
Aug 26 08:55:03.388003 np0000008150 devstack@neutron-api.service[87585]: INFO ovsdbapp.backend.ovs_idl.vlog [None req-4ad2003d-12d9-4ed3-beaf-29559eb2e0cb None None] ssl:10.4.3.182:6642: connected
Aug 26 08:55:03.410024 np0000008150 devstack@neutron-api.service[87585]: DEBUG neutron.common.ovn.hash_ring_manager [None req-4ad2003d-12d9-4ed3-beaf-29559eb2e0cb None None] Allow caching, nodes 3>=3 {{(pid=87585) _wait_startup_before_caching /opt/stack/neutron/neutron/common/ovn/hash_ring_manager.py:71}}
Aug 26 08:55:03.414171 np0000008150 devstack@neutron-api.service[87585]: DEBUG neutron.common.ovn.hash_ring_manager [None req-4ad2003d-12d9-4ed3-beaf-29559eb2e0cb None None] Hash Ring loaded. 3 active nodes. 0 offline nodes {{(pid=87585) _load_hash_ring /opt/stack/neutron/neutron/common/ovn/hash_ring_manager.py:110}}
Aug 26 08:55:03.414351 np0000008150 devstack@neutron-api.service[87585]: DEBUG neutron.plugins.ml2.drivers.ovn.mech_driver.ovsdb.ovsdb_monitor [None req-4ad2003d-12d9-4ed3-beaf-29559eb2e0cb None None] Hash Ring: Node 78bb8d6f04045704b433e7f9f59554fd (host: np0000008150) handling event "create" for row bf5a41d2-7e4b-4842-a538-dde55db52727 (table: Chassis) {{(pid=87585) notify /opt/stack/neutron/neutron/plugins/ml2/drivers/ovn/mech_driver/ovsdb/ovsdb_monitor.py:1099}}
Aug 26 08:55:03.415729 np0000008150 devstack@neutron-api.service[87585]: DEBUG ovsdbapp.backend.ovs_idl.event [None req-4ad2003d-12d9-4ed3-beaf-29559eb2e0cb None None] Matched CREATE: ChassisBandwidthConfigEvent(events=('create', 'update'), table='Chassis', conditions=None, old_conditions=None), priority=20 to row=Chassis(uuid=bf5a41d2-7e4b-4842-a538-dde55db52727, encaps=[a7b5439d-6944-49d1-8db3-705e16856630], external_ids={}, hostname='np0000008150', name='5a8fa52a-6a53-42f9-a417-ea7080e16213', nb_cfg=0, other_config={'ct-commit-nat-v2': 'true', 'ct-commit-to-zone': 'true', 'ct-next-zone': 'true', 'ct-no-masked-label': 'true', 'ct-state-save': 'true', 'datapath-type': 'system', 'fdb-timestamp': 'true', 'iface-types': 'afxdp,afxdp-nonpmd,bareudp,erspan,geneve,gre,gtpu,internal,ip6erspan,ip6gre,lisp,patch,srv6,stt,system,tap,vxlan', 'is-interconn': 'false', 'ls-dpg-column': 'true', 'mac-binding-timestamp': 'true', 'ovn-bridge-mappings': 'public:br-ex', 'ovn-chassis-mac-mappings': '', 'ovn-cms-options': 'enable-chassis-as-gw', 'ovn-ct-lb-related': 'true', 'ovn-enable-lflow-cache': 'true', 'ovn-limit-lflow-cache': '', 'ovn-memlimit-lflow-cache-kb': '', 'ovn-monitor-all': 'false', 'ovn-trim-limit-lflow-cache': '', 'ovn-trim-timeout-ms': '', 'ovn-trim-wmark-perc-lflow-cache': '', 'port-up-notif': 'true'}, transport_zones=[], vtep_logical_switches=[]) old= {{(pid=87585) matches /opt/stack/data/venv/lib/python3.12/site-packages/ovsdbapp/backend/ovs_idl/event.py:55}}
Aug 26 08:55:03.415835 np0000008150 devstack@neutron-api.service[87584]: DEBUG oslo_concurrency.processutils [None req-75ec28c3-f503-4704-9e40-9fb1da25ae64 None None] CMD "ovsdb-client transact ssl:10.4.3.182:6641 --timeout 180 -p /opt/stack/data/CA/int-ca/private/devstack-cert.key -c /opt/stack/data/CA/int-ca/devstack-cert.crt -C /opt/stack/data/CA/int-ca/ca-chain.pem ["OVN_Northbound", {"op": "wait", "timeout": 0, "table": "Port_Group", "where": [["name", "==", "pvlan_pg_drop"]], "until": "==", "rows": []}, {"op": "insert", "table": "ACL", "row": {"action": "drop", "direction": "to-lport", "match": "outport == @pvlan_pg_drop && ip", "priority": 1010}, "uuid-name": "pvlandroptoport"}, {"op": "insert", "table": "ACL", "row": {"action": "drop", "direction": "from-lport", "match": "inport == @pvlan_pg_drop && ip", "priority": 1010}, "uuid-name": "pvlandropfromport"}, {"op": "insert", "table": "Port_Group", "row": {"name": "pvlan_pg_drop", "acls": ["set", [["named-uuid", "pvlandroptoport"], ["named-uuid", "pvlandropfromport"]]]}}]" returned: 0 in 0.030s {{(pid=87584) execute /opt/stack/data/venv/lib/python3.12/site-packages/oslo_concurrency/processutils.py:468}}
Aug 26 08:55:03.416492 np0000008150 devstack@neutron-api.service[87585]: DEBUG ovsdbapp.backend.ovs_idl.event [None req-4ad2003d-12d9-4ed3-beaf-29559eb2e0cb None None] Matched CREATE: ChassisOVNAgentWriteEvent(events=('create', 'update'), table='Chassis_Private', conditions=None, old_conditions=None), priority=20 to row=Chassis_Private(uuid=a529fc71-3420-401e-be8f-08e1b83271b0, chassis=bf5a41d2-7e4b-4842-a538-dde55db52727, external_ids={'neutron:ovn-bridge': 'br-int', 'neutron:ovn-neutron-agent-id': '8fa9c407-eb9a-5950-bead-28385d434430', 'neutron:ovn-neutron-agent-sb-cfg': '0'}, name='5a8fa52a-6a53-42f9-a417-ea7080e16213', nb_cfg=0, nb_cfg_timestamp=0) old= {{(pid=87585) matches /opt/stack/data/venv/lib/python3.12/site-packages/ovsdbapp/backend/ovs_idl/event.py:55}}
Aug 26 08:55:03.416969 np0000008150 devstack@neutron-api.service[87585]: DEBUG ovsdbapp.backend.ovs_idl.event [None req-4ad2003d-12d9-4ed3-beaf-29559eb2e0cb None None] Matched CREATE: ChassisAgentWriteEvent(events=('create', 'update'), table='Chassis_Private', conditions=None, old_conditions=None), priority=20 to row=Chassis_Private(uuid=a529fc71-3420-401e-be8f-08e1b83271b0, chassis=bf5a41d2-7e4b-4842-a538-dde55db52727, external_ids={'neutron:ovn-bridge': 'br-int', 'neutron:ovn-neutron-agent-id': '8fa9c407-eb9a-5950-bead-28385d434430', 'neutron:ovn-neutron-agent-sb-cfg': '0'}, name='5a8fa52a-6a53-42f9-a417-ea7080e16213', nb_cfg=0, nb_cfg_timestamp=0) old= {{(pid=87585) matches /opt/stack/data/venv/lib/python3.12/site-packages/ovsdbapp/backend/ovs_idl/event.py:55}}
Aug 26 08:55:03.417312 np0000008150 devstack@neutron-api.service[87585]: DEBUG neutron.plugins.ml2.drivers.ovn.mech_driver.ovsdb.ovsdb_monitor [None req-4ad2003d-12d9-4ed3-beaf-29559eb2e0cb None None] Hash Ring: Node 78bb8d6f04045704b433e7f9f59554fd (host: np0000008150) handling event "create" for row a7b5439d-6944-49d1-8db3-705e16856630 (table: Encap) {{(pid=87585) notify /opt/stack/neutron/neutron/plugins/ml2/drivers/ovn/mech_driver/ovsdb/ovsdb_monitor.py:1099}}
Aug 26 08:55:03.417745 np0000008150 devstack@neutron-api.service[87584]: WSGI app 0 (mountpoint='') ready in 7 seconds on interpreter 0x7e4e544a4668 pid: 87584 (default app)
Aug 26 08:55:03.418311 np0000008150 devstack@neutron-api.service[87585]: INFO neutron.plugins.ml2.drivers.ovn.mech_driver.mech_driver [None req-4ad2003d-12d9-4ed3-beaf-29559eb2e0cb None None] WorkerService process has finished the post initialization
Aug 26 08:55:03.418950 np0000008150 devstack@neutron-api.service[87585]: INFO neutron.plugins.ml2.drivers.ovn.mech_driver.ovsdb.extensions.qos [-] Starting OVNClientQosExtension
Aug 26 08:55:03.419164 np0000008150 devstack@neutron-api.service[87585]: DEBUG oslo_concurrency.processutils [None req-4ad2003d-12d9-4ed3-beaf-29559eb2e0cb None None] Running cmd (subprocess): ovsdb-client transact ssl:10.4.3.182:6641 --timeout 180 -p /opt/stack/data/CA/int-ca/private/devstack-cert.key -c /opt/stack/data/CA/int-ca/devstack-cert.crt -C /opt/stack/data/CA/int-ca/ca-chain.pem ["OVN_Northbound", {"op": "wait", "timeout": 0, "table": "Port_Group", "where": [["name", "==", "pvlan_pg_drop"]], "until": "==", "rows": []}, {"op": "insert", "table": "ACL", "row": {"action": "drop", "direction": "to-lport", "match": "outport == @pvlan_pg_drop && ip", "priority": 1010}, "uuid-name": "pvlandroptoport"}, {"op": "insert", "table": "ACL", "row": {"action": "drop", "direction": "from-lport", "match": "inport == @pvlan_pg_drop && ip", "priority": 1010}, "uuid-name": "pvlandropfromport"}, {"op": "insert", "table": "Port_Group", "row": {"name": "pvlan_pg_drop", "acls": ["set", [["named-uuid", "pvlandroptoport"], ["named-uuid", "pvlandropfromport"]]]}}] {{(pid=87585) execute /opt/stack/data/venv/lib/python3.12/site-packages/oslo_concurrency/processutils.py:440}}
Aug 26 08:55:03.419327 np0000008150 devstack@neutron-api.service[87585]: INFO neutron.plugins.ml2.drivers.ovn.mech_driver.ovsdb.extensions.placement [-] Starting OVNClientPlacementExtension
Aug 26 08:55:03.442596 np0000008150 devstack@neutron-api.service[87585]: DEBUG oslo_concurrency.processutils [None req-4ad2003d-12d9-4ed3-beaf-29559eb2e0cb None None] CMD "ovsdb-client transact ssl:10.4.3.182:6641 --timeout 180 -p /opt/stack/data/CA/int-ca/private/devstack-cert.key -c /opt/stack/data/CA/int-ca/devstack-cert.crt -C /opt/stack/data/CA/int-ca/ca-chain.pem ["OVN_Northbound", {"op": "wait", "timeout": 0, "table": "Port_Group", "where": [["name", "==", "pvlan_pg_drop"]], "until": "==", "rows": []}, {"op": "insert", "table": "ACL", "row": {"action": "drop", "direction": "to-lport", "match": "outport == @pvlan_pg_drop && ip", "priority": 1010}, "uuid-name": "pvlandroptoport"}, {"op": "insert", "table": "ACL", "row": {"action": "drop", "direction": "from-lport", "match": "inport == @pvlan_pg_drop && ip", "priority": 1010}, "uuid-name": "pvlandropfromport"}, {"op": "insert", "table": "Port_Group", "row": {"name": "pvlan_pg_drop", "acls": ["set", [["named-uuid", "pvlandroptoport"], ["named-uuid", "pvlandropfromport"]]]}}]" returned: 0 in 0.023s {{(pid=87585) execute /opt/stack/data/venv/lib/python3.12/site-packages/oslo_concurrency/processutils.py:468}}
Aug 26 08:55:03.444373 np0000008150 devstack@neutron-api.service[87585]: WSGI app 0 (mountpoint='') ready in 7 seconds on interpreter 0x7e4e544a4668 pid: 87585 (default app)
Aug 26 08:55:03.967878 np0000008150 devstack@neutron-api.service[87584]: DEBUG neutron.plugins.ml2.drivers.ovn.mech_driver.ovsdb.ovsdb_monitor [-] Hash Ring: Node cffaaff2a43e5f4c9eea086518c31e27 (host: np0000008150) handling event "update" for row 521b6cf6-e10f-4a7d-a591-c76d04e85886 (table: Connection) {{(pid=87584) notify /opt/stack/neutron/neutron/plugins/ml2/drivers/ovn/mech_driver/ovsdb/ovsdb_monitor.py:1099}}
Aug 26 08:55:03.970737 np0000008150 devstack@neutron-api.service[87583]: DEBUG neutron.common.ovn.hash_ring_manager [-] Allow caching, nodes 3>=3 {{(pid=87583) _wait_startup_before_caching /opt/stack/neutron/neutron/common/ovn/hash_ring_manager.py:71}}
Aug 26 08:55:03.970980 np0000008150 devstack@neutron-api.service[87583]: DEBUG neutron.plugins.ml2.drivers.ovn.mech_driver.ovsdb.ovsdb_monitor [-] Hash Ring: Node 81f1f9c1f1b457408298cc5470b6a97f (host: np0000008150) handling event "update" for row 521b6cf6-e10f-4a7d-a591-c76d04e85886 (table: Connection) {{(pid=87583) notify /opt/stack/neutron/neutron/plugins/ml2/drivers/ovn/mech_driver/ovsdb/ovsdb_monitor.py:1099}}
Aug 26 08:55:06.480106 np0000008150 devstack@neutron-api.service[87583]: DEBUG neutron.plugins.ml2.drivers.ovn.mech_driver.ovsdb.ovsdb_monitor [-] Hash Ring: Node 81f1f9c1f1b457408298cc5470b6a97f (host: np0000008150) handling event "update" for row 521b6cf6-e10f-4a7d-a591-c76d04e85886 (table: Connection) {{(pid=87583) notify /opt/stack/neutron/neutron/plugins/ml2/drivers/ovn/mech_driver/ovsdb/ovsdb_monitor.py:1099}}
Aug 26 08:55:06.481503 np0000008150 devstack@neutron-api.service[87584]: DEBUG neutron.plugins.ml2.drivers.ovn.mech_driver.ovsdb.ovsdb_monitor [-] Hash Ring: Node cffaaff2a43e5f4c9eea086518c31e27 (host: np0000008150) handling event "update" for row 521b6cf6-e10f-4a7d-a591-c76d04e85886 (table: Connection) {{(pid=87584) notify /opt/stack/neutron/neutron/plugins/ml2/drivers/ovn/mech_driver/ovsdb/ovsdb_monitor.py:1099}}
Aug 26 08:55:07.226352 np0000008150 devstack@neutron-api.service[87583]: DEBUG neutron.api.wsgi [None req-57b4444f-aabe-4eac-903e-dc57be121069 admin admin] Missing Content-Type {{(pid=87583) get_content_type /opt/stack/neutron/neutron/api/wsgi.py:80}}
Aug 26 08:55:07.226806 np0000008150 devstack@neutron-api.service[87583]: DEBUG neutron.api.wsgi [None req-57b4444f-aabe-4eac-903e-dc57be121069 admin admin] https://10.4.3.182/networking/v2.0/extensions returned with HTTP 200 {{(pid=87583) __call__ /opt/stack/neutron/neutron/api/wsgi.py:540}}
Aug 26 08:55:07.227199 np0000008150 devstack@neutron-api.service[87583]: [pid: 87583|app: 0|req: 2/2] 10.4.3.182 () {64 vars in 1292 bytes} [Wed Aug 26 08:55:06 2026] GET /networking/v2.0/extensions => generated 16171 bytes in 582 msecs (HTTP/1.1 200) 4 headers in 159 bytes (1 switches on core 0)
Aug 26 08:55:07.573624 np0000008150 devstack@neutron-api.service[87584]: DEBUG neutron.api.v2.base [None req-6d062240-0e19-43f1-9756-aba9f332e052 admin admin] Request body: {'subnetpool': {'is_default': True, 'default_prefixlen': 26, 'prefixes': ['10.1.0.0/20'], 'shared': True, 'name': 'shared-default-subnetpool-v4'}} {{(pid=87584) prepare_request_body /opt/stack/neutron/neutron/api/v2/base.py:727}}
Aug 26 08:55:07.784793 np0000008150 devstack@neutron-api.service[87584]: DEBUG neutron.policy [None req-6d062240-0e19-43f1-9756-aba9f332e052 admin admin] Loaded default policies from ['neutron'] under neutron.policies entry points {{(pid=87584) register_rules /opt/stack/neutron/neutron/policy.py:65}}
Aug 26 08:55:07.916706 np0000008150 devstack@neutron-api.service[87584]: DEBUG neutron_lib.callbacks.manager [None req-6d062240-0e19-43f1-9756-aba9f332e052 admin admin] Publish callbacks ['neutron.objects.securitygroup.RbacNeutronDbObjectMixin.validate_rbac_policy_change-1999900223486', 'neutron.objects.address_group.RbacNeutronDbObjectMixin.validate_rbac_policy_change-1999899741974', 'neutron.objects.network.RbacNeutronDbObjectMixin.validate_rbac_policy_change-1999899735658', 'neutron.objects.qos.policy.RbacNeutronDbObjectMixin.validate_rbac_policy_change-1999899723125', 'neutron.objects.subnetpool.RbacNeutronDbObjectMixin.validate_rbac_policy_change-1999899764117', 'neutron.objects.address_scope.RbacNeutronDbObjectMixin.validate_rbac_policy_change-1999899767093', 'neutron.plugins.ml2.plugin.External_net_db_mixin._process_ext_policy_create-4057133', 'neutron.plugins.ml2.plugin.NeutronDbPluginV2.validate_network_rbac_policy_change-4047701'] for rbac-policy (None), before_create {{(pid=87584) _notify_loop /opt/stack/data/venv/lib/python3.12/site-packages/neutron_lib/callbacks/manager.py:184}}
Aug 26 08:55:07.958686 np0000008150 devstack@neutron-api.service[87584]: DEBUG neutron_lib.callbacks.manager [None req-6d062240-0e19-43f1-9756-aba9f332e052 admin admin] Publish callbacks [] for subnetpool (None), before_response {{(pid=87584) _notify_loop /opt/stack/data/venv/lib/python3.12/site-packages/neutron_lib/callbacks/manager.py:184}}
Aug 26 08:55:07.959202 np0000008150 devstack@neutron-api.service[87584]: [pid: 87584|app: 0|req: 1/3] 10.4.3.182 () {68 vars in 1336 bytes} [Wed Aug 26 08:55:07 2026] POST /networking/v2.0/subnetpools => generated 533 bytes in 476 msecs (HTTP/1.1 201) 4 headers in 162 bytes (1 switches on core 0)
Aug 26 08:55:08.260709 np0000008150 devstack@neutron-api.service[87585]: DEBUG neutron.api.v2.base [None req-bde9769d-0ac8-456c-a03d-e54f2ac55d72 admin admin] Request body: {'subnetpool': {'is_default': True, 'default_prefixlen': 64, 'prefixes': ['fd15:30a7:9a01::/56'], 'shared': True, 'name': 'shared-default-subnetpool-v6'}} {{(pid=87585) prepare_request_body /opt/stack/neutron/neutron/api/v2/base.py:727}}
Aug 26 08:55:08.430691 np0000008150 devstack@neutron-api.service[87585]: DEBUG neutron.policy [None req-bde9769d-0ac8-456c-a03d-e54f2ac55d72 admin admin] Loaded default policies from ['neutron'] under neutron.policies entry points {{(pid=87585) register_rules /opt/stack/neutron/neutron/policy.py:65}}
Aug 26 08:55:08.564404 np0000008150 devstack@neutron-api.service[87585]: DEBUG neutron_lib.callbacks.manager [None req-bde9769d-0ac8-456c-a03d-e54f2ac55d72 admin admin] Publish callbacks ['neutron.objects.securitygroup.RbacNeutronDbObjectMixin.validate_rbac_policy_change-1999900229375', 'neutron.objects.address_group.RbacNeutronDbObjectMixin.validate_rbac_policy_change-1999899744215', 'neutron.objects.network.RbacNeutronDbObjectMixin.validate_rbac_policy_change-1999899733107', 'neutron.objects.qos.policy.RbacNeutronDbObjectMixin.validate_rbac_policy_change-1999899728246', 'neutron.objects.subnetpool.RbacNeutronDbObjectMixin.validate_rbac_policy_change-1999899808302', 'neutron.objects.address_scope.RbacNeutronDbObjectMixin.validate_rbac_policy_change-1999899807919', 'neutron.plugins.ml2.plugin.External_net_db_mixin._process_ext_policy_create-534920', 'neutron.plugins.ml2.plugin.NeutronDbPluginV2.validate_network_rbac_policy_change-545188'] for rbac-policy (None), before_create {{(pid=87585) _notify_loop /opt/stack/data/venv/lib/python3.12/site-packages/neutron_lib/callbacks/manager.py:184}}
Aug 26 08:55:08.607499 np0000008150 devstack@neutron-api.service[87585]: DEBUG neutron_lib.callbacks.manager [None req-bde9769d-0ac8-456c-a03d-e54f2ac55d72 admin admin] Publish callbacks [] for subnetpool (None), before_response {{(pid=87585) _notify_loop /opt/stack/data/venv/lib/python3.12/site-packages/neutron_lib/callbacks/manager.py:184}}
Aug 26 08:55:08.608023 np0000008150 devstack@neutron-api.service[87585]: [pid: 87585|app: 0|req: 1/4] 10.4.3.182 () {68 vars in 1336 bytes} [Wed Aug 26 08:55:08 2026] POST /networking/v2.0/subnetpools => generated 543 bytes in 436 msecs (HTTP/1.1 201) 4 headers in 162 bytes (1 switches on core 0)
Aug 26 08:55:08.844474 np0000008150 devstack@neutron-api.service[87583]: DEBUG neutron.api.v2.base [None req-e55105ac-3a7c-4978-91fd-8bd5a1d28cf6 admin admin] Request body: {'network': {'admin_state_up': True, 'name': 'private'}} {{(pid=87583) prepare_request_body /opt/stack/neutron/neutron/api/v2/base.py:727}}
Aug 26 08:55:08.875782 np0000008150 devstack@neutron-api.service[87583]: DEBUG neutron.pecan_wsgi.hooks.quota_enforcement [None req-e55105ac-3a7c-4978-91fd-8bd5a1d28cf6 admin admin] Made reservation on behalf of 8cd969c8c35945129f102994389d1738 for: {'network': 1} {{(pid=87583) before /opt/stack/neutron/neutron/pecan_wsgi/hooks/quota_enforcement.py:66}}
Aug 26 08:55:09.017737 np0000008150 devstack@neutron-api.service[87583]: DEBUG neutron.policy [None req-e55105ac-3a7c-4978-91fd-8bd5a1d28cf6 admin admin] Loaded default policies from ['neutron'] under neutron.policies entry points {{(pid=87583) register_rules /opt/stack/neutron/neutron/policy.py:65}}
Aug 26 08:55:09.100834 np0000008150 devstack@neutron-api.service[87583]: DEBUG neutron_lib.callbacks.manager [None req-e55105ac-3a7c-4978-91fd-8bd5a1d28cf6 admin admin] Publish callbacks ['neutron.plugins.ml2.plugin.SecurityGroupDbMixin._ensure_default_security_group_handler-3156749'] for network (None), before_create {{(pid=87583) _notify_loop /opt/stack/data/venv/lib/python3.12/site-packages/neutron_lib/callbacks/manager.py:184}}
Aug 26 08:55:09.118408 np0000008150 devstack@neutron-api.service[87583]: DEBUG neutron_lib.callbacks.manager [None req-e55105ac-3a7c-4978-91fd-8bd5a1d28cf6 admin admin] Publish callbacks [] for security_group (None), before_create {{(pid=87583) _notify_loop /opt/stack/data/venv/lib/python3.12/site-packages/neutron_lib/callbacks/manager.py:184}}
Aug 26 08:55:09.216123 np0000008150 devstack@neutron-api.service[87583]: DEBUG neutron_lib.callbacks.manager [None req-e55105ac-3a7c-4978-91fd-8bd5a1d28cf6 admin admin] Publish callbacks ['neutron.plugins.ml2.drivers.ovn.mech_driver.mech_driver.OVNMechanismDriver._create_security_group_precommit-209577'] for security_group (07e7bd96-076f-4947-8f3d-37312d31d541), precommit_create {{(pid=87583) _notify_loop /opt/stack/data/venv/lib/python3.12/site-packages/neutron_lib/callbacks/manager.py:184}}
Aug 26 08:55:09.216281 np0000008150 devstack@neutron-api.service[87583]: DEBUG neutron.db.ovn_revision_numbers_db [None req-e55105ac-3a7c-4978-91fd-8bd5a1d28cf6 admin admin] create_initial_revision uuid=07e7bd96-076f-4947-8f3d-37312d31d541, type=security_groups, rev=-1 {{(pid=87583) create_initial_revision /opt/stack/neutron/neutron/db/ovn_revision_numbers_db.py:98}}
Aug 26 08:55:09.218798 np0000008150 devstack@neutron-api.service[87583]: DEBUG neutron.db.ovn_revision_numbers_db [None req-e55105ac-3a7c-4978-91fd-8bd5a1d28cf6 admin admin] create_initial_revision uuid=661723d9-e884-4e48-baa5-771d9235a4e1, type=security_group_rules, rev=-1 {{(pid=87583) create_initial_revision /opt/stack/neutron/neutron/db/ovn_revision_numbers_db.py:98}}
Aug 26 08:55:09.219818 np0000008150 devstack@neutron-api.service[87583]: DEBUG neutron.db.ovn_revision_numbers_db [None req-e55105ac-3a7c-4978-91fd-8bd5a1d28cf6 admin admin] create_initial_revision uuid=734e32ee-b56d-4c8e-bfce-1eb02b23af97, type=security_group_rules, rev=-1 {{(pid=87583) create_initial_revision /opt/stack/neutron/neutron/db/ovn_revision_numbers_db.py:98}}
Aug 26 08:55:09.220794 np0000008150 devstack@neutron-api.service[87583]: DEBUG neutron.db.ovn_revision_numbers_db [None req-e55105ac-3a7c-4978-91fd-8bd5a1d28cf6 admin admin] create_initial_revision uuid=82b4a6dd-aa43-4445-955a-d8b7a66c2976, type=security_group_rules, rev=-1 {{(pid=87583) create_initial_revision /opt/stack/neutron/neutron/db/ovn_revision_numbers_db.py:98}}
Aug 26 08:55:09.221707 np0000008150 devstack@neutron-api.service[87583]: DEBUG neutron.db.ovn_revision_numbers_db [None req-e55105ac-3a7c-4978-91fd-8bd5a1d28cf6 admin admin] create_initial_revision uuid=e204ca5b-478d-4344-aa16-b4ddb6700b8e, type=security_group_rules, rev=-1 {{(pid=87583) create_initial_revision /opt/stack/neutron/neutron/db/ovn_revision_numbers_db.py:98}}
Aug 26 08:55:09.226838 np0000008150 devstack@neutron-api.service[87583]: DEBUG neutron_lib.callbacks.manager [None req-e55105ac-3a7c-4978-91fd-8bd5a1d28cf6 admin admin] Publish callbacks ['neutron.plugins.ml2.drivers.ovn.mech_driver.mech_driver.OVNMechanismDriver._create_security_group-209571', 'neutron.plugins.ml2.ovo_rpc._ObjectChangeHandler.handle_event-2028899'] for security_group (07e7bd96-076f-4947-8f3d-37312d31d541), after_create {{(pid=87583) _notify_loop /opt/stack/data/venv/lib/python3.12/site-packages/neutron_lib/callbacks/manager.py:184}}
Aug 26 08:55:09.227859 np0000008150 devstack@neutron-api.service[87583]: DEBUG ovsdbapp.backend.ovs_idl.transaction [-] Running txn a9de15ca n=1 command(idx=0): PgAddCommand(_result=None, name=pg_07e7bd96_076f_4947_8f3d_37312d31d541, may_exist=False, columns={'acls': [], 'external_ids': {'neutron:security_group_id': '07e7bd96-076f-4947-8f3d-37312d31d541'}}) {{(pid=87583) do_commit /opt/stack/data/venv/lib/python3.12/site-packages/ovsdbapp/backend/ovs_idl/transaction.py:91}}
Aug 26 08:55:09.229245 np0000008150 devstack@neutron-api.service[87583]: DEBUG ovsdbapp.backend.ovs_idl.transaction [-] Running txn a9de15ca n=1 command(idx=1): PgAclAddCommand(_result=None, entity=pg_07e7bd96_076f_4947_8f3d_37312d31d541, direction=to-lport, priority=1002, match=outport == @pg_07e7bd96_076f_4947_8f3d_37312d31d541 && ip4 && ip4.src == $pg_07e7bd96_076f_4947_8f3d_37312d31d541_ip4, action=allow-related, log=False, may_exist=True, severity=[], name=[], meter=[], external_ids={'neutron:security_group_rule_id': '661723d9-e884-4e48-baa5-771d9235a4e1'}) {{(pid=87583) do_commit /opt/stack/data/venv/lib/python3.12/site-packages/ovsdbapp/backend/ovs_idl/transaction.py:91}}
Aug 26 08:55:09.229725 np0000008150 devstack@neutron-api.service[87583]: DEBUG ovsdbapp.backend.ovs_idl.transaction [-] Running txn a9de15ca n=1 command(idx=2): PgAclAddCommand(_result=None, entity=pg_07e7bd96_076f_4947_8f3d_37312d31d541, direction=from-lport, priority=1002, match=inport == @pg_07e7bd96_076f_4947_8f3d_37312d31d541 && ip4, action=allow-related, log=False, may_exist=True, severity=[], name=[], meter=[], external_ids={'neutron:security_group_rule_id': '734e32ee-b56d-4c8e-bfce-1eb02b23af97'}) {{(pid=87583) do_commit /opt/stack/data/venv/lib/python3.12/site-packages/ovsdbapp/backend/ovs_idl/transaction.py:91}}
Aug 26 08:55:09.230050 np0000008150 devstack@neutron-api.service[87583]: DEBUG ovsdbapp.backend.ovs_idl.transaction [-] Running txn a9de15ca n=1 command(idx=3): PgAclAddCommand(_result=None, entity=pg_07e7bd96_076f_4947_8f3d_37312d31d541, direction=to-lport, priority=1002, match=outport == @pg_07e7bd96_076f_4947_8f3d_37312d31d541 && ip6 && ip6.src == $pg_07e7bd96_076f_4947_8f3d_37312d31d541_ip6, action=allow-related, log=False, may_exist=True, severity=[], name=[], meter=[], external_ids={'neutron:security_group_rule_id': '82b4a6dd-aa43-4445-955a-d8b7a66c2976'}) {{(pid=87583) do_commit /opt/stack/data/venv/lib/python3.12/site-packages/ovsdbapp/backend/ovs_idl/transaction.py:91}}
Aug 26 08:55:09.230319 np0000008150 devstack@neutron-api.service[87583]: DEBUG ovsdbapp.backend.ovs_idl.transaction [-] Running txn a9de15ca n=1 command(idx=4): PgAclAddCommand(_result=None, entity=pg_07e7bd96_076f_4947_8f3d_37312d31d541, direction=from-lport, priority=1002, match=inport == @pg_07e7bd96_076f_4947_8f3d_37312d31d541 && ip6, action=allow-related, log=False, may_exist=True, severity=[], name=[], meter=[], external_ids={'neutron:security_group_rule_id': 'e204ca5b-478d-4344-aa16-b4ddb6700b8e'}) {{(pid=87583) do_commit /opt/stack/data/venv/lib/python3.12/site-packages/ovsdbapp/backend/ovs_idl/transaction.py:91}}
Aug 26 08:55:09.234070 np0000008150 devstack@neutron-api.service[87583]: DEBUG neutron.plugins.ml2.drivers.ovn.mech_driver.ovsdb.ovsdb_monitor [-] Hash Ring: Node 81f1f9c1f1b457408298cc5470b6a97f (host: np0000008150) handling event "create" for row 26a59e63-2849-403b-b36f-6dbb61ed67c9 (table: ACL) {{(pid=87583) notify /opt/stack/neutron/neutron/plugins/ml2/drivers/ovn/mech_driver/ovsdb/ovsdb_monitor.py:1099}}
Aug 26 08:55:09.234281 np0000008150 devstack@neutron-api.service[87583]: DEBUG neutron.plugins.ml2.drivers.ovn.mech_driver.ovsdb.ovsdb_monitor [-] Hash Ring: Node 81f1f9c1f1b457408298cc5470b6a97f (host: np0000008150) handling event "create" for row 4313ccd5-621d-4317-9a39-2f123156c10c (table: ACL) {{(pid=87583) notify /opt/stack/neutron/neutron/plugins/ml2/drivers/ovn/mech_driver/ovsdb/ovsdb_monitor.py:1099}}
Aug 26 08:55:09.234436 np0000008150 devstack@neutron-api.service[87583]: DEBUG neutron.plugins.ml2.drivers.ovn.mech_driver.ovsdb.ovsdb_monitor [-] Hash Ring: Node 81f1f9c1f1b457408298cc5470b6a97f (host: np0000008150) handling event "create" for row 7b2ae7cf-b0f9-4782-8360-aa59ab9aeb87 (table: ACL) {{(pid=87583) notify /opt/stack/neutron/neutron/plugins/ml2/drivers/ovn/mech_driver/ovsdb/ovsdb_monitor.py:1099}}
Aug 26 08:55:09.234648 np0000008150 devstack@neutron-api.service[87583]: DEBUG neutron.plugins.ml2.drivers.ovn.mech_driver.ovsdb.ovsdb_monitor [-] Hash Ring: Node 81f1f9c1f1b457408298cc5470b6a97f (host: np0000008150) handling event "create" for row ac871823-bec6-4343-a030-680d7fe75246 (table: ACL) {{(pid=87583) notify /opt/stack/neutron/neutron/plugins/ml2/drivers/ovn/mech_driver/ovsdb/ovsdb_monitor.py:1099}}
Aug 26 08:55:09.234756 np0000008150 devstack@neutron-api.service[87583]: DEBUG neutron.plugins.ml2.drivers.ovn.mech_driver.ovsdb.ovsdb_monitor [-] Hash Ring: Node 81f1f9c1f1b457408298cc5470b6a97f (host: np0000008150) handling event "create" for row 13604ebd-f3b4-4cfa-8cc5-b43ef5c2fbd0 (table: Port_Group) {{(pid=87583) notify /opt/stack/neutron/neutron/plugins/ml2/drivers/ovn/mech_driver/ovsdb/ovsdb_monitor.py:1099}}
Aug 26 08:55:09.235330 np0000008150 devstack@neutron-api.service[87583]: DEBUG ovsdbapp.backend.ovs_idl.transaction [-] txn a9de15ca succeeded {{(pid=87583) do_commit /opt/stack/data/venv/lib/python3.12/site-packages/ovsdbapp/backend/ovs_idl/transaction.py:137}}
Aug 26 08:55:09.236601 np0000008150 devstack@neutron-api.service[87585]: DEBUG neutron.plugins.ml2.drivers.ovn.mech_driver.ovsdb.ovsdb_monitor [-] Hash Ring: Node 78bb8d6f04045704b433e7f9f59554fd (host: np0000008150) handling event "create" for row 7b2ae7cf-b0f9-4782-8360-aa59ab9aeb87 (table: ACL) {{(pid=87585) notify /opt/stack/neutron/neutron/plugins/ml2/drivers/ovn/mech_driver/ovsdb/ovsdb_monitor.py:1099}}
Aug 26 08:55:09.236841 np0000008150 devstack@neutron-api.service[87585]: DEBUG neutron.plugins.ml2.drivers.ovn.mech_driver.ovsdb.ovsdb_monitor [-] Hash Ring: Node 78bb8d6f04045704b433e7f9f59554fd (host: np0000008150) handling event "create" for row ac871823-bec6-4343-a030-680d7fe75246 (table: ACL) {{(pid=87585) notify /opt/stack/neutron/neutron/plugins/ml2/drivers/ovn/mech_driver/ovsdb/ovsdb_monitor.py:1099}}
Aug 26 08:55:09.236996 np0000008150 devstack@neutron-api.service[87585]: DEBUG neutron.plugins.ml2.drivers.ovn.mech_driver.ovsdb.ovsdb_monitor [-] Hash Ring: Node 78bb8d6f04045704b433e7f9f59554fd (host: np0000008150) handling event "create" for row 13604ebd-f3b4-4cfa-8cc5-b43ef5c2fbd0 (table: Port_Group) {{(pid=87585) notify /opt/stack/neutron/neutron/plugins/ml2/drivers/ovn/mech_driver/ovsdb/ovsdb_monitor.py:1099}}
Aug 26 08:55:09.237866 np0000008150 devstack@neutron-api.service[87584]: DEBUG neutron.plugins.ml2.drivers.ovn.mech_driver.ovsdb.ovsdb_monitor [-] Hash Ring: Node cffaaff2a43e5f4c9eea086518c31e27 (host: np0000008150) handling event "create" for row 4313ccd5-621d-4317-9a39-2f123156c10c (table: ACL) {{(pid=87584) notify /opt/stack/neutron/neutron/plugins/ml2/drivers/ovn/mech_driver/ovsdb/ovsdb_monitor.py:1099}}
Aug 26 08:55:09.258436 np0000008150 devstack@neutron-api.service[87583]: INFO neutron.db.ovn_revision_numbers_db [None req-e55105ac-3a7c-4978-91fd-8bd5a1d28cf6 admin admin] Successfully bumped revision number for resource 07e7bd96-076f-4947-8f3d-37312d31d541 (type: security_groups) to 1
Aug 26 08:55:09.271837 np0000008150 devstack@neutron-api.service[87583]: INFO neutron.db.ovn_revision_numbers_db [None req-e55105ac-3a7c-4978-91fd-8bd5a1d28cf6 admin admin] Successfully bumped revision number for resource 661723d9-e884-4e48-baa5-771d9235a4e1 (type: security_group_rules) to 0
Aug 26 08:55:09.281667 np0000008150 devstack@neutron-api.service[87583]: INFO neutron.db.ovn_revision_numbers_db [None req-e55105ac-3a7c-4978-91fd-8bd5a1d28cf6 admin admin] Successfully bumped revision number for resource 734e32ee-b56d-4c8e-bfce-1eb02b23af97 (type: security_group_rules) to 0
Aug 26 08:55:09.291261 np0000008150 devstack@neutron-api.service[87583]: INFO neutron.db.ovn_revision_numbers_db [None req-e55105ac-3a7c-4978-91fd-8bd5a1d28cf6 admin admin] Successfully bumped revision number for resource 82b4a6dd-aa43-4445-955a-d8b7a66c2976 (type: security_group_rules) to 0
Aug 26 08:55:09.302131 np0000008150 devstack@neutron-api.service[87583]: INFO neutron.db.ovn_revision_numbers_db [None req-e55105ac-3a7c-4978-91fd-8bd5a1d28cf6 admin admin] Successfully bumped revision number for resource e204ca5b-478d-4344-aa16-b4ddb6700b8e (type: security_group_rules) to 0
Aug 26 08:55:09.320910 np0000008150 devstack@neutron-api.service[87583]: DEBUG neutron.api.rpc.handlers.resources_rpc [None req-e55105ac-3a7c-4978-91fd-8bd5a1d28cf6 admin admin] Pushing event updated for resources: {'SecurityGroup': ['ID=07e7bd96-076f-4947-8f3d-37312d31d541,revision_number=1']} {{(pid=87583) push /opt/stack/neutron/neutron/api/rpc/handlers/resources_rpc.py:237}}
Aug 26 08:55:09.327039 np0000008150 devstack@neutron-api.service[87583]: DEBUG ovsdbapp.backend.ovs_idl.transaction [-] Running txn 4ffd5625 n=1 command(idx=0): CheckLivenessCommand(_result=None) {{(pid=87583) do_commit /opt/stack/data/venv/lib/python3.12/site-packages/ovsdbapp/backend/ovs_idl/transaction.py:91}}
Aug 26 08:55:09.328829 np0000008150 devstack@neutron-api.service[87583]: DEBUG neutron.plugins.ml2.drivers.ovn.mech_driver.ovsdb.ovsdb_monitor [-] Hash Ring: Node 81f1f9c1f1b457408298cc5470b6a97f (host: np0000008150) handling event "update" for row 4b7a236e-e219-4ed1-a954-ad45917cde1e (table: NB_Global) {{(pid=87583) notify /opt/stack/neutron/neutron/plugins/ml2/drivers/ovn/mech_driver/ovsdb/ovsdb_monitor.py:1099}}
Aug 26 08:55:09.329292 np0000008150 devstack@neutron-api.service[87583]: DEBUG ovsdbapp.backend.ovs_idl.transaction [-] txn 4ffd5625 succeeded {{(pid=87583) do_commit /opt/stack/data/venv/lib/python3.12/site-packages/ovsdbapp/backend/ovs_idl/transaction.py:137}}
Aug 26 08:55:09.331743 np0000008150 devstack@neutron-api.service[87583]: DEBUG neutron.api.rpc.callbacks.version_manager [None req-e55105ac-3a7c-4978-91fd-8bd5a1d28cf6 admin admin] Tracked resource versions report:
Aug 26 08:55:09.331743 np0000008150 devstack@neutron-api.service[87583]: pushed versions:
Aug 26 08:55:09.331743 np0000008150 devstack@neutron-api.service[87583]: { 'AddressGroup': {'1.2'},
Aug 26 08:55:09.331743 np0000008150 devstack@neutron-api.service[87583]: 'Agent': {'1.1'},
Aug 26 08:55:09.331743 np0000008150 devstack@neutron-api.service[87583]: 'ConntrackHelper': {'1.0'},
Aug 26 08:55:09.331743 np0000008150 devstack@neutron-api.service[87583]: 'LocalIPAssociation': {'1.0'},
Aug 26 08:55:09.331743 np0000008150 devstack@neutron-api.service[87583]: 'Log': {'1.0'},
Aug 26 08:55:09.331743 np0000008150 devstack@neutron-api.service[87583]: 'NDPProxy': {'1.0'},
Aug 26 08:55:09.331743 np0000008150 devstack@neutron-api.service[87583]: 'Network': {'1.3'},
Aug 26 08:55:09.331743 np0000008150 devstack@neutron-api.service[87583]: 'Port': {'1.11'},
Aug 26 08:55:09.331743 np0000008150 devstack@neutron-api.service[87583]: 'PortForwarding': {'1.3'},
Aug 26 08:55:09.331743 np0000008150 devstack@neutron-api.service[87583]: 'QosPolicy': {'1.10'},
Aug 26 08:55:09.331743 np0000008150 devstack@neutron-api.service[87583]: 'SecurityGroup': {'1.6'},
Aug 26 08:55:09.331743 np0000008150 devstack@neutron-api.service[87583]: 'SecurityGroupRule': {'1.3'},
Aug 26 08:55:09.331743 np0000008150 devstack@neutron-api.service[87583]: 'SubPort': {'1.0'},
Aug 26 08:55:09.331743 np0000008150 devstack@neutron-api.service[87583]: 'Subnet': {'1.2'},
Aug 26 08:55:09.331743 np0000008150 devstack@neutron-api.service[87583]: 'Trunk': {'1.1'}}
Aug 26 08:55:09.331743 np0000008150 devstack@neutron-api.service[87583]: consumer versions:
Aug 26 08:55:09.331743 np0000008150 devstack@neutron-api.service[87583]: {}
Aug 26 08:55:09.331743 np0000008150 devstack@neutron-api.service[87583]: {{(pid=87583) report /opt/stack/neutron/neutron/api/rpc/callbacks/version_manager.py:183}}
Aug 26 08:55:09.335134 np0000008150 devstack@neutron-api.service[87584]: DEBUG ovsdbapp.backend.ovs_idl.event [-] Matched UPDATE: ChassisAgentWriteEvent(events=('create', 'update'), table='Chassis_Private', conditions=None, old_conditions=None), priority=20 to row=Chassis_Private(uuid=a529fc71-3420-401e-be8f-08e1b83271b0, chassis=bf5a41d2-7e4b-4842-a538-dde55db52727, external_ids={'neutron:ovn-bridge': 'br-int', 'neutron:ovn-neutron-agent-id': '8fa9c407-eb9a-5950-bead-28385d434430', 'neutron:ovn-neutron-agent-sb-cfg': '0'}, name='5a8fa52a-6a53-42f9-a417-ea7080e16213', nb_cfg=1, nb_cfg_timestamp=1787734509330) old=Chassis_Private(uuid=a529fc71-3420-401e-be8f-08e1b83271b0, nb_cfg=0, nb_cfg_timestamp=0) {{(pid=87584) matches /opt/stack/data/venv/lib/python3.12/site-packages/ovsdbapp/backend/ovs_idl/event.py:55}}
Aug 26 08:55:09.335294 np0000008150 devstack@neutron-api.service[87585]: DEBUG ovsdbapp.backend.ovs_idl.event [-] Matched UPDATE: ChassisAgentWriteEvent(events=('create', 'update'), table='Chassis_Private', conditions=None, old_conditions=None), priority=20 to row=Chassis_Private(uuid=a529fc71-3420-401e-be8f-08e1b83271b0, chassis=bf5a41d2-7e4b-4842-a538-dde55db52727, external_ids={'neutron:ovn-bridge': 'br-int', 'neutron:ovn-neutron-agent-id': '8fa9c407-eb9a-5950-bead-28385d434430', 'neutron:ovn-neutron-agent-sb-cfg': '0'}, name='5a8fa52a-6a53-42f9-a417-ea7080e16213', nb_cfg=1, nb_cfg_timestamp=1787734509330) old=Chassis_Private(uuid=a529fc71-3420-401e-be8f-08e1b83271b0, nb_cfg=0, nb_cfg_timestamp=0) {{(pid=87585) matches /opt/stack/data/venv/lib/python3.12/site-packages/ovsdbapp/backend/ovs_idl/event.py:55}}
Aug 26 08:55:09.339260 np0000008150 devstack@neutron-api.service[87585]: DEBUG ovsdbapp.backend.ovs_idl.event [-] Matched UPDATE: ChassisOVNAgentWriteEvent(events=('create', 'update'), table='Chassis_Private', conditions=None, old_conditions=None), priority=20 to row=Chassis_Private(uuid=a529fc71-3420-401e-be8f-08e1b83271b0, chassis=bf5a41d2-7e4b-4842-a538-dde55db52727, external_ids={'neutron:ovn-bridge': 'br-int', 'neutron:ovn-neutron-agent-id': '8fa9c407-eb9a-5950-bead-28385d434430', 'neutron:ovn-neutron-agent-sb-cfg': '1'}, name='5a8fa52a-6a53-42f9-a417-ea7080e16213', nb_cfg=1, nb_cfg_timestamp=1787734509330) old=Chassis_Private(uuid=a529fc71-3420-401e-be8f-08e1b83271b0, external_ids={'neutron:ovn-bridge': 'br-int', 'neutron:ovn-neutron-agent-id': '8fa9c407-eb9a-5950-bead-28385d434430', 'neutron:ovn-neutron-agent-sb-cfg': '0'}) {{(pid=87585) matches /opt/stack/data/venv/lib/python3.12/site-packages/ovsdbapp/backend/ovs_idl/event.py:55}}
Aug 26 08:55:09.339643 np0000008150 devstack@neutron-api.service[87584]: DEBUG ovsdbapp.backend.ovs_idl.event [-] Matched UPDATE: ChassisOVNAgentWriteEvent(events=('create', 'update'), table='Chassis_Private', conditions=None, old_conditions=None), priority=20 to row=Chassis_Private(uuid=a529fc71-3420-401e-be8f-08e1b83271b0, chassis=bf5a41d2-7e4b-4842-a538-dde55db52727, external_ids={'neutron:ovn-bridge': 'br-int', 'neutron:ovn-neutron-agent-id': '8fa9c407-eb9a-5950-bead-28385d434430', 'neutron:ovn-neutron-agent-sb-cfg': '1'}, name='5a8fa52a-6a53-42f9-a417-ea7080e16213', nb_cfg=1, nb_cfg_timestamp=1787734509330) old=Chassis_Private(uuid=a529fc71-3420-401e-be8f-08e1b83271b0, external_ids={'neutron:ovn-bridge': 'br-int', 'neutron:ovn-neutron-agent-id': '8fa9c407-eb9a-5950-bead-28385d434430', 'neutron:ovn-neutron-agent-sb-cfg': '0'}) {{(pid=87584) matches /opt/stack/data/venv/lib/python3.12/site-packages/ovsdbapp/backend/ovs_idl/event.py:55}}
Aug 26 08:55:09.340009 np0000008150 devstack@neutron-api.service[87583]: DEBUG ovsdbapp.backend.ovs_idl.event [-] Matched UPDATE: ChassisAgentWriteEvent(events=('create', 'update'), table='Chassis_Private', conditions=None, old_conditions=None), priority=20 to row=Chassis_Private(uuid=a529fc71-3420-401e-be8f-08e1b83271b0, chassis=bf5a41d2-7e4b-4842-a538-dde55db52727, external_ids={'neutron:ovn-bridge': 'br-int', 'neutron:ovn-neutron-agent-id': '8fa9c407-eb9a-5950-bead-28385d434430', 'neutron:ovn-neutron-agent-sb-cfg': '0'}, name='5a8fa52a-6a53-42f9-a417-ea7080e16213', nb_cfg=1, nb_cfg_timestamp=1787734509330) old=Chassis_Private(uuid=a529fc71-3420-401e-be8f-08e1b83271b0, nb_cfg=0, nb_cfg_timestamp=0) {{(pid=87583) matches /opt/stack/data/venv/lib/python3.12/site-packages/ovsdbapp/backend/ovs_idl/event.py:55}}
Aug 26 08:55:09.343438 np0000008150 devstack@neutron-api.service[87583]: DEBUG neutron.plugins.ml2.drivers.ovn.mech_driver.ovsdb.ovsdb_monitor [-] Hash Ring: Node 81f1f9c1f1b457408298cc5470b6a97f (host: np0000008150) handling event "update" for row 4b7a236e-e219-4ed1-a954-ad45917cde1e (table: NB_Global) {{(pid=87583) notify /opt/stack/neutron/neutron/plugins/ml2/drivers/ovn/mech_driver/ovsdb/ovsdb_monitor.py:1099}}
Aug 26 08:55:09.344559 np0000008150 devstack@neutron-api.service[87583]: DEBUG neutron.plugins.ml2.drivers.ovn.mech_driver.ovsdb.ovsdb_monitor [-] Hash Ring: Node 81f1f9c1f1b457408298cc5470b6a97f (host: np0000008150) handling event "update" for row 4b7a236e-e219-4ed1-a954-ad45917cde1e (table: NB_Global) {{(pid=87583) notify /opt/stack/neutron/neutron/plugins/ml2/drivers/ovn/mech_driver/ovsdb/ovsdb_monitor.py:1099}}
Aug 26 08:55:09.346100 np0000008150 devstack@neutron-api.service[87583]: DEBUG neutron.plugins.ml2.drivers.ovn.mech_driver.ovsdb.ovsdb_monitor [-] Hash Ring: Node 81f1f9c1f1b457408298cc5470b6a97f (host: np0000008150) handling event "update" for row 4b7a236e-e219-4ed1-a954-ad45917cde1e (table: NB_Global) {{(pid=87583) notify /opt/stack/neutron/neutron/plugins/ml2/drivers/ovn/mech_driver/ovsdb/ovsdb_monitor.py:1099}}
Aug 26 08:55:09.349624 np0000008150 devstack@neutron-api.service[87583]: DEBUG neutron.common.ovn.hash_ring_manager [-] Allow caching, nodes 3>=3 {{(pid=87583) _wait_startup_before_caching /opt/stack/neutron/neutron/common/ovn/hash_ring_manager.py:71}}
Aug 26 08:55:09.350360 np0000008150 devstack@neutron-api.service[87583]: DEBUG neutron.plugins.ml2.drivers.ovn.mech_driver.ovsdb.ovsdb_monitor [-] Hash Ring: Node 81f1f9c1f1b457408298cc5470b6a97f (host: np0000008150) handling event "update" for row a529fc71-3420-401e-be8f-08e1b83271b0 (table: Chassis_Private) {{(pid=87583) notify /opt/stack/neutron/neutron/plugins/ml2/drivers/ovn/mech_driver/ovsdb/ovsdb_monitor.py:1099}}
Aug 26 08:55:09.352049 np0000008150 devstack@neutron-api.service[87583]: DEBUG ovsdbapp.backend.ovs_idl.event [-] Matched UPDATE: ChassisOVNAgentWriteEvent(events=('create', 'update'), table='Chassis_Private', conditions=None, old_conditions=None), priority=20 to row=Chassis_Private(uuid=a529fc71-3420-401e-be8f-08e1b83271b0, chassis=bf5a41d2-7e4b-4842-a538-dde55db52727, external_ids={'neutron:ovn-bridge': 'br-int', 'neutron:ovn-neutron-agent-id': '8fa9c407-eb9a-5950-bead-28385d434430', 'neutron:ovn-neutron-agent-sb-cfg': '1'}, name='5a8fa52a-6a53-42f9-a417-ea7080e16213', nb_cfg=1, nb_cfg_timestamp=1787734509330) old=Chassis_Private(uuid=a529fc71-3420-401e-be8f-08e1b83271b0, external_ids={'neutron:ovn-bridge': 'br-int', 'neutron:ovn-neutron-agent-id': '8fa9c407-eb9a-5950-bead-28385d434430', 'neutron:ovn-neutron-agent-sb-cfg': '0'}) {{(pid=87583) matches /opt/stack/data/venv/lib/python3.12/site-packages/ovsdbapp/backend/ovs_idl/event.py:55}}
Aug 26 08:55:09.352422 np0000008150 devstack@neutron-api.service[87583]: DEBUG neutron.plugins.ml2.drivers.ovn.mech_driver.ovsdb.ovsdb_monitor [-] Hash Ring: Node 81f1f9c1f1b457408298cc5470b6a97f (host: np0000008150) handling event "update" for row a529fc71-3420-401e-be8f-08e1b83271b0 (table: Chassis_Private) {{(pid=87583) notify /opt/stack/neutron/neutron/plugins/ml2/drivers/ovn/mech_driver/ovsdb/ovsdb_monitor.py:1099}}
