Jul 07 07:29:20.483061 np0000004712 nova-conductor[98738]: DEBUG cotyledon.oslo_config_glue [-] zvm.image_tmp_path = /opt/stack/data/nova/images {{(pid=98738) log_opt_values /opt/stack/data/venv/lib/python3.12/site-packages/oslo_config/cfg.py:3253}}
Jul 07 07:29:20.483061 np0000004712 nova-conductor[98738]: DEBUG cotyledon.oslo_config_glue [-] zvm.reachable_timeout = 300 {{(pid=98738) log_opt_values /opt/stack/data/venv/lib/python3.12/site-packages/oslo_config/cfg.py:3253}}
Jul 07 07:29:20.483061 np0000004712 nova-conductor[98738]: DEBUG cotyledon.oslo_config_glue [-] oslo_versionedobjects.fatal_exception_format_errors = False {{(pid=98738) log_opt_values /opt/stack/data/venv/lib/python3.12/site-packages/oslo_config/cfg.py:3253}}
Jul 07 07:29:20.483061 np0000004712 nova-conductor[98738]: DEBUG cotyledon.oslo_config_glue [-] oslo_middleware.http_basic_auth_user_file = /etc/htpasswd {{(pid=98738) log_opt_values /opt/stack/data/venv/lib/python3.12/site-packages/oslo_config/cfg.py:3253}}
Jul 07 07:29:20.483061 np0000004712 nova-conductor[98738]: DEBUG cotyledon.oslo_config_glue [-] profiler.connection_string = messaging:// {{(pid=98738) log_opt_values /opt/stack/data/venv/lib/python3.12/site-packages/oslo_config/cfg.py:3253}}
Jul 07 07:29:20.483061 np0000004712 nova-conductor[98738]: DEBUG cotyledon.oslo_config_glue [-] profiler.enabled = False {{(pid=98738) log_opt_values /opt/stack/data/venv/lib/python3.12/site-packages/oslo_config/cfg.py:3253}}
Jul 07 07:29:20.483061 np0000004712 nova-conductor[98738]: DEBUG cotyledon.oslo_config_glue [-] profiler.es_doc_type = notification {{(pid=98738) log_opt_values /opt/stack/data/venv/lib/python3.12/site-packages/oslo_config/cfg.py:3253}}
Jul 07 07:29:20.483061 np0000004712 nova-conductor[98738]: DEBUG cotyledon.oslo_config_glue [-] profiler.es_scroll_size = 10000 {{(pid=98738) log_opt_values /opt/stack/data/venv/lib/python3.12/site-packages/oslo_config/cfg.py:3253}}
Jul 07 07:29:20.483061 np0000004712 nova-conductor[98738]: DEBUG cotyledon.oslo_config_glue [-] profiler.es_scroll_time = 2m {{(pid=98738) log_opt_values /opt/stack/data/venv/lib/python3.12/site-packages/oslo_config/cfg.py:3253}}
Jul 07 07:29:20.483284 np0000004712 nova-conductor[98738]: DEBUG cotyledon.oslo_config_glue [-] profiler.filter_error_trace = False {{(pid=98738) log_opt_values /opt/stack/data/venv/lib/python3.12/site-packages/oslo_config/cfg.py:3253}}
Jul 07 07:29:20.483284 np0000004712 nova-conductor[98738]: DEBUG cotyledon.oslo_config_glue [-] profiler.hmac_keys = **** {{(pid=98738) log_opt_values /opt/stack/data/venv/lib/python3.12/site-packages/oslo_config/cfg.py:3253}}
Jul 07 07:29:20.483284 np0000004712 nova-conductor[98738]: DEBUG cotyledon.oslo_config_glue [-] profiler.sentinel_service_name = mymaster {{(pid=98738) log_opt_values /opt/stack/data/venv/lib/python3.12/site-packages/oslo_config/cfg.py:3253}}
Jul 07 07:29:20.483284 np0000004712 nova-conductor[98738]: DEBUG cotyledon.oslo_config_glue [-] profiler.socket_timeout = 0.1 {{(pid=98738) log_opt_values /opt/stack/data/venv/lib/python3.12/site-packages/oslo_config/cfg.py:3253}}
Jul 07 07:29:20.483284 np0000004712 nova-conductor[98738]: DEBUG cotyledon.oslo_config_glue [-] profiler.trace_requests = False {{(pid=98738) log_opt_values /opt/stack/data/venv/lib/python3.12/site-packages/oslo_config/cfg.py:3253}}
Jul 07 07:29:20.483284 np0000004712 nova-conductor[98738]: DEBUG cotyledon.oslo_config_glue [-] profiler.trace_sqlalchemy = False {{(pid=98738) log_opt_values /opt/stack/data/venv/lib/python3.12/site-packages/oslo_config/cfg.py:3253}}
Jul 07 07:29:20.483284 np0000004712 nova-conductor[98738]: DEBUG cotyledon.oslo_config_glue [-] profiler_jaeger.process_tags = {} {{(pid=98738) log_opt_values /opt/stack/data/venv/lib/python3.12/site-packages/oslo_config/cfg.py:3253}}
Jul 07 07:29:20.483284 np0000004712 nova-conductor[98738]: DEBUG cotyledon.oslo_config_glue [-] profiler_jaeger.service_name_prefix = None {{(pid=98738) log_opt_values /opt/stack/data/venv/lib/python3.12/site-packages/oslo_config/cfg.py:3253}}
Jul 07 07:29:20.483284 np0000004712 nova-conductor[98738]: DEBUG cotyledon.oslo_config_glue [-] profiler_otlp.service_name_prefix = None {{(pid=98738) log_opt_values /opt/stack/data/venv/lib/python3.12/site-packages/oslo_config/cfg.py:3253}}
Jul 07 07:29:20.483491 np0000004712 nova-conductor[98738]: DEBUG cotyledon.oslo_config_glue [-] oslo_messaging_rabbit.amqp_auto_delete = False {{(pid=98738) log_opt_values /opt/stack/data/venv/lib/python3.12/site-packages/oslo_config/cfg.py:3253}}
Jul 07 07:29:20.483491 np0000004712 nova-conductor[98738]: DEBUG cotyledon.oslo_config_glue [-] oslo_messaging_rabbit.amqp_durable_queues = False {{(pid=98738) log_opt_values /opt/stack/data/venv/lib/python3.12/site-packages/oslo_config/cfg.py:3253}}
Jul 07 07:29:20.483491 np0000004712 nova-conductor[98738]: DEBUG cotyledon.oslo_config_glue [-] oslo_messaging_rabbit.conn_pool_min_size = 2 {{(pid=98738) log_opt_values /opt/stack/data/venv/lib/python3.12/site-packages/oslo_config/cfg.py:3253}}
Jul 07 07:29:20.483491 np0000004712 nova-conductor[98738]: DEBUG cotyledon.oslo_config_glue [-] oslo_messaging_rabbit.conn_pool_ttl = 1200 {{(pid=98738) log_opt_values /opt/stack/data/venv/lib/python3.12/site-packages/oslo_config/cfg.py:3253}}
Jul 07 07:29:20.483491 np0000004712 nova-conductor[98738]: DEBUG cotyledon.oslo_config_glue [-] oslo_messaging_rabbit.direct_mandatory_flag = True {{(pid=98738) log_opt_values /opt/stack/data/venv/lib/python3.12/site-packages/oslo_config/cfg.py:3253}}
Jul 07 07:29:20.483491 np0000004712 nova-conductor[98738]: DEBUG cotyledon.oslo_config_glue [-] oslo_messaging_rabbit.enable_cancel_on_failover = False {{(pid=98738) log_opt_values /opt/stack/data/venv/lib/python3.12/site-packages/oslo_config/cfg.py:3253}}
Jul 07 07:29:20.483491 np0000004712 nova-conductor[98738]: DEBUG cotyledon.oslo_config_glue [-] oslo_messaging_rabbit.heartbeat_rate = 3 {{(pid=98738) log_opt_values /opt/stack/data/venv/lib/python3.12/site-packages/oslo_config/cfg.py:3253}}
Jul 07 07:29:20.483491 np0000004712 nova-conductor[98738]: DEBUG cotyledon.oslo_config_glue [-] oslo_messaging_rabbit.heartbeat_timeout_threshold = 60 {{(pid=98738) log_opt_values /opt/stack/data/venv/lib/python3.12/site-packages/oslo_config/cfg.py:3253}}
Jul 07 07:29:20.483690 np0000004712 nova-conductor[98718]: DEBUG oslo_db.sqlalchemy.engines [None req-81424835-4c59-4232-a1a5-f667dbeb86ca None None] MySQL server mode set to STRICT_TRANS_TABLES,STRICT_ALL_TABLES,NO_ZERO_IN_DATE,NO_ZERO_DATE,ERROR_FOR_DIVISION_BY_ZERO,TRADITIONAL,NO_ENGINE_SUBSTITUTION {{(pid=98718) _check_effective_sql_mode /opt/stack/data/venv/lib/python3.12/site-packages/oslo_db/sqlalchemy/engines.py:325}}
Jul 07 07:29:20.483722 np0000004712 nova-conductor[98738]: DEBUG cotyledon.oslo_config_glue [-] oslo_messaging_rabbit.hostname = np0000004712 {{(pid=98738) log_opt_values /opt/stack/data/venv/lib/python3.12/site-packages/oslo_config/cfg.py:3253}}
Jul 07 07:29:20.483722 np0000004712 nova-conductor[98738]: DEBUG cotyledon.oslo_config_glue [-] oslo_messaging_rabbit.kombu_compression = None {{(pid=98738) log_opt_values /opt/stack/data/venv/lib/python3.12/site-packages/oslo_config/cfg.py:3253}}
Jul 07 07:29:20.483722 np0000004712 nova-conductor[98738]: DEBUG cotyledon.oslo_config_glue [-] oslo_messaging_rabbit.kombu_failover_strategy = round-robin {{(pid=98738) log_opt_values /opt/stack/data/venv/lib/python3.12/site-packages/oslo_config/cfg.py:3253}}
Jul 07 07:29:20.483722 np0000004712 nova-conductor[98738]: DEBUG cotyledon.oslo_config_glue [-] oslo_messaging_rabbit.kombu_missing_consumer_retry_timeout = 60 {{(pid=98738) log_opt_values /opt/stack/data/venv/lib/python3.12/site-packages/oslo_config/cfg.py:3253}}
Jul 07 07:29:20.483722 np0000004712 nova-conductor[98738]: DEBUG cotyledon.oslo_config_glue [-] oslo_messaging_rabbit.kombu_reconnect_delay = 1.0 {{(pid=98738) log_opt_values /opt/stack/data/venv/lib/python3.12/site-packages/oslo_config/cfg.py:3253}}
Jul 07 07:29:20.483722 np0000004712 nova-conductor[98738]: DEBUG cotyledon.oslo_config_glue [-] oslo_messaging_rabbit.kombu_reconnect_splay = 0.0 {{(pid=98738) log_opt_values /opt/stack/data/venv/lib/python3.12/site-packages/oslo_config/cfg.py:3253}}
Jul 07 07:29:20.483722 np0000004712 nova-conductor[98738]: DEBUG cotyledon.oslo_config_glue [-] oslo_messaging_rabbit.processname = nova-conductor {{(pid=98738) log_opt_values /opt/stack/data/venv/lib/python3.12/site-packages/oslo_config/cfg.py:3253}}
Jul 07 07:29:20.483722 np0000004712 nova-conductor[98738]: DEBUG cotyledon.oslo_config_glue [-] oslo_messaging_rabbit.rabbit_ha_queues = False {{(pid=98738) log_opt_values /opt/stack/data/venv/lib/python3.12/site-packages/oslo_config/cfg.py:3253}}
Jul 07 07:29:20.483722 np0000004712 nova-conductor[98738]: DEBUG cotyledon.oslo_config_glue [-] oslo_messaging_rabbit.rabbit_interval_max = 30 {{(pid=98738) log_opt_values /opt/stack/data/venv/lib/python3.12/site-packages/oslo_config/cfg.py:3253}}
Jul 07 07:29:20.483881 np0000004712 nova-conductor[98738]: DEBUG cotyledon.oslo_config_glue [-] oslo_messaging_rabbit.rabbit_login_method = AMQPLAIN {{(pid=98738) log_opt_values /opt/stack/data/venv/lib/python3.12/site-packages/oslo_config/cfg.py:3253}}
Jul 07 07:29:20.483881 np0000004712 nova-conductor[98738]: DEBUG cotyledon.oslo_config_glue [-] oslo_messaging_rabbit.rabbit_qos_prefetch_count = 0 {{(pid=98738) log_opt_values /opt/stack/data/venv/lib/python3.12/site-packages/oslo_config/cfg.py:3253}}
Jul 07 07:29:20.483881 np0000004712 nova-conductor[98738]: DEBUG cotyledon.oslo_config_glue [-] oslo_messaging_rabbit.rabbit_quorum_delivery_limit = 0 {{(pid=98738) log_opt_values /opt/stack/data/venv/lib/python3.12/site-packages/oslo_config/cfg.py:3253}}
Jul 07 07:29:20.483881 np0000004712 nova-conductor[98738]: DEBUG cotyledon.oslo_config_glue [-] oslo_messaging_rabbit.rabbit_quorum_max_memory_bytes = 0 {{(pid=98738) log_opt_values /opt/stack/data/venv/lib/python3.12/site-packages/oslo_config/cfg.py:3253}}
Jul 07 07:29:20.483881 np0000004712 nova-conductor[98738]: DEBUG cotyledon.oslo_config_glue [-] oslo_messaging_rabbit.rabbit_quorum_max_memory_length = 0 {{(pid=98738) log_opt_values /opt/stack/data/venv/lib/python3.12/site-packages/oslo_config/cfg.py:3253}}
Jul 07 07:29:20.483881 np0000004712 nova-conductor[98738]: DEBUG cotyledon.oslo_config_glue [-] oslo_messaging_rabbit.rabbit_quorum_queue = False {{(pid=98738) log_opt_values /opt/stack/data/venv/lib/python3.12/site-packages/oslo_config/cfg.py:3253}}
Jul 07 07:29:20.483881 np0000004712 nova-conductor[98738]: DEBUG cotyledon.oslo_config_glue [-] oslo_messaging_rabbit.rabbit_retry_backoff = 2 {{(pid=98738) log_opt_values /opt/stack/data/venv/lib/python3.12/site-packages/oslo_config/cfg.py:3253}}
Jul 07 07:29:20.483881 np0000004712 nova-conductor[98738]: DEBUG cotyledon.oslo_config_glue [-] oslo_messaging_rabbit.rabbit_retry_interval = 1 {{(pid=98738) log_opt_values /opt/stack/data/venv/lib/python3.12/site-packages/oslo_config/cfg.py:3253}}
Jul 07 07:29:20.483881 np0000004712 nova-conductor[98738]: DEBUG cotyledon.oslo_config_glue [-] oslo_messaging_rabbit.rabbit_stream_fanout = False {{(pid=98738) log_opt_values /opt/stack/data/venv/lib/python3.12/site-packages/oslo_config/cfg.py:3253}}
Jul 07 07:29:20.484043 np0000004712 nova-conductor[98738]: DEBUG cotyledon.oslo_config_glue [-] oslo_messaging_rabbit.rabbit_transient_queues_ttl = 1800 {{(pid=98738) log_opt_values /opt/stack/data/venv/lib/python3.12/site-packages/oslo_config/cfg.py:3253}}
Jul 07 07:29:20.484043 np0000004712 nova-conductor[98738]: DEBUG cotyledon.oslo_config_glue [-] oslo_messaging_rabbit.rabbit_transient_quorum_queue = False {{(pid=98738) log_opt_values /opt/stack/data/venv/lib/python3.12/site-packages/oslo_config/cfg.py:3253}}
Jul 07 07:29:20.484043 np0000004712 nova-conductor[98738]: DEBUG cotyledon.oslo_config_glue [-] oslo_messaging_rabbit.rpc_conn_pool_size = 30 {{(pid=98738) log_opt_values /opt/stack/data/venv/lib/python3.12/site-packages/oslo_config/cfg.py:3253}}
Jul 07 07:29:20.484043 np0000004712 nova-conductor[98738]: DEBUG cotyledon.oslo_config_glue [-] oslo_messaging_rabbit.ssl = False {{(pid=98738) log_opt_values /opt/stack/data/venv/lib/python3.12/site-packages/oslo_config/cfg.py:3253}}
Jul 07 07:29:20.484043 np0000004712 nova-conductor[98738]: DEBUG cotyledon.oslo_config_glue [-] oslo_messaging_rabbit.ssl_ca_file = {{(pid=98738) log_opt_values /opt/stack/data/venv/lib/python3.12/site-packages/oslo_config/cfg.py:3253}}
Jul 07 07:29:20.484043 np0000004712 nova-conductor[98738]: DEBUG cotyledon.oslo_config_glue [-] oslo_messaging_rabbit.ssl_cert_file = {{(pid=98738) log_opt_values /opt/stack/data/venv/lib/python3.12/site-packages/oslo_config/cfg.py:3253}}
Jul 07 07:29:20.484043 np0000004712 nova-conductor[98738]: DEBUG cotyledon.oslo_config_glue [-] oslo_messaging_rabbit.ssl_enforce_fips_mode = False {{(pid=98738) log_opt_values /opt/stack/data/venv/lib/python3.12/site-packages/oslo_config/cfg.py:3253}}
Jul 07 07:29:20.484043 np0000004712 nova-conductor[98738]: DEBUG cotyledon.oslo_config_glue [-] oslo_messaging_rabbit.ssl_enforce_hostname_verification = True {{(pid=98738) log_opt_values /opt/stack/data/venv/lib/python3.12/site-packages/oslo_config/cfg.py:3253}}
Jul 07 07:29:20.484043 np0000004712 nova-conductor[98738]: DEBUG cotyledon.oslo_config_glue [-] oslo_messaging_rabbit.ssl_key_file = {{(pid=98738) log_opt_values /opt/stack/data/venv/lib/python3.12/site-packages/oslo_config/cfg.py:3253}}
Jul 07 07:29:20.484219 np0000004712 nova-conductor[98738]: DEBUG cotyledon.oslo_config_glue [-] oslo_messaging_rabbit.ssl_version = {{(pid=98738) log_opt_values /opt/stack/data/venv/lib/python3.12/site-packages/oslo_config/cfg.py:3253}}
Jul 07 07:29:20.484219 np0000004712 nova-conductor[98738]: DEBUG cotyledon.oslo_config_glue [-] oslo_messaging_rabbit.use_queue_manager = False {{(pid=98738) log_opt_values /opt/stack/data/venv/lib/python3.12/site-packages/oslo_config/cfg.py:3253}}
Jul 07 07:29:20.484219 np0000004712 nova-conductor[98738]: DEBUG cotyledon.oslo_config_glue [-] oslo_messaging_notifications.driver = ['messagingv2'] {{(pid=98738) log_opt_values /opt/stack/data/venv/lib/python3.12/site-packages/oslo_config/cfg.py:3253}}
Jul 07 07:29:20.484219 np0000004712 nova-conductor[98738]: DEBUG cotyledon.oslo_config_glue [-] oslo_messaging_notifications.retry = -1 {{(pid=98738) log_opt_values /opt/stack/data/venv/lib/python3.12/site-packages/oslo_config/cfg.py:3253}}
Jul 07 07:29:20.484219 np0000004712 nova-conductor[98738]: DEBUG cotyledon.oslo_config_glue [-] oslo_messaging_notifications.topics = ['notifications'] {{(pid=98738) log_opt_values /opt/stack/data/venv/lib/python3.12/site-packages/oslo_config/cfg.py:3253}}
Jul 07 07:29:20.484219 np0000004712 nova-conductor[98738]: DEBUG cotyledon.oslo_config_glue [-] oslo_messaging_notifications.transport_url = **** {{(pid=98738) log_opt_values /opt/stack/data/venv/lib/python3.12/site-packages/oslo_config/cfg.py:3253}}
Jul 07 07:29:20.484219 np0000004712 nova-conductor[98738]: DEBUG cotyledon.oslo_config_glue [-] oslo_limit.auth_section = None {{(pid=98738) log_opt_values /opt/stack/data/venv/lib/python3.12/site-packages/oslo_config/cfg.py:3253}}
Jul 07 07:29:20.484219 np0000004712 nova-conductor[98738]: DEBUG cotyledon.oslo_config_glue [-] oslo_limit.auth_type = None {{(pid=98738) log_opt_values /opt/stack/data/venv/lib/python3.12/site-packages/oslo_config/cfg.py:3253}}
Jul 07 07:29:20.484219 np0000004712 nova-conductor[98738]: DEBUG cotyledon.oslo_config_glue [-] oslo_limit.cafile = None {{(pid=98738) log_opt_values /opt/stack/data/venv/lib/python3.12/site-packages/oslo_config/cfg.py:3253}}
Jul 07 07:29:20.484391 np0000004712 nova-conductor[98738]: DEBUG cotyledon.oslo_config_glue [-] oslo_limit.certfile = None {{(pid=98738) log_opt_values /opt/stack/data/venv/lib/python3.12/site-packages/oslo_config/cfg.py:3253}}
Jul 07 07:29:20.484391 np0000004712 nova-conductor[98738]: DEBUG cotyledon.oslo_config_glue [-] oslo_limit.collect_timing = False {{(pid=98738) log_opt_values /opt/stack/data/venv/lib/python3.12/site-packages/oslo_config/cfg.py:3253}}
Jul 07 07:29:20.484391 np0000004712 nova-conductor[98738]: DEBUG cotyledon.oslo_config_glue [-] oslo_limit.connect_retries = None {{(pid=98738) log_opt_values /opt/stack/data/venv/lib/python3.12/site-packages/oslo_config/cfg.py:3253}}
Jul 07 07:29:20.484391 np0000004712 nova-conductor[98738]: DEBUG cotyledon.oslo_config_glue [-] oslo_limit.connect_retry_delay = None {{(pid=98738) log_opt_values /opt/stack/data/venv/lib/python3.12/site-packages/oslo_config/cfg.py:3253}}
Jul 07 07:29:20.484391 np0000004712 nova-conductor[98738]: DEBUG cotyledon.oslo_config_glue [-] oslo_limit.endpoint_id = None {{(pid=98738) log_opt_values /opt/stack/data/venv/lib/python3.12/site-packages/oslo_config/cfg.py:3253}}
Jul 07 07:29:20.484391 np0000004712 nova-conductor[98738]: DEBUG cotyledon.oslo_config_glue [-] oslo_limit.endpoint_interface = public {{(pid=98738) log_opt_values /opt/stack/data/venv/lib/python3.12/site-packages/oslo_config/cfg.py:3253}}
Jul 07 07:29:20.484391 np0000004712 nova-conductor[98738]: DEBUG cotyledon.oslo_config_glue [-] oslo_limit.endpoint_override = None {{(pid=98738) log_opt_values /opt/stack/data/venv/lib/python3.12/site-packages/oslo_config/cfg.py:3253}}
Jul 07 07:29:20.484391 np0000004712 nova-conductor[98738]: DEBUG cotyledon.oslo_config_glue [-] oslo_limit.endpoint_region_name = None {{(pid=98738) log_opt_values /opt/stack/data/venv/lib/python3.12/site-packages/oslo_config/cfg.py:3253}}
Jul 07 07:29:20.484391 np0000004712 nova-conductor[98738]: DEBUG cotyledon.oslo_config_glue [-] oslo_limit.endpoint_service_name = None {{(pid=98738) log_opt_values /opt/stack/data/venv/lib/python3.12/site-packages/oslo_config/cfg.py:3253}}
Jul 07 07:29:20.484565 np0000004712 nova-conductor[98738]: DEBUG cotyledon.oslo_config_glue [-] oslo_limit.endpoint_service_type = None {{(pid=98738) log_opt_values /opt/stack/data/venv/lib/python3.12/site-packages/oslo_config/cfg.py:3253}}
Jul 07 07:29:20.484565 np0000004712 nova-conductor[98738]: DEBUG cotyledon.oslo_config_glue [-] oslo_limit.insecure = False {{(pid=98738) log_opt_values /opt/stack/data/venv/lib/python3.12/site-packages/oslo_config/cfg.py:3253}}
Jul 07 07:29:20.484565 np0000004712 nova-conductor[98738]: DEBUG cotyledon.oslo_config_glue [-] oslo_limit.keyfile = None {{(pid=98738) log_opt_values /opt/stack/data/venv/lib/python3.12/site-packages/oslo_config/cfg.py:3253}}
Jul 07 07:29:20.484565 np0000004712 nova-conductor[98738]: DEBUG cotyledon.oslo_config_glue [-] oslo_limit.max_version = None {{(pid=98738) log_opt_values /opt/stack/data/venv/lib/python3.12/site-packages/oslo_config/cfg.py:3253}}
Jul 07 07:29:20.484565 np0000004712 nova-conductor[98738]: DEBUG cotyledon.oslo_config_glue [-] oslo_limit.min_version = None {{(pid=98738) log_opt_values /opt/stack/data/venv/lib/python3.12/site-packages/oslo_config/cfg.py:3253}}
Jul 07 07:29:20.484565 np0000004712 nova-conductor[98738]: DEBUG cotyledon.oslo_config_glue [-] oslo_limit.region_name = None {{(pid=98738) log_opt_values /opt/stack/data/venv/lib/python3.12/site-packages/oslo_config/cfg.py:3253}}
Jul 07 07:29:20.484565 np0000004712 nova-conductor[98738]: DEBUG cotyledon.oslo_config_glue [-] oslo_limit.retriable_status_codes = None {{(pid=98738) log_opt_values /opt/stack/data/venv/lib/python3.12/site-packages/oslo_config/cfg.py:3253}}
Jul 07 07:29:20.484565 np0000004712 nova-conductor[98738]: DEBUG cotyledon.oslo_config_glue [-] oslo_limit.service_name = None {{(pid=98738) log_opt_values /opt/stack/data/venv/lib/python3.12/site-packages/oslo_config/cfg.py:3253}}
Jul 07 07:29:20.484565 np0000004712 nova-conductor[98738]: DEBUG cotyledon.oslo_config_glue [-] oslo_limit.service_type = None {{(pid=98738) log_opt_values /opt/stack/data/venv/lib/python3.12/site-packages/oslo_config/cfg.py:3253}}
Jul 07 07:29:20.484724 np0000004712 nova-conductor[98738]: DEBUG cotyledon.oslo_config_glue [-] oslo_limit.split_loggers = False {{(pid=98738) log_opt_values /opt/stack/data/venv/lib/python3.12/site-packages/oslo_config/cfg.py:3253}}
Jul 07 07:29:20.484724 np0000004712 nova-conductor[98738]: DEBUG cotyledon.oslo_config_glue [-] oslo_limit.status_code_retries = None {{(pid=98738) log_opt_values /opt/stack/data/venv/lib/python3.12/site-packages/oslo_config/cfg.py:3253}}
Jul 07 07:29:20.484724 np0000004712 nova-conductor[98738]: DEBUG cotyledon.oslo_config_glue [-] oslo_limit.status_code_retry_delay = None {{(pid=98738) log_opt_values /opt/stack/data/venv/lib/python3.12/site-packages/oslo_config/cfg.py:3253}}
Jul 07 07:29:20.484724 np0000004712 nova-conductor[98738]: DEBUG cotyledon.oslo_config_glue [-] oslo_limit.timeout = None {{(pid=98738) log_opt_values /opt/stack/data/venv/lib/python3.12/site-packages/oslo_config/cfg.py:3253}}
Jul 07 07:29:20.484724 np0000004712 nova-conductor[98738]: DEBUG cotyledon.oslo_config_glue [-] oslo_limit.valid_interfaces = None {{(pid=98738) log_opt_values /opt/stack/data/venv/lib/python3.12/site-packages/oslo_config/cfg.py:3253}}
Jul 07 07:29:20.484724 np0000004712 nova-conductor[98738]: DEBUG cotyledon.oslo_config_glue [-] oslo_limit.version = None {{(pid=98738) log_opt_values /opt/stack/data/venv/lib/python3.12/site-packages/oslo_config/cfg.py:3253}}
Jul 07 07:29:20.484724 np0000004712 nova-conductor[98738]: DEBUG cotyledon.oslo_config_glue [-] oslo_reports.file_event_handler = None {{(pid=98738) log_opt_values /opt/stack/data/venv/lib/python3.12/site-packages/oslo_config/cfg.py:3253}}
Jul 07 07:29:20.484724 np0000004712 nova-conductor[98738]: DEBUG cotyledon.oslo_config_glue [-] oslo_reports.file_event_handler_interval = 1 {{(pid=98738) log_opt_values /opt/stack/data/venv/lib/python3.12/site-packages/oslo_config/cfg.py:3253}}
Jul 07 07:29:20.484724 np0000004712 nova-conductor[98738]: DEBUG cotyledon.oslo_config_glue [-] oslo_reports.log_dir = None {{(pid=98738) log_opt_values /opt/stack/data/venv/lib/python3.12/site-packages/oslo_config/cfg.py:3253}}
Jul 07 07:29:20.484913 np0000004712 nova-conductor[98738]: DEBUG cotyledon.oslo_config_glue [-] ******************************************************************************** {{(pid=98738) log_opt_values /opt/stack/data/venv/lib/python3.12/site-packages/oslo_config/cfg.py:3260}}
Jul 07 07:29:20.484913 np0000004712 nova-conductor[98738]: DEBUG cotyledon._service_worker [-] Run service ServiceWrapper(3) [98738] {{(pid=98738) wait_forever /opt/stack/data/venv/lib/python3.12/site-packages/cotyledon/_service_worker.py:218}}
Jul 07 07:29:20.484913 np0000004712 nova-conductor[98738]: INFO nova.service [-] Starting conductor node (version 33.1.0)
Jul 07 07:29:20.485011 np0000004712 nova-conductor[98714]: DEBUG dbcounter [-] [98714] Writer thread running {{(pid=98714) stat_writer /opt/stack/data/venv/lib/python3.12/site-packages/dbcounter.py:102}}
Jul 07 07:29:20.487706 np0000004712 nova-conductor[98738]: INFO dbcounter [None req-6f391bc0-bc6c-40e1-abd2-3032d686d2e3 None None] Registered counter for database nova_cell0
Jul 07 07:29:20.491115 np0000004712 nova-conductor[98718]: DEBUG dbcounter [-] [98718] Writer thread running {{(pid=98718) stat_writer /opt/stack/data/venv/lib/python3.12/site-packages/dbcounter.py:102}}
Jul 07 07:29:20.498866 np0000004712 nova-conductor[98725]: DEBUG oslo_db.sqlalchemy.engines [None req-e80ef290-c9f5-4bcb-a62a-7b4748c99c25 None None] MySQL server mode set to STRICT_TRANS_TABLES,STRICT_ALL_TABLES,NO_ZERO_IN_DATE,NO_ZERO_DATE,ERROR_FOR_DIVISION_BY_ZERO,TRADITIONAL,NO_ENGINE_SUBSTITUTION {{(pid=98725) _check_effective_sql_mode /opt/stack/data/venv/lib/python3.12/site-packages/oslo_db/sqlalchemy/engines.py:325}}
Jul 07 07:29:20.503710 np0000004712 nova-conductor[98714]: DEBUG nova.service [None req-c125cdd1-ea34-4796-8f28-b2945153216d None None] Creating RPC server for service: nova-conductor on topic: conductor {{(pid=98714) start /opt/stack/nova/nova/service.py:196}}
Jul 07 07:29:20.509532 np0000004712 nova-conductor[98725]: DEBUG dbcounter [-] [98725] Writer thread running {{(pid=98725) stat_writer /opt/stack/data/venv/lib/python3.12/site-packages/dbcounter.py:102}}
Jul 07 07:29:20.511719 np0000004712 nova-conductor[98718]: DEBUG nova.service [None req-81424835-4c59-4232-a1a5-f667dbeb86ca None None] Creating RPC server for service: nova-conductor on topic: conductor {{(pid=98718) start /opt/stack/nova/nova/service.py:196}}
Jul 07 07:29:20.513147 np0000004712 nova-conductor[98725]: DEBUG nova.service [None req-e80ef290-c9f5-4bcb-a62a-7b4748c99c25 None None] Creating RPC server for service: nova-conductor on topic: conductor {{(pid=98725) start /opt/stack/nova/nova/service.py:196}}
Jul 07 07:29:20.535470 np0000004712 nova-conductor[98714]: DEBUG nova.service [None req-c125cdd1-ea34-4796-8f28-b2945153216d None None] Join ServiceGroup membership for this service conductor {{(pid=98714) start /opt/stack/nova/nova/service.py:222}}
Jul 07 07:29:20.535565 np0000004712 nova-conductor[98738]: DEBUG oslo_db.sqlalchemy.engines [None req-6f391bc0-bc6c-40e1-abd2-3032d686d2e3 None None] MySQL server mode set to STRICT_TRANS_TABLES,STRICT_ALL_TABLES,NO_ZERO_IN_DATE,NO_ZERO_DATE,ERROR_FOR_DIVISION_BY_ZERO,TRADITIONAL,NO_ENGINE_SUBSTITUTION {{(pid=98738) _check_effective_sql_mode /opt/stack/data/venv/lib/python3.12/site-packages/oslo_db/sqlalchemy/engines.py:325}}
Jul 07 07:29:20.535617 np0000004712 nova-conductor[98714]: DEBUG nova.servicegroup.drivers.db [None req-c125cdd1-ea34-4796-8f28-b2945153216d None None] DB_Driver: join new ServiceGroup member np0000004712 to the conductor group, service = {{(pid=98714) join /opt/stack/nova/nova/servicegroup/drivers/db.py:44}}
Jul 07 07:29:20.537386 np0000004712 nova-conductor[98718]: DEBUG nova.service [None req-81424835-4c59-4232-a1a5-f667dbeb86ca None None] Join ServiceGroup membership for this service conductor {{(pid=98718) start /opt/stack/nova/nova/service.py:222}}
Jul 07 07:29:20.537683 np0000004712 nova-conductor[98718]: DEBUG nova.servicegroup.drivers.db [None req-81424835-4c59-4232-a1a5-f667dbeb86ca None None] DB_Driver: join new ServiceGroup member np0000004712 to the conductor group, service = {{(pid=98718) join /opt/stack/nova/nova/servicegroup/drivers/db.py:44}}
Jul 07 07:29:20.542469 np0000004712 nova-conductor[98725]: DEBUG nova.service [None req-e80ef290-c9f5-4bcb-a62a-7b4748c99c25 None None] Join ServiceGroup membership for this service conductor {{(pid=98725) start /opt/stack/nova/nova/service.py:222}}
Jul 07 07:29:20.542761 np0000004712 nova-conductor[98725]: DEBUG nova.servicegroup.drivers.db [None req-e80ef290-c9f5-4bcb-a62a-7b4748c99c25 None None] DB_Driver: join new ServiceGroup member np0000004712 to the conductor group, service = {{(pid=98725) join /opt/stack/nova/nova/servicegroup/drivers/db.py:44}}
Jul 07 07:29:20.545994 np0000004712 nova-conductor[98738]: DEBUG dbcounter [-] [98738] Writer thread running {{(pid=98738) stat_writer /opt/stack/data/venv/lib/python3.12/site-packages/dbcounter.py:102}}
Jul 07 07:29:20.549033 np0000004712 nova-conductor[98738]: DEBUG nova.service [None req-6f391bc0-bc6c-40e1-abd2-3032d686d2e3 None None] Creating RPC server for service: nova-conductor on topic: conductor {{(pid=98738) start /opt/stack/nova/nova/service.py:196}}
Jul 07 07:29:20.566639 np0000004712 nova-conductor[98738]: DEBUG nova.service [None req-6f391bc0-bc6c-40e1-abd2-3032d686d2e3 None None] Join ServiceGroup membership for this service conductor {{(pid=98738) start /opt/stack/nova/nova/service.py:222}}
Jul 07 07:29:20.566876 np0000004712 nova-conductor[98738]: DEBUG nova.servicegroup.drivers.db [None req-6f391bc0-bc6c-40e1-abd2-3032d686d2e3 None None] DB_Driver: join new ServiceGroup member np0000004712 to the conductor group, service = {{(pid=98738) join /opt/stack/nova/nova/servicegroup/drivers/db.py:44}}
Jul 07 07:29:25.557043 np0000004712 nova-conductor[98718]: DEBUG oslo.service.backend._threading.loopingcall [-] Fixed interval looping call 'nova.servicegroup.drivers.db.DbDriver._report_state' sleeping for 119.98 seconds {{(pid=98718) _run_loop /opt/stack/data/venv/lib/python3.12/site-packages/oslo_service/backend/_threading/loopingcall.py:125}}
Jul 07 07:29:25.557454 np0000004712 nova-conductor[98714]: DEBUG oslo.service.backend._threading.loopingcall [-] Fixed interval looping call 'nova.servicegroup.drivers.db.DbDriver._report_state' sleeping for 119.98 seconds {{(pid=98714) _run_loop /opt/stack/data/venv/lib/python3.12/site-packages/oslo_service/backend/_threading/loopingcall.py:125}}
Jul 07 07:29:25.565023 np0000004712 nova-conductor[98725]: DEBUG oslo.service.backend._threading.loopingcall [-] Fixed interval looping call 'nova.servicegroup.drivers.db.DbDriver._report_state' sleeping for 119.98 seconds {{(pid=98725) _run_loop /opt/stack/data/venv/lib/python3.12/site-packages/oslo_service/backend/_threading/loopingcall.py:125}}
Jul 07 07:29:25.584780 np0000004712 nova-conductor[98738]: DEBUG oslo.service.backend._threading.loopingcall [-] Fixed interval looping call 'nova.servicegroup.drivers.db.DbDriver._report_state' sleeping for 119.99 seconds {{(pid=98738) _run_loop /opt/stack/data/venv/lib/python3.12/site-packages/oslo_service/backend/_threading/loopingcall.py:125}}
Jul 07 07:29:29.083034 np0000004712 nova-conductor[97274]: DEBUG dbcounter [-] [97274] Writing DB stats nova_api:SELECT=1 {{(pid=97274) stat_writer /opt/stack/data/venv/lib/python3.12/site-packages/dbcounter.py:115}}
Jul 07 07:29:29.237550 np0000004712 nova-conductor[97274]: DEBUG dbcounter [-] [97274] Writing DB stats nova_cell0:SELECT=1 {{(pid=97274) stat_writer /opt/stack/data/venv/lib/python3.12/site-packages/dbcounter.py:115}}
Jul 07 07:29:29.241103 np0000004712 nova-conductor[97274]: DEBUG dbcounter [-] [97274] Writing DB stats nova_cell1:SELECT=1 {{(pid=97274) stat_writer /opt/stack/data/venv/lib/python3.12/site-packages/dbcounter.py:115}}
Jul 07 07:29:35.545307 np0000004712 nova-conductor[98714]: DEBUG dbcounter [-] [98714] Writing DB stats nova_cell0:SELECT=4,nova_cell0:INSERT=1,nova_cell0:UPDATE=1 {{(pid=98714) stat_writer /opt/stack/data/venv/lib/python3.12/site-packages/dbcounter.py:115}}
Jul 07 07:29:35.547764 np0000004712 nova-conductor[98718]: DEBUG dbcounter [-] [98718] Writing DB stats nova_cell0:SELECT=5,nova_cell0:INSERT=1,nova_cell0:UPDATE=1 {{(pid=98718) stat_writer /opt/stack/data/venv/lib/python3.12/site-packages/dbcounter.py:115}}
Jul 07 07:29:35.555365 np0000004712 nova-conductor[98725]: DEBUG dbcounter [-] [98725] Writing DB stats nova_cell0:SELECT=3 {{(pid=98725) stat_writer /opt/stack/data/venv/lib/python3.12/site-packages/dbcounter.py:115}}
Jul 07 07:29:35.582188 np0000004712 nova-conductor[98738]: DEBUG dbcounter [-] [98738] Writing DB stats nova_cell0:SELECT=3 {{(pid=98738) stat_writer /opt/stack/data/venv/lib/python3.12/site-packages/dbcounter.py:115}}
Jul 07 07:29:38.568697 np0000004712 nova-conductor[98738]: DEBUG oslo.service.backend._threading.loopingcall [None req-cfb250bc-1c66-47bc-ae74-e612e7e67a65 None None] Dynamic interval looping call 'nova.service.Service.periodic_tasks' sleeping for 60.00 seconds {{(pid=98738) _run_loop /opt/stack/data/venv/lib/python3.12/site-packages/oslo_service/backend/_threading/loopingcall.py:125}}
Jul 07 07:29:50.537526 np0000004712 nova-conductor[98714]: DEBUG oslo.service.backend._threading.loopingcall [None req-3be790e7-1dd9-476e-a161-9e01601c94c4 None None] Dynamic interval looping call 'nova.service.Service.periodic_tasks' sleeping for 60.00 seconds {{(pid=98714) _run_loop /opt/stack/data/venv/lib/python3.12/site-packages/oslo_service/backend/_threading/loopingcall.py:125}}
Jul 07 07:30:08.539728 np0000004712 nova-conductor[98718]: DEBUG oslo.service.backend._threading.loopingcall [None req-d71b26ad-94d1-4f9a-a777-44c673805b56 None None] Dynamic interval looping call 'nova.service.Service.periodic_tasks' sleeping for 60.00 seconds {{(pid=98718) _run_loop /opt/stack/data/venv/lib/python3.12/site-packages/oslo_service/backend/_threading/loopingcall.py:125}}
Jul 07 07:30:20.545061 np0000004712 nova-conductor[98725]: DEBUG oslo.service.backend._threading.loopingcall [None req-20625413-ae09-4800-a2e5-56b2631bcbe7 None None] Dynamic interval looping call 'nova.service.Service.periodic_tasks' sleeping for 60.00 seconds {{(pid=98725) _run_loop /opt/stack/data/venv/lib/python3.12/site-packages/oslo_service/backend/_threading/loopingcall.py:125}}
Jul 07 07:30:38.569372 np0000004712 nova-conductor[98738]: DEBUG oslo.service.backend._threading.loopingcall [None req-cfb250bc-1c66-47bc-ae74-e612e7e67a65 None None] Dynamic interval looping call 'nova.service.Service.periodic_tasks' sleeping for 60.00 seconds {{(pid=98738) _run_loop /opt/stack/data/venv/lib/python3.12/site-packages/oslo_service/backend/_threading/loopingcall.py:125}}
Jul 07 07:30:50.538003 np0000004712 nova-conductor[98714]: DEBUG oslo.service.backend._threading.loopingcall [None req-3be790e7-1dd9-476e-a161-9e01601c94c4 None None] Dynamic interval looping call 'nova.service.Service.periodic_tasks' sleeping for 60.00 seconds {{(pid=98714) _run_loop /opt/stack/data/venv/lib/python3.12/site-packages/oslo_service/backend/_threading/loopingcall.py:125}}
Jul 07 07:31:08.540362 np0000004712 nova-conductor[98718]: DEBUG oslo.service.backend._threading.loopingcall [None req-d71b26ad-94d1-4f9a-a777-44c673805b56 None None] Dynamic interval looping call 'nova.service.Service.periodic_tasks' sleeping for 60.00 seconds {{(pid=98718) _run_loop /opt/stack/data/venv/lib/python3.12/site-packages/oslo_service/backend/_threading/loopingcall.py:125}}
Jul 07 07:31:20.545748 np0000004712 nova-conductor[98725]: DEBUG oslo.service.backend._threading.loopingcall [None req-20625413-ae09-4800-a2e5-56b2631bcbe7 None None] Dynamic interval looping call 'nova.service.Service.periodic_tasks' sleeping for 60.00 seconds {{(pid=98725) _run_loop /opt/stack/data/venv/lib/python3.12/site-packages/oslo_service/backend/_threading/loopingcall.py:125}}
Jul 07 07:31:25.544537 np0000004712 nova-conductor[98718]: DEBUG oslo.service.backend._threading.loopingcall [-] Fixed interval looping call 'nova.servicegroup.drivers.db.DbDriver._report_state' sleeping for 119.99 seconds {{(pid=98718) _run_loop /opt/stack/data/venv/lib/python3.12/site-packages/oslo_service/backend/_threading/loopingcall.py:125}}
Jul 07 07:31:25.545105 np0000004712 nova-conductor[98714]: DEBUG oslo.service.backend._threading.loopingcall [-] Fixed interval looping call 'nova.servicegroup.drivers.db.DbDriver._report_state' sleeping for 119.99 seconds {{(pid=98714) _run_loop /opt/stack/data/venv/lib/python3.12/site-packages/oslo_service/backend/_threading/loopingcall.py:125}}
Jul 07 07:31:25.549219 np0000004712 nova-conductor[98725]: DEBUG oslo.service.backend._threading.loopingcall [-] Fixed interval looping call 'nova.servicegroup.drivers.db.DbDriver._report_state' sleeping for 120.00 seconds {{(pid=98725) _run_loop /opt/stack/data/venv/lib/python3.12/site-packages/oslo_service/backend/_threading/loopingcall.py:125}}
Jul 07 07:31:25.577148 np0000004712 nova-conductor[98738]: DEBUG oslo.service.backend._threading.loopingcall [-] Fixed interval looping call 'nova.servicegroup.drivers.db.DbDriver._report_state' sleeping for 120.00 seconds {{(pid=98738) _run_loop /opt/stack/data/venv/lib/python3.12/site-packages/oslo_service/backend/_threading/loopingcall.py:125}}
Jul 07 07:31:35.539072 np0000004712 nova-conductor[98718]: DEBUG dbcounter [-] [98718] Writing DB stats nova_cell0:SELECT=1,nova_cell0:UPDATE=1 {{(pid=98718) stat_writer /opt/stack/data/venv/lib/python3.12/site-packages/dbcounter.py:115}}
Jul 07 07:31:35.540958 np0000004712 nova-conductor[98714]: DEBUG dbcounter [-] [98714] Writing DB stats nova_cell0:SELECT=1,nova_cell0:UPDATE=1 {{(pid=98714) stat_writer /opt/stack/data/venv/lib/python3.12/site-packages/dbcounter.py:115}}
Jul 07 07:31:35.547648 np0000004712 nova-conductor[98725]: DEBUG dbcounter [-] [98725] Writing DB stats nova_cell0:SELECT=1 {{(pid=98725) stat_writer /opt/stack/data/venv/lib/python3.12/site-packages/dbcounter.py:115}}
Jul 07 07:31:35.575526 np0000004712 nova-conductor[98738]: DEBUG dbcounter [-] [98738] Writing DB stats nova_cell0:SELECT=1 {{(pid=98738) stat_writer /opt/stack/data/venv/lib/python3.12/site-packages/dbcounter.py:115}}
Jul 07 07:31:38.569926 np0000004712 nova-conductor[98738]: DEBUG oslo.service.backend._threading.loopingcall [None req-cfb250bc-1c66-47bc-ae74-e612e7e67a65 None None] Dynamic interval looping call 'nova.service.Service.periodic_tasks' sleeping for 60.00 seconds {{(pid=98738) _run_loop /opt/stack/data/venv/lib/python3.12/site-packages/oslo_service/backend/_threading/loopingcall.py:125}}
Jul 07 07:31:50.539136 np0000004712 nova-conductor[98714]: DEBUG oslo.service.backend._threading.loopingcall [None req-3be790e7-1dd9-476e-a161-9e01601c94c4 None None] Dynamic interval looping call 'nova.service.Service.periodic_tasks' sleeping for 60.00 seconds {{(pid=98714) _run_loop /opt/stack/data/venv/lib/python3.12/site-packages/oslo_service/backend/_threading/loopingcall.py:125}}
Jul 07 07:31:51.680056 np0000004712 nova-conductor[98714]: DEBUG oslo_db.sqlalchemy.engines [None req-3a2ec7b3-b7bb-4851-bf0a-401818e43da2 tempest-ServerActionsTestOtherA-560315713 tempest-ServerActionsTestOtherA-560315713-project-member] Parent process 97274 forked (98714) with an open database connection, which is being discarded and recreated. {{(pid=98714) checkout /opt/stack/data/venv/lib/python3.12/site-packages/oslo_db/sqlalchemy/engines.py:402}}
Jul 07 07:31:51.745414 np0000004712 nova-conductor[98714]: DEBUG dbcounter [-] [98714] Writer thread running {{(pid=98714) stat_writer /opt/stack/data/venv/lib/python3.12/site-packages/dbcounter.py:102}}
Jul 07 07:31:51.886599 np0000004712 nova-conductor[98718]: DEBUG dbcounter [-] [98718] Writer thread running {{(pid=98718) stat_writer /opt/stack/data/venv/lib/python3.12/site-packages/dbcounter.py:102}}
Jul 07 07:31:52.924618 np0000004712 nova-conductor[98718]: DEBUG nova.conductor.manager [None req-ed1c7588-29b5-49b5-9afd-74df53b13316 tempest-AttachVolumeTestJSON-1958392947 tempest-AttachVolumeTestJSON-1958392947-project-member] Took 1.04 seconds to select destinations for 1 instance(s). {{(pid=98718) _schedule_instances /opt/stack/nova/nova/conductor/manager.py:968}}
Jul 07 07:31:52.958210 np0000004712 nova-conductor[98718]: DEBUG oslo_concurrency.lockutils [None req-ed1c7588-29b5-49b5-9afd-74df53b13316 tempest-AttachVolumeTestJSON-1958392947 tempest-AttachVolumeTestJSON-1958392947-project-member] Acquiring lock "c06de000-671b-4e10-b8ad-57a267b98451" by "nova.context.set_target_cell..get_or_set_cached_cell_and_set_connections" {{(pid=98718) inner /opt/stack/data/venv/lib/python3.12/site-packages/oslo_concurrency/lockutils.py:511}}
Jul 07 07:31:52.958322 np0000004712 nova-conductor[98718]: DEBUG oslo_concurrency.lockutils [None req-ed1c7588-29b5-49b5-9afd-74df53b13316 tempest-AttachVolumeTestJSON-1958392947 tempest-AttachVolumeTestJSON-1958392947-project-member] Lock "c06de000-671b-4e10-b8ad-57a267b98451" acquired by "nova.context.set_target_cell..get_or_set_cached_cell_and_set_connections" :: waited 0.000s {{(pid=98718) inner /opt/stack/data/venv/lib/python3.12/site-packages/oslo_concurrency/lockutils.py:524}}
Jul 07 07:31:52.961002 np0000004712 nova-conductor[98718]: DEBUG oslo_concurrency.lockutils [None req-ed1c7588-29b5-49b5-9afd-74df53b13316 tempest-AttachVolumeTestJSON-1958392947 tempest-AttachVolumeTestJSON-1958392947-project-member] Lock "c06de000-671b-4e10-b8ad-57a267b98451" "released" by "nova.context.set_target_cell..get_or_set_cached_cell_and_set_connections" :: held 0.002s {{(pid=98718) inner /opt/stack/data/venv/lib/python3.12/site-packages/oslo_concurrency/lockutils.py:543}}
Jul 07 07:31:52.963264 np0000004712 nova-conductor[98718]: INFO dbcounter [None req-ed1c7588-29b5-49b5-9afd-74df53b13316 tempest-AttachVolumeTestJSON-1958392947 tempest-AttachVolumeTestJSON-1958392947-project-member] Registered counter for database nova_cell1
Jul 07 07:31:53.029624 np0000004712 nova-conductor[98718]: DEBUG oslo_db.sqlalchemy.engines [None req-ed1c7588-29b5-49b5-9afd-74df53b13316 tempest-AttachVolumeTestJSON-1958392947 tempest-AttachVolumeTestJSON-1958392947-project-member] MySQL server mode set to STRICT_TRANS_TABLES,STRICT_ALL_TABLES,NO_ZERO_IN_DATE,NO_ZERO_DATE,ERROR_FOR_DIVISION_BY_ZERO,TRADITIONAL,NO_ENGINE_SUBSTITUTION {{(pid=98718) _check_effective_sql_mode /opt/stack/data/venv/lib/python3.12/site-packages/oslo_db/sqlalchemy/engines.py:325}}
Jul 07 07:31:53.036362 np0000004712 nova-conductor[98718]: DEBUG dbcounter [-] [98718] Writer thread running {{(pid=98718) stat_writer /opt/stack/data/venv/lib/python3.12/site-packages/dbcounter.py:102}}
Jul 07 07:31:53.121412 np0000004712 nova-conductor[98718]: INFO nova.utils [None req-ed1c7588-29b5-49b5-9afd-74df53b13316 tempest-AttachVolumeTestJSON-1958392947 tempest-AttachVolumeTestJSON-1958392947-project-member] The cell worker thread pool ForkProcess-2.cell_worker is initialized
Jul 07 07:31:53.121895 np0000004712 nova-conductor[98718]: DEBUG oslo_concurrency.lockutils [None req-ed1c7588-29b5-49b5-9afd-74df53b13316 tempest-AttachVolumeTestJSON-1958392947 tempest-AttachVolumeTestJSON-1958392947-project-member] Acquiring lock "00000000-0000-0000-0000-000000000000" by "nova.context.set_target_cell..get_or_set_cached_cell_and_set_connections" {{(pid=98718) inner /opt/stack/data/venv/lib/python3.12/site-packages/oslo_concurrency/lockutils.py:511}}
Jul 07 07:31:53.122074 np0000004712 nova-conductor[98718]: DEBUG oslo_concurrency.lockutils [None req-ed1c7588-29b5-49b5-9afd-74df53b13316 tempest-AttachVolumeTestJSON-1958392947 tempest-AttachVolumeTestJSON-1958392947-project-member] Lock "00000000-0000-0000-0000-000000000000" acquired by "nova.context.set_target_cell..get_or_set_cached_cell_and_set_connections" :: waited 0.000s {{(pid=98718) inner /opt/stack/data/venv/lib/python3.12/site-packages/oslo_concurrency/lockutils.py:524}}
Jul 07 07:31:53.122493 np0000004712 nova-conductor[98718]: DEBUG oslo_concurrency.lockutils [None req-ed1c7588-29b5-49b5-9afd-74df53b13316 tempest-AttachVolumeTestJSON-1958392947 tempest-AttachVolumeTestJSON-1958392947-project-member] Lock "00000000-0000-0000-0000-000000000000" "released" by "nova.context.set_target_cell..get_or_set_cached_cell_and_set_connections" :: held 0.000s {{(pid=98718) inner /opt/stack/data/venv/lib/python3.12/site-packages/oslo_concurrency/lockutils.py:543}}
Jul 07 07:31:53.123492 np0000004712 nova-conductor[98718]: DEBUG oslo_concurrency.lockutils [None req-ed1c7588-29b5-49b5-9afd-74df53b13316 tempest-AttachVolumeTestJSON-1958392947 tempest-AttachVolumeTestJSON-1958392947-project-member] Acquiring lock "c06de000-671b-4e10-b8ad-57a267b98451" by "nova.context.set_target_cell..get_or_set_cached_cell_and_set_connections" {{(pid=98718) inner /opt/stack/data/venv/lib/python3.12/site-packages/oslo_concurrency/lockutils.py:511}}
Jul 07 07:31:53.125322 np0000004712 nova-conductor[98718]: DEBUG oslo_concurrency.lockutils [None req-ed1c7588-29b5-49b5-9afd-74df53b13316 tempest-AttachVolumeTestJSON-1958392947 tempest-AttachVolumeTestJSON-1958392947-project-member] Lock "c06de000-671b-4e10-b8ad-57a267b98451" acquired by "nova.context.set_target_cell..get_or_set_cached_cell_and_set_connections" :: waited 0.002s {{(pid=98718) inner /opt/stack/data/venv/lib/python3.12/site-packages/oslo_concurrency/lockutils.py:524}}
Jul 07 07:31:53.126309 np0000004712 nova-conductor[98718]: INFO dbcounter [None req-ed1c7588-29b5-49b5-9afd-74df53b13316 tempest-AttachVolumeTestJSON-1958392947 tempest-AttachVolumeTestJSON-1958392947-project-member] Registered counter for database nova_cell0
Jul 07 07:31:53.127269 np0000004712 nova-conductor[98718]: DEBUG oslo_concurrency.lockutils [None req-ed1c7588-29b5-49b5-9afd-74df53b13316 tempest-AttachVolumeTestJSON-1958392947 tempest-AttachVolumeTestJSON-1958392947-project-member] Lock "c06de000-671b-4e10-b8ad-57a267b98451" "released" by "nova.context.set_target_cell..get_or_set_cached_cell_and_set_connections" :: held 0.001s {{(pid=98718) inner /opt/stack/data/venv/lib/python3.12/site-packages/oslo_concurrency/lockutils.py:543}}
Jul 07 07:31:53.180295 np0000004712 nova-conductor[98718]: DEBUG oslo_db.sqlalchemy.engines [None req-ed1c7588-29b5-49b5-9afd-74df53b13316 tempest-AttachVolumeTestJSON-1958392947 tempest-AttachVolumeTestJSON-1958392947-project-member] MySQL server mode set to STRICT_TRANS_TABLES,STRICT_ALL_TABLES,NO_ZERO_IN_DATE,NO_ZERO_DATE,ERROR_FOR_DIVISION_BY_ZERO,TRADITIONAL,NO_ENGINE_SUBSTITUTION {{(pid=98718) _check_effective_sql_mode /opt/stack/data/venv/lib/python3.12/site-packages/oslo_db/sqlalchemy/engines.py:325}}
Jul 07 07:31:53.189611 np0000004712 nova-conductor[98718]: DEBUG dbcounter [-] [98718] Writer thread running {{(pid=98718) stat_writer /opt/stack/data/venv/lib/python3.12/site-packages/dbcounter.py:102}}
Jul 07 07:31:53.206011 np0000004712 nova-conductor[98718]: DEBUG nova.quota [None req-ed1c7588-29b5-49b5-9afd-74df53b13316 tempest-AttachVolumeTestJSON-1958392947 tempest-AttachVolumeTestJSON-1958392947-project-member] Getting quotas for project 806dee7e88334de18229bb515b061384. Resources: {'instances', 'ram', 'cores'} {{(pid=98718) _get_quotas /opt/stack/nova/nova/quota.py:389}}
Jul 07 07:31:53.210959 np0000004712 nova-conductor[98718]: DEBUG nova.quota [None req-ed1c7588-29b5-49b5-9afd-74df53b13316 tempest-AttachVolumeTestJSON-1958392947 tempest-AttachVolumeTestJSON-1958392947-project-member] Getting quotas for user ba1d0e9d8a3d4d6192554332f9e13d46 and project 806dee7e88334de18229bb515b061384. Resources: {'instances', 'ram', 'cores'} {{(pid=98718) _get_quotas /opt/stack/nova/nova/quota.py:379}}
Jul 07 07:31:53.217561 np0000004712 nova-conductor[98718]: DEBUG nova.conductor.manager [None req-ed1c7588-29b5-49b5-9afd-74df53b13316 tempest-AttachVolumeTestJSON-1958392947 tempest-AttachVolumeTestJSON-1958392947-project-member] [instance: 0d0d0481-20a0-4653-9f5c-81ef24d7e64c] Selected host: np0000004712; Selected node: np0000004712; Alternates: [] {{(pid=98718) schedule_and_build_instances /opt/stack/nova/nova/conductor/manager.py:1784}}
Jul 07 07:31:53.218541 np0000004712 nova-conductor[98718]: DEBUG oslo_concurrency.lockutils [None req-ed1c7588-29b5-49b5-9afd-74df53b13316 tempest-AttachVolumeTestJSON-1958392947 tempest-AttachVolumeTestJSON-1958392947-project-member] Acquiring lock "c06de000-671b-4e10-b8ad-57a267b98451" by "nova.context.set_target_cell..get_or_set_cached_cell_and_set_connections" {{(pid=98718) inner /opt/stack/data/venv/lib/python3.12/site-packages/oslo_concurrency/lockutils.py:511}}
Jul 07 07:31:53.218665 np0000004712 nova-conductor[98718]: DEBUG oslo_concurrency.lockutils [None req-ed1c7588-29b5-49b5-9afd-74df53b13316 tempest-AttachVolumeTestJSON-1958392947 tempest-AttachVolumeTestJSON-1958392947-project-member] Lock "c06de000-671b-4e10-b8ad-57a267b98451" acquired by "nova.context.set_target_cell..get_or_set_cached_cell_and_set_connections" :: waited 0.000s {{(pid=98718) inner /opt/stack/data/venv/lib/python3.12/site-packages/oslo_concurrency/lockutils.py:524}}
Jul 07 07:31:53.218782 np0000004712 nova-conductor[98718]: DEBUG oslo_concurrency.lockutils [None req-ed1c7588-29b5-49b5-9afd-74df53b13316 tempest-AttachVolumeTestJSON-1958392947 tempest-AttachVolumeTestJSON-1958392947-project-member] Lock "c06de000-671b-4e10-b8ad-57a267b98451" "released" by "nova.context.set_target_cell..get_or_set_cached_cell_and_set_connections" :: held 0.000s {{(pid=98718) inner /opt/stack/data/venv/lib/python3.12/site-packages/oslo_concurrency/lockutils.py:543}}
Jul 07 07:31:53.231101 np0000004712 nova-conductor[98718]: DEBUG nova.conductor.manager [None req-ed1c7588-29b5-49b5-9afd-74df53b13316 tempest-AttachVolumeTestJSON-1958392947 tempest-AttachVolumeTestJSON-1958392947-project-member] [instance: 0d0d0481-20a0-4653-9f5c-81ef24d7e64c] block_device_mapping [BlockDeviceMapping(attachment_id=,boot_index=0,connection_info=None,created_at=,delete_on_termination=True,deleted=,deleted_at=,destination_type='local',device_name=None,device_type='disk',disk_bus=None,encrypted=False,encryption_format=None,encryption_options=None,encryption_secret_uuid=None,guest_format=None,id=,image_id='c5890d6a-d29f-45f8-8d4a-5edc3b3debe4',instance=,instance_uuid=,no_device=False,snapshot_id=None,source_type='image',tag=None,updated_at=,uuid=,volume_id=None,volume_size=None,volume_type=None)] {{(pid=98718) _create_block_device_mapping /opt/stack/nova/nova/conductor/manager.py:1529}}
Jul 07 07:31:53.232342 np0000004712 nova-conductor[98718]: DEBUG oslo_concurrency.lockutils [None req-ed1c7588-29b5-49b5-9afd-74df53b13316 tempest-AttachVolumeTestJSON-1958392947 tempest-AttachVolumeTestJSON-1958392947-project-member] Acquiring lock "c06de000-671b-4e10-b8ad-57a267b98451" by "nova.context.set_target_cell..get_or_set_cached_cell_and_set_connections" {{(pid=98718) inner /opt/stack/data/venv/lib/python3.12/site-packages/oslo_concurrency/lockutils.py:511}}
Jul 07 07:31:53.232643 np0000004712 nova-conductor[98718]: DEBUG oslo_concurrency.lockutils [None req-ed1c7588-29b5-49b5-9afd-74df53b13316 tempest-AttachVolumeTestJSON-1958392947 tempest-AttachVolumeTestJSON-1958392947-project-member] Lock "c06de000-671b-4e10-b8ad-57a267b98451" acquired by "nova.context.set_target_cell..get_or_set_cached_cell_and_set_connections" :: waited 0.000s {{(pid=98718) inner /opt/stack/data/venv/lib/python3.12/site-packages/oslo_concurrency/lockutils.py:524}}
Jul 07 07:31:53.232643 np0000004712 nova-conductor[98718]: DEBUG oslo_concurrency.lockutils [None req-ed1c7588-29b5-49b5-9afd-74df53b13316 tempest-AttachVolumeTestJSON-1958392947 tempest-AttachVolumeTestJSON-1958392947-project-member] Lock "c06de000-671b-4e10-b8ad-57a267b98451" "released" by "nova.context.set_target_cell..get_or_set_cached_cell_and_set_connections" :: held 0.000s {{(pid=98718) inner /opt/stack/data/venv/lib/python3.12/site-packages/oslo_concurrency/lockutils.py:543}}
