Jul 23 12:59:58.877242 np0000005768 devstack@g-api.service[103048]: DEBUG glance.api.middleware.version_negotiation [None req-73aea55d-ca92-4d7b-b02a-1675e102f53e tempest-ServerBootFromVolumeStableRescueTest-1984036625 tempest-ServerBootFromVolumeStableRescueTest-1984036625-project-member] Determining version of request: GET /v2/images/8c3ade46-1e7e-494d-bc6c-01a83e294937 Accept: application/json {{(pid=103048) process_request /opt/stack/glance/glance/api/middleware/version_negotiation.py:44}}
Jul 23 12:59:58.877327 np0000005768 devstack@g-api.service[103048]: DEBUG glance.api.middleware.version_negotiation [None req-73aea55d-ca92-4d7b-b02a-1675e102f53e tempest-ServerBootFromVolumeStableRescueTest-1984036625 tempest-ServerBootFromVolumeStableRescueTest-1984036625-project-member] Using url versioning {{(pid=103048) process_request /opt/stack/glance/glance/api/middleware/version_negotiation.py:57}}
Jul 23 12:59:58.877491 np0000005768 devstack@g-api.service[103048]: DEBUG glance.api.middleware.version_negotiation [None req-73aea55d-ca92-4d7b-b02a-1675e102f53e tempest-ServerBootFromVolumeStableRescueTest-1984036625 tempest-ServerBootFromVolumeStableRescueTest-1984036625-project-member] Matched version: v2 {{(pid=103048) process_request /opt/stack/glance/glance/api/middleware/version_negotiation.py:69}}
Jul 23 12:59:58.877602 np0000005768 devstack@g-api.service[103048]: DEBUG glance.api.middleware.version_negotiation [None req-73aea55d-ca92-4d7b-b02a-1675e102f53e tempest-ServerBootFromVolumeStableRescueTest-1984036625 tempest-ServerBootFromVolumeStableRescueTest-1984036625-project-member] new path /v2/images/8c3ade46-1e7e-494d-bc6c-01a83e294937 {{(pid=103048) process_request /opt/stack/glance/glance/api/middleware/version_negotiation.py:70}}
Jul 23 12:59:58.887432 np0000005768 devstack@g-api.service[103048]: [pid: 103048|app: 0|req: 50/203] 127.0.0.1 () {40 vars in 834 bytes} [Thu Jul 23 12:59:58 2026] GET /v2/images/8c3ade46-1e7e-494d-bc6c-01a83e294937 => generated 650 bytes in 10 msecs (HTTP/1.1 200) 4 headers in 157 bytes (1 switches on core 0)
Jul 23 12:59:59.108441 np0000005768 devstack@g-api.service[103047]: INFO glance.api.v2.image_data [None req-c2548910-2453-489e-ac0c-03ec42a8c0db tempest-VolumesActionsTest-823549628 tempest-VolumesActionsTest-823549628-project-member] Unable to create trust: no such option collect_timing in group [keystone_authtoken] Use the existing user token.
Jul 23 12:59:59.348912 np0000005768 devstack@g-api.service[103049]: DEBUG glance.api.middleware.version_negotiation [None req-73aea55d-ca92-4d7b-b02a-1675e102f53e tempest-ServerBootFromVolumeStableRescueTest-1984036625 tempest-ServerBootFromVolumeStableRescueTest-1984036625-project-member] Determining version of request: GET /v2/images/1bb0f333-afa3-4ce4-be46-bf8a0c2ddf04 Accept: application/json {{(pid=103049) process_request /opt/stack/glance/glance/api/middleware/version_negotiation.py:44}}
Jul 23 12:59:59.349377 np0000005768 devstack@g-api.service[103049]: DEBUG glance.api.middleware.version_negotiation [None req-73aea55d-ca92-4d7b-b02a-1675e102f53e tempest-ServerBootFromVolumeStableRescueTest-1984036625 tempest-ServerBootFromVolumeStableRescueTest-1984036625-project-member] Using url versioning {{(pid=103049) process_request /opt/stack/glance/glance/api/middleware/version_negotiation.py:57}}
Jul 23 12:59:59.349377 np0000005768 devstack@g-api.service[103049]: DEBUG glance.api.middleware.version_negotiation [None req-73aea55d-ca92-4d7b-b02a-1675e102f53e tempest-ServerBootFromVolumeStableRescueTest-1984036625 tempest-ServerBootFromVolumeStableRescueTest-1984036625-project-member] Matched version: v2 {{(pid=103049) process_request /opt/stack/glance/glance/api/middleware/version_negotiation.py:69}}
Jul 23 12:59:59.349563 np0000005768 devstack@g-api.service[103049]: DEBUG glance.api.middleware.version_negotiation [None req-73aea55d-ca92-4d7b-b02a-1675e102f53e tempest-ServerBootFromVolumeStableRescueTest-1984036625 tempest-ServerBootFromVolumeStableRescueTest-1984036625-project-member] new path /v2/images/1bb0f333-afa3-4ce4-be46-bf8a0c2ddf04 {{(pid=103049) process_request /opt/stack/glance/glance/api/middleware/version_negotiation.py:70}}
Jul 23 12:59:59.375285 np0000005768 devstack@g-api.service[103049]: [pid: 103049|app: 0|req: 54/204] 127.0.0.1 () {40 vars in 834 bytes} [Thu Jul 23 12:59:59 2026] GET /v2/images/1bb0f333-afa3-4ce4-be46-bf8a0c2ddf04 => generated 1640 bytes in 27 msecs (HTTP/1.1 200) 4 headers in 158 bytes (1 switches on core 0)
Jul 23 12:59:59.386959 np0000005768 devstack@g-api.service[103046]: DEBUG glance.api.middleware.version_negotiation [None req-73aea55d-ca92-4d7b-b02a-1675e102f53e tempest-ServerBootFromVolumeStableRescueTest-1984036625 tempest-ServerBootFromVolumeStableRescueTest-1984036625-project-member] Determining version of request: GET /v2/images/1bb0f333-afa3-4ce4-be46-bf8a0c2ddf04 Accept: application/json {{(pid=103046) process_request /opt/stack/glance/glance/api/middleware/version_negotiation.py:44}}
Jul 23 12:59:59.387448 np0000005768 devstack@g-api.service[103046]: DEBUG glance.api.middleware.version_negotiation [None req-73aea55d-ca92-4d7b-b02a-1675e102f53e tempest-ServerBootFromVolumeStableRescueTest-1984036625 tempest-ServerBootFromVolumeStableRescueTest-1984036625-project-member] Using url versioning {{(pid=103046) process_request /opt/stack/glance/glance/api/middleware/version_negotiation.py:57}}
Jul 23 12:59:59.387448 np0000005768 devstack@g-api.service[103046]: DEBUG glance.api.middleware.version_negotiation [None req-73aea55d-ca92-4d7b-b02a-1675e102f53e tempest-ServerBootFromVolumeStableRescueTest-1984036625 tempest-ServerBootFromVolumeStableRescueTest-1984036625-project-member] Matched version: v2 {{(pid=103046) process_request /opt/stack/glance/glance/api/middleware/version_negotiation.py:69}}
Jul 23 12:59:59.387448 np0000005768 devstack@g-api.service[103046]: DEBUG glance.api.middleware.version_negotiation [None req-73aea55d-ca92-4d7b-b02a-1675e102f53e tempest-ServerBootFromVolumeStableRescueTest-1984036625 tempest-ServerBootFromVolumeStableRescueTest-1984036625-project-member] new path /v2/images/1bb0f333-afa3-4ce4-be46-bf8a0c2ddf04 {{(pid=103046) process_request /opt/stack/glance/glance/api/middleware/version_negotiation.py:70}}
Jul 23 12:59:59.409964 np0000005768 devstack@g-api.service[103046]: [pid: 103046|app: 0|req: 52/205] 127.0.0.1 () {40 vars in 834 bytes} [Thu Jul 23 12:59:59 2026] GET /v2/images/1bb0f333-afa3-4ce4-be46-bf8a0c2ddf04 => generated 1640 bytes in 21 msecs (HTTP/1.1 200) 4 headers in 158 bytes (1 switches on core 0)
Jul 23 12:59:59.897495 np0000005768 devstack@g-api.service[103048]: DEBUG glance.api.middleware.version_negotiation [None req-5f376cc7-8c91-4ed7-97f5-429d1a023524 tempest-VolumesActionsTest-823549628 tempest-VolumesActionsTest-823549628-project-member] Determining version of request: GET /v2/images/8c3ade46-1e7e-494d-bc6c-01a83e294937 Accept: application/json {{(pid=103048) process_request /opt/stack/glance/glance/api/middleware/version_negotiation.py:44}}
Jul 23 12:59:59.898974 np0000005768 devstack@g-api.service[103048]: DEBUG glance.api.middleware.version_negotiation [None req-5f376cc7-8c91-4ed7-97f5-429d1a023524 tempest-VolumesActionsTest-823549628 tempest-VolumesActionsTest-823549628-project-member] Using url versioning {{(pid=103048) process_request /opt/stack/glance/glance/api/middleware/version_negotiation.py:57}}
Jul 23 12:59:59.899199 np0000005768 devstack@g-api.service[103048]: DEBUG glance.api.middleware.version_negotiation [None req-5f376cc7-8c91-4ed7-97f5-429d1a023524 tempest-VolumesActionsTest-823549628 tempest-VolumesActionsTest-823549628-project-member] Matched version: v2 {{(pid=103048) process_request /opt/stack/glance/glance/api/middleware/version_negotiation.py:69}}
Jul 23 12:59:59.899273 np0000005768 devstack@g-api.service[103048]: DEBUG glance.api.middleware.version_negotiation [None req-5f376cc7-8c91-4ed7-97f5-429d1a023524 tempest-VolumesActionsTest-823549628 tempest-VolumesActionsTest-823549628-project-member] new path /v2/images/8c3ade46-1e7e-494d-bc6c-01a83e294937 {{(pid=103048) process_request /opt/stack/glance/glance/api/middleware/version_negotiation.py:70}}
Jul 23 12:59:59.899787 np0000005768 devstack@g-api.service[103047]: DEBUG glance.location [None req-c2548910-2453-489e-ac0c-03ec42a8c0db tempest-VolumesActionsTest-823549628 tempest-VolumesActionsTest-823549628-project-member] Enabling in-flight format inspection for raw {{(pid=103047) set_data /opt/stack/glance/glance/location.py:596}}
Jul 23 12:59:59.900448 np0000005768 devstack@g-api.service[103047]: DEBUG glance_store.backend [None req-c2548910-2453-489e-ac0c-03ec42a8c0db tempest-VolumesActionsTest-823549628 tempest-VolumesActionsTest-823549628-project-member] Attempting to import store swift {{(pid=103047) _load_store /opt/stack/data/venv/lib/python3.12/site-packages/glance_store/backend.py:215}}
Jul 23 12:59:59.902241 np0000005768 devstack@g-api.service[103047]: DEBUG glance_store.capabilities [None req-c2548910-2453-489e-ac0c-03ec42a8c0db tempest-VolumesActionsTest-823549628 tempest-VolumesActionsTest-823549628-project-member] Store glance_store._drivers.swift.store.SingleTenantStore doesn't support updating dynamic storage capabilities. Please overwrite 'update_capabilities' method of the store to implement updating logics if needed. {{(pid=103047) update_capabilities /opt/stack/data/venv/lib/python3.12/site-packages/glance_store/capabilities.py:91}}
Jul 23 12:59:59.902384 np0000005768 devstack@g-api.service[103047]: DEBUG glance_store.driver [None req-c2548910-2453-489e-ac0c-03ec42a8c0db tempest-VolumesActionsTest-823549628 tempest-VolumesActionsTest-823549628-project-member] Late loading location class glance_store._drivers.swift.store.StoreLocation {{(pid=103047) get_store_location_class /opt/stack/data/venv/lib/python3.12/site-packages/glance_store/driver.py:134}}
Jul 23 12:59:59.902714 np0000005768 devstack@g-api.service[103047]: DEBUG glance_store.location [None req-c2548910-2453-489e-ac0c-03ec42a8c0db tempest-VolumesActionsTest-823549628 tempest-VolumesActionsTest-823549628-project-member] Registering scheme swift+https with {'store': , 'location_class': , 'store_entry': 'swift'} {{(pid=103047) register_scheme_map /opt/stack/data/venv/lib/python3.12/site-packages/glance_store/location.py:146}}
Jul 23 12:59:59.902886 np0000005768 devstack@g-api.service[103047]: DEBUG glance_store.location [None req-c2548910-2453-489e-ac0c-03ec42a8c0db tempest-VolumesActionsTest-823549628 tempest-VolumesActionsTest-823549628-project-member] Registering scheme swift+https with {'store': , 'location_class': , 'store_entry': 'swift'} {{(pid=103047) register_scheme_map /opt/stack/data/venv/lib/python3.12/site-packages/glance_store/location.py:146}}
Jul 23 12:59:59.903007 np0000005768 devstack@g-api.service[103047]: DEBUG glance_store.location [None req-c2548910-2453-489e-ac0c-03ec42a8c0db tempest-VolumesActionsTest-823549628 tempest-VolumesActionsTest-823549628-project-member] Registering scheme swift with {'store': , 'location_class': , 'store_entry': 'swift'} {{(pid=103047) register_scheme_map /opt/stack/data/venv/lib/python3.12/site-packages/glance_store/location.py:146}}
Jul 23 12:59:59.903116 np0000005768 devstack@g-api.service[103047]: DEBUG glance_store.location [None req-c2548910-2453-489e-ac0c-03ec42a8c0db tempest-VolumesActionsTest-823549628 tempest-VolumesActionsTest-823549628-project-member] Registering scheme swift+https with {'store': , 'location_class': , 'store_entry': 'swift'} {{(pid=103047) register_scheme_map /opt/stack/data/venv/lib/python3.12/site-packages/glance_store/location.py:146}}
Jul 23 12:59:59.903239 np0000005768 devstack@g-api.service[103047]: DEBUG glance_store.location [None req-c2548910-2453-489e-ac0c-03ec42a8c0db tempest-VolumesActionsTest-823549628 tempest-VolumesActionsTest-823549628-project-member] Registering scheme swift with {'store': , 'location_class': , 'store_entry': 'swift'} {{(pid=103047) register_scheme_map /opt/stack/data/venv/lib/python3.12/site-packages/glance_store/location.py:146}}
Jul 23 12:59:59.903364 np0000005768 devstack@g-api.service[103047]: DEBUG glance_store.location [None req-c2548910-2453-489e-ac0c-03ec42a8c0db tempest-VolumesActionsTest-823549628 tempest-VolumesActionsTest-823549628-project-member] Registering scheme swift+http with {'store': , 'location_class': , 'store_entry': 'swift'} {{(pid=103047) register_scheme_map /opt/stack/data/venv/lib/python3.12/site-packages/glance_store/location.py:146}}
Jul 23 12:59:59.903450 np0000005768 devstack@g-api.service[103047]: DEBUG glance_store.location [None req-c2548910-2453-489e-ac0c-03ec42a8c0db tempest-VolumesActionsTest-823549628 tempest-VolumesActionsTest-823549628-project-member] Registering scheme swift+https with {'store': , 'location_class': , 'store_entry': 'swift'} {{(pid=103047) register_scheme_map /opt/stack/data/venv/lib/python3.12/site-packages/glance_store/location.py:146}}
Jul 23 12:59:59.903531 np0000005768 devstack@g-api.service[103047]: DEBUG glance_store.location [None req-c2548910-2453-489e-ac0c-03ec42a8c0db tempest-VolumesActionsTest-823549628 tempest-VolumesActionsTest-823549628-project-member] Registering scheme swift with {'store': , 'location_class': , 'store_entry': 'swift'} {{(pid=103047) register_scheme_map /opt/stack/data/venv/lib/python3.12/site-packages/glance_store/location.py:146}}
Jul 23 12:59:59.903770 np0000005768 devstack@g-api.service[103047]: DEBUG glance_store.location [None req-c2548910-2453-489e-ac0c-03ec42a8c0db tempest-VolumesActionsTest-823549628 tempest-VolumesActionsTest-823549628-project-member] Registering scheme swift+http with {'store': , 'location_class': , 'store_entry': 'swift'} {{(pid=103047) register_scheme_map /opt/stack/data/venv/lib/python3.12/site-packages/glance_store/location.py:146}}
Jul 23 12:59:59.903770 np0000005768 devstack@g-api.service[103047]: DEBUG glance_store.location [None req-c2548910-2453-489e-ac0c-03ec42a8c0db tempest-VolumesActionsTest-823549628 tempest-VolumesActionsTest-823549628-project-member] Registering scheme swift+config with {'store': , 'location_class': , 'store_entry': 'swift'} {{(pid=103047) register_scheme_map /opt/stack/data/venv/lib/python3.12/site-packages/glance_store/location.py:146}}
Jul 23 12:59:59.925171 np0000005768 devstack@g-api.service[103048]: [pid: 103048|app: 0|req: 51/206] 127.0.0.1 () {40 vars in 834 bytes} [Thu Jul 23 12:59:59 2026] GET /v2/images/8c3ade46-1e7e-494d-bc6c-01a83e294937 => generated 650 bytes in 28 msecs (HTTP/1.1 200) 4 headers in 157 bytes (1 switches on core 0)
Jul 23 12:59:59.974190 np0000005768 devstack@g-api.service[103049]: DEBUG glance.api.middleware.version_negotiation [None req-237f084d-3ec1-4d4d-938b-e0b5c6abc988 tempest-ServerBootFromVolumeStableRescueTest-1984036625 tempest-ServerBootFromVolumeStableRescueTest-1984036625-project-member] Determining version of request: GET /v2/images/ea08bdcb-71ce-491c-b401-4ad1466d16c6 Accept: */* {{(pid=103049) process_request /opt/stack/glance/glance/api/middleware/version_negotiation.py:44}}
Jul 23 12:59:59.974328 np0000005768 devstack@g-api.service[103049]: DEBUG glance.api.middleware.version_negotiation [None req-237f084d-3ec1-4d4d-938b-e0b5c6abc988 tempest-ServerBootFromVolumeStableRescueTest-1984036625 tempest-ServerBootFromVolumeStableRescueTest-1984036625-project-member] Using url versioning {{(pid=103049) process_request /opt/stack/glance/glance/api/middleware/version_negotiation.py:57}}
Jul 23 12:59:59.974509 np0000005768 devstack@g-api.service[103049]: DEBUG glance.api.middleware.version_negotiation [None req-237f084d-3ec1-4d4d-938b-e0b5c6abc988 tempest-ServerBootFromVolumeStableRescueTest-1984036625 tempest-ServerBootFromVolumeStableRescueTest-1984036625-project-member] Matched version: v2 {{(pid=103049) process_request /opt/stack/glance/glance/api/middleware/version_negotiation.py:69}}
Jul 23 12:59:59.974613 np0000005768 devstack@g-api.service[103049]: DEBUG glance.api.middleware.version_negotiation [None req-237f084d-3ec1-4d4d-938b-e0b5c6abc988 tempest-ServerBootFromVolumeStableRescueTest-1984036625 tempest-ServerBootFromVolumeStableRescueTest-1984036625-project-member] new path /v2/images/ea08bdcb-71ce-491c-b401-4ad1466d16c6 {{(pid=103049) process_request /opt/stack/glance/glance/api/middleware/version_negotiation.py:70}}
Jul 23 12:59:59.989038 np0000005768 devstack@g-api.service[103049]: [pid: 103049|app: 0|req: 55/207] 127.0.0.1 () {44 vars in 1111 bytes} [Thu Jul 23 12:59:59 2026] GET /v2/images/ea08bdcb-71ce-491c-b401-4ad1466d16c6 => generated 1044 bytes in 15 msecs (HTTP/1.1 200) 4 headers in 158 bytes (1 switches on core 0)
Jul 23 13:00:00.048272 np0000005768 devstack@g-api.service[103046]: DEBUG glance.api.middleware.version_negotiation [None req-d6b9c223-59fb-4ec7-a5cf-19d4c0e72a30 tempest-ServerBootFromVolumeStableRescueTest-1984036625 tempest-ServerBootFromVolumeStableRescueTest-1984036625-project-member] Determining version of request: GET /v2/schemas/image Accept: */* {{(pid=103046) process_request /opt/stack/glance/glance/api/middleware/version_negotiation.py:44}}
Jul 23 13:00:00.048605 np0000005768 devstack@g-api.service[103046]: DEBUG glance.api.middleware.version_negotiation [None req-d6b9c223-59fb-4ec7-a5cf-19d4c0e72a30 tempest-ServerBootFromVolumeStableRescueTest-1984036625 tempest-ServerBootFromVolumeStableRescueTest-1984036625-project-member] Using url versioning {{(pid=103046) process_request /opt/stack/glance/glance/api/middleware/version_negotiation.py:57}}
Jul 23 13:00:00.048725 np0000005768 devstack@g-api.service[103046]: DEBUG glance.api.middleware.version_negotiation [None req-d6b9c223-59fb-4ec7-a5cf-19d4c0e72a30 tempest-ServerBootFromVolumeStableRescueTest-1984036625 tempest-ServerBootFromVolumeStableRescueTest-1984036625-project-member] Matched version: v2 {{(pid=103046) process_request /opt/stack/glance/glance/api/middleware/version_negotiation.py:69}}
Jul 23 13:00:00.049594 np0000005768 devstack@g-api.service[103046]: DEBUG glance.api.middleware.version_negotiation [None req-d6b9c223-59fb-4ec7-a5cf-19d4c0e72a30 tempest-ServerBootFromVolumeStableRescueTest-1984036625 tempest-ServerBootFromVolumeStableRescueTest-1984036625-project-member] new path /v2/schemas/image {{(pid=103046) process_request /opt/stack/glance/glance/api/middleware/version_negotiation.py:70}}
Jul 23 13:00:00.052115 np0000005768 devstack@g-api.service[103046]: [pid: 103046|app: 0|req: 53/208] 127.0.0.1 () {44 vars in 1051 bytes} [Thu Jul 23 13:00:00 2026] GET /v2/schemas/image => generated 6083 bytes in 4 msecs (HTTP/1.1 200) 4 headers in 158 bytes (1 switches on core 0)
Jul 23 13:00:00.256056 np0000005768 devstack@g-api.service[103047]: DEBUG swiftclient [None req-c2548910-2453-489e-ac0c-03ec42a8c0db tempest-VolumesActionsTest-823549628 tempest-VolumesActionsTest-823549628-project-member] REQ: curl -i https://10.4.3.50:8080/v1/AUTH_ade1ac47a62e475992ea4818b9f4227d/glance -I -H "X-Auth-Token: gAAAAABqYhBPoV1B..." {{(pid=103047) http_log /opt/stack/data/venv/lib/python3.12/site-packages/swiftclient/client.py:160}}
Jul 23 13:00:00.256496 np0000005768 devstack@g-api.service[103047]: DEBUG swiftclient [None req-c2548910-2453-489e-ac0c-03ec42a8c0db tempest-VolumesActionsTest-823549628 tempest-VolumesActionsTest-823549628-project-member] RESP STATUS: 204 No Content {{(pid=103047) http_log /opt/stack/data/venv/lib/python3.12/site-packages/swiftclient/client.py:161}}
Jul 23 13:00:00.256496 np0000005768 devstack@g-api.service[103047]: DEBUG swiftclient [None req-c2548910-2453-489e-ac0c-03ec42a8c0db tempest-VolumesActionsTest-823549628 tempest-VolumesActionsTest-823549628-project-member] RESP HEADERS: {'Date': 'Thu, 23 Jul 2026 13:00:00 GMT', 'Server': 'Apache/2.4.58 (Ubuntu)', 'Content-Type': 'text/plain; charset=utf-8', 'X-Container-Object-Count': '5', 'X-Container-Bytes-Used': '87883776', 'X-Timestamp': '1784811259.13078', 'Last-Modified': 'Thu, 23 Jul 2026 12:54:20 GMT', 'Accept-Ranges': 'bytes', 'X-Storage-Policy': 'Policy-0', 'X-Container-Sharding': 'False', 'Vary': 'Accept', 'X-Trans-Id': 'txcb704ef79aec4631b6e6b-006a621050', 'X-Openstack-Request-Id': 'txcb704ef79aec4631b6e6b-006a621050', 'Connection': 'close'} {{(pid=103047) http_log /opt/stack/data/venv/lib/python3.12/site-packages/swiftclient/client.py:162}}
Jul 23 13:00:00.256698 np0000005768 devstack@g-api.service[103047]: DEBUG glance_store._drivers.swift.store [None req-c2548910-2453-489e-ac0c-03ec42a8c0db tempest-VolumesActionsTest-823549628 tempest-VolumesActionsTest-823549628-project-member] Adding image object '8c3ade46-1e7e-494d-bc6c-01a83e294937' to Swift {{(pid=103047) add /opt/stack/data/venv/lib/python3.12/site-packages/glance_store/_drivers/swift/store.py:970}}
Jul 23 13:00:00.256860 np0000005768 devstack@g-api.service[103047]: DEBUG glance_store._drivers.swift.store [None req-c2548910-2453-489e-ac0c-03ec42a8c0db tempest-VolumesActionsTest-823549628 tempest-VolumesActionsTest-823549628-project-member] Cannot determine image size because it is either not provided in the request or chunked-transfer encoding is used. Adding image as a segmented object to Swift. {{(pid=103047) add /opt/stack/data/venv/lib/python3.12/site-packages/glance_store/_drivers/swift/store.py:994}}
Jul 23 13:00:00.266410 np0000005768 devstack@g-api.service[103047]: DEBUG oslo_utils.imageutils.format_inspector [None req-c2548910-2453-489e-ac0c-03ec42a8c0db tempest-VolumesActionsTest-823549628 tempest-VolumesActionsTest-823549628-project-member] Format inspector for vmdk does not match, excluding from consideration (Signature KDMV not found: b'\x00\x00\x00\x00') {{(pid=103047) _process_chunk /opt/stack/data/venv/lib/python3.12/site-packages/oslo_utils/imageutils/format_inspector.py:1758}}
Jul 23 13:00:00.269636 np0000005768 devstack@g-api.service[103047]: DEBUG oslo_utils.imageutils.format_inspector [None req-c2548910-2453-489e-ac0c-03ec42a8c0db tempest-VolumesActionsTest-823549628 tempest-VolumesActionsTest-823549628-project-member] Format inspector for vhdx does not match, excluding from consideration (Region signature not found at 30000) {{(pid=103047) _process_chunk /opt/stack/data/venv/lib/python3.12/site-packages/oslo_utils/imageutils/format_inspector.py:1758}}
Jul 23 13:00:00.943635 np0000005768 devstack@g-api.service[103048]: DEBUG glance.api.middleware.version_negotiation [None req-8bfadc5b-42d6-429e-96d5-0c2e7eadb77b tempest-VolumesActionsTest-823549628 tempest-VolumesActionsTest-823549628-project-member] Determining version of request: GET /v2/images/8c3ade46-1e7e-494d-bc6c-01a83e294937 Accept: application/json {{(pid=103048) process_request /opt/stack/glance/glance/api/middleware/version_negotiation.py:44}}
Jul 23 13:00:00.944177 np0000005768 devstack@g-api.service[103048]: DEBUG glance.api.middleware.version_negotiation [None req-8bfadc5b-42d6-429e-96d5-0c2e7eadb77b tempest-VolumesActionsTest-823549628 tempest-VolumesActionsTest-823549628-project-member] Using url versioning {{(pid=103048) process_request /opt/stack/glance/glance/api/middleware/version_negotiation.py:57}}
Jul 23 13:00:00.944177 np0000005768 devstack@g-api.service[103048]: DEBUG glance.api.middleware.version_negotiation [None req-8bfadc5b-42d6-429e-96d5-0c2e7eadb77b tempest-VolumesActionsTest-823549628 tempest-VolumesActionsTest-823549628-project-member] Matched version: v2 {{(pid=103048) process_request /opt/stack/glance/glance/api/middleware/version_negotiation.py:69}}
Jul 23 13:00:00.944177 np0000005768 devstack@g-api.service[103048]: DEBUG glance.api.middleware.version_negotiation [None req-8bfadc5b-42d6-429e-96d5-0c2e7eadb77b tempest-VolumesActionsTest-823549628 tempest-VolumesActionsTest-823549628-project-member] new path /v2/images/8c3ade46-1e7e-494d-bc6c-01a83e294937 {{(pid=103048) process_request /opt/stack/glance/glance/api/middleware/version_negotiation.py:70}}
Jul 23 13:00:00.957704 np0000005768 devstack@g-api.service[103048]: [pid: 103048|app: 0|req: 52/209] 127.0.0.1 () {40 vars in 834 bytes} [Thu Jul 23 13:00:00 2026] GET /v2/images/8c3ade46-1e7e-494d-bc6c-01a83e294937 => generated 650 bytes in 14 msecs (HTTP/1.1 200) 4 headers in 157 bytes (1 switches on core 0)
Jul 23 13:00:01.977167 np0000005768 devstack@g-api.service[103049]: DEBUG glance.api.middleware.version_negotiation [None req-378beb98-16f8-4ba7-adcf-df236e15de03 tempest-ServerBootFromVolumeStableRescueTest-1984036625 tempest-ServerBootFromVolumeStableRescueTest-1984036625-project-member] Determining version of request: GET /v2/images/8c3ade46-1e7e-494d-bc6c-01a83e294937 Accept: application/json {{(pid=103049) process_request /opt/stack/glance/glance/api/middleware/version_negotiation.py:44}}
Jul 23 13:00:01.977167 np0000005768 devstack@g-api.service[103049]: DEBUG glance.api.middleware.version_negotiation [None req-378beb98-16f8-4ba7-adcf-df236e15de03 tempest-ServerBootFromVolumeStableRescueTest-1984036625 tempest-ServerBootFromVolumeStableRescueTest-1984036625-project-member] Using url versioning {{(pid=103049) process_request /opt/stack/glance/glance/api/middleware/version_negotiation.py:57}}
Jul 23 13:00:01.977167 np0000005768 devstack@g-api.service[103049]: DEBUG glance.api.middleware.version_negotiation [None req-378beb98-16f8-4ba7-adcf-df236e15de03 tempest-ServerBootFromVolumeStableRescueTest-1984036625 tempest-ServerBootFromVolumeStableRescueTest-1984036625-project-member] Matched version: v2 {{(pid=103049) process_request /opt/stack/glance/glance/api/middleware/version_negotiation.py:69}}
Jul 23 13:00:01.977167 np0000005768 devstack@g-api.service[103049]: DEBUG glance.api.middleware.version_negotiation [None req-378beb98-16f8-4ba7-adcf-df236e15de03 tempest-ServerBootFromVolumeStableRescueTest-1984036625 tempest-ServerBootFromVolumeStableRescueTest-1984036625-project-member] new path /v2/images/8c3ade46-1e7e-494d-bc6c-01a83e294937 {{(pid=103049) process_request /opt/stack/glance/glance/api/middleware/version_negotiation.py:70}}
Jul 23 13:00:02.015480 np0000005768 devstack@g-api.service[103049]: [pid: 103049|app: 0|req: 56/210] 127.0.0.1 () {40 vars in 834 bytes} [Thu Jul 23 13:00:01 2026] GET /v2/images/8c3ade46-1e7e-494d-bc6c-01a83e294937 => generated 650 bytes in 40 msecs (HTTP/1.1 200) 4 headers in 157 bytes (1 switches on core 0)
Jul 23 13:00:03.043741 np0000005768 devstack@g-api.service[103046]: DEBUG glance.api.middleware.version_negotiation [None req-378beb98-16f8-4ba7-adcf-df236e15de03 tempest-ServerBootFromVolumeStableRescueTest-1984036625 tempest-ServerBootFromVolumeStableRescueTest-1984036625-project-member] Determining version of request: GET /v2/images/8c3ade46-1e7e-494d-bc6c-01a83e294937 Accept: application/json {{(pid=103046) process_request /opt/stack/glance/glance/api/middleware/version_negotiation.py:44}}
Jul 23 13:00:03.043741 np0000005768 devstack@g-api.service[103046]: DEBUG glance.api.middleware.version_negotiation [None req-378beb98-16f8-4ba7-adcf-df236e15de03 tempest-ServerBootFromVolumeStableRescueTest-1984036625 tempest-ServerBootFromVolumeStableRescueTest-1984036625-project-member] Using url versioning {{(pid=103046) process_request /opt/stack/glance/glance/api/middleware/version_negotiation.py:57}}
Jul 23 13:00:03.044291 np0000005768 devstack@g-api.service[103046]: DEBUG glance.api.middleware.version_negotiation [None req-378beb98-16f8-4ba7-adcf-df236e15de03 tempest-ServerBootFromVolumeStableRescueTest-1984036625 tempest-ServerBootFromVolumeStableRescueTest-1984036625-project-member] Matched version: v2 {{(pid=103046) process_request /opt/stack/glance/glance/api/middleware/version_negotiation.py:69}}
Jul 23 13:00:03.044291 np0000005768 devstack@g-api.service[103046]: DEBUG glance.api.middleware.version_negotiation [None req-378beb98-16f8-4ba7-adcf-df236e15de03 tempest-ServerBootFromVolumeStableRescueTest-1984036625 tempest-ServerBootFromVolumeStableRescueTest-1984036625-project-member] new path /v2/images/8c3ade46-1e7e-494d-bc6c-01a83e294937 {{(pid=103046) process_request /opt/stack/glance/glance/api/middleware/version_negotiation.py:70}}
Jul 23 13:00:03.069075 np0000005768 devstack@g-api.service[103046]: [pid: 103046|app: 0|req: 54/211] 127.0.0.1 () {40 vars in 834 bytes} [Thu Jul 23 13:00:03 2026] GET /v2/images/8c3ade46-1e7e-494d-bc6c-01a83e294937 => generated 650 bytes in 26 msecs (HTTP/1.1 200) 4 headers in 157 bytes (1 switches on core 0)
Jul 23 13:00:03.710006 np0000005768 devstack@g-api.service[103047]: DEBUG swiftclient [None req-c2548910-2453-489e-ac0c-03ec42a8c0db tempest-VolumesActionsTest-823549628 tempest-VolumesActionsTest-823549628-project-member] REQ: curl -i https://10.4.3.50:8080/v1/AUTH_ade1ac47a62e475992ea4818b9f4227d/glance/8c3ade46-1e7e-494d-bc6c-01a83e294937-00001 -X PUT -H "X-Auth-Token: gAAAAABqYhBPoV1B..." {{(pid=103047) http_log /opt/stack/data/venv/lib/python3.12/site-packages/swiftclient/client.py:160}}
Jul 23 13:00:03.710306 np0000005768 devstack@g-api.service[103047]: DEBUG swiftclient [None req-c2548910-2453-489e-ac0c-03ec42a8c0db tempest-VolumesActionsTest-823549628 tempest-VolumesActionsTest-823549628-project-member] RESP STATUS: 201 Created {{(pid=103047) http_log /opt/stack/data/venv/lib/python3.12/site-packages/swiftclient/client.py:161}}
Jul 23 13:00:03.710352 np0000005768 devstack@g-api.service[103047]: DEBUG swiftclient [None req-c2548910-2453-489e-ac0c-03ec42a8c0db tempest-VolumesActionsTest-823549628 tempest-VolumesActionsTest-823549628-project-member] RESP HEADERS: {'Date': 'Thu, 23 Jul 2026 13:00:03 GMT', 'Server': 'Apache/2.4.58 (Ubuntu)', 'Content-Type': 'text/html; charset=UTF-8', 'Content-Length': '0', 'Etag': 'eda9a9889837ac4bc81d6387d92c1bec', 'Last-Modified': 'Thu, 23 Jul 2026 13:00:01 GMT', 'X-Trans-Id': 'tx103a0c13b3ca4fbda154c-006a621050', 'X-Openstack-Request-Id': 'tx103a0c13b3ca4fbda154c-006a621050', 'Connection': 'close'} {{(pid=103047) http_log /opt/stack/data/venv/lib/python3.12/site-packages/swiftclient/client.py:162}}
Jul 23 13:00:03.710540 np0000005768 devstack@g-api.service[103047]: DEBUG glance_store._drivers.swift.store [None req-c2548910-2453-489e-ac0c-03ec42a8c0db tempest-VolumesActionsTest-823549628 tempest-VolumesActionsTest-823549628-project-member] Wrote chunk 8c3ade46-1e7e-494d-bc6c-01a83e294937-00001 (1/?) of length 204800000 to Swift returning MD5 of content: eda9a9889837ac4bc81d6387d92c1bec {{(pid=103047) add /opt/stack/data/venv/lib/python3.12/site-packages/glance_store/_drivers/swift/store.py:1059}}
Jul 23 13:00:04.086816 np0000005768 devstack@g-api.service[103048]: DEBUG glance.api.middleware.version_negotiation [None req-4314f898-5632-46be-816e-41bc2d9148e9 tempest-VolumesActionsTest-823549628 tempest-VolumesActionsTest-823549628-project-member] Determining version of request: GET /v2/images/8c3ade46-1e7e-494d-bc6c-01a83e294937 Accept: application/json {{(pid=103048) process_request /opt/stack/glance/glance/api/middleware/version_negotiation.py:44}}
Jul 23 13:00:04.086816 np0000005768 devstack@g-api.service[103048]: DEBUG glance.api.middleware.version_negotiation [None req-4314f898-5632-46be-816e-41bc2d9148e9 tempest-VolumesActionsTest-823549628 tempest-VolumesActionsTest-823549628-project-member] Using url versioning {{(pid=103048) process_request /opt/stack/glance/glance/api/middleware/version_negotiation.py:57}}
Jul 23 13:00:04.086816 np0000005768 devstack@g-api.service[103048]: DEBUG glance.api.middleware.version_negotiation [None req-4314f898-5632-46be-816e-41bc2d9148e9 tempest-VolumesActionsTest-823549628 tempest-VolumesActionsTest-823549628-project-member] Matched version: v2 {{(pid=103048) process_request /opt/stack/glance/glance/api/middleware/version_negotiation.py:69}}
Jul 23 13:00:04.086816 np0000005768 devstack@g-api.service[103048]: DEBUG glance.api.middleware.version_negotiation [None req-4314f898-5632-46be-816e-41bc2d9148e9 tempest-VolumesActionsTest-823549628 tempest-VolumesActionsTest-823549628-project-member] new path /v2/images/8c3ade46-1e7e-494d-bc6c-01a83e294937 {{(pid=103048) process_request /opt/stack/glance/glance/api/middleware/version_negotiation.py:70}}
Jul 23 13:00:04.109432 np0000005768 devstack@g-api.service[103048]: [pid: 103048|app: 0|req: 53/212] 127.0.0.1 () {40 vars in 834 bytes} [Thu Jul 23 13:00:04 2026] GET /v2/images/8c3ade46-1e7e-494d-bc6c-01a83e294937 => generated 650 bytes in 24 msecs (HTTP/1.1 200) 4 headers in 157 bytes (1 switches on core 0)
Jul 23 13:00:05.130544 np0000005768 devstack@g-api.service[103049]: DEBUG glance.api.middleware.version_negotiation [None req-2d6a7e3c-ccb6-43e6-bcfb-237a05b8867f tempest-VolumesActionsTest-823549628 tempest-VolumesActionsTest-823549628-project-member] Determining version of request: GET /v2/images/8c3ade46-1e7e-494d-bc6c-01a83e294937 Accept: application/json {{(pid=103049) process_request /opt/stack/glance/glance/api/middleware/version_negotiation.py:44}}
Jul 23 13:00:05.131175 np0000005768 devstack@g-api.service[103049]: DEBUG glance.api.middleware.version_negotiation [None req-2d6a7e3c-ccb6-43e6-bcfb-237a05b8867f tempest-VolumesActionsTest-823549628 tempest-VolumesActionsTest-823549628-project-member] Using url versioning {{(pid=103049) process_request /opt/stack/glance/glance/api/middleware/version_negotiation.py:57}}
Jul 23 13:00:05.131175 np0000005768 devstack@g-api.service[103049]: DEBUG glance.api.middleware.version_negotiation [None req-2d6a7e3c-ccb6-43e6-bcfb-237a05b8867f tempest-VolumesActionsTest-823549628 tempest-VolumesActionsTest-823549628-project-member] Matched version: v2 {{(pid=103049) process_request /opt/stack/glance/glance/api/middleware/version_negotiation.py:69}}
Jul 23 13:00:05.131175 np0000005768 devstack@g-api.service[103049]: DEBUG glance.api.middleware.version_negotiation [None req-2d6a7e3c-ccb6-43e6-bcfb-237a05b8867f tempest-VolumesActionsTest-823549628 tempest-VolumesActionsTest-823549628-project-member] new path /v2/images/8c3ade46-1e7e-494d-bc6c-01a83e294937 {{(pid=103049) process_request /opt/stack/glance/glance/api/middleware/version_negotiation.py:70}}
Jul 23 13:00:05.153567 np0000005768 devstack@g-api.service[103049]: [pid: 103049|app: 0|req: 57/213] 127.0.0.1 () {40 vars in 834 bytes} [Thu Jul 23 13:00:05 2026] GET /v2/images/8c3ade46-1e7e-494d-bc6c-01a83e294937 => generated 650 bytes in 23 msecs (HTTP/1.1 200) 4 headers in 157 bytes (1 switches on core 0)
Jul 23 13:00:06.169726 np0000005768 devstack@g-api.service[103046]: DEBUG glance.api.middleware.version_negotiation [None req-646cf36b-bbc6-432a-894d-64dda13b7f13 tempest-VolumesActionsTest-823549628 tempest-VolumesActionsTest-823549628-project-member] Determining version of request: GET /v2/images/8c3ade46-1e7e-494d-bc6c-01a83e294937 Accept: application/json {{(pid=103046) process_request /opt/stack/glance/glance/api/middleware/version_negotiation.py:44}}
Jul 23 13:00:06.169726 np0000005768 devstack@g-api.service[103046]: DEBUG glance.api.middleware.version_negotiation [None req-646cf36b-bbc6-432a-894d-64dda13b7f13 tempest-VolumesActionsTest-823549628 tempest-VolumesActionsTest-823549628-project-member] Using url versioning {{(pid=103046) process_request /opt/stack/glance/glance/api/middleware/version_negotiation.py:57}}
Jul 23 13:00:06.169726 np0000005768 devstack@g-api.service[103046]: DEBUG glance.api.middleware.version_negotiation [None req-646cf36b-bbc6-432a-894d-64dda13b7f13 tempest-VolumesActionsTest-823549628 tempest-VolumesActionsTest-823549628-project-member] Matched version: v2 {{(pid=103046) process_request /opt/stack/glance/glance/api/middleware/version_negotiation.py:69}}
Jul 23 13:00:06.169726 np0000005768 devstack@g-api.service[103046]: DEBUG glance.api.middleware.version_negotiation [None req-646cf36b-bbc6-432a-894d-64dda13b7f13 tempest-VolumesActionsTest-823549628 tempest-VolumesActionsTest-823549628-project-member] new path /v2/images/8c3ade46-1e7e-494d-bc6c-01a83e294937 {{(pid=103046) process_request /opt/stack/glance/glance/api/middleware/version_negotiation.py:70}}
Jul 23 13:00:06.188265 np0000005768 devstack@g-api.service[103046]: [pid: 103046|app: 0|req: 55/214] 127.0.0.1 () {40 vars in 834 bytes} [Thu Jul 23 13:00:06 2026] GET /v2/images/8c3ade46-1e7e-494d-bc6c-01a83e294937 => generated 650 bytes in 22 msecs (HTTP/1.1 200) 4 headers in 157 bytes (1 switches on core 0)
Jul 23 13:00:06.304873 np0000005768 devstack@g-api.service[103047]: DEBUG swiftclient [None req-c2548910-2453-489e-ac0c-03ec42a8c0db tempest-VolumesActionsTest-823549628 tempest-VolumesActionsTest-823549628-project-member] REQ: curl -i https://10.4.3.50:8080/v1/AUTH_ade1ac47a62e475992ea4818b9f4227d/glance/8c3ade46-1e7e-494d-bc6c-01a83e294937-00002 -X PUT -H "X-Auth-Token: gAAAAABqYhBPoV1B..." {{(pid=103047) http_log /opt/stack/data/venv/lib/python3.12/site-packages/swiftclient/client.py:160}}
Jul 23 13:00:06.305396 np0000005768 devstack@g-api.service[103047]: DEBUG swiftclient [None req-c2548910-2453-489e-ac0c-03ec42a8c0db tempest-VolumesActionsTest-823549628 tempest-VolumesActionsTest-823549628-project-member] RESP STATUS: 201 Created {{(pid=103047) http_log /opt/stack/data/venv/lib/python3.12/site-packages/swiftclient/client.py:161}}
Jul 23 13:00:06.305396 np0000005768 devstack@g-api.service[103047]: DEBUG swiftclient [None req-c2548910-2453-489e-ac0c-03ec42a8c0db tempest-VolumesActionsTest-823549628 tempest-VolumesActionsTest-823549628-project-member] RESP HEADERS: {'Date': 'Thu, 23 Jul 2026 13:00:06 GMT', 'Server': 'Apache/2.4.58 (Ubuntu)', 'Content-Type': 'text/html; charset=UTF-8', 'Content-Length': '0', 'Etag': 'eda9a9889837ac4bc81d6387d92c1bec', 'Last-Modified': 'Thu, 23 Jul 2026 13:00:04 GMT', 'X-Trans-Id': 'tx8ec98351c13f44849811e-006a621053', 'X-Openstack-Request-Id': 'tx8ec98351c13f44849811e-006a621053', 'Connection': 'close'} {{(pid=103047) http_log /opt/stack/data/venv/lib/python3.12/site-packages/swiftclient/client.py:162}}
Jul 23 13:00:06.305677 np0000005768 devstack@g-api.service[103047]: DEBUG glance_store._drivers.swift.store [None req-c2548910-2453-489e-ac0c-03ec42a8c0db tempest-VolumesActionsTest-823549628 tempest-VolumesActionsTest-823549628-project-member] Wrote chunk 8c3ade46-1e7e-494d-bc6c-01a83e294937-00002 (2/?) of length 204800000 to Swift returning MD5 of content: eda9a9889837ac4bc81d6387d92c1bec {{(pid=103047) add /opt/stack/data/venv/lib/python3.12/site-packages/glance_store/_drivers/swift/store.py:1059}}
Jul 23 13:00:07.203437 np0000005768 devstack@g-api.service[103048]: DEBUG glance.api.middleware.version_negotiation [None req-4b41bac7-9c68-497d-899a-e9efd1f5c469 tempest-VolumesActionsTest-823549628 tempest-VolumesActionsTest-823549628-project-member] Determining version of request: GET /v2/images/8c3ade46-1e7e-494d-bc6c-01a83e294937 Accept: application/json {{(pid=103048) process_request /opt/stack/glance/glance/api/middleware/version_negotiation.py:44}}
Jul 23 13:00:07.203437 np0000005768 devstack@g-api.service[103048]: DEBUG glance.api.middleware.version_negotiation [None req-4b41bac7-9c68-497d-899a-e9efd1f5c469 tempest-VolumesActionsTest-823549628 tempest-VolumesActionsTest-823549628-project-member] Using url versioning {{(pid=103048) process_request /opt/stack/glance/glance/api/middleware/version_negotiation.py:57}}
Jul 23 13:00:07.205174 np0000005768 devstack@g-api.service[103048]: DEBUG glance.api.middleware.version_negotiation [None req-4b41bac7-9c68-497d-899a-e9efd1f5c469 tempest-VolumesActionsTest-823549628 tempest-VolumesActionsTest-823549628-project-member] Matched version: v2 {{(pid=103048) process_request /opt/stack/glance/glance/api/middleware/version_negotiation.py:69}}
Jul 23 13:00:07.205174 np0000005768 devstack@g-api.service[103048]: DEBUG glance.api.middleware.version_negotiation [None req-4b41bac7-9c68-497d-899a-e9efd1f5c469 tempest-VolumesActionsTest-823549628 tempest-VolumesActionsTest-823549628-project-member] new path /v2/images/8c3ade46-1e7e-494d-bc6c-01a83e294937 {{(pid=103048) process_request /opt/stack/glance/glance/api/middleware/version_negotiation.py:70}}
Jul 23 13:00:07.229679 np0000005768 devstack@g-api.service[103048]: [pid: 103048|app: 0|req: 54/215] 127.0.0.1 () {40 vars in 834 bytes} [Thu Jul 23 13:00:07 2026] GET /v2/images/8c3ade46-1e7e-494d-bc6c-01a83e294937 => generated 650 bytes in 29 msecs (HTTP/1.1 200) 4 headers in 157 bytes (1 switches on core 0)
Jul 23 13:00:08.248647 np0000005768 devstack@g-api.service[103049]: DEBUG glance.api.middleware.version_negotiation [None req-7a4c788b-37f6-49c7-b857-4af9dc41d4c3 tempest-VolumesActionsTest-823549628 tempest-VolumesActionsTest-823549628-project-member] Determining version of request: GET /v2/images/8c3ade46-1e7e-494d-bc6c-01a83e294937 Accept: application/json {{(pid=103049) process_request /opt/stack/glance/glance/api/middleware/version_negotiation.py:44}}
Jul 23 13:00:08.248647 np0000005768 devstack@g-api.service[103049]: DEBUG glance.api.middleware.version_negotiation [None req-7a4c788b-37f6-49c7-b857-4af9dc41d4c3 tempest-VolumesActionsTest-823549628 tempest-VolumesActionsTest-823549628-project-member] Using url versioning {{(pid=103049) process_request /opt/stack/glance/glance/api/middleware/version_negotiation.py:57}}
Jul 23 13:00:08.248647 np0000005768 devstack@g-api.service[103049]: DEBUG glance.api.middleware.version_negotiation [None req-7a4c788b-37f6-49c7-b857-4af9dc41d4c3 tempest-VolumesActionsTest-823549628 tempest-VolumesActionsTest-823549628-project-member] Matched version: v2 {{(pid=103049) process_request /opt/stack/glance/glance/api/middleware/version_negotiation.py:69}}
Jul 23 13:00:08.248647 np0000005768 devstack@g-api.service[103049]: DEBUG glance.api.middleware.version_negotiation [None req-7a4c788b-37f6-49c7-b857-4af9dc41d4c3 tempest-VolumesActionsTest-823549628 tempest-VolumesActionsTest-823549628-project-member] new path /v2/images/8c3ade46-1e7e-494d-bc6c-01a83e294937 {{(pid=103049) process_request /opt/stack/glance/glance/api/middleware/version_negotiation.py:70}}
Jul 23 13:00:08.273767 np0000005768 devstack@g-api.service[103049]: [pid: 103049|app: 0|req: 58/216] 127.0.0.1 () {40 vars in 834 bytes} [Thu Jul 23 13:00:08 2026] GET /v2/images/8c3ade46-1e7e-494d-bc6c-01a83e294937 => generated 650 bytes in 26 msecs (HTTP/1.1 200) 4 headers in 157 bytes (1 switches on core 0)
Jul 23 13:00:08.850729 np0000005768 devstack@g-api.service[103047]: DEBUG swiftclient [None req-c2548910-2453-489e-ac0c-03ec42a8c0db tempest-VolumesActionsTest-823549628 tempest-VolumesActionsTest-823549628-project-member] REQ: curl -i https://10.4.3.50:8080/v1/AUTH_ade1ac47a62e475992ea4818b9f4227d/glance/8c3ade46-1e7e-494d-bc6c-01a83e294937-00003 -X PUT -H "X-Auth-Token: gAAAAABqYhBPoV1B..." {{(pid=103047) http_log /opt/stack/data/venv/lib/python3.12/site-packages/swiftclient/client.py:160}}
Jul 23 13:00:08.850729 np0000005768 devstack@g-api.service[103047]: DEBUG swiftclient [None req-c2548910-2453-489e-ac0c-03ec42a8c0db tempest-VolumesActionsTest-823549628 tempest-VolumesActionsTest-823549628-project-member] RESP STATUS: 201 Created {{(pid=103047) http_log /opt/stack/data/venv/lib/python3.12/site-packages/swiftclient/client.py:161}}
Jul 23 13:00:08.850729 np0000005768 devstack@g-api.service[103047]: DEBUG swiftclient [None req-c2548910-2453-489e-ac0c-03ec42a8c0db tempest-VolumesActionsTest-823549628 tempest-VolumesActionsTest-823549628-project-member] RESP HEADERS: {'Date': 'Thu, 23 Jul 2026 13:00:08 GMT', 'Server': 'Apache/2.4.58 (Ubuntu)', 'Content-Type': 'text/html; charset=UTF-8', 'Content-Length': '0', 'Etag': 'eda9a9889837ac4bc81d6387d92c1bec', 'Last-Modified': 'Thu, 23 Jul 2026 13:00:07 GMT', 'X-Trans-Id': 'tx85f84f6f513f4060828ad-006a621056', 'X-Openstack-Request-Id': 'tx85f84f6f513f4060828ad-006a621056', 'Connection': 'close'} {{(pid=103047) http_log /opt/stack/data/venv/lib/python3.12/site-packages/swiftclient/client.py:162}}
Jul 23 13:00:08.850729 np0000005768 devstack@g-api.service[103047]: DEBUG glance_store._drivers.swift.store [None req-c2548910-2453-489e-ac0c-03ec42a8c0db tempest-VolumesActionsTest-823549628 tempest-VolumesActionsTest-823549628-project-member] Wrote chunk 8c3ade46-1e7e-494d-bc6c-01a83e294937-00003 (3/?) of length 204800000 to Swift returning MD5 of content: eda9a9889837ac4bc81d6387d92c1bec {{(pid=103047) add /opt/stack/data/venv/lib/python3.12/site-packages/glance_store/_drivers/swift/store.py:1059}}
Jul 23 13:00:09.284637 np0000005768 devstack@g-api.service[103046]: DEBUG glance.api.middleware.version_negotiation [None req-5ba53e04-0a52-461f-abb3-70e398d386f6 tempest-VolumesActionsTest-823549628 tempest-VolumesActionsTest-823549628-project-member] Determining version of request: GET /v2/images/8c3ade46-1e7e-494d-bc6c-01a83e294937 Accept: application/json {{(pid=103046) process_request /opt/stack/glance/glance/api/middleware/version_negotiation.py:44}}
Jul 23 13:00:09.285140 np0000005768 devstack@g-api.service[103046]: DEBUG glance.api.middleware.version_negotiation [None req-5ba53e04-0a52-461f-abb3-70e398d386f6 tempest-VolumesActionsTest-823549628 tempest-VolumesActionsTest-823549628-project-member] Using url versioning {{(pid=103046) process_request /opt/stack/glance/glance/api/middleware/version_negotiation.py:57}}
Jul 23 13:00:09.285140 np0000005768 devstack@g-api.service[103046]: DEBUG glance.api.middleware.version_negotiation [None req-5ba53e04-0a52-461f-abb3-70e398d386f6 tempest-VolumesActionsTest-823549628 tempest-VolumesActionsTest-823549628-project-member] Matched version: v2 {{(pid=103046) process_request /opt/stack/glance/glance/api/middleware/version_negotiation.py:69}}
Jul 23 13:00:09.285140 np0000005768 devstack@g-api.service[103046]: DEBUG glance.api.middleware.version_negotiation [None req-5ba53e04-0a52-461f-abb3-70e398d386f6 tempest-VolumesActionsTest-823549628 tempest-VolumesActionsTest-823549628-project-member] new path /v2/images/8c3ade46-1e7e-494d-bc6c-01a83e294937 {{(pid=103046) process_request /opt/stack/glance/glance/api/middleware/version_negotiation.py:70}}
Jul 23 13:00:09.299129 np0000005768 devstack@g-api.service[103046]: [pid: 103046|app: 0|req: 56/217] 127.0.0.1 () {40 vars in 834 bytes} [Thu Jul 23 13:00:09 2026] GET /v2/images/8c3ade46-1e7e-494d-bc6c-01a83e294937 => generated 650 bytes in 14 msecs (HTTP/1.1 200) 4 headers in 157 bytes (1 switches on core 0)
Jul 23 13:00:09.895601 np0000005768 devstack@g-api.service[103047]: DEBUG dbcounter [-] [103047] Writing DB stats glance:SELECT=20,glance:INSERT=1,glance:UPDATE=1 {{(pid=103047) stat_writer /opt/stack/data/venv/lib/python3.12/site-packages/dbcounter.py:115}}
Jul 23 13:00:10.310998 np0000005768 devstack@g-api.service[103048]: DEBUG glance.api.middleware.version_negotiation [None req-0f57df02-1073-4d34-855c-26baac3b06e2 tempest-VolumesActionsTest-823549628 tempest-VolumesActionsTest-823549628-project-member] Determining version of request: GET /v2/images/8c3ade46-1e7e-494d-bc6c-01a83e294937 Accept: application/json {{(pid=103048) process_request /opt/stack/glance/glance/api/middleware/version_negotiation.py:44}}
Jul 23 13:00:10.310998 np0000005768 devstack@g-api.service[103048]: DEBUG glance.api.middleware.version_negotiation [None req-0f57df02-1073-4d34-855c-26baac3b06e2 tempest-VolumesActionsTest-823549628 tempest-VolumesActionsTest-823549628-project-member] Using url versioning {{(pid=103048) process_request /opt/stack/glance/glance/api/middleware/version_negotiation.py:57}}
Jul 23 13:00:10.311432 np0000005768 devstack@g-api.service[103048]: DEBUG glance.api.middleware.version_negotiation [None req-0f57df02-1073-4d34-855c-26baac3b06e2 tempest-VolumesActionsTest-823549628 tempest-VolumesActionsTest-823549628-project-member] Matched version: v2 {{(pid=103048) process_request /opt/stack/glance/glance/api/middleware/version_negotiation.py:69}}
Jul 23 13:00:10.311432 np0000005768 devstack@g-api.service[103048]: DEBUG glance.api.middleware.version_negotiation [None req-0f57df02-1073-4d34-855c-26baac3b06e2 tempest-VolumesActionsTest-823549628 tempest-VolumesActionsTest-823549628-project-member] new path /v2/images/8c3ade46-1e7e-494d-bc6c-01a83e294937 {{(pid=103048) process_request /opt/stack/glance/glance/api/middleware/version_negotiation.py:70}}
Jul 23 13:00:10.338066 np0000005768 devstack@g-api.service[103048]: [pid: 103048|app: 0|req: 55/218] 127.0.0.1 () {40 vars in 834 bytes} [Thu Jul 23 13:00:10 2026] GET /v2/images/8c3ade46-1e7e-494d-bc6c-01a83e294937 => generated 650 bytes in 27 msecs (HTTP/1.1 200) 4 headers in 157 bytes (1 switches on core 0)
Jul 23 13:00:10.925032 np0000005768 devstack@g-api.service[103047]: DEBUG swiftclient [None req-c2548910-2453-489e-ac0c-03ec42a8c0db tempest-VolumesActionsTest-823549628 tempest-VolumesActionsTest-823549628-project-member] REQ: curl -i https://10.4.3.50:8080/v1/AUTH_ade1ac47a62e475992ea4818b9f4227d/glance/8c3ade46-1e7e-494d-bc6c-01a83e294937-00004 -X PUT -H "X-Auth-Token: gAAAAABqYhBPoV1B..." {{(pid=103047) http_log /opt/stack/data/venv/lib/python3.12/site-packages/swiftclient/client.py:160}}
Jul 23 13:00:10.925335 np0000005768 devstack@g-api.service[103047]: DEBUG swiftclient [None req-c2548910-2453-489e-ac0c-03ec42a8c0db tempest-VolumesActionsTest-823549628 tempest-VolumesActionsTest-823549628-project-member] RESP STATUS: 201 Created {{(pid=103047) http_log /opt/stack/data/venv/lib/python3.12/site-packages/swiftclient/client.py:161}}
Jul 23 13:00:10.925413 np0000005768 devstack@g-api.service[103047]: DEBUG swiftclient [None req-c2548910-2453-489e-ac0c-03ec42a8c0db tempest-VolumesActionsTest-823549628 tempest-VolumesActionsTest-823549628-project-member] RESP HEADERS: {'Date': 'Thu, 23 Jul 2026 13:00:10 GMT', 'Server': 'Apache/2.4.58 (Ubuntu)', 'Content-Type': 'text/html; charset=UTF-8', 'Content-Length': '0', 'Etag': 'eda9a9889837ac4bc81d6387d92c1bec', 'Last-Modified': 'Thu, 23 Jul 2026 13:00:09 GMT', 'X-Trans-Id': 'tx063f9bd30fe44fc1840c5-006a621058', 'X-Openstack-Request-Id': 'tx063f9bd30fe44fc1840c5-006a621058', 'Connection': 'close'} {{(pid=103047) http_log /opt/stack/data/venv/lib/python3.12/site-packages/swiftclient/client.py:162}}
