Jul 23 12:53:55.417542 np0000005768 nova-conductor[99091]: DEBUG cotyledon.oslo_config_glue [-] workarounds.disable_libvirt_livesnapshot = False {{(pid=99091) log_opt_values /opt/stack/data/venv/lib/python3.12/site-packages/oslo_config/cfg.py:3253}}
Jul 23 12:53:55.417542 np0000005768 nova-conductor[99091]: DEBUG cotyledon.oslo_config_glue [-] workarounds.disable_rootwrap = False {{(pid=99091) log_opt_values /opt/stack/data/venv/lib/python3.12/site-packages/oslo_config/cfg.py:3253}}
Jul 23 12:53:55.417723 np0000005768 nova-conductor[99091]: DEBUG cotyledon.oslo_config_glue [-] workarounds.enable_numa_live_migration = False {{(pid=99091) log_opt_values /opt/stack/data/venv/lib/python3.12/site-packages/oslo_config/cfg.py:3253}}
Jul 23 12:53:55.417723 np0000005768 nova-conductor[99091]: DEBUG cotyledon.oslo_config_glue [-] workarounds.enable_qemu_monitor_announce_self = False {{(pid=99091) log_opt_values /opt/stack/data/venv/lib/python3.12/site-packages/oslo_config/cfg.py:3253}}
Jul 23 12:53:55.417723 np0000005768 nova-conductor[99091]: DEBUG cotyledon.oslo_config_glue [-] workarounds.ensure_libvirt_rbd_instance_dir_cleanup = False {{(pid=99091) log_opt_values /opt/stack/data/venv/lib/python3.12/site-packages/oslo_config/cfg.py:3253}}
Jul 23 12:53:55.417723 np0000005768 nova-conductor[99091]: DEBUG cotyledon.oslo_config_glue [-] workarounds.handle_virt_lifecycle_events = True {{(pid=99091) log_opt_values /opt/stack/data/venv/lib/python3.12/site-packages/oslo_config/cfg.py:3253}}
Jul 23 12:53:55.417723 np0000005768 nova-conductor[99091]: DEBUG cotyledon.oslo_config_glue [-] workarounds.libvirt_disable_apic = False {{(pid=99091) log_opt_values /opt/stack/data/venv/lib/python3.12/site-packages/oslo_config/cfg.py:3253}}
Jul 23 12:53:55.417723 np0000005768 nova-conductor[99091]: DEBUG cotyledon.oslo_config_glue [-] workarounds.never_download_image_if_on_rbd = False {{(pid=99091) log_opt_values /opt/stack/data/venv/lib/python3.12/site-packages/oslo_config/cfg.py:3253}}
Jul 23 12:53:55.417723 np0000005768 nova-conductor[99091]: DEBUG cotyledon.oslo_config_glue [-] workarounds.qemu_monitor_announce_self_count = 3 {{(pid=99091) log_opt_values /opt/stack/data/venv/lib/python3.12/site-packages/oslo_config/cfg.py:3253}}
Jul 23 12:53:55.417723 np0000005768 nova-conductor[99091]: DEBUG cotyledon.oslo_config_glue [-] workarounds.qemu_monitor_announce_self_interval = 1 {{(pid=99091) log_opt_values /opt/stack/data/venv/lib/python3.12/site-packages/oslo_config/cfg.py:3253}}
Jul 23 12:53:55.417723 np0000005768 nova-conductor[99091]: DEBUG cotyledon.oslo_config_glue [-] workarounds.reserve_disk_resource_for_image_cache = False {{(pid=99091) log_opt_values /opt/stack/data/venv/lib/python3.12/site-packages/oslo_config/cfg.py:3253}}
Jul 23 12:53:55.417898 np0000005768 nova-conductor[99091]: DEBUG cotyledon.oslo_config_glue [-] workarounds.skip_cpu_compare_at_startup = False {{(pid=99091) log_opt_values /opt/stack/data/venv/lib/python3.12/site-packages/oslo_config/cfg.py:3253}}
Jul 23 12:53:55.417898 np0000005768 nova-conductor[99091]: DEBUG cotyledon.oslo_config_glue [-] workarounds.skip_cpu_compare_on_dest = False {{(pid=99091) log_opt_values /opt/stack/data/venv/lib/python3.12/site-packages/oslo_config/cfg.py:3253}}
Jul 23 12:53:55.417898 np0000005768 nova-conductor[99091]: DEBUG cotyledon.oslo_config_glue [-] workarounds.skip_hypervisor_version_check_on_lm = False {{(pid=99091) log_opt_values /opt/stack/data/venv/lib/python3.12/site-packages/oslo_config/cfg.py:3253}}
Jul 23 12:53:55.417898 np0000005768 nova-conductor[99091]: DEBUG cotyledon.oslo_config_glue [-] workarounds.skip_reserve_in_use_ironic_nodes = False {{(pid=99091) log_opt_values /opt/stack/data/venv/lib/python3.12/site-packages/oslo_config/cfg.py:3253}}
Jul 23 12:53:55.417898 np0000005768 nova-conductor[99091]: DEBUG cotyledon.oslo_config_glue [-] workarounds.unified_limits_count_pcpu_as_vcpu = False {{(pid=99091) log_opt_values /opt/stack/data/venv/lib/python3.12/site-packages/oslo_config/cfg.py:3253}}
Jul 23 12:53:55.417898 np0000005768 nova-conductor[99091]: DEBUG cotyledon.oslo_config_glue [-] workarounds.wait_for_vif_plugged_event_during_hard_reboot = [] {{(pid=99091) log_opt_values /opt/stack/data/venv/lib/python3.12/site-packages/oslo_config/cfg.py:3253}}
Jul 23 12:53:55.417898 np0000005768 nova-conductor[99091]: DEBUG cotyledon.oslo_config_glue [-] wsgi.api_paste_config = /etc/nova/api-paste.ini {{(pid=99091) log_opt_values /opt/stack/data/venv/lib/python3.12/site-packages/oslo_config/cfg.py:3253}}
Jul 23 12:53:55.417898 np0000005768 nova-conductor[99091]: DEBUG cotyledon.oslo_config_glue [-] wsgi.secure_proxy_ssl_header = None {{(pid=99091) log_opt_values /opt/stack/data/venv/lib/python3.12/site-packages/oslo_config/cfg.py:3253}}
Jul 23 12:53:55.417898 np0000005768 nova-conductor[99091]: DEBUG cotyledon.oslo_config_glue [-] zvm.ca_file = None {{(pid=99091) log_opt_values /opt/stack/data/venv/lib/python3.12/site-packages/oslo_config/cfg.py:3253}}
Jul 23 12:53:55.418067 np0000005768 nova-conductor[99091]: DEBUG cotyledon.oslo_config_glue [-] zvm.cloud_connector_url = None {{(pid=99091) log_opt_values /opt/stack/data/venv/lib/python3.12/site-packages/oslo_config/cfg.py:3253}}
Jul 23 12:53:55.418067 np0000005768 nova-conductor[99091]: DEBUG cotyledon.oslo_config_glue [-] zvm.image_tmp_path = /opt/stack/data/nova/images {{(pid=99091) log_opt_values /opt/stack/data/venv/lib/python3.12/site-packages/oslo_config/cfg.py:3253}}
Jul 23 12:53:55.418067 np0000005768 nova-conductor[99091]: DEBUG cotyledon.oslo_config_glue [-] zvm.reachable_timeout = 300 {{(pid=99091) log_opt_values /opt/stack/data/venv/lib/python3.12/site-packages/oslo_config/cfg.py:3253}}
Jul 23 12:53:55.418067 np0000005768 nova-conductor[99091]: DEBUG cotyledon.oslo_config_glue [-] oslo_versionedobjects.fatal_exception_format_errors = False {{(pid=99091) log_opt_values /opt/stack/data/venv/lib/python3.12/site-packages/oslo_config/cfg.py:3253}}
Jul 23 12:53:55.418067 np0000005768 nova-conductor[99091]: DEBUG cotyledon.oslo_config_glue [-] oslo_middleware.http_basic_auth_user_file = /etc/htpasswd {{(pid=99091) log_opt_values /opt/stack/data/venv/lib/python3.12/site-packages/oslo_config/cfg.py:3253}}
Jul 23 12:53:55.418067 np0000005768 nova-conductor[99091]: DEBUG cotyledon.oslo_config_glue [-] profiler.connection_string = messaging:// {{(pid=99091) log_opt_values /opt/stack/data/venv/lib/python3.12/site-packages/oslo_config/cfg.py:3253}}
Jul 23 12:53:55.418067 np0000005768 nova-conductor[99091]: DEBUG cotyledon.oslo_config_glue [-] profiler.enabled = False {{(pid=99091) log_opt_values /opt/stack/data/venv/lib/python3.12/site-packages/oslo_config/cfg.py:3253}}
Jul 23 12:53:55.418067 np0000005768 nova-conductor[99091]: DEBUG cotyledon.oslo_config_glue [-] profiler.es_doc_type = notification {{(pid=99091) log_opt_values /opt/stack/data/venv/lib/python3.12/site-packages/oslo_config/cfg.py:3253}}
Jul 23 12:53:55.418067 np0000005768 nova-conductor[99091]: DEBUG cotyledon.oslo_config_glue [-] profiler.es_scroll_size = 10000 {{(pid=99091) log_opt_values /opt/stack/data/venv/lib/python3.12/site-packages/oslo_config/cfg.py:3253}}
Jul 23 12:53:55.418256 np0000005768 nova-conductor[99091]: DEBUG cotyledon.oslo_config_glue [-] profiler.es_scroll_time = 2m {{(pid=99091) log_opt_values /opt/stack/data/venv/lib/python3.12/site-packages/oslo_config/cfg.py:3253}}
Jul 23 12:53:55.418256 np0000005768 nova-conductor[99091]: DEBUG cotyledon.oslo_config_glue [-] profiler.filter_error_trace = False {{(pid=99091) log_opt_values /opt/stack/data/venv/lib/python3.12/site-packages/oslo_config/cfg.py:3253}}
Jul 23 12:53:55.418256 np0000005768 nova-conductor[99091]: DEBUG cotyledon.oslo_config_glue [-] profiler.hmac_keys = **** {{(pid=99091) log_opt_values /opt/stack/data/venv/lib/python3.12/site-packages/oslo_config/cfg.py:3253}}
Jul 23 12:53:55.418256 np0000005768 nova-conductor[99091]: DEBUG cotyledon.oslo_config_glue [-] profiler.sentinel_service_name = mymaster {{(pid=99091) log_opt_values /opt/stack/data/venv/lib/python3.12/site-packages/oslo_config/cfg.py:3253}}
Jul 23 12:53:55.418256 np0000005768 nova-conductor[99091]: DEBUG cotyledon.oslo_config_glue [-] profiler.socket_timeout = 0.1 {{(pid=99091) log_opt_values /opt/stack/data/venv/lib/python3.12/site-packages/oslo_config/cfg.py:3253}}
Jul 23 12:53:55.418256 np0000005768 nova-conductor[99091]: DEBUG cotyledon.oslo_config_glue [-] profiler.trace_requests = False {{(pid=99091) log_opt_values /opt/stack/data/venv/lib/python3.12/site-packages/oslo_config/cfg.py:3253}}
Jul 23 12:53:55.418256 np0000005768 nova-conductor[99091]: DEBUG cotyledon.oslo_config_glue [-] profiler.trace_sqlalchemy = False {{(pid=99091) log_opt_values /opt/stack/data/venv/lib/python3.12/site-packages/oslo_config/cfg.py:3253}}
Jul 23 12:53:55.418256 np0000005768 nova-conductor[99091]: DEBUG cotyledon.oslo_config_glue [-] profiler_jaeger.process_tags = {} {{(pid=99091) log_opt_values /opt/stack/data/venv/lib/python3.12/site-packages/oslo_config/cfg.py:3253}}
Jul 23 12:53:55.418256 np0000005768 nova-conductor[99091]: DEBUG cotyledon.oslo_config_glue [-] profiler_jaeger.service_name_prefix = None {{(pid=99091) log_opt_values /opt/stack/data/venv/lib/python3.12/site-packages/oslo_config/cfg.py:3253}}
Jul 23 12:53:55.418440 np0000005768 nova-conductor[99091]: DEBUG cotyledon.oslo_config_glue [-] profiler_otlp.service_name_prefix = None {{(pid=99091) log_opt_values /opt/stack/data/venv/lib/python3.12/site-packages/oslo_config/cfg.py:3253}}
Jul 23 12:53:55.418440 np0000005768 nova-conductor[99091]: DEBUG cotyledon.oslo_config_glue [-] oslo_messaging_rabbit.amqp_auto_delete = False {{(pid=99091) log_opt_values /opt/stack/data/venv/lib/python3.12/site-packages/oslo_config/cfg.py:3253}}
Jul 23 12:53:55.418440 np0000005768 nova-conductor[99091]: DEBUG cotyledon.oslo_config_glue [-] oslo_messaging_rabbit.amqp_durable_queues = False {{(pid=99091) log_opt_values /opt/stack/data/venv/lib/python3.12/site-packages/oslo_config/cfg.py:3253}}
Jul 23 12:53:55.418440 np0000005768 nova-conductor[99091]: DEBUG cotyledon.oslo_config_glue [-] oslo_messaging_rabbit.conn_pool_min_size = 2 {{(pid=99091) log_opt_values /opt/stack/data/venv/lib/python3.12/site-packages/oslo_config/cfg.py:3253}}
Jul 23 12:53:55.418440 np0000005768 nova-conductor[99091]: DEBUG cotyledon.oslo_config_glue [-] oslo_messaging_rabbit.conn_pool_ttl = 1200 {{(pid=99091) log_opt_values /opt/stack/data/venv/lib/python3.12/site-packages/oslo_config/cfg.py:3253}}
Jul 23 12:53:55.418440 np0000005768 nova-conductor[99091]: DEBUG cotyledon.oslo_config_glue [-] oslo_messaging_rabbit.direct_mandatory_flag = True {{(pid=99091) log_opt_values /opt/stack/data/venv/lib/python3.12/site-packages/oslo_config/cfg.py:3253}}
Jul 23 12:53:55.418574 np0000005768 nova-conductor[99074]: DEBUG oslo_db.sqlalchemy.engines [None req-06a95eab-945b-46b7-ad54-06a59d478ff6 None None] MySQL server mode set to STRICT_TRANS_TABLES,STRICT_ALL_TABLES,NO_ZERO_IN_DATE,NO_ZERO_DATE,ERROR_FOR_DIVISION_BY_ZERO,TRADITIONAL,NO_ENGINE_SUBSTITUTION {{(pid=99074) _check_effective_sql_mode /opt/stack/data/venv/lib/python3.12/site-packages/oslo_db/sqlalchemy/engines.py:325}}
Jul 23 12:53:55.418607 np0000005768 nova-conductor[99091]: DEBUG cotyledon.oslo_config_glue [-] oslo_messaging_rabbit.enable_cancel_on_failover = False {{(pid=99091) log_opt_values /opt/stack/data/venv/lib/python3.12/site-packages/oslo_config/cfg.py:3253}}
Jul 23 12:53:55.418607 np0000005768 nova-conductor[99091]: DEBUG cotyledon.oslo_config_glue [-] oslo_messaging_rabbit.heartbeat_rate = 3 {{(pid=99091) log_opt_values /opt/stack/data/venv/lib/python3.12/site-packages/oslo_config/cfg.py:3253}}
Jul 23 12:53:55.418607 np0000005768 nova-conductor[99091]: DEBUG cotyledon.oslo_config_glue [-] oslo_messaging_rabbit.heartbeat_timeout_threshold = 60 {{(pid=99091) log_opt_values /opt/stack/data/venv/lib/python3.12/site-packages/oslo_config/cfg.py:3253}}
Jul 23 12:53:55.418607 np0000005768 nova-conductor[99091]: DEBUG cotyledon.oslo_config_glue [-] oslo_messaging_rabbit.hostname = np0000005768 {{(pid=99091) log_opt_values /opt/stack/data/venv/lib/python3.12/site-packages/oslo_config/cfg.py:3253}}
Jul 23 12:53:55.418607 np0000005768 nova-conductor[99091]: DEBUG cotyledon.oslo_config_glue [-] oslo_messaging_rabbit.kombu_compression = None {{(pid=99091) log_opt_values /opt/stack/data/venv/lib/python3.12/site-packages/oslo_config/cfg.py:3253}}
Jul 23 12:53:55.418607 np0000005768 nova-conductor[99091]: DEBUG cotyledon.oslo_config_glue [-] oslo_messaging_rabbit.kombu_failover_strategy = round-robin {{(pid=99091) log_opt_values /opt/stack/data/venv/lib/python3.12/site-packages/oslo_config/cfg.py:3253}}
Jul 23 12:53:55.418607 np0000005768 nova-conductor[99091]: DEBUG cotyledon.oslo_config_glue [-] oslo_messaging_rabbit.kombu_missing_consumer_retry_timeout = 60 {{(pid=99091) log_opt_values /opt/stack/data/venv/lib/python3.12/site-packages/oslo_config/cfg.py:3253}}
Jul 23 12:53:55.418607 np0000005768 nova-conductor[99091]: DEBUG cotyledon.oslo_config_glue [-] oslo_messaging_rabbit.kombu_reconnect_delay = 1.0 {{(pid=99091) log_opt_values /opt/stack/data/venv/lib/python3.12/site-packages/oslo_config/cfg.py:3253}}
Jul 23 12:53:55.418607 np0000005768 nova-conductor[99091]: DEBUG cotyledon.oslo_config_glue [-] oslo_messaging_rabbit.kombu_reconnect_splay = 0.0 {{(pid=99091) log_opt_values /opt/stack/data/venv/lib/python3.12/site-packages/oslo_config/cfg.py:3253}}
Jul 23 12:53:55.418775 np0000005768 nova-conductor[99091]: DEBUG cotyledon.oslo_config_glue [-] oslo_messaging_rabbit.processname = nova-conductor {{(pid=99091) log_opt_values /opt/stack/data/venv/lib/python3.12/site-packages/oslo_config/cfg.py:3253}}
Jul 23 12:53:55.418775 np0000005768 nova-conductor[99091]: DEBUG cotyledon.oslo_config_glue [-] oslo_messaging_rabbit.rabbit_ha_queues = False {{(pid=99091) log_opt_values /opt/stack/data/venv/lib/python3.12/site-packages/oslo_config/cfg.py:3253}}
Jul 23 12:53:55.418775 np0000005768 nova-conductor[99091]: DEBUG cotyledon.oslo_config_glue [-] oslo_messaging_rabbit.rabbit_interval_max = 30 {{(pid=99091) log_opt_values /opt/stack/data/venv/lib/python3.12/site-packages/oslo_config/cfg.py:3253}}
Jul 23 12:53:55.418775 np0000005768 nova-conductor[99091]: DEBUG cotyledon.oslo_config_glue [-] oslo_messaging_rabbit.rabbit_login_method = AMQPLAIN {{(pid=99091) log_opt_values /opt/stack/data/venv/lib/python3.12/site-packages/oslo_config/cfg.py:3253}}
Jul 23 12:53:55.418775 np0000005768 nova-conductor[99091]: DEBUG cotyledon.oslo_config_glue [-] oslo_messaging_rabbit.rabbit_qos_prefetch_count = 0 {{(pid=99091) log_opt_values /opt/stack/data/venv/lib/python3.12/site-packages/oslo_config/cfg.py:3253}}
Jul 23 12:53:55.418775 np0000005768 nova-conductor[99091]: DEBUG cotyledon.oslo_config_glue [-] oslo_messaging_rabbit.rabbit_quorum_delivery_limit = 0 {{(pid=99091) log_opt_values /opt/stack/data/venv/lib/python3.12/site-packages/oslo_config/cfg.py:3253}}
Jul 23 12:53:55.418775 np0000005768 nova-conductor[99091]: DEBUG cotyledon.oslo_config_glue [-] oslo_messaging_rabbit.rabbit_quorum_max_memory_bytes = 0 {{(pid=99091) log_opt_values /opt/stack/data/venv/lib/python3.12/site-packages/oslo_config/cfg.py:3253}}
Jul 23 12:53:55.418775 np0000005768 nova-conductor[99091]: DEBUG cotyledon.oslo_config_glue [-] oslo_messaging_rabbit.rabbit_quorum_max_memory_length = 0 {{(pid=99091) log_opt_values /opt/stack/data/venv/lib/python3.12/site-packages/oslo_config/cfg.py:3253}}
Jul 23 12:53:55.418775 np0000005768 nova-conductor[99091]: DEBUG cotyledon.oslo_config_glue [-] oslo_messaging_rabbit.rabbit_quorum_queue = False {{(pid=99091) log_opt_values /opt/stack/data/venv/lib/python3.12/site-packages/oslo_config/cfg.py:3253}}
Jul 23 12:53:55.418952 np0000005768 nova-conductor[99091]: DEBUG cotyledon.oslo_config_glue [-] oslo_messaging_rabbit.rabbit_retry_backoff = 2 {{(pid=99091) log_opt_values /opt/stack/data/venv/lib/python3.12/site-packages/oslo_config/cfg.py:3253}}
Jul 23 12:53:55.418952 np0000005768 nova-conductor[99091]: DEBUG cotyledon.oslo_config_glue [-] oslo_messaging_rabbit.rabbit_retry_interval = 1 {{(pid=99091) log_opt_values /opt/stack/data/venv/lib/python3.12/site-packages/oslo_config/cfg.py:3253}}
Jul 23 12:53:55.418952 np0000005768 nova-conductor[99091]: DEBUG cotyledon.oslo_config_glue [-] oslo_messaging_rabbit.rabbit_stream_fanout = False {{(pid=99091) log_opt_values /opt/stack/data/venv/lib/python3.12/site-packages/oslo_config/cfg.py:3253}}
Jul 23 12:53:55.418952 np0000005768 nova-conductor[99091]: DEBUG cotyledon.oslo_config_glue [-] oslo_messaging_rabbit.rabbit_transient_queues_ttl = 1800 {{(pid=99091) log_opt_values /opt/stack/data/venv/lib/python3.12/site-packages/oslo_config/cfg.py:3253}}
Jul 23 12:53:55.418952 np0000005768 nova-conductor[99091]: DEBUG cotyledon.oslo_config_glue [-] oslo_messaging_rabbit.rabbit_transient_quorum_queue = False {{(pid=99091) log_opt_values /opt/stack/data/venv/lib/python3.12/site-packages/oslo_config/cfg.py:3253}}
Jul 23 12:53:55.418952 np0000005768 nova-conductor[99091]: DEBUG cotyledon.oslo_config_glue [-] oslo_messaging_rabbit.rpc_conn_pool_size = 30 {{(pid=99091) log_opt_values /opt/stack/data/venv/lib/python3.12/site-packages/oslo_config/cfg.py:3253}}
Jul 23 12:53:55.418952 np0000005768 nova-conductor[99091]: DEBUG cotyledon.oslo_config_glue [-] oslo_messaging_rabbit.ssl = False {{(pid=99091) log_opt_values /opt/stack/data/venv/lib/python3.12/site-packages/oslo_config/cfg.py:3253}}
Jul 23 12:53:55.418952 np0000005768 nova-conductor[99091]: DEBUG cotyledon.oslo_config_glue [-] oslo_messaging_rabbit.ssl_ca_file = {{(pid=99091) log_opt_values /opt/stack/data/venv/lib/python3.12/site-packages/oslo_config/cfg.py:3253}}
Jul 23 12:53:55.418952 np0000005768 nova-conductor[99091]: DEBUG cotyledon.oslo_config_glue [-] oslo_messaging_rabbit.ssl_cert_file = {{(pid=99091) log_opt_values /opt/stack/data/venv/lib/python3.12/site-packages/oslo_config/cfg.py:3253}}
Jul 23 12:53:55.419131 np0000005768 nova-conductor[99091]: DEBUG cotyledon.oslo_config_glue [-] oslo_messaging_rabbit.ssl_enforce_fips_mode = False {{(pid=99091) log_opt_values /opt/stack/data/venv/lib/python3.12/site-packages/oslo_config/cfg.py:3253}}
Jul 23 12:53:55.419131 np0000005768 nova-conductor[99091]: DEBUG cotyledon.oslo_config_glue [-] oslo_messaging_rabbit.ssl_enforce_hostname_verification = True {{(pid=99091) log_opt_values /opt/stack/data/venv/lib/python3.12/site-packages/oslo_config/cfg.py:3253}}
Jul 23 12:53:55.419131 np0000005768 nova-conductor[99091]: DEBUG cotyledon.oslo_config_glue [-] oslo_messaging_rabbit.ssl_key_file = {{(pid=99091) log_opt_values /opt/stack/data/venv/lib/python3.12/site-packages/oslo_config/cfg.py:3253}}
Jul 23 12:53:55.419131 np0000005768 nova-conductor[99091]: DEBUG cotyledon.oslo_config_glue [-] oslo_messaging_rabbit.ssl_version = {{(pid=99091) log_opt_values /opt/stack/data/venv/lib/python3.12/site-packages/oslo_config/cfg.py:3253}}
Jul 23 12:53:55.419131 np0000005768 nova-conductor[99091]: DEBUG cotyledon.oslo_config_glue [-] oslo_messaging_rabbit.use_queue_manager = False {{(pid=99091) log_opt_values /opt/stack/data/venv/lib/python3.12/site-packages/oslo_config/cfg.py:3253}}
Jul 23 12:53:55.419131 np0000005768 nova-conductor[99091]: DEBUG cotyledon.oslo_config_glue [-] oslo_messaging_notifications.driver = ['messagingv2'] {{(pid=99091) log_opt_values /opt/stack/data/venv/lib/python3.12/site-packages/oslo_config/cfg.py:3253}}
Jul 23 12:53:55.419131 np0000005768 nova-conductor[99091]: DEBUG cotyledon.oslo_config_glue [-] oslo_messaging_notifications.retry = -1 {{(pid=99091) log_opt_values /opt/stack/data/venv/lib/python3.12/site-packages/oslo_config/cfg.py:3253}}
Jul 23 12:53:55.419131 np0000005768 nova-conductor[99091]: DEBUG cotyledon.oslo_config_glue [-] oslo_messaging_notifications.topics = ['notifications'] {{(pid=99091) log_opt_values /opt/stack/data/venv/lib/python3.12/site-packages/oslo_config/cfg.py:3253}}
Jul 23 12:53:55.419131 np0000005768 nova-conductor[99091]: DEBUG cotyledon.oslo_config_glue [-] oslo_messaging_notifications.transport_url = **** {{(pid=99091) log_opt_values /opt/stack/data/venv/lib/python3.12/site-packages/oslo_config/cfg.py:3253}}
Jul 23 12:53:55.419306 np0000005768 nova-conductor[99091]: DEBUG cotyledon.oslo_config_glue [-] oslo_limit.auth_section = None {{(pid=99091) log_opt_values /opt/stack/data/venv/lib/python3.12/site-packages/oslo_config/cfg.py:3253}}
Jul 23 12:53:55.419306 np0000005768 nova-conductor[99091]: DEBUG cotyledon.oslo_config_glue [-] oslo_limit.auth_type = None {{(pid=99091) log_opt_values /opt/stack/data/venv/lib/python3.12/site-packages/oslo_config/cfg.py:3253}}
Jul 23 12:53:55.419306 np0000005768 nova-conductor[99091]: DEBUG cotyledon.oslo_config_glue [-] oslo_limit.cafile = None {{(pid=99091) log_opt_values /opt/stack/data/venv/lib/python3.12/site-packages/oslo_config/cfg.py:3253}}
Jul 23 12:53:55.419306 np0000005768 nova-conductor[99091]: DEBUG cotyledon.oslo_config_glue [-] oslo_limit.certfile = None {{(pid=99091) log_opt_values /opt/stack/data/venv/lib/python3.12/site-packages/oslo_config/cfg.py:3253}}
Jul 23 12:53:55.419306 np0000005768 nova-conductor[99091]: DEBUG cotyledon.oslo_config_glue [-] oslo_limit.collect_timing = False {{(pid=99091) log_opt_values /opt/stack/data/venv/lib/python3.12/site-packages/oslo_config/cfg.py:3253}}
Jul 23 12:53:55.419306 np0000005768 nova-conductor[99091]: DEBUG cotyledon.oslo_config_glue [-] oslo_limit.connect_retries = None {{(pid=99091) log_opt_values /opt/stack/data/venv/lib/python3.12/site-packages/oslo_config/cfg.py:3253}}
Jul 23 12:53:55.419306 np0000005768 nova-conductor[99091]: DEBUG cotyledon.oslo_config_glue [-] oslo_limit.connect_retry_delay = None {{(pid=99091) log_opt_values /opt/stack/data/venv/lib/python3.12/site-packages/oslo_config/cfg.py:3253}}
Jul 23 12:53:55.419306 np0000005768 nova-conductor[99091]: DEBUG cotyledon.oslo_config_glue [-] oslo_limit.endpoint_id = None {{(pid=99091) log_opt_values /opt/stack/data/venv/lib/python3.12/site-packages/oslo_config/cfg.py:3253}}
Jul 23 12:53:55.419306 np0000005768 nova-conductor[99091]: DEBUG cotyledon.oslo_config_glue [-] oslo_limit.endpoint_interface = public {{(pid=99091) log_opt_values /opt/stack/data/venv/lib/python3.12/site-packages/oslo_config/cfg.py:3253}}
Jul 23 12:53:55.419494 np0000005768 nova-conductor[99091]: DEBUG cotyledon.oslo_config_glue [-] oslo_limit.endpoint_override = None {{(pid=99091) log_opt_values /opt/stack/data/venv/lib/python3.12/site-packages/oslo_config/cfg.py:3253}}
Jul 23 12:53:55.419494 np0000005768 nova-conductor[99091]: DEBUG cotyledon.oslo_config_glue [-] oslo_limit.endpoint_region_name = None {{(pid=99091) log_opt_values /opt/stack/data/venv/lib/python3.12/site-packages/oslo_config/cfg.py:3253}}
Jul 23 12:53:55.419494 np0000005768 nova-conductor[99091]: DEBUG cotyledon.oslo_config_glue [-] oslo_limit.endpoint_service_name = None {{(pid=99091) log_opt_values /opt/stack/data/venv/lib/python3.12/site-packages/oslo_config/cfg.py:3253}}
Jul 23 12:53:55.419494 np0000005768 nova-conductor[99091]: DEBUG cotyledon.oslo_config_glue [-] oslo_limit.endpoint_service_type = None {{(pid=99091) log_opt_values /opt/stack/data/venv/lib/python3.12/site-packages/oslo_config/cfg.py:3253}}
Jul 23 12:53:55.419494 np0000005768 nova-conductor[99091]: DEBUG cotyledon.oslo_config_glue [-] oslo_limit.insecure = False {{(pid=99091) log_opt_values /opt/stack/data/venv/lib/python3.12/site-packages/oslo_config/cfg.py:3253}}
Jul 23 12:53:55.419494 np0000005768 nova-conductor[99091]: DEBUG cotyledon.oslo_config_glue [-] oslo_limit.keyfile = None {{(pid=99091) log_opt_values /opt/stack/data/venv/lib/python3.12/site-packages/oslo_config/cfg.py:3253}}
Jul 23 12:53:55.419494 np0000005768 nova-conductor[99091]: DEBUG cotyledon.oslo_config_glue [-] oslo_limit.max_version = None {{(pid=99091) log_opt_values /opt/stack/data/venv/lib/python3.12/site-packages/oslo_config/cfg.py:3253}}
Jul 23 12:53:55.419494 np0000005768 nova-conductor[99091]: DEBUG cotyledon.oslo_config_glue [-] oslo_limit.min_version = None {{(pid=99091) log_opt_values /opt/stack/data/venv/lib/python3.12/site-packages/oslo_config/cfg.py:3253}}
Jul 23 12:53:55.419494 np0000005768 nova-conductor[99091]: DEBUG cotyledon.oslo_config_glue [-] oslo_limit.region_name = None {{(pid=99091) log_opt_values /opt/stack/data/venv/lib/python3.12/site-packages/oslo_config/cfg.py:3253}}
Jul 23 12:53:55.419679 np0000005768 nova-conductor[99091]: DEBUG cotyledon.oslo_config_glue [-] oslo_limit.retriable_status_codes = None {{(pid=99091) log_opt_values /opt/stack/data/venv/lib/python3.12/site-packages/oslo_config/cfg.py:3253}}
Jul 23 12:53:55.419679 np0000005768 nova-conductor[99091]: DEBUG cotyledon.oslo_config_glue [-] oslo_limit.service_name = None {{(pid=99091) log_opt_values /opt/stack/data/venv/lib/python3.12/site-packages/oslo_config/cfg.py:3253}}
Jul 23 12:53:55.419679 np0000005768 nova-conductor[99091]: DEBUG cotyledon.oslo_config_glue [-] oslo_limit.service_type = None {{(pid=99091) log_opt_values /opt/stack/data/venv/lib/python3.12/site-packages/oslo_config/cfg.py:3253}}
Jul 23 12:53:55.419679 np0000005768 nova-conductor[99091]: DEBUG cotyledon.oslo_config_glue [-] oslo_limit.split_loggers = False {{(pid=99091) log_opt_values /opt/stack/data/venv/lib/python3.12/site-packages/oslo_config/cfg.py:3253}}
Jul 23 12:53:55.419679 np0000005768 nova-conductor[99091]: DEBUG cotyledon.oslo_config_glue [-] oslo_limit.status_code_retries = None {{(pid=99091) log_opt_values /opt/stack/data/venv/lib/python3.12/site-packages/oslo_config/cfg.py:3253}}
Jul 23 12:53:55.419679 np0000005768 nova-conductor[99091]: DEBUG cotyledon.oslo_config_glue [-] oslo_limit.status_code_retry_delay = None {{(pid=99091) log_opt_values /opt/stack/data/venv/lib/python3.12/site-packages/oslo_config/cfg.py:3253}}
Jul 23 12:53:55.419679 np0000005768 nova-conductor[99091]: DEBUG cotyledon.oslo_config_glue [-] oslo_limit.timeout = None {{(pid=99091) log_opt_values /opt/stack/data/venv/lib/python3.12/site-packages/oslo_config/cfg.py:3253}}
Jul 23 12:53:55.419679 np0000005768 nova-conductor[99091]: DEBUG cotyledon.oslo_config_glue [-] oslo_limit.valid_interfaces = None {{(pid=99091) log_opt_values /opt/stack/data/venv/lib/python3.12/site-packages/oslo_config/cfg.py:3253}}
Jul 23 12:53:55.419679 np0000005768 nova-conductor[99091]: DEBUG cotyledon.oslo_config_glue [-] oslo_limit.version = None {{(pid=99091) log_opt_values /opt/stack/data/venv/lib/python3.12/site-packages/oslo_config/cfg.py:3253}}
Jul 23 12:53:55.419857 np0000005768 nova-conductor[99091]: DEBUG cotyledon.oslo_config_glue [-] oslo_reports.file_event_handler = None {{(pid=99091) log_opt_values /opt/stack/data/venv/lib/python3.12/site-packages/oslo_config/cfg.py:3253}}
Jul 23 12:53:55.419857 np0000005768 nova-conductor[99091]: DEBUG cotyledon.oslo_config_glue [-] oslo_reports.file_event_handler_interval = 1 {{(pid=99091) log_opt_values /opt/stack/data/venv/lib/python3.12/site-packages/oslo_config/cfg.py:3253}}
Jul 23 12:53:55.419857 np0000005768 nova-conductor[99091]: DEBUG cotyledon.oslo_config_glue [-] oslo_reports.log_dir = None {{(pid=99091) log_opt_values /opt/stack/data/venv/lib/python3.12/site-packages/oslo_config/cfg.py:3253}}
Jul 23 12:53:55.419857 np0000005768 nova-conductor[99091]: DEBUG cotyledon.oslo_config_glue [-] ******************************************************************************** {{(pid=99091) log_opt_values /opt/stack/data/venv/lib/python3.12/site-packages/oslo_config/cfg.py:3260}}
Jul 23 12:53:55.419857 np0000005768 nova-conductor[99091]: DEBUG cotyledon._service_worker [-] Run service ServiceWrapper(3) [99091] {{(pid=99091) wait_forever /opt/stack/data/venv/lib/python3.12/site-packages/cotyledon/_service_worker.py:218}}
Jul 23 12:53:55.419963 np0000005768 nova-conductor[99067]: DEBUG oslo_db.sqlalchemy.engines [None req-48a2ddda-9fd7-446c-b408-bd024d0b843c None None] MySQL server mode set to STRICT_TRANS_TABLES,STRICT_ALL_TABLES,NO_ZERO_IN_DATE,NO_ZERO_DATE,ERROR_FOR_DIVISION_BY_ZERO,TRADITIONAL,NO_ENGINE_SUBSTITUTION {{(pid=99067) _check_effective_sql_mode /opt/stack/data/venv/lib/python3.12/site-packages/oslo_db/sqlalchemy/engines.py:325}}
Jul 23 12:53:55.419993 np0000005768 nova-conductor[99091]: INFO nova.service [-] Starting conductor node (version 33.1.0)
Jul 23 12:53:55.420016 np0000005768 nova-conductor[99074]: DEBUG dbcounter [-] [99074] Writer thread running {{(pid=99074) stat_writer /opt/stack/data/venv/lib/python3.12/site-packages/dbcounter.py:102}}
Jul 23 12:53:55.420041 np0000005768 nova-conductor[99091]: INFO dbcounter [None req-e22964f8-9d35-4544-9d78-90b96317e1eb None None] Registered counter for database nova_cell0
Jul 23 12:53:55.420064 np0000005768 nova-conductor[99067]: DEBUG dbcounter [-] [99067] Writer thread running {{(pid=99067) stat_writer /opt/stack/data/venv/lib/python3.12/site-packages/dbcounter.py:102}}
Jul 23 12:53:55.420099 np0000005768 nova-conductor[99078]: DEBUG oslo_db.sqlalchemy.engines [None req-551e47f6-15ee-4d3d-82fe-729da7a758a3 None None] MySQL server mode set to STRICT_TRANS_TABLES,STRICT_ALL_TABLES,NO_ZERO_IN_DATE,NO_ZERO_DATE,ERROR_FOR_DIVISION_BY_ZERO,TRADITIONAL,NO_ENGINE_SUBSTITUTION {{(pid=99078) _check_effective_sql_mode /opt/stack/data/venv/lib/python3.12/site-packages/oslo_db/sqlalchemy/engines.py:325}}
Jul 23 12:53:55.420132 np0000005768 nova-conductor[99074]: DEBUG nova.service [None req-06a95eab-945b-46b7-ad54-06a59d478ff6 None None] Creating RPC server for service: nova-conductor on topic: conductor {{(pid=99074) start /opt/stack/nova/nova/service.py:196}}
Jul 23 12:53:55.420159 np0000005768 nova-conductor[99067]: DEBUG nova.service [None req-48a2ddda-9fd7-446c-b408-bd024d0b843c None None] Creating RPC server for service: nova-conductor on topic: conductor {{(pid=99067) start /opt/stack/nova/nova/service.py:196}}
Jul 23 12:53:55.420183 np0000005768 nova-conductor[99078]: DEBUG dbcounter [-] [99078] Writer thread running {{(pid=99078) stat_writer /opt/stack/data/venv/lib/python3.12/site-packages/dbcounter.py:102}}
Jul 23 12:53:55.420183 np0000005768 nova-conductor[99078]: DEBUG nova.service [None req-551e47f6-15ee-4d3d-82fe-729da7a758a3 None None] Creating RPC server for service: nova-conductor on topic: conductor {{(pid=99078) start /opt/stack/nova/nova/service.py:196}}
Jul 23 12:53:55.434262 np0000005768 nova-conductor[99091]: DEBUG oslo_db.sqlalchemy.engines [None req-e22964f8-9d35-4544-9d78-90b96317e1eb None None] MySQL server mode set to STRICT_TRANS_TABLES,STRICT_ALL_TABLES,NO_ZERO_IN_DATE,NO_ZERO_DATE,ERROR_FOR_DIVISION_BY_ZERO,TRADITIONAL,NO_ENGINE_SUBSTITUTION {{(pid=99091) _check_effective_sql_mode /opt/stack/data/venv/lib/python3.12/site-packages/oslo_db/sqlalchemy/engines.py:325}}
Jul 23 12:53:55.437677 np0000005768 nova-conductor[99067]: DEBUG nova.service [None req-48a2ddda-9fd7-446c-b408-bd024d0b843c None None] Join ServiceGroup membership for this service conductor {{(pid=99067) start /opt/stack/nova/nova/service.py:222}}
Jul 23 12:53:55.437894 np0000005768 nova-conductor[99067]: DEBUG nova.servicegroup.drivers.db [None req-48a2ddda-9fd7-446c-b408-bd024d0b843c None None] DB_Driver: join new ServiceGroup member np0000005768 to the conductor group, service = {{(pid=99067) join /opt/stack/nova/nova/servicegroup/drivers/db.py:44}}
Jul 23 12:53:55.442059 np0000005768 nova-conductor[99078]: DEBUG nova.service [None req-551e47f6-15ee-4d3d-82fe-729da7a758a3 None None] Join ServiceGroup membership for this service conductor {{(pid=99078) start /opt/stack/nova/nova/service.py:222}}
Jul 23 12:53:55.442193 np0000005768 nova-conductor[99074]: DEBUG nova.service [None req-06a95eab-945b-46b7-ad54-06a59d478ff6 None None] Join ServiceGroup membership for this service conductor {{(pid=99074) start /opt/stack/nova/nova/service.py:222}}
Jul 23 12:53:55.442265 np0000005768 nova-conductor[99074]: DEBUG nova.servicegroup.drivers.db [None req-06a95eab-945b-46b7-ad54-06a59d478ff6 None None] DB_Driver: join new ServiceGroup member np0000005768 to the conductor group, service = {{(pid=99074) join /opt/stack/nova/nova/servicegroup/drivers/db.py:44}}
Jul 23 12:53:55.442360 np0000005768 nova-conductor[99078]: DEBUG nova.servicegroup.drivers.db [None req-551e47f6-15ee-4d3d-82fe-729da7a758a3 None None] DB_Driver: join new ServiceGroup member np0000005768 to the conductor group, service = {{(pid=99078) join /opt/stack/nova/nova/servicegroup/drivers/db.py:44}}
Jul 23 12:53:55.443816 np0000005768 nova-conductor[99091]: DEBUG dbcounter [-] [99091] Writer thread running {{(pid=99091) stat_writer /opt/stack/data/venv/lib/python3.12/site-packages/dbcounter.py:102}}
Jul 23 12:53:55.446695 np0000005768 nova-conductor[99091]: DEBUG nova.service [None req-e22964f8-9d35-4544-9d78-90b96317e1eb None None] Creating RPC server for service: nova-conductor on topic: conductor {{(pid=99091) start /opt/stack/nova/nova/service.py:196}}
Jul 23 12:53:55.463872 np0000005768 nova-conductor[99091]: DEBUG nova.service [None req-e22964f8-9d35-4544-9d78-90b96317e1eb None None] Join ServiceGroup membership for this service conductor {{(pid=99091) start /opt/stack/nova/nova/service.py:222}}
Jul 23 12:53:55.464079 np0000005768 nova-conductor[99091]: DEBUG nova.servicegroup.drivers.db [None req-e22964f8-9d35-4544-9d78-90b96317e1eb None None] DB_Driver: join new ServiceGroup member np0000005768 to the conductor group, service = {{(pid=99091) join /opt/stack/nova/nova/servicegroup/drivers/db.py:44}}
Jul 23 12:54:00.455392 np0000005768 nova-conductor[99074]: DEBUG oslo.service.backend._threading.loopingcall [-] Fixed interval looping call 'nova.servicegroup.drivers.db.DbDriver._report_state' sleeping for 119.99 seconds {{(pid=99074) _run_loop /opt/stack/data/venv/lib/python3.12/site-packages/oslo_service/backend/_threading/loopingcall.py:125}}
Jul 23 12:54:00.458665 np0000005768 nova-conductor[99067]: DEBUG oslo.service.backend._threading.loopingcall [-] Fixed interval looping call 'nova.servicegroup.drivers.db.DbDriver._report_state' sleeping for 119.98 seconds {{(pid=99067) _run_loop /opt/stack/data/venv/lib/python3.12/site-packages/oslo_service/backend/_threading/loopingcall.py:125}}
Jul 23 12:54:00.470070 np0000005768 nova-conductor[99078]: DEBUG oslo.service.backend._threading.loopingcall [-] Fixed interval looping call 'nova.servicegroup.drivers.db.DbDriver._report_state' sleeping for 119.98 seconds {{(pid=99078) _run_loop /opt/stack/data/venv/lib/python3.12/site-packages/oslo_service/backend/_threading/loopingcall.py:125}}
Jul 23 12:54:00.475533 np0000005768 nova-conductor[99091]: DEBUG oslo.service.backend._threading.loopingcall [-] Fixed interval looping call 'nova.servicegroup.drivers.db.DbDriver._report_state' sleeping for 119.99 seconds {{(pid=99091) _run_loop /opt/stack/data/venv/lib/python3.12/site-packages/oslo_service/backend/_threading/loopingcall.py:125}}
Jul 23 12:54:04.020416 np0000005768 nova-conductor[97539]: DEBUG dbcounter [-] [97539] Writing DB stats nova_api:SELECT=1 {{(pid=97539) stat_writer /opt/stack/data/venv/lib/python3.12/site-packages/dbcounter.py:115}}
Jul 23 12:54:04.150395 np0000005768 nova-conductor[97539]: DEBUG dbcounter [-] [97539] Writing DB stats nova_cell1:SELECT=1 {{(pid=97539) stat_writer /opt/stack/data/venv/lib/python3.12/site-packages/dbcounter.py:115}}
Jul 23 12:54:04.154332 np0000005768 nova-conductor[97539]: DEBUG dbcounter [-] [97539] Writing DB stats nova_cell0:SELECT=1 {{(pid=97539) stat_writer /opt/stack/data/venv/lib/python3.12/site-packages/dbcounter.py:115}}
Jul 23 12:54:10.450889 np0000005768 nova-conductor[99074]: DEBUG dbcounter [-] [99074] Writing DB stats nova_cell0:SELECT=4,nova_cell0:INSERT=1,nova_cell0:UPDATE=1 {{(pid=99074) stat_writer /opt/stack/data/venv/lib/python3.12/site-packages/dbcounter.py:115}}
Jul 23 12:54:10.452906 np0000005768 nova-conductor[99067]: DEBUG dbcounter [-] [99067] Writing DB stats nova_cell0:SELECT=5,nova_cell0:INSERT=1,nova_cell0:UPDATE=1 {{(pid=99067) stat_writer /opt/stack/data/venv/lib/python3.12/site-packages/dbcounter.py:115}}
Jul 23 12:54:10.459539 np0000005768 nova-conductor[99078]: DEBUG dbcounter [-] [99078] Writing DB stats nova_cell0:SELECT=3 {{(pid=99078) stat_writer /opt/stack/data/venv/lib/python3.12/site-packages/dbcounter.py:115}}
Jul 23 12:54:10.475486 np0000005768 nova-conductor[99091]: DEBUG dbcounter [-] [99091] Writing DB stats nova_cell0:SELECT=3 {{(pid=99091) stat_writer /opt/stack/data/venv/lib/python3.12/site-packages/dbcounter.py:115}}
Jul 23 12:54:24.439710 np0000005768 nova-conductor[99067]: DEBUG oslo.service.backend._threading.loopingcall [None req-c4f83d66-2ddb-48a6-a75d-8c942553f594 None None] Dynamic interval looping call 'nova.service.Service.periodic_tasks' sleeping for 60.00 seconds {{(pid=99067) _run_loop /opt/stack/data/venv/lib/python3.12/site-packages/oslo_service/backend/_threading/loopingcall.py:125}}
Jul 23 12:54:24.444959 np0000005768 nova-conductor[99078]: DEBUG oslo.service.backend._threading.loopingcall [None req-b4d3585f-2611-479b-8e13-832291ee0fc6 None None] Dynamic interval looping call 'nova.service.Service.periodic_tasks' sleeping for 60.00 seconds {{(pid=99078) _run_loop /opt/stack/data/venv/lib/python3.12/site-packages/oslo_service/backend/_threading/loopingcall.py:125}}
Jul 23 12:54:24.465901 np0000005768 nova-conductor[99091]: DEBUG oslo.service.backend._threading.loopingcall [None req-c62b0a25-b747-468a-8eb8-0dedbb605df4 None None] Dynamic interval looping call 'nova.service.Service.periodic_tasks' sleeping for 60.00 seconds {{(pid=99091) _run_loop /opt/stack/data/venv/lib/python3.12/site-packages/oslo_service/backend/_threading/loopingcall.py:125}}
Jul 23 12:54:44.444345 np0000005768 nova-conductor[99074]: DEBUG oslo.service.backend._threading.loopingcall [None req-c358b544-1d4f-40c0-927b-3bc324374ffd None None] Dynamic interval looping call 'nova.service.Service.periodic_tasks' sleeping for 60.00 seconds {{(pid=99074) _run_loop /opt/stack/data/venv/lib/python3.12/site-packages/oslo_service/backend/_threading/loopingcall.py:125}}
Jul 23 12:55:24.440456 np0000005768 nova-conductor[99067]: DEBUG oslo.service.backend._threading.loopingcall [None req-c4f83d66-2ddb-48a6-a75d-8c942553f594 None None] Dynamic interval looping call 'nova.service.Service.periodic_tasks' sleeping for 60.00 seconds {{(pid=99067) _run_loop /opt/stack/data/venv/lib/python3.12/site-packages/oslo_service/backend/_threading/loopingcall.py:125}}
Jul 23 12:55:24.445526 np0000005768 nova-conductor[99078]: DEBUG oslo.service.backend._threading.loopingcall [None req-b4d3585f-2611-479b-8e13-832291ee0fc6 None None] Dynamic interval looping call 'nova.service.Service.periodic_tasks' sleeping for 60.00 seconds {{(pid=99078) _run_loop /opt/stack/data/venv/lib/python3.12/site-packages/oslo_service/backend/_threading/loopingcall.py:125}}
Jul 23 12:55:24.466497 np0000005768 nova-conductor[99091]: DEBUG oslo.service.backend._threading.loopingcall [None req-c62b0a25-b747-468a-8eb8-0dedbb605df4 None None] Dynamic interval looping call 'nova.service.Service.periodic_tasks' sleeping for 60.00 seconds {{(pid=99091) _run_loop /opt/stack/data/venv/lib/python3.12/site-packages/oslo_service/backend/_threading/loopingcall.py:125}}
Jul 23 12:55:44.445053 np0000005768 nova-conductor[99074]: DEBUG oslo.service.backend._threading.loopingcall [None req-c358b544-1d4f-40c0-927b-3bc324374ffd None None] Dynamic interval looping call 'nova.service.Service.periodic_tasks' sleeping for 60.00 seconds {{(pid=99074) _run_loop /opt/stack/data/venv/lib/python3.12/site-packages/oslo_service/backend/_threading/loopingcall.py:125}}
Jul 23 12:56:00.448966 np0000005768 nova-conductor[99067]: DEBUG oslo.service.backend._threading.loopingcall [-] Fixed interval looping call 'nova.servicegroup.drivers.db.DbDriver._report_state' sleeping for 119.99 seconds {{(pid=99067) _run_loop /opt/stack/data/venv/lib/python3.12/site-packages/oslo_service/backend/_threading/loopingcall.py:125}}
Jul 23 12:56:00.450047 np0000005768 nova-conductor[99074]: DEBUG oslo.service.backend._threading.loopingcall [-] Fixed interval looping call 'nova.servicegroup.drivers.db.DbDriver._report_state' sleeping for 120.00 seconds {{(pid=99074) _run_loop /opt/stack/data/venv/lib/python3.12/site-packages/oslo_service/backend/_threading/loopingcall.py:125}}
Jul 23 12:56:00.454941 np0000005768 nova-conductor[99078]: DEBUG oslo.service.backend._threading.loopingcall [-] Fixed interval looping call 'nova.servicegroup.drivers.db.DbDriver._report_state' sleeping for 120.00 seconds {{(pid=99078) _run_loop /opt/stack/data/venv/lib/python3.12/site-packages/oslo_service/backend/_threading/loopingcall.py:125}}
Jul 23 12:56:00.470012 np0000005768 nova-conductor[99091]: DEBUG oslo.service.backend._threading.loopingcall [-] Fixed interval looping call 'nova.servicegroup.drivers.db.DbDriver._report_state' sleeping for 120.00 seconds {{(pid=99091) _run_loop /opt/stack/data/venv/lib/python3.12/site-packages/oslo_service/backend/_threading/loopingcall.py:125}}
Jul 23 12:56:10.442912 np0000005768 nova-conductor[99067]: DEBUG dbcounter [-] [99067] Writing DB stats nova_cell0:SELECT=1,nova_cell0:UPDATE=1 {{(pid=99067) stat_writer /opt/stack/data/venv/lib/python3.12/site-packages/dbcounter.py:115}}
Jul 23 12:56:10.451084 np0000005768 nova-conductor[99074]: DEBUG dbcounter [-] [99074] Writing DB stats nova_cell0:SELECT=1,nova_cell0:UPDATE=1 {{(pid=99074) stat_writer /opt/stack/data/venv/lib/python3.12/site-packages/dbcounter.py:115}}
Jul 23 12:56:10.452350 np0000005768 nova-conductor[99078]: DEBUG dbcounter [-] [99078] Writing DB stats nova_cell0:SELECT=1 {{(pid=99078) stat_writer /opt/stack/data/venv/lib/python3.12/site-packages/dbcounter.py:115}}
Jul 23 12:56:10.467618 np0000005768 nova-conductor[99091]: DEBUG dbcounter [-] [99091] Writing DB stats nova_cell0:SELECT=1 {{(pid=99091) stat_writer /opt/stack/data/venv/lib/python3.12/site-packages/dbcounter.py:115}}
Jul 23 12:56:20.980923 np0000005768 nova-conductor[99067]: DEBUG oslo_db.sqlalchemy.engines [None req-58fb0722-4cb0-4240-814c-31b94c867045 tempest-DeleteServersTestJSON-972962200 tempest-DeleteServersTestJSON-972962200-project-member] Parent process 97539 forked (99067) with an open database connection, which is being discarded and recreated. {{(pid=99067) checkout /opt/stack/data/venv/lib/python3.12/site-packages/oslo_db/sqlalchemy/engines.py:402}}
Jul 23 12:56:21.049988 np0000005768 nova-conductor[99067]: DEBUG dbcounter [-] [99067] Writer thread running {{(pid=99067) stat_writer /opt/stack/data/venv/lib/python3.12/site-packages/dbcounter.py:102}}
Jul 23 12:56:22.075113 np0000005768 nova-conductor[99067]: DEBUG nova.conductor.manager [None req-58fb0722-4cb0-4240-814c-31b94c867045 tempest-DeleteServersTestJSON-972962200 tempest-DeleteServersTestJSON-972962200-project-member] Took 1.02 seconds to select destinations for 1 instance(s). {{(pid=99067) _schedule_instances /opt/stack/nova/nova/conductor/manager.py:968}}
Jul 23 12:56:22.124196 np0000005768 nova-conductor[99067]: DEBUG oslo_concurrency.lockutils [None req-58fb0722-4cb0-4240-814c-31b94c867045 tempest-DeleteServersTestJSON-972962200 tempest-DeleteServersTestJSON-972962200-project-member] Acquiring lock "6231833c-099a-4a50-aa67-969c91fc498a" by "nova.context.set_target_cell..get_or_set_cached_cell_and_set_connections" {{(pid=99067) inner /opt/stack/data/venv/lib/python3.12/site-packages/oslo_concurrency/lockutils.py:512}}
Jul 23 12:56:22.124449 np0000005768 nova-conductor[99067]: DEBUG oslo_concurrency.lockutils [None req-58fb0722-4cb0-4240-814c-31b94c867045 tempest-DeleteServersTestJSON-972962200 tempest-DeleteServersTestJSON-972962200-project-member] Lock "6231833c-099a-4a50-aa67-969c91fc498a" acquired by "nova.context.set_target_cell..get_or_set_cached_cell_and_set_connections" :: waited 0.000s {{(pid=99067) inner /opt/stack/data/venv/lib/python3.12/site-packages/oslo_concurrency/lockutils.py:525}}
Jul 23 12:56:22.126372 np0000005768 nova-conductor[99067]: DEBUG oslo_concurrency.lockutils [None req-58fb0722-4cb0-4240-814c-31b94c867045 tempest-DeleteServersTestJSON-972962200 tempest-DeleteServersTestJSON-972962200-project-member] Lock "6231833c-099a-4a50-aa67-969c91fc498a" "released" by "nova.context.set_target_cell..get_or_set_cached_cell_and_set_connections" :: held 0.002s {{(pid=99067) inner /opt/stack/data/venv/lib/python3.12/site-packages/oslo_concurrency/lockutils.py:544}}
Jul 23 12:56:22.129636 np0000005768 nova-conductor[99067]: INFO dbcounter [None req-58fb0722-4cb0-4240-814c-31b94c867045 tempest-DeleteServersTestJSON-972962200 tempest-DeleteServersTestJSON-972962200-project-member] Registered counter for database nova_cell1
Jul 23 12:56:22.177196 np0000005768 nova-conductor[99067]: DEBUG oslo_db.sqlalchemy.engines [None req-58fb0722-4cb0-4240-814c-31b94c867045 tempest-DeleteServersTestJSON-972962200 tempest-DeleteServersTestJSON-972962200-project-member] MySQL server mode set to STRICT_TRANS_TABLES,STRICT_ALL_TABLES,NO_ZERO_IN_DATE,NO_ZERO_DATE,ERROR_FOR_DIVISION_BY_ZERO,TRADITIONAL,NO_ENGINE_SUBSTITUTION {{(pid=99067) _check_effective_sql_mode /opt/stack/data/venv/lib/python3.12/site-packages/oslo_db/sqlalchemy/engines.py:325}}
Jul 23 12:56:22.187574 np0000005768 nova-conductor[99067]: DEBUG dbcounter [-] [99067] Writer thread running {{(pid=99067) stat_writer /opt/stack/data/venv/lib/python3.12/site-packages/dbcounter.py:102}}
Jul 23 12:56:22.268057 np0000005768 nova-conductor[99067]: INFO nova.utils [None req-58fb0722-4cb0-4240-814c-31b94c867045 tempest-DeleteServersTestJSON-972962200 tempest-DeleteServersTestJSON-972962200-project-member] The cell worker thread pool ForkProcess-1.cell_worker is initialized
Jul 23 12:56:22.268581 np0000005768 nova-conductor[99067]: DEBUG oslo_concurrency.lockutils [None req-58fb0722-4cb0-4240-814c-31b94c867045 tempest-DeleteServersTestJSON-972962200 tempest-DeleteServersTestJSON-972962200-project-member] Acquiring lock "00000000-0000-0000-0000-000000000000" by "nova.context.set_target_cell..get_or_set_cached_cell_and_set_connections" {{(pid=99067) inner /opt/stack/data/venv/lib/python3.12/site-packages/oslo_concurrency/lockutils.py:512}}
Jul 23 12:56:22.268816 np0000005768 nova-conductor[99067]: DEBUG oslo_concurrency.lockutils [None req-58fb0722-4cb0-4240-814c-31b94c867045 tempest-DeleteServersTestJSON-972962200 tempest-DeleteServersTestJSON-972962200-project-member] Lock "00000000-0000-0000-0000-000000000000" acquired by "nova.context.set_target_cell..get_or_set_cached_cell_and_set_connections" :: waited 0.000s {{(pid=99067) inner /opt/stack/data/venv/lib/python3.12/site-packages/oslo_concurrency/lockutils.py:525}}
Jul 23 12:56:22.269431 np0000005768 nova-conductor[99067]: DEBUG oslo_concurrency.lockutils [None req-58fb0722-4cb0-4240-814c-31b94c867045 tempest-DeleteServersTestJSON-972962200 tempest-DeleteServersTestJSON-972962200-project-member] Lock "00000000-0000-0000-0000-000000000000" "released" by "nova.context.set_target_cell..get_or_set_cached_cell_and_set_connections" :: held 0.001s {{(pid=99067) inner /opt/stack/data/venv/lib/python3.12/site-packages/oslo_concurrency/lockutils.py:544}}
Jul 23 12:56:22.271081 np0000005768 nova-conductor[99067]: DEBUG oslo_concurrency.lockutils [None req-58fb0722-4cb0-4240-814c-31b94c867045 tempest-DeleteServersTestJSON-972962200 tempest-DeleteServersTestJSON-972962200-project-member] Acquiring lock "6231833c-099a-4a50-aa67-969c91fc498a" by "nova.context.set_target_cell..get_or_set_cached_cell_and_set_connections" {{(pid=99067) inner /opt/stack/data/venv/lib/python3.12/site-packages/oslo_concurrency/lockutils.py:512}}
Jul 23 12:56:22.271543 np0000005768 nova-conductor[99067]: DEBUG oslo_concurrency.lockutils [None req-58fb0722-4cb0-4240-814c-31b94c867045 tempest-DeleteServersTestJSON-972962200 tempest-DeleteServersTestJSON-972962200-project-member] Lock "6231833c-099a-4a50-aa67-969c91fc498a" acquired by "nova.context.set_target_cell..get_or_set_cached_cell_and_set_connections" :: waited 0.000s {{(pid=99067) inner /opt/stack/data/venv/lib/python3.12/site-packages/oslo_concurrency/lockutils.py:525}}
Jul 23 12:56:22.272922 np0000005768 nova-conductor[99067]: DEBUG oslo_concurrency.lockutils [None req-58fb0722-4cb0-4240-814c-31b94c867045 tempest-DeleteServersTestJSON-972962200 tempest-DeleteServersTestJSON-972962200-project-member] Lock "6231833c-099a-4a50-aa67-969c91fc498a" "released" by "nova.context.set_target_cell..get_or_set_cached_cell_and_set_connections" :: held 0.000s {{(pid=99067) inner /opt/stack/data/venv/lib/python3.12/site-packages/oslo_concurrency/lockutils.py:544}}
Jul 23 12:56:22.274874 np0000005768 nova-conductor[99067]: INFO dbcounter [None req-58fb0722-4cb0-4240-814c-31b94c867045 tempest-DeleteServersTestJSON-972962200 tempest-DeleteServersTestJSON-972962200-project-member] Registered counter for database nova_cell0
Jul 23 12:56:22.326955 np0000005768 nova-conductor[99067]: DEBUG oslo_db.sqlalchemy.engines [None req-58fb0722-4cb0-4240-814c-31b94c867045 tempest-DeleteServersTestJSON-972962200 tempest-DeleteServersTestJSON-972962200-project-member] MySQL server mode set to STRICT_TRANS_TABLES,STRICT_ALL_TABLES,NO_ZERO_IN_DATE,NO_ZERO_DATE,ERROR_FOR_DIVISION_BY_ZERO,TRADITIONAL,NO_ENGINE_SUBSTITUTION {{(pid=99067) _check_effective_sql_mode /opt/stack/data/venv/lib/python3.12/site-packages/oslo_db/sqlalchemy/engines.py:325}}
Jul 23 12:56:22.334510 np0000005768 nova-conductor[99067]: DEBUG dbcounter [-] [99067] Writer thread running {{(pid=99067) stat_writer /opt/stack/data/venv/lib/python3.12/site-packages/dbcounter.py:102}}
Jul 23 12:56:22.348195 np0000005768 nova-conductor[99067]: DEBUG nova.quota [None req-58fb0722-4cb0-4240-814c-31b94c867045 tempest-DeleteServersTestJSON-972962200 tempest-DeleteServersTestJSON-972962200-project-member] Getting quotas for project 45ee331c2c1849f5bce7ca1a0755d201. Resources: {'ram', 'instances', 'cores'} {{(pid=99067) _get_quotas /opt/stack/nova/nova/quota.py:389}}
