Jul 23 12:53:25.389615 np0000005768 devstack@neutron-api.service[90811]: DEBUG neutron.api.extensions [None req-dea8fac8-0436-4b42-a6c5-86079c7e3198 None None] Loading extension file: port_mac_address_override.py {{(pid=90811) _load_all_extensions_from_path /opt/stack/neutron/neutron/api/extensions.py:449}}
Jul 23 12:53:25.389952 np0000005768 devstack@neutron-api.service[90811]: DEBUG neutron.api.extensions [None req-dea8fac8-0436-4b42-a6c5-86079c7e3198 None None] Ext name="Neutron Port MAC address override" alias="port-mac-override" description="Allow overriding the MAC address of a direct-physical Port via the active binding profile" updated="2022-03-18T10:00:00-00:00" {{(pid=90811) _check_extension /opt/stack/neutron/neutron/api/extensions.py:415}}
Jul 23 12:53:25.389952 np0000005768 devstack@neutron-api.service[90811]: INFO neutron.api.extensions [None req-dea8fac8-0436-4b42-a6c5-86079c7e3198 None None] Extension port-mac-override not supported by any of loaded plugins
Jul 23 12:53:25.390287 np0000005768 devstack@neutron-api.service[90811]: DEBUG neutron.api.extensions [None req-dea8fac8-0436-4b42-a6c5-86079c7e3198 None None] Loading extension file: port_mac_address_regenerate.py {{(pid=90811) _load_all_extensions_from_path /opt/stack/neutron/neutron/api/extensions.py:449}}
Jul 23 12:53:25.390506 np0000005768 devstack@neutron-api.service[90811]: DEBUG neutron.api.extensions [None req-dea8fac8-0436-4b42-a6c5-86079c7e3198 None None] Ext name="Neutron Port MAC address regenerate" alias="port-mac-address-regenerate" description="Network port MAC address regenerate" updated="2018-05-03T10:00:00-00:00" {{(pid=90811) _check_extension /opt/stack/neutron/neutron/api/extensions.py:415}}
Jul 23 12:53:25.390506 np0000005768 devstack@neutron-api.service[90811]: INFO neutron.api.extensions [None req-dea8fac8-0436-4b42-a6c5-86079c7e3198 None None] Loaded extension: port-mac-address-regenerate
Jul 23 12:53:25.390667 np0000005768 devstack@neutron-api.service[90811]: DEBUG neutron.api.extensions [None req-dea8fac8-0436-4b42-a6c5-86079c7e3198 None None] Loading extension file: port_numa_affinity_policy.py {{(pid=90811) _load_all_extensions_from_path /opt/stack/neutron/neutron/api/extensions.py:449}}
Jul 23 12:53:25.391043 np0000005768 devstack@neutron-api.service[90811]: DEBUG neutron.api.extensions [None req-dea8fac8-0436-4b42-a6c5-86079c7e3198 None None] Ext name="Port NUMA affinity policy" alias="port-numa-affinity-policy" description="Expose the port NUMA affinity policy" updated="2020-07-08T10:00:00-00:00" {{(pid=90811) _check_extension /opt/stack/neutron/neutron/api/extensions.py:415}}
Jul 23 12:53:25.391043 np0000005768 devstack@neutron-api.service[90811]: INFO neutron.api.extensions [None req-dea8fac8-0436-4b42-a6c5-86079c7e3198 None None] Loaded extension: port-numa-affinity-policy
Jul 23 12:53:25.391043 np0000005768 devstack@neutron-api.service[90811]: DEBUG neutron.api.extensions [None req-dea8fac8-0436-4b42-a6c5-86079c7e3198 None None] Loading extension file: port_numa_affinity_policy_socket.py {{(pid=90811) _load_all_extensions_from_path /opt/stack/neutron/neutron/api/extensions.py:449}}
Jul 23 12:53:25.391536 np0000005768 devstack@neutron-api.service[90811]: DEBUG neutron.api.extensions [None req-dea8fac8-0436-4b42-a6c5-86079c7e3198 None None] Ext name="Port NUMA affinity policy "socket"" alias="port-numa-affinity-policy-socket" description="Adds "socket" to the supported port NUMA affinity policies" updated="2024-02-09T10:00:00-00:00" {{(pid=90811) _check_extension /opt/stack/neutron/neutron/api/extensions.py:415}}
Jul 23 12:53:25.391536 np0000005768 devstack@neutron-api.service[90811]: INFO neutron.api.extensions [None req-dea8fac8-0436-4b42-a6c5-86079c7e3198 None None] Loaded extension: port-numa-affinity-policy-socket
Jul 23 12:53:25.391536 np0000005768 devstack@neutron-api.service[90811]: DEBUG neutron.api.extensions [None req-dea8fac8-0436-4b42-a6c5-86079c7e3198 None None] Loading extension file: port_resource_request.py {{(pid=90811) _load_all_extensions_from_path /opt/stack/neutron/neutron/api/extensions.py:449}}
Jul 23 12:53:25.392066 np0000005768 devstack@neutron-api.service[90811]: DEBUG neutron.api.extensions [None req-dea8fac8-0436-4b42-a6c5-86079c7e3198 None None] Ext name="Port Resource Request" alias="port-resource-request" description="Expose resource request to Port" updated="2018-05-08T10:00:00-00:00" {{(pid=90811) _check_extension /opt/stack/neutron/neutron/api/extensions.py:415}}
Jul 23 12:53:25.392066 np0000005768 devstack@neutron-api.service[90811]: INFO neutron.api.extensions [None req-dea8fac8-0436-4b42-a6c5-86079c7e3198 None None] Extension port-resource-request not supported by any of loaded plugins
Jul 23 12:53:25.392066 np0000005768 devstack@neutron-api.service[90811]: DEBUG neutron.api.extensions [None req-dea8fac8-0436-4b42-a6c5-86079c7e3198 None None] Loading extension file: port_resource_request_groups.py {{(pid=90811) _load_all_extensions_from_path /opt/stack/neutron/neutron/api/extensions.py:449}}
Jul 23 12:53:25.392372 np0000005768 devstack@neutron-api.service[90811]: DEBUG neutron.api.extensions [None req-dea8fac8-0436-4b42-a6c5-86079c7e3198 None None] Ext name="Port Resource Request Groups" alias="port-resource-request-groups" description="Support requesting multiple groups of resources and traits from the same RP subtree in resource_request" updated="2021-08-02T10:00:00-00:00" {{(pid=90811) _check_extension /opt/stack/neutron/neutron/api/extensions.py:415}}
Jul 23 12:53:25.392372 np0000005768 devstack@neutron-api.service[90811]: INFO neutron.api.extensions [None req-dea8fac8-0436-4b42-a6c5-86079c7e3198 None None] Extension port-resource-request-groups not supported by any of loaded plugins
Jul 23 12:53:25.392372 np0000005768 devstack@neutron-api.service[90811]: DEBUG neutron.api.extensions [None req-dea8fac8-0436-4b42-a6c5-86079c7e3198 None None] Loading extension file: port_trusted_vif.py {{(pid=90811) _load_all_extensions_from_path /opt/stack/neutron/neutron/api/extensions.py:449}}
Jul 23 12:53:25.392663 np0000005768 devstack@neutron-api.service[90811]: DEBUG neutron.api.extensions [None req-dea8fac8-0436-4b42-a6c5-86079c7e3198 None None] Ext name="Port trusted vif" alias="port-trusted-vif" description="Expose port 'trusted' attribute in the API" updated="2024-07-10T10:00:00-00:00" {{(pid=90811) _check_extension /opt/stack/neutron/neutron/api/extensions.py:415}}
Jul 23 12:53:25.392876 np0000005768 devstack@neutron-api.service[90811]: INFO neutron.api.extensions [None req-dea8fac8-0436-4b42-a6c5-86079c7e3198 None None] Extension port-trusted-vif not supported by any of loaded plugins
Jul 23 12:53:25.392876 np0000005768 devstack@neutron-api.service[90811]: DEBUG neutron.api.extensions [None req-dea8fac8-0436-4b42-a6c5-86079c7e3198 None None] Loading extension file: portbindings.py {{(pid=90811) _load_all_extensions_from_path /opt/stack/neutron/neutron/api/extensions.py:449}}
Jul 23 12:53:25.393120 np0000005768 devstack@neutron-api.service[90811]: DEBUG neutron.api.extensions [None req-dea8fac8-0436-4b42-a6c5-86079c7e3198 None None] Ext name="Port Binding" alias="binding" description="Expose port bindings of a virtual port to external application" updated="2014-02-03T10:00:00-00:00" {{(pid=90811) _check_extension /opt/stack/neutron/neutron/api/extensions.py:415}}
Jul 23 12:53:25.393120 np0000005768 devstack@neutron-api.service[90811]: INFO neutron.api.extensions [None req-dea8fac8-0436-4b42-a6c5-86079c7e3198 None None] Loaded extension: binding
Jul 23 12:53:25.393358 np0000005768 devstack@neutron-api.service[90811]: DEBUG neutron.api.extensions [None req-dea8fac8-0436-4b42-a6c5-86079c7e3198 None None] Loading extension file: portbindings_extended.py {{(pid=90811) _load_all_extensions_from_path /opt/stack/neutron/neutron/api/extensions.py:449}}
Jul 23 12:53:25.393633 np0000005768 devstack@neutron-api.service[90811]: DEBUG neutron.api.extensions [None req-dea8fac8-0436-4b42-a6c5-86079c7e3198 None None] Ext name="Port Bindings Extended" alias="binding-extended" description="Expose port bindings of a virtual port to external application" updated="2017-07-17T10:00:00-00:00" {{(pid=90811) _check_extension /opt/stack/neutron/neutron/api/extensions.py:415}}
Jul 23 12:53:25.393633 np0000005768 devstack@neutron-api.service[90811]: INFO neutron.api.extensions [None req-dea8fac8-0436-4b42-a6c5-86079c7e3198 None None] Loaded extension: binding-extended
Jul 23 12:53:25.393959 np0000005768 devstack@neutron-api.service[90811]: DEBUG neutron.api.extensions [None req-dea8fac8-0436-4b42-a6c5-86079c7e3198 None None] Loading extension file: portsecurity.py {{(pid=90811) _load_all_extensions_from_path /opt/stack/neutron/neutron/api/extensions.py:449}}
Jul 23 12:53:25.393959 np0000005768 devstack@neutron-api.service[90811]: DEBUG neutron.api.extensions [None req-dea8fac8-0436-4b42-a6c5-86079c7e3198 None None] Ext name="Port Security" alias="port-security" description="Provides port security" updated="2012-07-23T10:00:00-00:00" {{(pid=90811) _check_extension /opt/stack/neutron/neutron/api/extensions.py:415}}
Jul 23 12:53:25.394291 np0000005768 devstack@neutron-api.service[90811]: INFO neutron.api.extensions [None req-dea8fac8-0436-4b42-a6c5-86079c7e3198 None None] Loaded extension: port-security
Jul 23 12:53:25.394291 np0000005768 devstack@neutron-api.service[90811]: DEBUG neutron.api.extensions [None req-dea8fac8-0436-4b42-a6c5-86079c7e3198 None None] Loading extension file: project_id.py {{(pid=90811) _load_all_extensions_from_path /opt/stack/neutron/neutron/api/extensions.py:449}}
Jul 23 12:53:25.394291 np0000005768 devstack@neutron-api.service[90811]: DEBUG neutron.api.extensions [None req-dea8fac8-0436-4b42-a6c5-86079c7e3198 None None] Ext name="project_id field enabled" alias="project-id" description="Extension that indicates that project_id field is enabled." updated="2016-09-09T09:09:09-09:09" {{(pid=90811) _check_extension /opt/stack/neutron/neutron/api/extensions.py:415}}
Jul 23 12:53:25.394727 np0000005768 devstack@neutron-api.service[90811]: INFO neutron.api.extensions [None req-dea8fac8-0436-4b42-a6c5-86079c7e3198 None None] Loaded extension: project-id
Jul 23 12:53:25.394727 np0000005768 devstack@neutron-api.service[90811]: DEBUG neutron.api.extensions [None req-dea8fac8-0436-4b42-a6c5-86079c7e3198 None None] Loading extension file: providernet.py {{(pid=90811) _load_all_extensions_from_path /opt/stack/neutron/neutron/api/extensions.py:449}}
Jul 23 12:53:25.394727 np0000005768 devstack@neutron-api.service[90811]: DEBUG neutron.api.extensions [None req-dea8fac8-0436-4b42-a6c5-86079c7e3198 None None] Ext name="Provider Network" alias="provider" description="Expose mapping of virtual networks to physical networks" updated="2012-09-07T10:00:00-00:00" {{(pid=90811) _check_extension /opt/stack/neutron/neutron/api/extensions.py:415}}
Jul 23 12:53:25.394987 np0000005768 devstack@neutron-api.service[90811]: INFO neutron.api.extensions [None req-dea8fac8-0436-4b42-a6c5-86079c7e3198 None None] Loaded extension: provider
Jul 23 12:53:25.394987 np0000005768 devstack@neutron-api.service[90811]: DEBUG neutron.api.extensions [None req-dea8fac8-0436-4b42-a6c5-86079c7e3198 None None] Loading extension file: pvlan.py {{(pid=90811) _load_all_extensions_from_path /opt/stack/neutron/neutron/api/extensions.py:449}}
Jul 23 12:53:25.395144 np0000005768 devstack@neutron-api.service[90809]: INFO neutron.plugins.ml2.drivers.type_vlan [None req-7fc1764e-c0fb-4f7c-8ed7-09a46ab73f36 None None] VlanTypeDriver initialization complete
Jul 23 12:53:25.395144 np0000005768 devstack@neutron-api.service[90809]: INFO neutron.plugins.ml2.managers [None req-7fc1764e-c0fb-4f7c-8ed7-09a46ab73f36 None None] Initializing extension driver 'port_security'
Jul 23 12:53:25.395790 np0000005768 devstack@neutron-api.service[90809]: INFO neutron.plugins.ml2.extensions.port_security [None req-7fc1764e-c0fb-4f7c-8ed7-09a46ab73f36 None None] PortSecurityExtensionDriver initialization complete
Jul 23 12:53:25.395790 np0000005768 devstack@neutron-api.service[90809]: INFO neutron.plugins.ml2.managers [None req-7fc1764e-c0fb-4f7c-8ed7-09a46ab73f36 None None] Initializing extension driver 'qos'
Jul 23 12:53:25.396071 np0000005768 devstack@neutron-api.service[90811]: DEBUG neutron.api.extensions [None req-dea8fac8-0436-4b42-a6c5-86079c7e3198 None None] Ext name="Private VLAN" alias="pvlan" description="The Private VLAN semantics extension." updated="2026-02-03T10:00:00-00:00" {{(pid=90811) _check_extension /opt/stack/neutron/neutron/api/extensions.py:415}}
Jul 23 12:53:25.396218 np0000005768 devstack@neutron-api.service[90809]: DEBUG neutron.plugins.ml2.extensions.qos [None req-7fc1764e-c0fb-4f7c-8ed7-09a46ab73f36 None None] QosExtensionDriver initialization complete {{(pid=90809) initialize /opt/stack/neutron/neutron/plugins/ml2/extensions/qos.py:31}}
Jul 23 12:53:25.396218 np0000005768 devstack@neutron-api.service[90809]: INFO neutron.plugins.ml2.managers [None req-7fc1764e-c0fb-4f7c-8ed7-09a46ab73f36 None None] Initializing mechanism driver 'ovn'
Jul 23 12:53:25.396386 np0000005768 devstack@neutron-api.service[90811]: INFO neutron.api.extensions [None req-dea8fac8-0436-4b42-a6c5-86079c7e3198 None None] Extension pvlan not supported by any of loaded plugins
Jul 23 12:53:25.396532 np0000005768 devstack@neutron-api.service[90809]: INFO neutron.plugins.ml2.drivers.ovn.mech_driver.mech_driver [None req-7fc1764e-c0fb-4f7c-8ed7-09a46ab73f36 None None] Starting OVNMechanismDriver
Jul 23 12:53:25.396684 np0000005768 devstack@neutron-api.service[90811]: DEBUG neutron.api.extensions [None req-dea8fac8-0436-4b42-a6c5-86079c7e3198 None None] Loading extension file: qinq.py {{(pid=90811) _load_all_extensions_from_path /opt/stack/neutron/neutron/api/extensions.py:449}}
Jul 23 12:53:25.396684 np0000005768 devstack@neutron-api.service[90811]: DEBUG neutron.api.extensions [None req-dea8fac8-0436-4b42-a6c5-86079c7e3198 None None] Ext name="QinQ networks" alias="qinq" description="Expose network 'qinq' attribute in the API. This allows to configure network to allow vlan in vlan configuration using 0x88a8 ethertype (QinQ)." updated="2024-12-02T10:00:00-00:00" {{(pid=90811) _check_extension /opt/stack/neutron/neutron/api/extensions.py:415}}
Jul 23 12:53:25.396684 np0000005768 devstack@neutron-api.service[90811]: INFO neutron.api.extensions [None req-dea8fac8-0436-4b42-a6c5-86079c7e3198 None None] Loaded extension: qinq
Jul 23 12:53:25.396684 np0000005768 devstack@neutron-api.service[90811]: DEBUG neutron.api.extensions [None req-dea8fac8-0436-4b42-a6c5-86079c7e3198 None None] Loading extension file: qos.py {{(pid=90811) _load_all_extensions_from_path /opt/stack/neutron/neutron/api/extensions.py:449}}
Jul 23 12:53:25.397008 np0000005768 devstack@neutron-api.service[90811]: DEBUG neutron.api.extensions [None req-dea8fac8-0436-4b42-a6c5-86079c7e3198 None None] Ext name="Quality of Service" alias="qos" description="The Quality of Service extension." updated="2015-06-08T10:00:00-00:00" {{(pid=90811) _check_extension /opt/stack/neutron/neutron/api/extensions.py:415}}
Jul 23 12:53:25.397134 np0000005768 devstack@neutron-api.service[90811]: INFO neutron.api.extensions [None req-dea8fac8-0436-4b42-a6c5-86079c7e3198 None None] Extension qos not supported by any of loaded plugins
Jul 23 12:53:25.397291 np0000005768 devstack@neutron-api.service[90811]: DEBUG neutron.api.extensions [None req-dea8fac8-0436-4b42-a6c5-86079c7e3198 None None] Loading extension file: qos_bw_limit_direction.py {{(pid=90811) _load_all_extensions_from_path /opt/stack/neutron/neutron/api/extensions.py:449}}
Jul 23 12:53:25.397523 np0000005768 devstack@neutron-api.service[90811]: DEBUG neutron.api.extensions [None req-dea8fac8-0436-4b42-a6c5-86079c7e3198 None None] Ext name="Direction for QoS bandwidth limit rule" alias="qos-bw-limit-direction" description="Allow to configure QoS bandwidth limit rule with specific direction: ingress or egress" updated="2017-04-10T10:00:00-00:00" {{(pid=90811) _check_extension /opt/stack/neutron/neutron/api/extensions.py:415}}
Jul 23 12:53:25.397665 np0000005768 devstack@neutron-api.service[90809]: DEBUG neutron_lib.callbacks.manager [None req-7fc1764e-c0fb-4f7c-8ed7-09a46ab73f36 None None] Subscribe: > process before_spawn 55550000, False {{(pid=90809) subscribe /opt/stack/data/venv/lib/python3.12/site-packages/neutron_lib/callbacks/manager.py:52}}
Jul 23 12:53:25.397789 np0000005768 devstack@neutron-api.service[90811]: INFO neutron.api.extensions [None req-dea8fac8-0436-4b42-a6c5-86079c7e3198 None None] Extension qos-bw-limit-direction not supported by any of loaded plugins
Jul 23 12:53:25.397902 np0000005768 devstack@neutron-api.service[90809]: DEBUG neutron_lib.callbacks.manager [None req-7fc1764e-c0fb-4f7c-8ed7-09a46ab73f36 None None] Subscribe: > process after_init 55550000, True {{(pid=90809) subscribe /opt/stack/data/venv/lib/python3.12/site-packages/neutron_lib/callbacks/manager.py:52}}
Jul 23 12:53:25.398035 np0000005768 devstack@neutron-api.service[90811]: DEBUG neutron.api.extensions [None req-dea8fac8-0436-4b42-a6c5-86079c7e3198 None None] Loading extension file: qos_bw_minimum_ingress.py {{(pid=90811) _load_all_extensions_from_path /opt/stack/neutron/neutron/api/extensions.py:449}}
Jul 23 12:53:25.398165 np0000005768 devstack@neutron-api.service[90812]: DEBUG neutron.api.extensions [None req-6e8f44b0-3d6a-4ba4-a7b0-5c0534240f7a None None] Ext name="Prevent L3 router ports IP address change extension" alias="l3-port-ip-change-not-allowed" description="Prevent change of IP address for some L3 router ports" updated="2018-10-09T10:00:00-00:00" {{(pid=90812) _check_extension /opt/stack/neutron/neutron/api/extensions.py:415}}
Jul 23 12:53:25.398305 np0000005768 devstack@neutron-api.service[90809]: DEBUG neutron_lib.callbacks.manager [None req-7fc1764e-c0fb-4f7c-8ed7-09a46ab73f36 None None] Subscribe: > segment after_create 55550000, False {{(pid=90809) subscribe /opt/stack/data/venv/lib/python3.12/site-packages/neutron_lib/callbacks/manager.py:52}}
Jul 23 12:53:25.398305 np0000005768 devstack@neutron-api.service[90809]: DEBUG neutron_lib.callbacks.manager [None req-7fc1764e-c0fb-4f7c-8ed7-09a46ab73f36 None None] Subscribe: > segment after_create 55550000, False {{(pid=90809) subscribe /opt/stack/data/venv/lib/python3.12/site-packages/neutron_lib/callbacks/manager.py:52}}
Jul 23 12:53:25.398488 np0000005768 devstack@neutron-api.service[90811]: DEBUG neutron.api.extensions [None req-dea8fac8-0436-4b42-a6c5-86079c7e3198 None None] Ext name="Ingress direction for QoS minimum bandwidth rule" alias="qos-bw-minimum-ingress" description="Allow to configure QoS minumum bandwidth rule with ingress direction." updated="2018-07-09T10:00:00-00:00" {{(pid=90811) _check_extension /opt/stack/neutron/neutron/api/extensions.py:415}}
Jul 23 12:53:25.398789 np0000005768 devstack@neutron-api.service[90809]: DEBUG neutron_lib.callbacks.manager [None req-7fc1764e-c0fb-4f7c-8ed7-09a46ab73f36 None None] Subscribe: > segment after_delete 55550000, False {{(pid=90809) subscribe /opt/stack/data/venv/lib/python3.12/site-packages/neutron_lib/callbacks/manager.py:52}}
Jul 23 12:53:25.398930 np0000005768 devstack@neutron-api.service[90812]: INFO neutron.api.extensions [None req-6e8f44b0-3d6a-4ba4-a7b0-5c0534240f7a None None] Extension l3-port-ip-change-not-allowed not supported by any of loaded plugins
Jul 23 12:53:25.399052 np0000005768 devstack@neutron-api.service[90809]: DEBUG neutron_lib.callbacks.manager [None req-7fc1764e-c0fb-4f7c-8ed7-09a46ab73f36 None None] Subscribe: > allowed_address_pair before_create 55550000, False {{(pid=90809) subscribe /opt/stack/data/venv/lib/python3.12/site-packages/neutron_lib/callbacks/manager.py:52}}
Jul 23 12:53:25.399193 np0000005768 devstack@neutron-api.service[90811]: INFO neutron.api.extensions [None req-dea8fac8-0436-4b42-a6c5-86079c7e3198 None None] Extension qos-bw-minimum-ingress not supported by any of loaded plugins
Jul 23 12:53:25.399334 np0000005768 devstack@neutron-api.service[90812]: DEBUG neutron.api.extensions [None req-6e8f44b0-3d6a-4ba4-a7b0-5c0534240f7a None None] Loading extension file: l3agentscheduler.py {{(pid=90812) _load_all_extensions_from_path /opt/stack/neutron/neutron/api/extensions.py:449}}
Jul 23 12:53:25.399509 np0000005768 devstack@neutron-api.service[90811]: DEBUG neutron.api.extensions [None req-dea8fac8-0436-4b42-a6c5-86079c7e3198 None None] Loading extension file: qos_default.py {{(pid=90811) _load_all_extensions_from_path /opt/stack/neutron/neutron/api/extensions.py:449}}
Jul 23 12:53:25.399659 np0000005768 devstack@neutron-api.service[90809]: DEBUG neutron_lib.callbacks.manager [None req-7fc1764e-c0fb-4f7c-8ed7-09a46ab73f36 None None] Subscribe: > security_group precommit_create 55550000, False {{(pid=90809) subscribe /opt/stack/data/venv/lib/python3.12/site-packages/neutron_lib/callbacks/manager.py:52}}
Jul 23 12:53:25.399659 np0000005768 devstack@neutron-api.service[90809]: DEBUG neutron_lib.callbacks.manager [None req-7fc1764e-c0fb-4f7c-8ed7-09a46ab73f36 None None] Subscribe: > security_group after_update 55550000, False {{(pid=90809) subscribe /opt/stack/data/venv/lib/python3.12/site-packages/neutron_lib/callbacks/manager.py:52}}
Jul 23 12:53:25.399815 np0000005768 devstack@neutron-api.service[90811]: DEBUG neutron.api.extensions [None req-dea8fac8-0436-4b42-a6c5-86079c7e3198 None None] Ext name="QoS default policy" alias="qos-default" description="Expose the QoS default policy per project" updated="2017-041-06T10:00:00-00:00" {{(pid=90811) _check_extension /opt/stack/neutron/neutron/api/extensions.py:415}}
Jul 23 12:53:25.399939 np0000005768 devstack@neutron-api.service[90809]: DEBUG neutron_lib.callbacks.manager [None req-7fc1764e-c0fb-4f7c-8ed7-09a46ab73f36 None None] Subscribe: > security_group after_create 55550000, False {{(pid=90809) subscribe /opt/stack/data/venv/lib/python3.12/site-packages/neutron_lib/callbacks/manager.py:52}}
Jul 23 12:53:25.399939 np0000005768 devstack@neutron-api.service[90809]: DEBUG neutron_lib.callbacks.manager [None req-7fc1764e-c0fb-4f7c-8ed7-09a46ab73f36 None None] Subscribe: > security_group precommit_delete 55550000, False {{(pid=90809) subscribe /opt/stack/data/venv/lib/python3.12/site-packages/neutron_lib/callbacks/manager.py:52}}
Jul 23 12:53:25.400093 np0000005768 devstack@neutron-api.service[90811]: INFO neutron.api.extensions [None req-dea8fac8-0436-4b42-a6c5-86079c7e3198 None None] Extension qos-default not supported by any of loaded plugins
Jul 23 12:53:25.400221 np0000005768 devstack@neutron-api.service[90809]: DEBUG neutron_lib.callbacks.manager [None req-7fc1764e-c0fb-4f7c-8ed7-09a46ab73f36 None None] Subscribe: > security_group after_delete 55550000, False {{(pid=90809) subscribe /opt/stack/data/venv/lib/python3.12/site-packages/neutron_lib/callbacks/manager.py:52}}
Jul 23 12:53:25.400358 np0000005768 devstack@neutron-api.service[90811]: DEBUG neutron.api.extensions [None req-dea8fac8-0436-4b42-a6c5-86079c7e3198 None None] Loading extension file: qos_fip.py {{(pid=90811) _load_all_extensions_from_path /opt/stack/neutron/neutron/api/extensions.py:449}}
Jul 23 12:53:25.401037 np0000005768 devstack@neutron-api.service[90809]: DEBUG neutron_lib.callbacks.manager [None req-7fc1764e-c0fb-4f7c-8ed7-09a46ab73f36 None None] Subscribe: > security_group_rule precommit_create 55550000, False {{(pid=90809) subscribe /opt/stack/data/venv/lib/python3.12/site-packages/neutron_lib/callbacks/manager.py:52}}
Jul 23 12:53:25.401037 np0000005768 devstack@neutron-api.service[90809]: DEBUG neutron_lib.callbacks.manager [None req-7fc1764e-c0fb-4f7c-8ed7-09a46ab73f36 None None] Subscribe: > security_group_rule after_create 55550000, False {{(pid=90809) subscribe /opt/stack/data/venv/lib/python3.12/site-packages/neutron_lib/callbacks/manager.py:52}}
Jul 23 12:53:25.401437 np0000005768 devstack@neutron-api.service[90811]: DEBUG neutron.api.extensions [None req-dea8fac8-0436-4b42-a6c5-86079c7e3198 None None] Ext name="Floating IP QoS" alias="qos-fip" description="The floating IP Quality of Service extension" updated="2017-07-20T00:00:00-00:00" {{(pid=90811) _check_extension /opt/stack/neutron/neutron/api/extensions.py:415}}
Jul 23 12:53:25.401874 np0000005768 devstack@neutron-api.service[90809]: DEBUG neutron_lib.callbacks.manager [None req-7fc1764e-c0fb-4f7c-8ed7-09a46ab73f36 None None] Subscribe: > security_group_rule before_delete 55550000, False {{(pid=90809) subscribe /opt/stack/data/venv/lib/python3.12/site-packages/neutron_lib/callbacks/manager.py:52}}
Jul 23 12:53:25.402261 np0000005768 devstack@neutron-api.service[90812]: DEBUG neutron.api.extensions [None req-6e8f44b0-3d6a-4ba4-a7b0-5c0534240f7a None None] Ext name="L3 Agent Scheduler" alias="l3_agent_scheduler" description="Schedule routers among l3 agents" updated="2013-02-07T10:00:00-00:00" {{(pid=90812) _check_extension /opt/stack/neutron/neutron/api/extensions.py:415}}
Jul 23 12:53:25.402696 np0000005768 devstack@neutron-api.service[90809]: DEBUG neutron_lib.callbacks.manager [None req-7fc1764e-c0fb-4f7c-8ed7-09a46ab73f36 None None] Subscribe: > address_group after_create 55550000, False {{(pid=90809) subscribe /opt/stack/data/venv/lib/python3.12/site-packages/neutron_lib/callbacks/manager.py:52}}
Jul 23 12:53:25.403064 np0000005768 devstack@neutron-api.service[90811]: INFO neutron.api.extensions [None req-dea8fac8-0436-4b42-a6c5-86079c7e3198 None None] Extension qos-fip not supported by any of loaded plugins
Jul 23 12:53:25.403341 np0000005768 devstack@neutron-api.service[90809]: DEBUG neutron_lib.callbacks.manager [None req-7fc1764e-c0fb-4f7c-8ed7-09a46ab73f36 None None] Subscribe: > address_group after_update 55550000, False {{(pid=90809) subscribe /opt/stack/data/venv/lib/python3.12/site-packages/neutron_lib/callbacks/manager.py:52}}
Jul 23 12:53:25.403634 np0000005768 devstack@neutron-api.service[90811]: DEBUG neutron.api.extensions [None req-dea8fac8-0436-4b42-a6c5-86079c7e3198 None None] Loading extension file: qos_fip_network_policy.py {{(pid=90811) _load_all_extensions_from_path /opt/stack/neutron/neutron/api/extensions.py:449}}
Jul 23 12:53:25.403744 np0000005768 devstack@neutron-api.service[90812]: INFO neutron.api.extensions [None req-6e8f44b0-3d6a-4ba4-a7b0-5c0534240f7a None None] Loaded extension: l3_agent_scheduler
Jul 23 12:53:25.404079 np0000005768 devstack@neutron-api.service[90809]: DEBUG neutron_lib.callbacks.manager [None req-7fc1764e-c0fb-4f7c-8ed7-09a46ab73f36 None None] Subscribe: > address_group after_delete 55550000, False {{(pid=90809) subscribe /opt/stack/data/venv/lib/python3.12/site-packages/neutron_lib/callbacks/manager.py:52}}
Jul 23 12:53:25.404205 np0000005768 devstack@neutron-api.service[90812]: DEBUG neutron.api.extensions [None req-6e8f44b0-3d6a-4ba4-a7b0-5c0534240f7a None None] Loading extension file: local_ip.py {{(pid=90812) _load_all_extensions_from_path /opt/stack/neutron/neutron/api/extensions.py:449}}
Jul 23 12:53:25.404299 np0000005768 devstack@neutron-api.service[90811]: DEBUG neutron.api.extensions [None req-dea8fac8-0436-4b42-a6c5-86079c7e3198 None None] Ext name="QoS floating IP network policy ID" alias="qos-fip-network-policy" description="Adds a the QoS network ID to the floating IP definition" updated="2021-11-15T10:00:00-00:00" {{(pid=90811) _check_extension /opt/stack/neutron/neutron/api/extensions.py:415}}
Jul 23 12:53:25.404415 np0000005768 devstack@neutron-api.service[90809]: DEBUG neutron_lib.callbacks.manager [None req-7fc1764e-c0fb-4f7c-8ed7-09a46ab73f36 None None] Subscribe: > qos_plugin after_init 55550000, False {{(pid=90809) subscribe /opt/stack/data/venv/lib/python3.12/site-packages/neutron_lib/callbacks/manager.py:52}}
Jul 23 12:53:25.404542 np0000005768 devstack@neutron-api.service[90811]: INFO neutron.api.extensions [None req-dea8fac8-0436-4b42-a6c5-86079c7e3198 None None] Extension qos-fip-network-policy not supported by any of loaded plugins
Jul 23 12:53:25.404542 np0000005768 devstack@neutron-api.service[90811]: DEBUG neutron.api.extensions [None req-dea8fac8-0436-4b42-a6c5-86079c7e3198 None None] Loading extension file: qos_gateway_ip.py {{(pid=90811) _load_all_extensions_from_path /opt/stack/neutron/neutron/api/extensions.py:449}}
Jul 23 12:53:25.404678 np0000005768 devstack@neutron-api.service[90809]: DEBUG neutron_lib.callbacks.manager [None req-7fc1764e-c0fb-4f7c-8ed7-09a46ab73f36 None None] Subscribe: > trunk_plugin after_init 55550000, False {{(pid=90809) subscribe /opt/stack/data/venv/lib/python3.12/site-packages/neutron_lib/callbacks/manager.py:52}}
Jul 23 12:53:25.404753 np0000005768 devstack@neutron-api.service[90812]: DEBUG neutron.api.extensions [None req-6e8f44b0-3d6a-4ba4-a7b0-5c0534240f7a None None] Ext name="Local IP" alias="local_ip" description="Support Node Local Virtual IP" updated="2021-07-26T10:00:00-00:00" {{(pid=90812) _check_extension /opt/stack/neutron/neutron/api/extensions.py:415}}
Jul 23 12:53:25.404863 np0000005768 devstack@neutron-api.service[90811]: DEBUG neutron.api.extensions [None req-dea8fac8-0436-4b42-a6c5-86079c7e3198 None None] Ext name="Router gateway IP QoS" alias="qos-gateway-ip" description="The Router gateway IP Quality of Service extension" updated="2018-02-24T00:00:00-00:00" {{(pid=90811) _check_extension /opt/stack/neutron/neutron/api/extensions.py:415}}
Jul 23 12:53:25.404944 np0000005768 devstack@neutron-api.service[90812]: INFO neutron.api.extensions [None req-6e8f44b0-3d6a-4ba4-a7b0-5c0534240f7a None None] Extension local_ip not supported by any of loaded plugins
Jul 23 12:53:25.405017 np0000005768 devstack@neutron-api.service[90809]: DEBUG neutron_lib.callbacks.manager [None req-7fc1764e-c0fb-4f7c-8ed7-09a46ab73f36 None None] Subscribe: > logging-plugin after_init 55550000, False {{(pid=90809) subscribe /opt/stack/data/venv/lib/python3.12/site-packages/neutron_lib/callbacks/manager.py:52}}
Jul 23 12:53:25.405119 np0000005768 devstack@neutron-api.service[90812]: DEBUG neutron.api.extensions [None req-6e8f44b0-3d6a-4ba4-a7b0-5c0534240f7a None None] Loading extension file: logging.py {{(pid=90812) _load_all_extensions_from_path /opt/stack/neutron/neutron/api/extensions.py:449}}
Jul 23 12:53:25.405276 np0000005768 devstack@neutron-api.service[90811]: INFO neutron.api.extensions [None req-dea8fac8-0436-4b42-a6c5-86079c7e3198 None None] Extension qos-gateway-ip not supported by any of loaded plugins
Jul 23 12:53:25.405276 np0000005768 devstack@neutron-api.service[90811]: DEBUG neutron.api.extensions [None req-dea8fac8-0436-4b42-a6c5-86079c7e3198 None None] Loading extension file: qos_port_network_policy.py {{(pid=90811) _load_all_extensions_from_path /opt/stack/neutron/neutron/api/extensions.py:449}}
Jul 23 12:53:25.405276 np0000005768 devstack@neutron-api.service[90811]: DEBUG neutron.api.extensions [None req-dea8fac8-0436-4b42-a6c5-86079c7e3198 None None] Ext name="QoS port network policy ID" alias="qos-port-network-policy" description="Adds a the QoS network ID to the port definition" updated="2019-11-01T10:00:00-00:00" {{(pid=90811) _check_extension /opt/stack/neutron/neutron/api/extensions.py:415}}
Jul 23 12:53:25.405471 np0000005768 devstack@neutron-api.service[90812]: DEBUG neutron.api.extensions [None req-6e8f44b0-3d6a-4ba4-a7b0-5c0534240f7a None None] Ext name="Logging API Extension" alias="logging" description="Provides a logging API for resources such as security group and firewall." updated="2017-01-01T10:00:00-00:00" {{(pid=90812) _check_extension /opt/stack/neutron/neutron/api/extensions.py:415}}
Jul 23 12:53:25.405643 np0000005768 devstack@neutron-api.service[90811]: INFO neutron.api.extensions [None req-dea8fac8-0436-4b42-a6c5-86079c7e3198 None None] Extension qos-port-network-policy not supported by any of loaded plugins
Jul 23 12:53:25.405814 np0000005768 devstack@neutron-api.service[90809]: INFO neutron.services.logapi.drivers.ovn.driver [None req-7fc1764e-c0fb-4f7c-8ed7-09a46ab73f36 None None] OVN logging driver registered
Jul 23 12:53:25.405964 np0000005768 devstack@neutron-api.service[90812]: INFO neutron.api.extensions [None req-6e8f44b0-3d6a-4ba4-a7b0-5c0534240f7a None None] Extension logging not supported by any of loaded plugins
Jul 23 12:53:25.406073 np0000005768 devstack@neutron-api.service[90811]: DEBUG neutron.api.extensions [None req-dea8fac8-0436-4b42-a6c5-86079c7e3198 None None] Loading extension file: qos_pps_minimum_rule.py {{(pid=90811) _load_all_extensions_from_path /opt/stack/neutron/neutron/api/extensions.py:449}}
Jul 23 12:53:25.406179 np0000005768 devstack@neutron-api.service[90809]: DEBUG neutron_lib.callbacks.manager [None req-7fc1764e-c0fb-4f7c-8ed7-09a46ab73f36 None None] Subscribe: ._register_pvlan_driver at 0x7944b480c860> pvlan_plugin before_spawn 55550000, False {{(pid=90809) subscribe /opt/stack/data/venv/lib/python3.12/site-packages/neutron_lib/callbacks/manager.py:52}}
Jul 23 12:53:25.406291 np0000005768 devstack@neutron-api.service[90812]: DEBUG neutron.api.extensions [None req-6e8f44b0-3d6a-4ba4-a7b0-5c0534240f7a None None] Loading extension file: metering.py {{(pid=90812) _load_all_extensions_from_path /opt/stack/neutron/neutron/api/extensions.py:449}}
Jul 23 12:53:25.406389 np0000005768 devstack@neutron-api.service[90809]: DEBUG neutron_lib.callbacks.manager [None req-7fc1764e-c0fb-4f7c-8ed7-09a46ab73f36 None None] Subscribe: process after_init 55550000, False {{(pid=90809) subscribe /opt/stack/data/venv/lib/python3.12/site-packages/neutron_lib/callbacks/manager.py:52}}
Jul 23 12:53:25.406504 np0000005768 devstack@neutron-api.service[90811]: DEBUG neutron.api.extensions [None req-dea8fac8-0436-4b42-a6c5-86079c7e3198 None None] Ext name="QoS minimum packet rate rule" alias="qos-pps-minimum" description="Allow to configure QoS minimum packet rate rule." updated="2021-07-14T10:00:00-00:00" {{(pid=90811) _check_extension /opt/stack/neutron/neutron/api/extensions.py:415}}
Jul 23 12:53:25.406504 np0000005768 devstack@neutron-api.service[90811]: INFO neutron.api.extensions [None req-dea8fac8-0436-4b42-a6c5-86079c7e3198 None None] Extension qos-pps-minimum not supported by any of loaded plugins
Jul 23 12:53:25.406665 np0000005768 devstack@neutron-api.service[90812]: DEBUG neutron.api.extensions [None req-6e8f44b0-3d6a-4ba4-a7b0-5c0534240f7a None None] Ext name="Neutron Metering" alias="metering" description="Neutron Metering extension." updated="2013-06-12T10:00:00-00:00" {{(pid=90812) _check_extension /opt/stack/neutron/neutron/api/extensions.py:415}}
Jul 23 12:53:25.406746 np0000005768 devstack@neutron-api.service[90811]: DEBUG neutron.api.extensions [None req-dea8fac8-0436-4b42-a6c5-86079c7e3198 None None] Loading extension file: qos_pps_minimum_rule_alias.py {{(pid=90811) _load_all_extensions_from_path /opt/stack/neutron/neutron/api/extensions.py:449}}
Jul 23 12:53:25.406869 np0000005768 devstack@neutron-api.service[90812]: INFO neutron.api.extensions [None req-6e8f44b0-3d6a-4ba4-a7b0-5c0534240f7a None None] Extension metering not supported by any of loaded plugins
Jul 23 12:53:25.406869 np0000005768 devstack@neutron-api.service[90812]: DEBUG neutron.api.extensions [None req-6e8f44b0-3d6a-4ba4-a7b0-5c0534240f7a None None] Loading extension file: metering_source_and_destination_fields.py {{(pid=90812) _load_all_extensions_from_path /opt/stack/neutron/neutron/api/extensions.py:449}}
Jul 23 12:53:25.406973 np0000005768 devstack@neutron-api.service[90811]: DEBUG neutron.api.extensions [None req-dea8fac8-0436-4b42-a6c5-86079c7e3198 None None] Ext name="QoS minimum packet rate rule alias" alias="qos-pps-minimum-rule-alias" description="API to enable GET, PUT and DELETE operations on QoS minimum packet rate rule without specifying policy ID" updated="2021-10-22T10:00:00-00:00" {{(pid=90811) _check_extension /opt/stack/neutron/neutron/api/extensions.py:415}}
Jul 23 12:53:25.406973 np0000005768 devstack@neutron-api.service[90811]: INFO neutron.api.extensions [None req-dea8fac8-0436-4b42-a6c5-86079c7e3198 None None] Extension qos-pps-minimum-rule-alias not supported by any of loaded plugins
Jul 23 12:53:25.407080 np0000005768 devstack@neutron-api.service[90812]: DEBUG neutron.api.extensions [None req-6e8f44b0-3d6a-4ba4-a7b0-5c0534240f7a None None] Ext name="Neutron Metering with source and destination filtering" alias="metering_source_and_destination_fields" description="Neutron Metering extension that enables the use of source and destination IP prefixes to create metering label rules." updated="2020-08-21T08:12:00-00:00" {{(pid=90812) _check_extension /opt/stack/neutron/neutron/api/extensions.py:415}}
Jul 23 12:53:25.407157 np0000005768 devstack@neutron-api.service[90811]: DEBUG neutron.api.extensions [None req-dea8fac8-0436-4b42-a6c5-86079c7e3198 None None] Loading extension file: qos_pps_rule.py {{(pid=90811) _load_all_extensions_from_path /opt/stack/neutron/neutron/api/extensions.py:449}}
Jul 23 12:53:25.407231 np0000005768 devstack@neutron-api.service[90812]: INFO neutron.api.extensions [None req-6e8f44b0-3d6a-4ba4-a7b0-5c0534240f7a None None] Extension metering_source_and_destination_fields not supported by any of loaded plugins
Jul 23 12:53:25.407231 np0000005768 devstack@neutron-api.service[90812]: DEBUG neutron.api.extensions [None req-6e8f44b0-3d6a-4ba4-a7b0-5c0534240f7a None None] Loading extension file: multiprovidernet.py {{(pid=90812) _load_all_extensions_from_path /opt/stack/neutron/neutron/api/extensions.py:449}}
Jul 23 12:53:25.407352 np0000005768 devstack@neutron-api.service[90811]: DEBUG neutron.api.extensions [None req-dea8fac8-0436-4b42-a6c5-86079c7e3198 None None] Ext name="QoS Rule Type Packet per Second Extension" alias="qos-pps" description="Add QoS Rule Type Packet per Second" updated="2021-05-12T10:00:00-00:00" {{(pid=90811) _check_extension /opt/stack/neutron/neutron/api/extensions.py:415}}
Jul 23 12:53:25.407352 np0000005768 devstack@neutron-api.service[90811]: INFO neutron.api.extensions [None req-dea8fac8-0436-4b42-a6c5-86079c7e3198 None None] Extension qos-pps not supported by any of loaded plugins
Jul 23 12:53:25.407522 np0000005768 devstack@neutron-api.service[90812]: DEBUG neutron.api.extensions [None req-6e8f44b0-3d6a-4ba4-a7b0-5c0534240f7a None None] Ext name="Multi Provider Network" alias="multi-provider" description="Expose mapping of virtual networks to multiple physical networks" updated="2013-06-27T10:00:00-00:00" {{(pid=90812) _check_extension /opt/stack/neutron/neutron/api/extensions.py:415}}
Jul 23 12:53:25.407681 np0000005768 devstack@neutron-api.service[90811]: DEBUG neutron.api.extensions [None req-dea8fac8-0436-4b42-a6c5-86079c7e3198 None None] Loading extension file: qos_rule_type_details.py {{(pid=90811) _load_all_extensions_from_path /opt/stack/neutron/neutron/api/extensions.py:449}}
Jul 23 12:53:25.407760 np0000005768 devstack@neutron-api.service[90812]: INFO neutron.api.extensions [None req-6e8f44b0-3d6a-4ba4-a7b0-5c0534240f7a None None] Loaded extension: multi-provider
Jul 23 12:53:25.407836 np0000005768 devstack@neutron-api.service[90811]: DEBUG neutron.api.extensions [None req-dea8fac8-0436-4b42-a6c5-86079c7e3198 None None] Ext name="Details of QoS rule types" alias="qos-rule-type-details" description="Expose details about QoS rule types supported by loaded backend drivers" updated="2017-06-22T10:00:00-00:00" {{(pid=90811) _check_extension /opt/stack/neutron/neutron/api/extensions.py:415}}
Jul 23 12:53:25.407911 np0000005768 devstack@neutron-api.service[90812]: DEBUG neutron.api.extensions [None req-6e8f44b0-3d6a-4ba4-a7b0-5c0534240f7a None None] Loading extension file: netmtu.py {{(pid=90812) _load_all_extensions_from_path /opt/stack/neutron/neutron/api/extensions.py:449}}
Jul 23 12:53:25.407987 np0000005768 devstack@neutron-api.service[90811]: INFO neutron.api.extensions [None req-dea8fac8-0436-4b42-a6c5-86079c7e3198 None None] Extension qos-rule-type-details not supported by any of loaded plugins
Jul 23 12:53:25.407987 np0000005768 devstack@neutron-api.service[90811]: DEBUG neutron.api.extensions [None req-dea8fac8-0436-4b42-a6c5-86079c7e3198 None None] Loading extension file: qos_rule_type_filter.py {{(pid=90811) _load_all_extensions_from_path /opt/stack/neutron/neutron/api/extensions.py:449}}
Jul 23 12:53:25.408098 np0000005768 devstack@neutron-api.service[90809]: DEBUG neutron.plugins.ml2.plugin [None req-7fc1764e-c0fb-4f7c-8ed7-09a46ab73f36 None None] neutron.plugins.ml2.plugin.Ml2Plugin method _start_rpc_notifiers called with arguments () {} {{(pid=90809) wrapper /opt/stack/data/venv/lib/python3.12/site-packages/oslo_log/helpers.py:77}}
Jul 23 12:53:25.408209 np0000005768 devstack@neutron-api.service[90812]: DEBUG neutron.api.extensions [None req-6e8f44b0-3d6a-4ba4-a7b0-5c0534240f7a None None] Ext name="Network MTU" alias="net-mtu" description="Provides MTU attribute for a network resource." updated="2015-03-25T10:00:00-00:00" {{(pid=90812) _check_extension /opt/stack/neutron/neutron/api/extensions.py:415}}
Jul 23 12:53:25.408209 np0000005768 devstack@neutron-api.service[90812]: INFO neutron.api.extensions [None req-6e8f44b0-3d6a-4ba4-a7b0-5c0534240f7a None None] Loaded extension: net-mtu
Jul 23 12:53:25.408303 np0000005768 devstack@neutron-api.service[90811]: DEBUG neutron.api.extensions [None req-dea8fac8-0436-4b42-a6c5-86079c7e3198 None None] Ext name="Allow to filter the list of QoS rule types" alias="qos-rule-type-filter" description="Allows to filter the QoS rule type list adding two new flags. "all_rules" prints all implemented QoS rule types."all_supported" prints all supported QoS rule types by the loaded mechanism drivers" updated="2022-02-02T10:00:00-00:00" {{(pid=90811) _check_extension /opt/stack/neutron/neutron/api/extensions.py:415}}
Jul 23 12:53:25.408422 np0000005768 devstack@neutron-api.service[90812]: DEBUG neutron.api.extensions [None req-6e8f44b0-3d6a-4ba4-a7b0-5c0534240f7a None None] Loading extension file: netmtu_writable.py {{(pid=90812) _load_all_extensions_from_path /opt/stack/neutron/neutron/api/extensions.py:449}}
Jul 23 12:53:25.408525 np0000005768 devstack@neutron-api.service[90809]: DEBUG neutron_lib.callbacks.manager [None req-7fc1764e-c0fb-4f7c-8ed7-09a46ab73f36 None None] Subscribe: > port after_create 55550000, False {{(pid=90809) subscribe /opt/stack/data/venv/lib/python3.12/site-packages/neutron_lib/callbacks/manager.py:52}}
Jul 23 12:53:25.408607 np0000005768 devstack@neutron-api.service[90811]: INFO neutron.api.extensions [None req-dea8fac8-0436-4b42-a6c5-86079c7e3198 None None] Extension qos-rule-type-filter not supported by any of loaded plugins
Jul 23 12:53:25.408713 np0000005768 devstack@neutron-api.service[90809]: DEBUG neutron_lib.callbacks.manager [None req-7fc1764e-c0fb-4f7c-8ed7-09a46ab73f36 None None] Subscribe: > port after_update 55550000, False {{(pid=90809) subscribe /opt/stack/data/venv/lib/python3.12/site-packages/neutron_lib/callbacks/manager.py:52}}
Jul 23 12:53:25.408824 np0000005768 devstack@neutron-api.service[90811]: DEBUG neutron.api.extensions [None req-dea8fac8-0436-4b42-a6c5-86079c7e3198 None None] Loading extension file: qos_rules_alias.py {{(pid=90811) _load_all_extensions_from_path /opt/stack/neutron/neutron/api/extensions.py:449}}
Jul 23 12:53:25.408924 np0000005768 devstack@neutron-api.service[90812]: DEBUG neutron.api.extensions [None req-6e8f44b0-3d6a-4ba4-a7b0-5c0534240f7a None None] Ext name="Network MTU (writable)" alias="net-mtu-writable" description="Provides a writable MTU attribute for a network resource." updated="2017-07-12T00:00:00-00:00" {{(pid=90812) _check_extension /opt/stack/neutron/neutron/api/extensions.py:415}}
Jul 23 12:53:25.409012 np0000005768 devstack@neutron-api.service[90809]: DEBUG neutron_lib.callbacks.manager [None req-7fc1764e-c0fb-4f7c-8ed7-09a46ab73f36 None None] Subscribe: > port after_delete 55550000, False {{(pid=90809) subscribe /opt/stack/data/venv/lib/python3.12/site-packages/neutron_lib/callbacks/manager.py:52}}
Jul 23 12:53:25.409012 np0000005768 devstack@neutron-api.service[90809]: DEBUG neutron_lib.callbacks.manager [None req-7fc1764e-c0fb-4f7c-8ed7-09a46ab73f36 None None] Subscribe: > subnet after_create 55550000, False {{(pid=90809) subscribe /opt/stack/data/venv/lib/python3.12/site-packages/neutron_lib/callbacks/manager.py:52}}
Jul 23 12:53:25.409114 np0000005768 devstack@neutron-api.service[90812]: INFO neutron.api.extensions [None req-6e8f44b0-3d6a-4ba4-a7b0-5c0534240f7a None None] Loaded extension: net-mtu-writable
Jul 23 12:53:25.409236 np0000005768 devstack@neutron-api.service[90811]: DEBUG neutron.api.extensions [None req-dea8fac8-0436-4b42-a6c5-86079c7e3198 None None] Ext name="Quality of Service rules alias API" alias="qos-rules-alias" description="API to enable GET, PUT and DELETE operations on QoS policy rules without specifying policy ID" updated="2018-10-07T10:00:00-00:00" {{(pid=90811) _check_extension /opt/stack/neutron/neutron/api/extensions.py:415}}
Jul 23 12:53:25.409326 np0000005768 devstack@neutron-api.service[90809]: DEBUG neutron_lib.callbacks.manager [None req-7fc1764e-c0fb-4f7c-8ed7-09a46ab73f36 None None] Subscribe: > subnet after_update 55550000, False {{(pid=90809) subscribe /opt/stack/data/venv/lib/python3.12/site-packages/neutron_lib/callbacks/manager.py:52}}
Jul 23 12:53:25.409418 np0000005768 devstack@neutron-api.service[90812]: DEBUG neutron.api.extensions [None req-6e8f44b0-3d6a-4ba4-a7b0-5c0534240f7a None None] Loading extension file: network_availability_zone.py {{(pid=90812) _load_all_extensions_from_path /opt/stack/neutron/neutron/api/extensions.py:449}}
Jul 23 12:53:25.409560 np0000005768 devstack@neutron-api.service[90809]: DEBUG neutron_lib.callbacks.manager [None req-7fc1764e-c0fb-4f7c-8ed7-09a46ab73f36 None None] Subscribe: > subnet after_delete 55550000, False {{(pid=90809) subscribe /opt/stack/data/venv/lib/python3.12/site-packages/neutron_lib/callbacks/manager.py:52}}
Jul 23 12:53:25.409675 np0000005768 devstack@neutron-api.service[90811]: INFO neutron.api.extensions [None req-dea8fac8-0436-4b42-a6c5-86079c7e3198 None None] Extension qos-rules-alias not supported by any of loaded plugins
Jul 23 12:53:25.409757 np0000005768 devstack@neutron-api.service[90809]: DEBUG neutron_lib.callbacks.manager [None req-7fc1764e-c0fb-4f7c-8ed7-09a46ab73f36 None None] Subscribe: > network after_create 55550000, False {{(pid=90809) subscribe /opt/stack/data/venv/lib/python3.12/site-packages/neutron_lib/callbacks/manager.py:52}}
Jul 23 12:53:25.409866 np0000005768 devstack@neutron-api.service[90811]: DEBUG neutron.api.extensions [None req-dea8fac8-0436-4b42-a6c5-86079c7e3198 None None] Loading extension file: quota_check_limit.py {{(pid=90811) _load_all_extensions_from_path /opt/stack/neutron/neutron/api/extensions.py:449}}
Jul 23 12:53:25.409986 np0000005768 devstack@neutron-api.service[90809]: DEBUG neutron_lib.callbacks.manager [None req-7fc1764e-c0fb-4f7c-8ed7-09a46ab73f36 None None] Subscribe: > network after_update 55550000, False {{(pid=90809) subscribe /opt/stack/data/venv/lib/python3.12/site-packages/neutron_lib/callbacks/manager.py:52}}
Jul 23 12:53:25.410179 np0000005768 devstack@neutron-api.service[90812]: DEBUG neutron.api.extensions [None req-6e8f44b0-3d6a-4ba4-a7b0-5c0534240f7a None None] Ext name="Network Availability Zone" alias="network_availability_zone" description="Availability zone support for network." updated="2015-01-01T10:00:00-00:00" {{(pid=90812) _check_extension /opt/stack/neutron/neutron/api/extensions.py:415}}
Jul 23 12:53:25.410328 np0000005768 devstack@neutron-api.service[90809]: DEBUG neutron_lib.callbacks.manager [None req-7fc1764e-c0fb-4f7c-8ed7-09a46ab73f36 None None] Subscribe: > network after_delete 55550000, False {{(pid=90809) subscribe /opt/stack/data/venv/lib/python3.12/site-packages/neutron_lib/callbacks/manager.py:52}}
Jul 23 12:53:25.410492 np0000005768 devstack@neutron-api.service[90811]: DEBUG neutron.api.extensions [None req-dea8fac8-0436-4b42-a6c5-86079c7e3198 None None] Ext name="Quota engine limit check" alias="quota-check-limit" description="Support for checking the resource usage before applying a new quota limit" updated="2021-09-08T16:00:00-00:00" {{(pid=90811) _check_extension /opt/stack/neutron/neutron/api/extensions.py:415}}
Jul 23 12:53:25.410634 np0000005768 devstack@neutron-api.service[90812]: INFO neutron.api.extensions [None req-6e8f44b0-3d6a-4ba4-a7b0-5c0534240f7a None None] Loaded extension: network_availability_zone
Jul 23 12:53:25.410723 np0000005768 devstack@neutron-api.service[90809]: DEBUG neutron_lib.callbacks.manager [None req-7fc1764e-c0fb-4f7c-8ed7-09a46ab73f36 None None] Subscribe: > security_group after_create 55550000, False {{(pid=90809) subscribe /opt/stack/data/venv/lib/python3.12/site-packages/neutron_lib/callbacks/manager.py:52}}
Jul 23 12:53:25.410795 np0000005768 devstack@neutron-api.service[90812]: DEBUG neutron.api.extensions [None req-6e8f44b0-3d6a-4ba4-a7b0-5c0534240f7a None None] Loading extension file: network_ha.py {{(pid=90812) _load_all_extensions_from_path /opt/stack/neutron/neutron/api/extensions.py:449}}
Jul 23 12:53:25.410881 np0000005768 devstack@neutron-api.service[90809]: DEBUG neutron_lib.callbacks.manager [None req-7fc1764e-c0fb-4f7c-8ed7-09a46ab73f36 None None] Subscribe: > security_group after_update 55550000, False {{(pid=90809) subscribe /opt/stack/data/venv/lib/python3.12/site-packages/neutron_lib/callbacks/manager.py:52}}
Jul 23 12:53:25.410979 np0000005768 devstack@neutron-api.service[90811]: INFO neutron.api.extensions [None req-dea8fac8-0436-4b42-a6c5-86079c7e3198 None None] Loaded extension: quota-check-limit
Jul 23 12:53:25.411058 np0000005768 devstack@neutron-api.service[90809]: DEBUG neutron_lib.callbacks.manager [None req-7fc1764e-c0fb-4f7c-8ed7-09a46ab73f36 None None] Subscribe: > security_group after_delete 55550000, False {{(pid=90809) subscribe /opt/stack/data/venv/lib/python3.12/site-packages/neutron_lib/callbacks/manager.py:52}}
