Jul 23 12:53:25.422927 np0000005768 devstack@neutron-api.service[90811]: DEBUG neutron.api.extensions [None req-dea8fac8-0436-4b42-a6c5-86079c7e3198 None None] Loading extension file: segment.py {{(pid=90811) _load_all_extensions_from_path /opt/stack/neutron/neutron/api/extensions.py:449}}
Jul 23 12:53:25.423039 np0000005768 devstack@neutron-api.service[90812]: INFO neutron.api.extensions [None req-6e8f44b0-3d6a-4ba4-a7b0-5c0534240f7a None None] Extension qos-fip-network-policy not supported by any of loaded plugins
Jul 23 12:53:25.423039 np0000005768 devstack@neutron-api.service[90812]: DEBUG neutron.api.extensions [None req-6e8f44b0-3d6a-4ba4-a7b0-5c0534240f7a None None] Loading extension file: qos_gateway_ip.py {{(pid=90812) _load_all_extensions_from_path /opt/stack/neutron/neutron/api/extensions.py:449}}
Jul 23 12:53:25.423126 np0000005768 devstack@neutron-api.service[90811]: DEBUG neutron.api.extensions [None req-dea8fac8-0436-4b42-a6c5-86079c7e3198 None None] Ext name="Segment" alias="segment" description="Segments extension." updated="2016-02-24T17:00:00-00:00" {{(pid=90811) _check_extension /opt/stack/neutron/neutron/api/extensions.py:415}}
Jul 23 12:53:25.423297 np0000005768 devstack@neutron-api.service[90812]: DEBUG neutron.api.extensions [None req-6e8f44b0-3d6a-4ba4-a7b0-5c0534240f7a None None] Ext name="Router gateway IP QoS" alias="qos-gateway-ip" description="The Router gateway IP Quality of Service extension" updated="2018-02-24T00:00:00-00:00" {{(pid=90812) _check_extension /opt/stack/neutron/neutron/api/extensions.py:415}}
Jul 23 12:53:25.423402 np0000005768 devstack@neutron-api.service[90811]: INFO neutron.api.extensions [None req-dea8fac8-0436-4b42-a6c5-86079c7e3198 None None] Extension segment not supported by any of loaded plugins
Jul 23 12:53:25.423402 np0000005768 devstack@neutron-api.service[90811]: DEBUG neutron.api.extensions [None req-dea8fac8-0436-4b42-a6c5-86079c7e3198 None None] Loading extension file: segments_peer_subnet_host_routes.py {{(pid=90811) _load_all_extensions_from_path /opt/stack/neutron/neutron/api/extensions.py:449}}
Jul 23 12:53:25.423732 np0000005768 devstack@neutron-api.service[90812]: INFO neutron.api.extensions [None req-6e8f44b0-3d6a-4ba4-a7b0-5c0534240f7a None None] Extension qos-gateway-ip not supported by any of loaded plugins
Jul 23 12:53:25.423943 np0000005768 devstack@neutron-api.service[90809]: DEBUG neutron_lib.callbacks.manager [None req-7fc1764e-c0fb-4f7c-8ed7-09a46ab73f36 None None] Subscribe: > router before_delete 55550000, False {{(pid=90809) subscribe /opt/stack/data/venv/lib/python3.12/site-packages/neutron_lib/callbacks/manager.py:52}}
Jul 23 12:53:25.424172 np0000005768 devstack@neutron-api.service[90812]: DEBUG neutron.api.extensions [None req-6e8f44b0-3d6a-4ba4-a7b0-5c0534240f7a None None] Loading extension file: qos_port_network_policy.py {{(pid=90812) _load_all_extensions_from_path /opt/stack/neutron/neutron/api/extensions.py:449}}
Jul 23 12:53:25.424280 np0000005768 devstack@neutron-api.service[90811]: DEBUG neutron.api.extensions [None req-dea8fac8-0436-4b42-a6c5-86079c7e3198 None None] Ext name="Segments peer-subnet host routes" alias="segments-peer-subnet-host-routes" description="Add host routes to subnets on a routed network (segments)" updated="2018-06-12T10:00:00-00:00" {{(pid=90811) _check_extension /opt/stack/neutron/neutron/api/extensions.py:415}}
Jul 23 12:53:25.424396 np0000005768 devstack@neutron-api.service[90809]: DEBUG neutron_lib.callbacks.manager [None req-7fc1764e-c0fb-4f7c-8ed7-09a46ab73f36 None None] Subscribe: port before_update 55550000, False {{(pid=90809) subscribe /opt/stack/data/venv/lib/python3.12/site-packages/neutron_lib/callbacks/manager.py:52}}
Jul 23 12:53:25.424502 np0000005768 devstack@neutron-api.service[90812]: DEBUG neutron.api.extensions [None req-6e8f44b0-3d6a-4ba4-a7b0-5c0534240f7a None None] Ext name="QoS port network policy ID" alias="qos-port-network-policy" description="Adds a the QoS network ID to the port definition" updated="2019-11-01T10:00:00-00:00" {{(pid=90812) _check_extension /opt/stack/neutron/neutron/api/extensions.py:415}}
Jul 23 12:53:25.424789 np0000005768 devstack@neutron-api.service[90809]: DEBUG neutron_lib.callbacks.manager [None req-7fc1764e-c0fb-4f7c-8ed7-09a46ab73f36 None None] Subscribe: port after_update 55550000, False {{(pid=90809) subscribe /opt/stack/data/venv/lib/python3.12/site-packages/neutron_lib/callbacks/manager.py:52}}
Jul 23 12:53:25.425322 np0000005768 devstack@neutron-api.service[90811]: INFO neutron.api.extensions [None req-dea8fac8-0436-4b42-a6c5-86079c7e3198 None None] Extension segments-peer-subnet-host-routes not supported by any of loaded plugins
Jul 23 12:53:25.425679 np0000005768 devstack@neutron-api.service[90812]: INFO neutron.api.extensions [None req-6e8f44b0-3d6a-4ba4-a7b0-5c0534240f7a None None] Extension qos-port-network-policy not supported by any of loaded plugins
Jul 23 12:53:25.425912 np0000005768 devstack@neutron-api.service[90811]: DEBUG neutron.api.extensions [None req-dea8fac8-0436-4b42-a6c5-86079c7e3198 None None] Loading extension file: servicetype.py {{(pid=90811) _load_all_extensions_from_path /opt/stack/neutron/neutron/api/extensions.py:449}}
Jul 23 12:53:25.426178 np0000005768 devstack@neutron-api.service[90809]: DEBUG neutron_lib.callbacks.manager [None req-7fc1764e-c0fb-4f7c-8ed7-09a46ab73f36 None None] Subscribe: > port precommit_delete 55550000, False {{(pid=90809) subscribe /opt/stack/data/venv/lib/python3.12/site-packages/neutron_lib/callbacks/manager.py:52}}
Jul 23 12:53:25.426489 np0000005768 devstack@neutron-api.service[90812]: DEBUG neutron.api.extensions [None req-6e8f44b0-3d6a-4ba4-a7b0-5c0534240f7a None None] Loading extension file: qos_pps_minimum_rule.py {{(pid=90812) _load_all_extensions_from_path /opt/stack/neutron/neutron/api/extensions.py:449}}
Jul 23 12:53:25.426804 np0000005768 devstack@neutron-api.service[90809]: DEBUG neutron_lib.callbacks.manager [None req-7fc1764e-c0fb-4f7c-8ed7-09a46ab73f36 None None] Subscribe: port before_update 55550000, False {{(pid=90809) subscribe /opt/stack/data/venv/lib/python3.12/site-packages/neutron_lib/callbacks/manager.py:52}}
Jul 23 12:53:25.426804 np0000005768 devstack@neutron-api.service[90809]: DEBUG neutron_lib.callbacks.manager [None req-7fc1764e-c0fb-4f7c-8ed7-09a46ab73f36 None None] Subscribe: port before_delete 55550000, False {{(pid=90809) subscribe /opt/stack/data/venv/lib/python3.12/site-packages/neutron_lib/callbacks/manager.py:52}}
Jul 23 12:53:25.427167 np0000005768 devstack@neutron-api.service[90811]: DEBUG neutron.api.extensions [None req-dea8fac8-0436-4b42-a6c5-86079c7e3198 None None] Ext name="Neutron Service Type Management" alias="service-type" description="API for retrieving service providers for Neutron advanced services" updated="2013-01-20T00:00:00-00:00" {{(pid=90811) _check_extension /opt/stack/neutron/neutron/api/extensions.py:415}}
Jul 23 12:53:25.427390 np0000005768 devstack@neutron-api.service[90812]: DEBUG neutron.api.extensions [None req-6e8f44b0-3d6a-4ba4-a7b0-5c0534240f7a None None] Ext name="QoS minimum packet rate rule" alias="qos-pps-minimum" description="Allow to configure QoS minimum packet rate rule." updated="2021-07-14T10:00:00-00:00" {{(pid=90812) _check_extension /opt/stack/neutron/neutron/api/extensions.py:415}}
Jul 23 12:53:25.427714 np0000005768 devstack@neutron-api.service[90809]: DEBUG neutron_lib.callbacks.manager [None req-7fc1764e-c0fb-4f7c-8ed7-09a46ab73f36 None None] Subscribe: > router precommit_create 55550000, False {{(pid=90809) subscribe /opt/stack/data/venv/lib/python3.12/site-packages/neutron_lib/callbacks/manager.py:52}}
Jul 23 12:53:25.427971 np0000005768 devstack@neutron-api.service[90811]: INFO neutron.api.extensions [None req-dea8fac8-0436-4b42-a6c5-86079c7e3198 None None] Loaded extension: service-type
Jul 23 12:53:25.428293 np0000005768 devstack@neutron-api.service[90809]: DEBUG neutron_lib.callbacks.manager [None req-7fc1764e-c0fb-4f7c-8ed7-09a46ab73f36 None None] Subscribe: > router precommit_create 55550000, False {{(pid=90809) subscribe /opt/stack/data/venv/lib/python3.12/site-packages/neutron_lib/callbacks/manager.py:52}}
Jul 23 12:53:25.428571 np0000005768 devstack@neutron-api.service[90812]: INFO neutron.api.extensions [None req-6e8f44b0-3d6a-4ba4-a7b0-5c0534240f7a None None] Extension qos-pps-minimum not supported by any of loaded plugins
Jul 23 12:53:25.428778 np0000005768 devstack@neutron-api.service[90811]: DEBUG neutron.api.extensions [None req-dea8fac8-0436-4b42-a6c5-86079c7e3198 None None] Loading extension file: sorting.py {{(pid=90811) _load_all_extensions_from_path /opt/stack/neutron/neutron/api/extensions.py:449}}
Jul 23 12:53:25.428981 np0000005768 devstack@neutron-api.service[90812]: DEBUG neutron.api.extensions [None req-6e8f44b0-3d6a-4ba4-a7b0-5c0534240f7a None None] Loading extension file: qos_pps_minimum_rule_alias.py {{(pid=90812) _load_all_extensions_from_path /opt/stack/neutron/neutron/api/extensions.py:449}}
Jul 23 12:53:25.429231 np0000005768 devstack@neutron-api.service[90809]: DEBUG neutron_lib.callbacks.manager [None req-7fc1764e-c0fb-4f7c-8ed7-09a46ab73f36 None None] Subscribe: > router precommit_update 55550000, False {{(pid=90809) subscribe /opt/stack/data/venv/lib/python3.12/site-packages/neutron_lib/callbacks/manager.py:52}}
Jul 23 12:53:25.429231 np0000005768 devstack@neutron-api.service[90809]: DEBUG neutron_lib.callbacks.manager [None req-7fc1764e-c0fb-4f7c-8ed7-09a46ab73f36 None None] Subscribe: subnet after_update 55550000, False {{(pid=90809) subscribe /opt/stack/data/venv/lib/python3.12/site-packages/neutron_lib/callbacks/manager.py:52}}
Jul 23 12:53:25.429518 np0000005768 devstack@neutron-api.service[90811]: DEBUG neutron.api.extensions [None req-dea8fac8-0436-4b42-a6c5-86079c7e3198 None None] Ext name="Sorting support" alias="sorting" description="Extension that indicates that sorting is enabled." updated="2016-06-12T00:00:00-00:00" {{(pid=90811) _check_extension /opt/stack/neutron/neutron/api/extensions.py:415}}
Jul 23 12:53:25.429791 np0000005768 devstack@neutron-api.service[90812]: DEBUG neutron.api.extensions [None req-6e8f44b0-3d6a-4ba4-a7b0-5c0534240f7a None None] Ext name="QoS minimum packet rate rule alias" alias="qos-pps-minimum-rule-alias" description="API to enable GET, PUT and DELETE operations on QoS minimum packet rate rule without specifying policy ID" updated="2021-10-22T10:00:00-00:00" {{(pid=90812) _check_extension /opt/stack/neutron/neutron/api/extensions.py:415}}
Jul 23 12:53:25.429916 np0000005768 devstack@neutron-api.service[90811]: INFO neutron.api.extensions [None req-dea8fac8-0436-4b42-a6c5-86079c7e3198 None None] Loaded extension: sorting
Jul 23 12:53:25.430001 np0000005768 devstack@neutron-api.service[90809]: DEBUG neutron.quota.resource_registry [None req-7fc1764e-c0fb-4f7c-8ed7-09a46ab73f36 None None] Tracking information for resource: router configured {{(pid=90809) set_tracked_resource /opt/stack/neutron/neutron/quota/resource_registry.py:203}}
Jul 23 12:53:25.430189 np0000005768 devstack@neutron-api.service[90811]: DEBUG neutron.api.extensions [None req-dea8fac8-0436-4b42-a6c5-86079c7e3198 None None] Loading extension file: standard_attr_segment.py {{(pid=90811) _load_all_extensions_from_path /opt/stack/neutron/neutron/api/extensions.py:449}}
Jul 23 12:53:25.430428 np0000005768 devstack@neutron-api.service[90812]: INFO neutron.api.extensions [None req-6e8f44b0-3d6a-4ba4-a7b0-5c0534240f7a None None] Extension qos-pps-minimum-rule-alias not supported by any of loaded plugins
Jul 23 12:53:25.430736 np0000005768 devstack@neutron-api.service[90809]: DEBUG neutron.quota.resource_registry [None req-7fc1764e-c0fb-4f7c-8ed7-09a46ab73f36 None None] Tracking information for resource: floatingip configured {{(pid=90809) set_tracked_resource /opt/stack/neutron/neutron/quota/resource_registry.py:203}}
Jul 23 12:53:25.430949 np0000005768 devstack@neutron-api.service[90812]: DEBUG neutron.api.extensions [None req-6e8f44b0-3d6a-4ba4-a7b0-5c0534240f7a None None] Loading extension file: qos_pps_rule.py {{(pid=90812) _load_all_extensions_from_path /opt/stack/neutron/neutron/api/extensions.py:449}}
Jul 23 12:53:25.431153 np0000005768 devstack@neutron-api.service[90809]: INFO neutron.services.ovn_l3.plugin [None req-7fc1764e-c0fb-4f7c-8ed7-09a46ab73f36 None None] Starting OVNL3RouterPlugin
Jul 23 12:53:25.431355 np0000005768 devstack@neutron-api.service[90811]: DEBUG neutron.api.extensions [None req-dea8fac8-0436-4b42-a6c5-86079c7e3198 None None] Ext name="Standard Attribute Segment Extension" alias="standard-attr-segment" description="Add standard attributes to Segment resource" updated="2018-04-09T10:00:00-00:00" {{(pid=90811) _check_extension /opt/stack/neutron/neutron/api/extensions.py:415}}
Jul 23 12:53:25.431652 np0000005768 devstack@neutron-api.service[90812]: DEBUG neutron.api.extensions [None req-6e8f44b0-3d6a-4ba4-a7b0-5c0534240f7a None None] Ext name="QoS Rule Type Packet per Second Extension" alias="qos-pps" description="Add QoS Rule Type Packet per Second" updated="2021-05-12T10:00:00-00:00" {{(pid=90812) _check_extension /opt/stack/neutron/neutron/api/extensions.py:415}}
Jul 23 12:53:25.431868 np0000005768 devstack@neutron-api.service[90811]: INFO neutron.api.extensions [None req-dea8fac8-0436-4b42-a6c5-86079c7e3198 None None] Extension standard-attr-segment not supported by any of loaded plugins
Jul 23 12:53:25.432058 np0000005768 devstack@neutron-api.service[90809]: DEBUG neutron_lib.callbacks.manager [None req-7fc1764e-c0fb-4f7c-8ed7-09a46ab73f36 None None] Subscribe: > port_forwarding_plugin after_init 55550000, False {{(pid=90809) subscribe /opt/stack/data/venv/lib/python3.12/site-packages/neutron_lib/callbacks/manager.py:52}}
Jul 23 12:53:25.432320 np0000005768 devstack@neutron-api.service[90811]: DEBUG neutron.api.extensions [None req-dea8fac8-0436-4b42-a6c5-86079c7e3198 None None] Loading extension file: standardattrdescription.py {{(pid=90811) _load_all_extensions_from_path /opt/stack/neutron/neutron/api/extensions.py:449}}
Jul 23 12:53:25.432595 np0000005768 devstack@neutron-api.service[90812]: INFO neutron.api.extensions [None req-6e8f44b0-3d6a-4ba4-a7b0-5c0534240f7a None None] Extension qos-pps not supported by any of loaded plugins
Jul 23 12:53:25.432595 np0000005768 devstack@neutron-api.service[90812]: DEBUG neutron.api.extensions [None req-6e8f44b0-3d6a-4ba4-a7b0-5c0534240f7a None None] Loading extension file: qos_rule_type_details.py {{(pid=90812) _load_all_extensions_from_path /opt/stack/neutron/neutron/api/extensions.py:449}}
Jul 23 12:53:25.432807 np0000005768 devstack@neutron-api.service[90809]: DEBUG neutron_lib.callbacks.manager [None req-7fc1764e-c0fb-4f7c-8ed7-09a46ab73f36 None None] Subscribe: > router before_create 55550100, False {{(pid=90809) subscribe /opt/stack/data/venv/lib/python3.12/site-packages/neutron_lib/callbacks/manager.py:52}}
Jul 23 12:53:25.432905 np0000005768 devstack@neutron-api.service[90811]: DEBUG neutron.api.extensions [None req-dea8fac8-0436-4b42-a6c5-86079c7e3198 None None] Ext name="standard-attr-description" alias="standard-attr-description" description="Extension to add descriptions to standard attributes" updated="2016-02-10T10:00:00-00:00" {{(pid=90811) _check_extension /opt/stack/neutron/neutron/api/extensions.py:415}}
Jul 23 12:53:25.433116 np0000005768 devstack@neutron-api.service[90809]: DEBUG neutron_lib.callbacks.manager [None req-7fc1764e-c0fb-4f7c-8ed7-09a46ab73f36 None None] Subscribe: > router precommit_delete 55550100, False {{(pid=90809) subscribe /opt/stack/data/venv/lib/python3.12/site-packages/neutron_lib/callbacks/manager.py:52}}
Jul 23 12:53:25.433346 np0000005768 devstack@neutron-api.service[90812]: DEBUG neutron.api.extensions [None req-6e8f44b0-3d6a-4ba4-a7b0-5c0534240f7a None None] Ext name="Details of QoS rule types" alias="qos-rule-type-details" description="Expose details about QoS rule types supported by loaded backend drivers" updated="2017-06-22T10:00:00-00:00" {{(pid=90812) _check_extension /opt/stack/neutron/neutron/api/extensions.py:415}}
Jul 23 12:53:25.433620 np0000005768 devstack@neutron-api.service[90811]: INFO neutron.api.extensions [None req-dea8fac8-0436-4b42-a6c5-86079c7e3198 None None] Loaded extension: standard-attr-description
Jul 23 12:53:25.433842 np0000005768 devstack@neutron-api.service[90809]: DEBUG neutron_lib.callbacks.manager [None req-7fc1764e-c0fb-4f7c-8ed7-09a46ab73f36 None None] Subscribe: > router precommit_create 55550100, False {{(pid=90809) subscribe /opt/stack/data/venv/lib/python3.12/site-packages/neutron_lib/callbacks/manager.py:52}}
Jul 23 12:53:25.433923 np0000005768 devstack@neutron-api.service[90811]: DEBUG neutron.api.extensions [None req-dea8fac8-0436-4b42-a6c5-86079c7e3198 None None] Loading extension file: stateful_security_group.py {{(pid=90811) _load_all_extensions_from_path /opt/stack/neutron/neutron/api/extensions.py:449}}
Jul 23 12:53:25.433998 np0000005768 devstack@neutron-api.service[90812]: INFO neutron.api.extensions [None req-6e8f44b0-3d6a-4ba4-a7b0-5c0534240f7a None None] Extension qos-rule-type-details not supported by any of loaded plugins
Jul 23 12:53:25.434145 np0000005768 devstack@neutron-api.service[90809]: DEBUG neutron_lib.callbacks.manager [None req-7fc1764e-c0fb-4f7c-8ed7-09a46ab73f36 None None] Subscribe: > router precommit_update 55550100, False {{(pid=90809) subscribe /opt/stack/data/venv/lib/python3.12/site-packages/neutron_lib/callbacks/manager.py:52}}
Jul 23 12:53:25.434303 np0000005768 devstack@neutron-api.service[90812]: DEBUG neutron.api.extensions [None req-6e8f44b0-3d6a-4ba4-a7b0-5c0534240f7a None None] Loading extension file: qos_rule_type_filter.py {{(pid=90812) _load_all_extensions_from_path /opt/stack/neutron/neutron/api/extensions.py:449}}
Jul 23 12:53:25.434391 np0000005768 devstack@neutron-api.service[90811]: DEBUG neutron.api.extensions [None req-dea8fac8-0436-4b42-a6c5-86079c7e3198 None None] Ext name="Stateful security group" alias="stateful-security-group" description="Indicates if the security group is stateful or not" updated="2019-11-26T09:00:00-00:00" {{(pid=90811) _check_extension /opt/stack/neutron/neutron/api/extensions.py:415}}
Jul 23 12:53:25.434484 np0000005768 devstack@neutron-api.service[90812]: DEBUG neutron.api.extensions [None req-6e8f44b0-3d6a-4ba4-a7b0-5c0534240f7a None None] Ext name="Allow to filter the list of QoS rule types" alias="qos-rule-type-filter" description="Allows to filter the QoS rule type list adding two new flags. "all_rules" prints all implemented QoS rule types."all_supported" prints all supported QoS rule types by the loaded mechanism drivers" updated="2022-02-02T10:00:00-00:00" {{(pid=90812) _check_extension /opt/stack/neutron/neutron/api/extensions.py:415}}
Jul 23 12:53:25.434604 np0000005768 devstack@neutron-api.service[90811]: INFO neutron.api.extensions [None req-dea8fac8-0436-4b42-a6c5-86079c7e3198 None None] Loaded extension: stateful-security-group
Jul 23 12:53:25.434815 np0000005768 devstack@neutron-api.service[90812]: INFO neutron.api.extensions [None req-6e8f44b0-3d6a-4ba4-a7b0-5c0534240f7a None None] Extension qos-rule-type-filter not supported by any of loaded plugins
Jul 23 12:53:25.434961 np0000005768 devstack@neutron-api.service[90811]: DEBUG neutron.api.extensions [None req-dea8fac8-0436-4b42-a6c5-86079c7e3198 None None] Loading extension file: stdattrs_common.py {{(pid=90811) _load_all_extensions_from_path /opt/stack/neutron/neutron/api/extensions.py:449}}
Jul 23 12:53:25.435013 np0000005768 devstack@neutron-api.service[90812]: DEBUG neutron.api.extensions [None req-6e8f44b0-3d6a-4ba4-a7b0-5c0534240f7a None None] Loading extension file: qos_rules_alias.py {{(pid=90812) _load_all_extensions_from_path /opt/stack/neutron/neutron/api/extensions.py:449}}
Jul 23 12:53:25.435062 np0000005768 devstack@neutron-api.service[90811]: WARNING neutron.api.extensions [None req-dea8fac8-0436-4b42-a6c5-86079c7e3198 None None] Did not find expected name "Stdattrs_common" in /opt/stack/neutron/neutron/extensions/stdattrs_common.py
Jul 23 12:53:25.435062 np0000005768 devstack@neutron-api.service[90811]: DEBUG neutron.api.extensions [None req-dea8fac8-0436-4b42-a6c5-86079c7e3198 None None] Loading extension file: subnet_dns_publish_fixed_ip.py {{(pid=90811) _load_all_extensions_from_path /opt/stack/neutron/neutron/api/extensions.py:449}}
Jul 23 12:53:25.435130 np0000005768 devstack@neutron-api.service[90812]: DEBUG neutron.api.extensions [None req-6e8f44b0-3d6a-4ba4-a7b0-5c0534240f7a None None] Ext name="Quality of Service rules alias API" alias="qos-rules-alias" description="API to enable GET, PUT and DELETE operations on QoS policy rules without specifying policy ID" updated="2018-10-07T10:00:00-00:00" {{(pid=90812) _check_extension /opt/stack/neutron/neutron/api/extensions.py:415}}
Jul 23 12:53:25.435130 np0000005768 devstack@neutron-api.service[90812]: INFO neutron.api.extensions [None req-6e8f44b0-3d6a-4ba4-a7b0-5c0534240f7a None None] Extension qos-rules-alias not supported by any of loaded plugins
Jul 23 12:53:25.435199 np0000005768 devstack@neutron-api.service[90811]: DEBUG neutron.api.extensions [None req-dea8fac8-0436-4b42-a6c5-86079c7e3198 None None] Ext name="Subnet DNS publish fixed IP" alias="subnet-dns-publish-fixed-ip" description="Support choosing to publish DNS records for IPs from a subnet" updated="2019-05-24T10:00:00-00:00" {{(pid=90811) _check_extension /opt/stack/neutron/neutron/api/extensions.py:415}}
Jul 23 12:53:25.435247 np0000005768 devstack@neutron-api.service[90812]: DEBUG neutron.api.extensions [None req-6e8f44b0-3d6a-4ba4-a7b0-5c0534240f7a None None] Loading extension file: quota_check_limit.py {{(pid=90812) _load_all_extensions_from_path /opt/stack/neutron/neutron/api/extensions.py:449}}
Jul 23 12:53:25.435304 np0000005768 devstack@neutron-api.service[90811]: INFO neutron.api.extensions [None req-dea8fac8-0436-4b42-a6c5-86079c7e3198 None None] Loaded extension: subnet-dns-publish-fixed-ip
Jul 23 12:53:25.435304 np0000005768 devstack@neutron-api.service[90811]: DEBUG neutron.api.extensions [None req-dea8fac8-0436-4b42-a6c5-86079c7e3198 None None] Loading extension file: subnet_external_network.py {{(pid=90811) _load_all_extensions_from_path /opt/stack/neutron/neutron/api/extensions.py:449}}
Jul 23 12:53:25.435375 np0000005768 devstack@neutron-api.service[90812]: DEBUG neutron.api.extensions [None req-6e8f44b0-3d6a-4ba4-a7b0-5c0534240f7a None None] Ext name="Quota engine limit check" alias="quota-check-limit" description="Support for checking the resource usage before applying a new quota limit" updated="2021-09-08T16:00:00-00:00" {{(pid=90812) _check_extension /opt/stack/neutron/neutron/api/extensions.py:415}}
Jul 23 12:53:25.435375 np0000005768 devstack@neutron-api.service[90812]: INFO neutron.api.extensions [None req-6e8f44b0-3d6a-4ba4-a7b0-5c0534240f7a None None] Loaded extension: quota-check-limit
Jul 23 12:53:25.435454 np0000005768 devstack@neutron-api.service[90811]: DEBUG neutron.api.extensions [None req-dea8fac8-0436-4b42-a6c5-86079c7e3198 None None] Ext name="Subnet belongs to an external network" alias="subnet-external-network" description="Informs if the subnet belongs to an external network" updated="2024-02-05T18:00:00-00:00" {{(pid=90811) _check_extension /opt/stack/neutron/neutron/api/extensions.py:415}}
Jul 23 12:53:25.435562 np0000005768 devstack@neutron-api.service[90812]: DEBUG neutron.api.extensions [None req-6e8f44b0-3d6a-4ba4-a7b0-5c0534240f7a None None] Loading extension file: quota_check_limit_default.py {{(pid=90812) _load_all_extensions_from_path /opt/stack/neutron/neutron/api/extensions.py:449}}
Jul 23 12:53:25.435632 np0000005768 devstack@neutron-api.service[90811]: INFO neutron.api.extensions [None req-dea8fac8-0436-4b42-a6c5-86079c7e3198 None None] Loaded extension: subnet-external-network
Jul 23 12:53:25.435682 np0000005768 devstack@neutron-api.service[90812]: DEBUG neutron.api.extensions [None req-6e8f44b0-3d6a-4ba4-a7b0-5c0534240f7a None None] Ext name="Quota engine limit check by default" alias="quota-check-limit-default" description="By default, the Neutron quota engine checks the resource usage before applying a new quota limit" updated="2024-08-21T16:00:00-00:00" {{(pid=90812) _check_extension /opt/stack/neutron/neutron/api/extensions.py:415}}
Jul 23 12:53:25.435741 np0000005768 devstack@neutron-api.service[90811]: DEBUG neutron.api.extensions [None req-dea8fac8-0436-4b42-a6c5-86079c7e3198 None None] Loading extension file: subnet_onboard.py {{(pid=90811) _load_all_extensions_from_path /opt/stack/neutron/neutron/api/extensions.py:449}}
Jul 23 12:53:25.435790 np0000005768 devstack@neutron-api.service[90812]: INFO neutron.api.extensions [None req-6e8f44b0-3d6a-4ba4-a7b0-5c0534240f7a None None] Loaded extension: quota-check-limit-default
Jul 23 12:53:25.435790 np0000005768 devstack@neutron-api.service[90812]: DEBUG neutron.api.extensions [None req-6e8f44b0-3d6a-4ba4-a7b0-5c0534240f7a None None] Loading extension file: quotasv2.py {{(pid=90812) _load_all_extensions_from_path /opt/stack/neutron/neutron/api/extensions.py:449}}
Jul 23 12:53:25.435887 np0000005768 devstack@neutron-api.service[90811]: DEBUG neutron.api.extensions [None req-dea8fac8-0436-4b42-a6c5-86079c7e3198 None None] Ext name="Subnet Onboard" alias="subnet_onboard" description="Provides support for onboarding subnets into subnet pools" updated="2018-12-18T09:00:00-00:00" {{(pid=90811) _check_extension /opt/stack/neutron/neutron/api/extensions.py:415}}
Jul 23 12:53:25.435887 np0000005768 devstack@neutron-api.service[90811]: INFO neutron.api.extensions [None req-dea8fac8-0436-4b42-a6c5-86079c7e3198 None None] Loaded extension: subnet_onboard
Jul 23 12:53:25.435887 np0000005768 devstack@neutron-api.service[90811]: DEBUG neutron.api.extensions [None req-dea8fac8-0436-4b42-a6c5-86079c7e3198 None None] Loading extension file: subnet_segmentid_writable.py {{(pid=90811) _load_all_extensions_from_path /opt/stack/neutron/neutron/api/extensions.py:449}}
Jul 23 12:53:25.435887 np0000005768 devstack@neutron-api.service[90811]: DEBUG neutron.api.extensions [None req-dea8fac8-0436-4b42-a6c5-86079c7e3198 None None] Ext name="Subnet SegmentID (writable)" alias="subnet-segmentid-writable" description="Provides a writable segment_id attribute for a subnet resource." updated="2018-03-12T00:00:00-00:00" {{(pid=90811) _check_extension /opt/stack/neutron/neutron/api/extensions.py:415}}
Jul 23 12:53:25.436004 np0000005768 devstack@neutron-api.service[90812]: DEBUG neutron.api.extensions [None req-6e8f44b0-3d6a-4ba4-a7b0-5c0534240f7a None None] Ext name="Quota management support" alias="quotas" description="Expose functions for quotas management per project" updated="2012-07-29T10:00:00-00:00" {{(pid=90812) _check_extension /opt/stack/neutron/neutron/api/extensions.py:415}}
Jul 23 12:53:25.436004 np0000005768 devstack@neutron-api.service[90812]: INFO neutron.api.extensions [None req-6e8f44b0-3d6a-4ba4-a7b0-5c0534240f7a None None] Loaded extension: quotas
Jul 23 12:53:25.436089 np0000005768 devstack@neutron-api.service[90811]: INFO neutron.api.extensions [None req-dea8fac8-0436-4b42-a6c5-86079c7e3198 None None] Extension subnet-segmentid-writable not supported by any of loaded plugins
Jul 23 12:53:25.436146 np0000005768 devstack@neutron-api.service[90812]: DEBUG neutron.api.extensions [None req-6e8f44b0-3d6a-4ba4-a7b0-5c0534240f7a None None] Loading extension file: quotasv2_detail.py {{(pid=90812) _load_all_extensions_from_path /opt/stack/neutron/neutron/api/extensions.py:449}}
Jul 23 12:53:25.436204 np0000005768 devstack@neutron-api.service[90811]: DEBUG neutron.api.extensions [None req-dea8fac8-0436-4b42-a6c5-86079c7e3198 None None] Loading extension file: subnet_service_types.py {{(pid=90811) _load_all_extensions_from_path /opt/stack/neutron/neutron/api/extensions.py:449}}
Jul 23 12:53:25.436204 np0000005768 devstack@neutron-api.service[90811]: DEBUG neutron.api.extensions [None req-dea8fac8-0436-4b42-a6c5-86079c7e3198 None None] Ext name="Subnet service types" alias="subnet-service-types" description="Provides ability to set the subnet service_types field" updated="2016-03-15T18:00:00-00:00" {{(pid=90811) _check_extension /opt/stack/neutron/neutron/api/extensions.py:415}}
Jul 23 12:53:25.436294 np0000005768 devstack@neutron-api.service[90812]: DEBUG neutron.api.extensions [None req-6e8f44b0-3d6a-4ba4-a7b0-5c0534240f7a None None] Ext name="Quota details management support" alias="quota_details" description="Expose functions for quotas usage statistics per project" updated="2017-02-10T10:00:00-00:00" {{(pid=90812) _check_extension /opt/stack/neutron/neutron/api/extensions.py:415}}
Jul 23 12:53:25.436348 np0000005768 devstack@neutron-api.service[90811]: INFO neutron.api.extensions [None req-dea8fac8-0436-4b42-a6c5-86079c7e3198 None None] Loaded extension: subnet-service-types
Jul 23 12:53:25.436400 np0000005768 devstack@neutron-api.service[90812]: INFO neutron.api.extensions [None req-6e8f44b0-3d6a-4ba4-a7b0-5c0534240f7a None None] Loaded extension: quota_details
Jul 23 12:53:25.436476 np0000005768 devstack@neutron-api.service[90811]: DEBUG neutron.api.extensions [None req-dea8fac8-0436-4b42-a6c5-86079c7e3198 None None] Loading extension file: subnetallocation.py {{(pid=90811) _load_all_extensions_from_path /opt/stack/neutron/neutron/api/extensions.py:449}}
Jul 23 12:53:25.436544 np0000005768 devstack@neutron-api.service[90812]: DEBUG neutron.api.extensions [None req-6e8f44b0-3d6a-4ba4-a7b0-5c0534240f7a None None] Loading extension file: rbac.py {{(pid=90812) _load_all_extensions_from_path /opt/stack/neutron/neutron/api/extensions.py:449}}
Jul 23 12:53:25.436633 np0000005768 devstack@neutron-api.service[90811]: DEBUG neutron.api.extensions [None req-dea8fac8-0436-4b42-a6c5-86079c7e3198 None None] Ext name="Subnet Allocation" alias="subnet_allocation" description="Enables allocation of subnets from a subnet pool" updated="2015-03-30T10:00:00-00:00" {{(pid=90811) _check_extension /opt/stack/neutron/neutron/api/extensions.py:415}}
Jul 23 12:53:25.436633 np0000005768 devstack@neutron-api.service[90811]: INFO neutron.api.extensions [None req-dea8fac8-0436-4b42-a6c5-86079c7e3198 None None] Loaded extension: subnet_allocation
Jul 23 12:53:25.436722 np0000005768 devstack@neutron-api.service[90809]: DEBUG neutron.services.provider_configuration [None req-7fc1764e-c0fb-4f7c-8ed7-09a46ab73f36 None None] Service providers = [] {{(pid=90809) parse_service_provider_opt /opt/stack/neutron/neutron/services/provider_configuration.py:170}}
Jul 23 12:53:25.436780 np0000005768 devstack@neutron-api.service[90811]: DEBUG neutron.api.extensions [None req-dea8fac8-0436-4b42-a6c5-86079c7e3198 None None] Loading extension file: subnetpool_prefix_ops.py {{(pid=90811) _load_all_extensions_from_path /opt/stack/neutron/neutron/api/extensions.py:449}}
Jul 23 12:53:25.436832 np0000005768 devstack@neutron-api.service[90809]: DEBUG neutron.db.servicetype_db [None req-7fc1764e-c0fb-4f7c-8ed7-09a46ab73f36 None None] Adding provider configuration for service L3_ROUTER_NAT {{(pid=90809) add_provider_configuration /opt/stack/neutron/neutron/db/servicetype_db.py:45}}
Jul 23 12:53:25.436884 np0000005768 devstack@neutron-api.service[90812]: DEBUG neutron.api.extensions [None req-6e8f44b0-3d6a-4ba4-a7b0-5c0534240f7a None None] Ext name="RBAC Policies" alias="rbac-policies" description="Allows creation and modification of policies that control project access to resources." updated="2015-06-17T12:15:12-00:00" {{(pid=90812) _check_extension /opt/stack/neutron/neutron/api/extensions.py:415}}
Jul 23 12:53:25.436946 np0000005768 devstack@neutron-api.service[90811]: DEBUG neutron.api.extensions [None req-dea8fac8-0436-4b42-a6c5-86079c7e3198 None None] Ext name="Subnet Pool Prefix Operations" alias="subnetpool-prefix-ops" description="Provides support for adjusting the prefix list of subnet pools" updated="2019-02-08T10:00:00-00:00" {{(pid=90811) _check_extension /opt/stack/neutron/neutron/api/extensions.py:415}}
Jul 23 12:53:25.436946 np0000005768 devstack@neutron-api.service[90811]: INFO neutron.api.extensions [None req-dea8fac8-0436-4b42-a6c5-86079c7e3198 None None] Loaded extension: subnetpool-prefix-ops
Jul 23 12:53:25.437017 np0000005768 devstack@neutron-api.service[90812]: INFO neutron.api.extensions [None req-6e8f44b0-3d6a-4ba4-a7b0-5c0534240f7a None None] Loaded extension: rbac-policies
Jul 23 12:53:25.437080 np0000005768 devstack@neutron-api.service[90811]: DEBUG neutron.api.extensions [None req-dea8fac8-0436-4b42-a6c5-86079c7e3198 None None] Loading extension file: tag_creation.py {{(pid=90811) _load_all_extensions_from_path /opt/stack/neutron/neutron/api/extensions.py:449}}
Jul 23 12:53:25.437154 np0000005768 devstack@neutron-api.service[90812]: DEBUG neutron.api.extensions [None req-6e8f44b0-3d6a-4ba4-a7b0-5c0534240f7a None None] Loading extension file: rbac_address_group.py {{(pid=90812) _load_all_extensions_from_path /opt/stack/neutron/neutron/api/extensions.py:449}}
Jul 23 12:53:25.437217 np0000005768 devstack@neutron-api.service[90811]: DEBUG neutron.api.extensions [None req-dea8fac8-0436-4b42-a6c5-86079c7e3198 None None] Ext name="Tag creation extension" alias="tag-creation" description="Allow to create multiple tags for a resource" updated="2024-23-07T10:00:00-00:00" {{(pid=90811) _check_extension /opt/stack/neutron/neutron/api/extensions.py:415}}
Jul 23 12:53:25.437275 np0000005768 devstack@neutron-api.service[90812]: DEBUG neutron.api.extensions [None req-6e8f44b0-3d6a-4ba4-a7b0-5c0534240f7a None None] Ext name="Add address_group type to RBAC" alias="rbac-address-group" description="Add address_group type to network RBAC" updated="2021-01-20T00:00:00-00:00" {{(pid=90812) _check_extension /opt/stack/neutron/neutron/api/extensions.py:415}}
Jul 23 12:53:25.437335 np0000005768 devstack@neutron-api.service[90811]: INFO neutron.api.extensions [None req-dea8fac8-0436-4b42-a6c5-86079c7e3198 None None] Loaded extension: tag-creation
Jul 23 12:53:25.437396 np0000005768 devstack@neutron-api.service[90812]: INFO neutron.api.extensions [None req-6e8f44b0-3d6a-4ba4-a7b0-5c0534240f7a None None] Extension rbac-address-group not supported by any of loaded plugins
Jul 23 12:53:25.437396 np0000005768 devstack@neutron-api.service[90812]: DEBUG neutron.api.extensions [None req-6e8f44b0-3d6a-4ba4-a7b0-5c0534240f7a None None] Loading extension file: rbac_address_scope.py {{(pid=90812) _load_all_extensions_from_path /opt/stack/neutron/neutron/api/extensions.py:449}}
Jul 23 12:53:25.437510 np0000005768 devstack@neutron-api.service[90811]: DEBUG neutron.api.extensions [None req-dea8fac8-0436-4b42-a6c5-86079c7e3198 None None] Loading extension file: tag_ports_during_bulk_creation.py {{(pid=90811) _load_all_extensions_from_path /opt/stack/neutron/neutron/api/extensions.py:449}}
Jul 23 12:53:25.437595 np0000005768 devstack@neutron-api.service[90812]: DEBUG neutron.api.extensions [None req-6e8f44b0-3d6a-4ba4-a7b0-5c0534240f7a None None] Ext name="Add address_scope type to RBAC" alias="rbac-address-scope" description="Add address_scope type to RBAC" updated="2020-02-12T00:00:00-00:00" {{(pid=90812) _check_extension /opt/stack/neutron/neutron/api/extensions.py:415}}
Jul 23 12:53:25.437595 np0000005768 devstack@neutron-api.service[90812]: INFO neutron.api.extensions [None req-6e8f44b0-3d6a-4ba4-a7b0-5c0534240f7a None None] Loaded extension: rbac-address-scope
Jul 23 12:53:25.437707 np0000005768 devstack@neutron-api.service[90811]: DEBUG neutron.api.extensions [None req-dea8fac8-0436-4b42-a6c5-86079c7e3198 None None] Ext name="Tag Ports During Bulk Creation" alias="tag-ports-during-bulk-creation" description="Allow to tag ports during bulk creation" updated="2019-12-29T19:00:00-00:00" {{(pid=90811) _check_extension /opt/stack/neutron/neutron/api/extensions.py:415}}
Jul 23 12:53:25.437775 np0000005768 devstack@neutron-api.service[90812]: DEBUG neutron.api.extensions [None req-6e8f44b0-3d6a-4ba4-a7b0-5c0534240f7a None None] Loading extension file: rbac_security_groups.py {{(pid=90812) _load_all_extensions_from_path /opt/stack/neutron/neutron/api/extensions.py:449}}
Jul 23 12:53:25.437831 np0000005768 devstack@neutron-api.service[90809]: DEBUG neutron_lib.callbacks.manager [None req-7fc1764e-c0fb-4f7c-8ed7-09a46ab73f36 None None] Subscribe: > router precommit_create 55549900, False {{(pid=90809) subscribe /opt/stack/data/venv/lib/python3.12/site-packages/neutron_lib/callbacks/manager.py:52}}
Jul 23 12:53:25.437892 np0000005768 devstack@neutron-api.service[90811]: INFO neutron.api.extensions [None req-dea8fac8-0436-4b42-a6c5-86079c7e3198 None None] Extension tag-ports-during-bulk-creation not supported by any of loaded plugins
Jul 23 12:53:25.437944 np0000005768 devstack@neutron-api.service[90812]: DEBUG neutron.api.extensions [None req-6e8f44b0-3d6a-4ba4-a7b0-5c0534240f7a None None] Ext name="Add security_group type to network RBAC" alias="rbac-security-groups" description="Add security_group type to network RBAC" updated="2019-02-14T00:00:00-00:00" {{(pid=90812) _check_extension /opt/stack/neutron/neutron/api/extensions.py:415}}
Jul 23 12:53:25.438004 np0000005768 devstack@neutron-api.service[90809]: DEBUG neutron_lib.callbacks.manager [None req-7fc1764e-c0fb-4f7c-8ed7-09a46ab73f36 None None] Subscribe: > router_interface after_create 55550000, False {{(pid=90809) subscribe /opt/stack/data/venv/lib/python3.12/site-packages/neutron_lib/callbacks/manager.py:52}}
Jul 23 12:53:25.438060 np0000005768 devstack@neutron-api.service[90811]: DEBUG neutron.api.extensions [None req-dea8fac8-0436-4b42-a6c5-86079c7e3198 None None] Loading extension file: tagging.py {{(pid=90811) _load_all_extensions_from_path /opt/stack/neutron/neutron/api/extensions.py:449}}
Jul 23 12:53:25.438112 np0000005768 devstack@neutron-api.service[90812]: INFO neutron.api.extensions [None req-6e8f44b0-3d6a-4ba4-a7b0-5c0534240f7a None None] Loaded extension: rbac-security-groups
Jul 23 12:53:25.438164 np0000005768 devstack@neutron-api.service[90809]: DEBUG neutron_lib.callbacks.manager [None req-7fc1764e-c0fb-4f7c-8ed7-09a46ab73f36 None None] Subscribe: > floatingip after_create 55550000, False {{(pid=90809) subscribe /opt/stack/data/venv/lib/python3.12/site-packages/neutron_lib/callbacks/manager.py:52}}
Jul 23 12:53:25.438244 np0000005768 devstack@neutron-api.service[90812]: DEBUG neutron.api.extensions [None req-6e8f44b0-3d6a-4ba4-a7b0-5c0534240f7a None None] Loading extension file: rbac_subnetpool.py {{(pid=90812) _load_all_extensions_from_path /opt/stack/neutron/neutron/api/extensions.py:449}}
Jul 23 12:53:25.438411 np0000005768 devstack@neutron-api.service[90809]: DEBUG neutron_lib.callbacks.manager [None req-7fc1764e-c0fb-4f7c-8ed7-09a46ab73f36 None None] Subscribe: > floatingip precommit_create 55550000, False {{(pid=90809) subscribe /opt/stack/data/venv/lib/python3.12/site-packages/neutron_lib/callbacks/manager.py:52}}
Jul 23 12:53:25.438411 np0000005768 devstack@neutron-api.service[90809]: DEBUG neutron_lib.callbacks.manager [None req-7fc1764e-c0fb-4f7c-8ed7-09a46ab73f36 None None] Subscribe: > floatingip precommit_update 55550000, False {{(pid=90809) subscribe /opt/stack/data/venv/lib/python3.12/site-packages/neutron_lib/callbacks/manager.py:52}}
Jul 23 12:53:25.438577 np0000005768 devstack@neutron-api.service[90812]: DEBUG neutron.api.extensions [None req-6e8f44b0-3d6a-4ba4-a7b0-5c0534240f7a None None] Ext name="Add subnetpool type to RBAC" alias="rbac-subnetpool" description="Add subnetpool type to RBAC" updated="2020-02-05T00:00:00-00:00" {{(pid=90812) _check_extension /opt/stack/neutron/neutron/api/extensions.py:415}}
Jul 23 12:53:25.438674 np0000005768 devstack@neutron-api.service[90809]: DEBUG neutron_lib.callbacks.manager [None req-7fc1764e-c0fb-4f7c-8ed7-09a46ab73f36 None None] Subscribe: > floatingip after_delete 55550000, False {{(pid=90809) subscribe /opt/stack/data/venv/lib/python3.12/site-packages/neutron_lib/callbacks/manager.py:52}}
Jul 23 12:53:25.438761 np0000005768 devstack@neutron-api.service[90812]: INFO neutron.api.extensions [None req-6e8f44b0-3d6a-4ba4-a7b0-5c0534240f7a None None] Extension rbac-subnetpool not supported by any of loaded plugins
Jul 23 12:53:25.438854 np0000005768 devstack@neutron-api.service[90809]: DEBUG neutron_lib.callbacks.manager [None req-7fc1764e-c0fb-4f7c-8ed7-09a46ab73f36 None None] Subscribe: > floatingip after_status_update 55550000, False {{(pid=90809) subscribe /opt/stack/data/venv/lib/python3.12/site-packages/neutron_lib/callbacks/manager.py:52}}
Jul 23 12:53:25.438950 np0000005768 devstack@neutron-api.service[90812]: DEBUG neutron.api.extensions [None req-6e8f44b0-3d6a-4ba4-a7b0-5c0534240f7a None None] Loading extension file: revisionifmatch.py {{(pid=90812) _load_all_extensions_from_path /opt/stack/neutron/neutron/api/extensions.py:449}}
Jul 23 12:53:25.439041 np0000005768 devstack@neutron-api.service[90809]: DEBUG neutron_lib.callbacks.manager [None req-7fc1764e-c0fb-4f7c-8ed7-09a46ab73f36 None None] Subscribe: > floatingip after_update 55550000, False {{(pid=90809) subscribe /opt/stack/data/venv/lib/python3.12/site-packages/neutron_lib/callbacks/manager.py:52}}
Jul 23 12:53:25.439041 np0000005768 devstack@neutron-api.service[90809]: DEBUG neutron_lib.callbacks.manager [None req-7fc1764e-c0fb-4f7c-8ed7-09a46ab73f36 None None] Subscribe: > port_forwarding after_create 55550000, False {{(pid=90809) subscribe /opt/stack/data/venv/lib/python3.12/site-packages/neutron_lib/callbacks/manager.py:52}}
Jul 23 12:53:25.439151 np0000005768 devstack@neutron-api.service[90812]: DEBUG neutron.api.extensions [None req-6e8f44b0-3d6a-4ba4-a7b0-5c0534240f7a None None] Ext name="If-Match constraints based on revision_number" alias="revision-if-match" description="Extension indicating that If-Match based on revision_number is supported." updated="2016-12-11T00:00:00-00:00" {{(pid=90812) _check_extension /opt/stack/neutron/neutron/api/extensions.py:415}}
Jul 23 12:53:25.439238 np0000005768 devstack@neutron-api.service[90809]: DEBUG neutron_lib.callbacks.manager [None req-7fc1764e-c0fb-4f7c-8ed7-09a46ab73f36 None None] Subscribe: > router_interface after_delete 55550000, False {{(pid=90809) subscribe /opt/stack/data/venv/lib/python3.12/site-packages/neutron_lib/callbacks/manager.py:52}}
Jul 23 12:53:25.439314 np0000005768 devstack@neutron-api.service[90812]: INFO neutron.api.extensions [None req-6e8f44b0-3d6a-4ba4-a7b0-5c0534240f7a None None] Loaded extension: revision-if-match
Jul 23 12:53:25.439380 np0000005768 devstack@neutron-api.service[90809]: DEBUG neutron_lib.callbacks.manager [None req-7fc1764e-c0fb-4f7c-8ed7-09a46ab73f36 None None] Subscribe: > router after_create 55550000, False {{(pid=90809) subscribe /opt/stack/data/venv/lib/python3.12/site-packages/neutron_lib/callbacks/manager.py:52}}
Jul 23 12:53:25.439447 np0000005768 devstack@neutron-api.service[90812]: DEBUG neutron.api.extensions [None req-6e8f44b0-3d6a-4ba4-a7b0-5c0534240f7a None None] Loading extension file: revisions.py {{(pid=90812) _load_all_extensions_from_path /opt/stack/neutron/neutron/api/extensions.py:449}}
Jul 23 12:53:25.439561 np0000005768 devstack@neutron-api.service[90809]: DEBUG neutron_lib.callbacks.manager [None req-7fc1764e-c0fb-4f7c-8ed7-09a46ab73f36 None None] Subscribe: > router precommit_create 55550000, False {{(pid=90809) subscribe /opt/stack/data/venv/lib/python3.12/site-packages/neutron_lib/callbacks/manager.py:52}}
Jul 23 12:53:25.439653 np0000005768 devstack@neutron-api.service[90811]: DEBUG neutron.api.extensions [None req-dea8fac8-0436-4b42-a6c5-86079c7e3198 None None] Ext name="Tag support for resources with standard attribute: port, subnet, subnetpool, network, security_group, router, floatingip, policy, trunk, network_segment_range" alias="standard-attr-tag" description="Enables to set tag on resources with standard attribute." updated="2017-01-01T00:00:00-00:00" {{(pid=90811) _check_extension /opt/stack/neutron/neutron/api/extensions.py:415}}
Jul 23 12:53:25.439748 np0000005768 devstack@neutron-api.service[90809]: DEBUG neutron_lib.callbacks.manager [None req-7fc1764e-c0fb-4f7c-8ed7-09a46ab73f36 None None] Subscribe: > router after_delete 55550000, False {{(pid=90809) subscribe /opt/stack/data/venv/lib/python3.12/site-packages/neutron_lib/callbacks/manager.py:52}}
Jul 23 12:53:25.439820 np0000005768 devstack@neutron-api.service[90812]: DEBUG neutron.api.extensions [None req-6e8f44b0-3d6a-4ba4-a7b0-5c0534240f7a None None] Ext name="Resource revision numbers" alias="standard-attr-revisions" description="This extension will display the revision number of neutron resources." updated="2016-04-11T10:00:00-00:00" {{(pid=90812) _check_extension /opt/stack/neutron/neutron/api/extensions.py:415}}
Jul 23 12:53:25.439895 np0000005768 devstack@neutron-api.service[90809]: DEBUG neutron_lib.callbacks.manager [None req-7fc1764e-c0fb-4f7c-8ed7-09a46ab73f36 None None] Subscribe: > router after_update 55550000, False {{(pid=90809) subscribe /opt/stack/data/venv/lib/python3.12/site-packages/neutron_lib/callbacks/manager.py:52}}
Jul 23 12:53:25.439977 np0000005768 devstack@neutron-api.service[90812]: INFO neutron.api.extensions [None req-6e8f44b0-3d6a-4ba4-a7b0-5c0534240f7a None None] Loaded extension: standard-attr-revisions
Jul 23 12:53:25.440056 np0000005768 devstack@neutron-api.service[90809]: DEBUG neutron.services.service_base [None req-7fc1764e-c0fb-4f7c-8ed7-09a46ab73f36 None None] Loaded 'neutron.services.ovn_l3.service_providers.ovn.OvnDriver' provider for service L3_ROUTER_NAT {{(pid=90809) load_drivers /opt/stack/neutron/neutron/services/service_base.py:49}}
Jul 23 12:53:25.440137 np0000005768 devstack@neutron-api.service[90812]: DEBUG neutron.api.extensions [None req-6e8f44b0-3d6a-4ba4-a7b0-5c0534240f7a None None] Loading extension file: router_availability_zone.py {{(pid=90812) _load_all_extensions_from_path /opt/stack/neutron/neutron/api/extensions.py:449}}
Jul 23 12:53:25.440210 np0000005768 devstack@neutron-api.service[90811]: INFO neutron.api.extensions [None req-dea8fac8-0436-4b42-a6c5-86079c7e3198 None None] Loaded extension: standard-attr-tag
Jul 23 12:53:25.440294 np0000005768 devstack@neutron-api.service[90809]: DEBUG neutron_lib.callbacks.manager [None req-7fc1764e-c0fb-4f7c-8ed7-09a46ab73f36 None None] Subscribe: > process after_init 55550001, True {{(pid=90809) subscribe /opt/stack/data/venv/lib/python3.12/site-packages/neutron_lib/callbacks/manager.py:52}}
Jul 23 12:53:25.440372 np0000005768 devstack@neutron-api.service[90811]: DEBUG neutron.api.extensions [None req-dea8fac8-0436-4b42-a6c5-86079c7e3198 None None] Loading extension file: timestamp.py {{(pid=90811) _load_all_extensions_from_path /opt/stack/neutron/neutron/api/extensions.py:449}}
Jul 23 12:53:25.440448 np0000005768 devstack@neutron-api.service[90812]: DEBUG neutron.api.extensions [None req-6e8f44b0-3d6a-4ba4-a7b0-5c0534240f7a None None] Ext name="Router Availability Zone" alias="router_availability_zone" description="Availability zone support for router." updated="2015-01-01T10:00:00-00:00" {{(pid=90812) _check_extension /opt/stack/neutron/neutron/api/extensions.py:415}}
Jul 23 12:53:25.440555 np0000005768 devstack@neutron-api.service[90809]: DEBUG neutron.manager [None req-7fc1764e-c0fb-4f7c-8ed7-09a46ab73f36 None None] Successfully loaded L3_ROUTER_NAT plugin. Description: L3 Router Service Plugin for basic L3 forwarding using OVN {{(pid=90809) _create_and_add_service_plugin /opt/stack/neutron/neutron/manager.py:236}}
Jul 23 12:53:25.440638 np0000005768 devstack@neutron-api.service[90812]: INFO neutron.api.extensions [None req-6e8f44b0-3d6a-4ba4-a7b0-5c0534240f7a None None] Loaded extension: router_availability_zone
Jul 23 12:53:25.440729 np0000005768 devstack@neutron-api.service[90809]: INFO neutron.manager [None req-7fc1764e-c0fb-4f7c-8ed7-09a46ab73f36 None None] Loading Plugin: auto_allocate
Jul 23 12:53:25.440805 np0000005768 devstack@neutron-api.service[90811]: DEBUG neutron.api.extensions [None req-dea8fac8-0436-4b42-a6c5-86079c7e3198 None None] Ext name="Resource timestamps" alias="standard-attr-timestamp" description="Adds created_at and updated_at fields to all Neutron resources that have Neutron standard attributes." updated="2016-09-12T10:00:00-00:00" {{(pid=90811) _check_extension /opt/stack/neutron/neutron/api/extensions.py:415}}
Jul 23 12:53:25.440882 np0000005768 devstack@neutron-api.service[90812]: DEBUG neutron.api.extensions [None req-6e8f44b0-3d6a-4ba4-a7b0-5c0534240f7a None None] Loading extension file: router_enable_snat.py {{(pid=90812) _load_all_extensions_from_path /opt/stack/neutron/neutron/api/extensions.py:449}}
Jul 23 12:53:25.440973 np0000005768 devstack@neutron-api.service[90811]: INFO neutron.api.extensions [None req-dea8fac8-0436-4b42-a6c5-86079c7e3198 None None] Loaded extension: standard-attr-timestamp
Jul 23 12:53:25.441061 np0000005768 devstack@neutron-api.service[90812]: DEBUG neutron.api.extensions [None req-6e8f44b0-3d6a-4ba4-a7b0-5c0534240f7a None None] Ext name="Exposes the router "enable_snat" read-only configuration flag" alias="router-enable-snat" description="Exposes the router "enable_snat" read-only configuration flag" updated="2025-09-18T18:00:00-00:00" {{(pid=90812) _check_extension /opt/stack/neutron/neutron/api/extensions.py:415}}
Jul 23 12:53:25.441130 np0000005768 devstack@neutron-api.service[90811]: DEBUG neutron.api.extensions [None req-dea8fac8-0436-4b42-a6c5-86079c7e3198 None None] Loading extension file: trunk.py {{(pid=90811) _load_all_extensions_from_path /opt/stack/neutron/neutron/api/extensions.py:449}}
Jul 23 12:53:25.441227 np0000005768 devstack@neutron-api.service[90812]: INFO neutron.api.extensions [None req-6e8f44b0-3d6a-4ba4-a7b0-5c0534240f7a None None] Loaded extension: router-enable-snat
