Jun 11 07:05:21.797036 np0000002582 nova-scheduler[95670]: DEBUG cotyledon.oslo_config_glue [-] oslo_limit.connect_retries = None {{(pid=95670) log_opt_values /opt/stack/data/venv/lib/python3.12/site-packages/oslo_config/cfg.py:3256}}
Jun 11 07:05:21.797036 np0000002582 nova-scheduler[95670]: DEBUG cotyledon.oslo_config_glue [-] oslo_limit.connect_retry_delay = None {{(pid=95670) log_opt_values /opt/stack/data/venv/lib/python3.12/site-packages/oslo_config/cfg.py:3256}}
Jun 11 07:05:21.797036 np0000002582 nova-scheduler[95670]: DEBUG cotyledon.oslo_config_glue [-] oslo_limit.endpoint_id = None {{(pid=95670) log_opt_values /opt/stack/data/venv/lib/python3.12/site-packages/oslo_config/cfg.py:3256}}
Jun 11 07:05:21.797036 np0000002582 nova-scheduler[95670]: DEBUG cotyledon.oslo_config_glue [-] oslo_limit.endpoint_interface = public {{(pid=95670) log_opt_values /opt/stack/data/venv/lib/python3.12/site-packages/oslo_config/cfg.py:3256}}
Jun 11 07:05:21.797036 np0000002582 nova-scheduler[95670]: DEBUG cotyledon.oslo_config_glue [-] oslo_limit.endpoint_override = None {{(pid=95670) log_opt_values /opt/stack/data/venv/lib/python3.12/site-packages/oslo_config/cfg.py:3256}}
Jun 11 07:05:21.797036 np0000002582 nova-scheduler[95670]: DEBUG cotyledon.oslo_config_glue [-] oslo_limit.endpoint_region_name = None {{(pid=95670) log_opt_values /opt/stack/data/venv/lib/python3.12/site-packages/oslo_config/cfg.py:3256}}
Jun 11 07:05:21.797230 np0000002582 nova-scheduler[95670]: DEBUG cotyledon.oslo_config_glue [-] oslo_limit.endpoint_service_name = None {{(pid=95670) log_opt_values /opt/stack/data/venv/lib/python3.12/site-packages/oslo_config/cfg.py:3256}}
Jun 11 07:05:21.797230 np0000002582 nova-scheduler[95670]: DEBUG cotyledon.oslo_config_glue [-] oslo_limit.endpoint_service_type = None {{(pid=95670) log_opt_values /opt/stack/data/venv/lib/python3.12/site-packages/oslo_config/cfg.py:3256}}
Jun 11 07:05:21.797230 np0000002582 nova-scheduler[95670]: DEBUG cotyledon.oslo_config_glue [-] oslo_limit.insecure = False {{(pid=95670) log_opt_values /opt/stack/data/venv/lib/python3.12/site-packages/oslo_config/cfg.py:3256}}
Jun 11 07:05:21.797230 np0000002582 nova-scheduler[95670]: DEBUG cotyledon.oslo_config_glue [-] oslo_limit.keyfile = None {{(pid=95670) log_opt_values /opt/stack/data/venv/lib/python3.12/site-packages/oslo_config/cfg.py:3256}}
Jun 11 07:05:21.797230 np0000002582 nova-scheduler[95670]: DEBUG cotyledon.oslo_config_glue [-] oslo_limit.max_version = None {{(pid=95670) log_opt_values /opt/stack/data/venv/lib/python3.12/site-packages/oslo_config/cfg.py:3256}}
Jun 11 07:05:21.797230 np0000002582 nova-scheduler[95670]: DEBUG cotyledon.oslo_config_glue [-] oslo_limit.min_version = None {{(pid=95670) log_opt_values /opt/stack/data/venv/lib/python3.12/site-packages/oslo_config/cfg.py:3256}}
Jun 11 07:05:21.797230 np0000002582 nova-scheduler[95670]: DEBUG cotyledon.oslo_config_glue [-] oslo_limit.region_name = None {{(pid=95670) log_opt_values /opt/stack/data/venv/lib/python3.12/site-packages/oslo_config/cfg.py:3256}}
Jun 11 07:05:21.797230 np0000002582 nova-scheduler[95670]: DEBUG cotyledon.oslo_config_glue [-] oslo_limit.retriable_status_codes = None {{(pid=95670) log_opt_values /opt/stack/data/venv/lib/python3.12/site-packages/oslo_config/cfg.py:3256}}
Jun 11 07:05:21.797230 np0000002582 nova-scheduler[95670]: DEBUG cotyledon.oslo_config_glue [-] oslo_limit.service_name = None {{(pid=95670) log_opt_values /opt/stack/data/venv/lib/python3.12/site-packages/oslo_config/cfg.py:3256}}
Jun 11 07:05:21.797438 np0000002582 nova-scheduler[95670]: DEBUG cotyledon.oslo_config_glue [-] oslo_limit.service_type = None {{(pid=95670) log_opt_values /opt/stack/data/venv/lib/python3.12/site-packages/oslo_config/cfg.py:3256}}
Jun 11 07:05:21.797438 np0000002582 nova-scheduler[95670]: DEBUG cotyledon.oslo_config_glue [-] oslo_limit.split_loggers = False {{(pid=95670) log_opt_values /opt/stack/data/venv/lib/python3.12/site-packages/oslo_config/cfg.py:3256}}
Jun 11 07:05:21.797438 np0000002582 nova-scheduler[95670]: DEBUG cotyledon.oslo_config_glue [-] oslo_limit.status_code_retries = None {{(pid=95670) log_opt_values /opt/stack/data/venv/lib/python3.12/site-packages/oslo_config/cfg.py:3256}}
Jun 11 07:05:21.797438 np0000002582 nova-scheduler[95670]: DEBUG cotyledon.oslo_config_glue [-] oslo_limit.status_code_retry_delay = None {{(pid=95670) log_opt_values /opt/stack/data/venv/lib/python3.12/site-packages/oslo_config/cfg.py:3256}}
Jun 11 07:05:21.797438 np0000002582 nova-scheduler[95670]: DEBUG cotyledon.oslo_config_glue [-] oslo_limit.timeout = None {{(pid=95670) log_opt_values /opt/stack/data/venv/lib/python3.12/site-packages/oslo_config/cfg.py:3256}}
Jun 11 07:05:21.797438 np0000002582 nova-scheduler[95670]: DEBUG cotyledon.oslo_config_glue [-] oslo_limit.valid_interfaces = None {{(pid=95670) log_opt_values /opt/stack/data/venv/lib/python3.12/site-packages/oslo_config/cfg.py:3256}}
Jun 11 07:05:21.797438 np0000002582 nova-scheduler[95670]: DEBUG cotyledon.oslo_config_glue [-] oslo_limit.version = None {{(pid=95670) log_opt_values /opt/stack/data/venv/lib/python3.12/site-packages/oslo_config/cfg.py:3256}}
Jun 11 07:05:21.797438 np0000002582 nova-scheduler[95670]: DEBUG cotyledon.oslo_config_glue [-] oslo_reports.file_event_handler = None {{(pid=95670) log_opt_values /opt/stack/data/venv/lib/python3.12/site-packages/oslo_config/cfg.py:3256}}
Jun 11 07:05:21.797438 np0000002582 nova-scheduler[95670]: DEBUG cotyledon.oslo_config_glue [-] oslo_reports.file_event_handler_interval = 1 {{(pid=95670) log_opt_values /opt/stack/data/venv/lib/python3.12/site-packages/oslo_config/cfg.py:3256}}
Jun 11 07:05:21.797587 np0000002582 nova-scheduler[95670]: DEBUG cotyledon.oslo_config_glue [-] oslo_reports.log_dir = None {{(pid=95670) log_opt_values /opt/stack/data/venv/lib/python3.12/site-packages/oslo_config/cfg.py:3256}}
Jun 11 07:05:21.797587 np0000002582 nova-scheduler[95670]: DEBUG cotyledon.oslo_config_glue [-] ******************************************************************************** {{(pid=95670) log_opt_values /opt/stack/data/venv/lib/python3.12/site-packages/oslo_config/cfg.py:3263}}
Jun 11 07:05:21.797587 np0000002582 nova-scheduler[95670]: DEBUG cotyledon._service_worker [-] Run service ServiceWrapper(2) [95670] {{(pid=95670) wait_forever /opt/stack/data/venv/lib/python3.12/site-packages/cotyledon/_service_worker.py:218}}
Jun 11 07:05:21.797587 np0000002582 nova-scheduler[95670]: INFO nova.service [-] Starting scheduler node (version 33.1.0)
Jun 11 07:05:21.798085 np0000002582 nova-scheduler[95670]: INFO dbcounter [None req-b08dcb14-07cf-4464-9081-d101dbed4371 None None] Registered counter for database nova_cell0
Jun 11 07:05:21.812748 np0000002582 nova-scheduler[95665]: DEBUG oslo_db.sqlalchemy.engines [None req-615096e0-5252-4320-b426-0e95fd489c7b None None] MySQL server mode set to STRICT_TRANS_TABLES,STRICT_ALL_TABLES,NO_ZERO_IN_DATE,NO_ZERO_DATE,ERROR_FOR_DIVISION_BY_ZERO,TRADITIONAL,NO_ENGINE_SUBSTITUTION {{(pid=95665) _check_effective_sql_mode /opt/stack/data/venv/lib/python3.12/site-packages/oslo_db/sqlalchemy/engines.py:325}}
Jun 11 07:05:21.815598 np0000002582 nova-scheduler[95668]: DEBUG oslo_db.sqlalchemy.engines [None req-2a3f8cca-4787-4918-a772-e4dece1575cb None None] MySQL server mode set to STRICT_TRANS_TABLES,STRICT_ALL_TABLES,NO_ZERO_IN_DATE,NO_ZERO_DATE,ERROR_FOR_DIVISION_BY_ZERO,TRADITIONAL,NO_ENGINE_SUBSTITUTION {{(pid=95668) _check_effective_sql_mode /opt/stack/data/venv/lib/python3.12/site-packages/oslo_db/sqlalchemy/engines.py:325}}
Jun 11 07:05:21.824308 np0000002582 nova-scheduler[95665]: DEBUG dbcounter [-] [95665] Writer thread running {{(pid=95665) stat_writer /opt/stack/data/venv/lib/python3.12/site-packages/dbcounter.py:102}}
Jun 11 07:05:21.825644 np0000002582 nova-scheduler[95668]: DEBUG dbcounter [-] [95668] Writer thread running {{(pid=95668) stat_writer /opt/stack/data/venv/lib/python3.12/site-packages/dbcounter.py:102}}
Jun 11 07:05:21.839209 np0000002582 nova-scheduler[95670]: DEBUG oslo_db.sqlalchemy.engines [None req-b08dcb14-07cf-4464-9081-d101dbed4371 None None] MySQL server mode set to STRICT_TRANS_TABLES,STRICT_ALL_TABLES,NO_ZERO_IN_DATE,NO_ZERO_DATE,ERROR_FOR_DIVISION_BY_ZERO,TRADITIONAL,NO_ENGINE_SUBSTITUTION {{(pid=95670) _check_effective_sql_mode /opt/stack/data/venv/lib/python3.12/site-packages/oslo_db/sqlalchemy/engines.py:325}}
Jun 11 07:05:21.844505 np0000002582 nova-scheduler[95668]: DEBUG nova.service [None req-2a3f8cca-4787-4918-a772-e4dece1575cb None None] Creating RPC server for service: nova-scheduler on topic: scheduler {{(pid=95668) start /opt/stack/nova/nova/service.py:196}}
Jun 11 07:05:21.849945 np0000002582 nova-scheduler[95665]: DEBUG nova.service [None req-615096e0-5252-4320-b426-0e95fd489c7b None None] Creating RPC server for service: nova-scheduler on topic: scheduler {{(pid=95665) start /opt/stack/nova/nova/service.py:196}}
Jun 11 07:05:21.850432 np0000002582 nova-scheduler[95670]: DEBUG dbcounter [-] [95670] Writer thread running {{(pid=95670) stat_writer /opt/stack/data/venv/lib/python3.12/site-packages/dbcounter.py:102}}
Jun 11 07:05:21.853135 np0000002582 nova-scheduler[95670]: DEBUG nova.service [None req-b08dcb14-07cf-4464-9081-d101dbed4371 None None] Creating RPC server for service: nova-scheduler on topic: scheduler {{(pid=95670) start /opt/stack/nova/nova/service.py:196}}
Jun 11 07:05:21.878969 np0000002582 nova-scheduler[95665]: DEBUG nova.service [None req-615096e0-5252-4320-b426-0e95fd489c7b None None] Join ServiceGroup membership for this service scheduler {{(pid=95665) start /opt/stack/nova/nova/service.py:222}}
Jun 11 07:05:21.878969 np0000002582 nova-scheduler[95665]: DEBUG nova.servicegroup.drivers.db [None req-615096e0-5252-4320-b426-0e95fd489c7b None None] DB_Driver: join new ServiceGroup member np0000002582 to the scheduler group, service = {{(pid=95665) join /opt/stack/nova/nova/servicegroup/drivers/db.py:44}}
Jun 11 07:05:21.879989 np0000002582 nova-scheduler[95668]: DEBUG nova.service [None req-2a3f8cca-4787-4918-a772-e4dece1575cb None None] Join ServiceGroup membership for this service scheduler {{(pid=95668) start /opt/stack/nova/nova/service.py:222}}
Jun 11 07:05:21.880265 np0000002582 nova-scheduler[95668]: DEBUG nova.servicegroup.drivers.db [None req-2a3f8cca-4787-4918-a772-e4dece1575cb None None] DB_Driver: join new ServiceGroup member np0000002582 to the scheduler group, service = {{(pid=95668) join /opt/stack/nova/nova/servicegroup/drivers/db.py:44}}
Jun 11 07:05:21.886372 np0000002582 nova-scheduler[95670]: DEBUG nova.service [None req-b08dcb14-07cf-4464-9081-d101dbed4371 None None] Join ServiceGroup membership for this service scheduler {{(pid=95670) start /opt/stack/nova/nova/service.py:222}}
Jun 11 07:05:21.886849 np0000002582 nova-scheduler[95670]: DEBUG nova.servicegroup.drivers.db [None req-b08dcb14-07cf-4464-9081-d101dbed4371 None None] DB_Driver: join new ServiceGroup member np0000002582 to the scheduler group, service = {{(pid=95670) join /opt/stack/nova/nova/servicegroup/drivers/db.py:44}}
Jun 11 07:05:26.899579 np0000002582 nova-scheduler[95668]: DEBUG oslo.service.backend._threading.loopingcall [-] Fixed interval looping call 'nova.servicegroup.drivers.db.DbDriver._report_state' sleeping for 119.98 seconds {{(pid=95668) _run_loop /opt/stack/data/venv/lib/python3.12/site-packages/oslo_service/backend/_threading/loopingcall.py:125}}
Jun 11 07:05:26.900172 np0000002582 nova-scheduler[95665]: DEBUG oslo.service.backend._threading.loopingcall [-] Fixed interval looping call 'nova.servicegroup.drivers.db.DbDriver._report_state' sleeping for 119.98 seconds {{(pid=95665) _run_loop /opt/stack/data/venv/lib/python3.12/site-packages/oslo_service/backend/_threading/loopingcall.py:125}}
Jun 11 07:05:26.901668 np0000002582 nova-scheduler[95670]: DEBUG oslo.service.backend._threading.loopingcall [-] Fixed interval looping call 'nova.servicegroup.drivers.db.DbDriver._report_state' sleeping for 119.99 seconds {{(pid=95670) _run_loop /opt/stack/data/venv/lib/python3.12/site-packages/oslo_service/backend/_threading/loopingcall.py:125}}
Jun 11 07:05:30.443177 np0000002582 nova-scheduler[94440]: DEBUG dbcounter [-] [94440] Writing DB stats nova_api:SELECT=3 {{(pid=94440) stat_writer /opt/stack/data/venv/lib/python3.12/site-packages/dbcounter.py:115}}
Jun 11 07:05:30.573638 np0000002582 nova-scheduler[94440]: DEBUG dbcounter [-] [94440] Writing DB stats nova_cell1:SELECT=1 {{(pid=94440) stat_writer /opt/stack/data/venv/lib/python3.12/site-packages/dbcounter.py:115}}
Jun 11 07:05:30.578506 np0000002582 nova-scheduler[94440]: DEBUG dbcounter [-] [94440] Writing DB stats nova_cell0:SELECT=1 {{(pid=94440) stat_writer /opt/stack/data/venv/lib/python3.12/site-packages/dbcounter.py:115}}
Jun 11 07:05:36.895864 np0000002582 nova-scheduler[95668]: DEBUG dbcounter [-] [95668] Writing DB stats nova_cell0:SELECT=4,nova_cell0:INSERT=1,nova_cell0:UPDATE=1 {{(pid=95668) stat_writer /opt/stack/data/venv/lib/python3.12/site-packages/dbcounter.py:115}}
Jun 11 07:05:36.899326 np0000002582 nova-scheduler[95665]: DEBUG dbcounter [-] [95665] Writing DB stats nova_cell0:SELECT=5,nova_cell0:INSERT=1,nova_cell0:UPDATE=1 {{(pid=95665) stat_writer /opt/stack/data/venv/lib/python3.12/site-packages/dbcounter.py:115}}
Jun 11 07:05:36.899574 np0000002582 nova-scheduler[95670]: DEBUG dbcounter [-] [95670] Writing DB stats nova_cell0:SELECT=3 {{(pid=95670) stat_writer /opt/stack/data/venv/lib/python3.12/site-packages/dbcounter.py:115}}
Jun 11 07:05:42.886373 np0000002582 nova-scheduler[95668]: DEBUG oslo.service.backend._threading.loopingcall [None req-ea2f61c5-7d79-452d-8291-3c75133ee075 None None] Dynamic interval looping call 'nova.service.Service.periodic_tasks' sleeping for 60.00 seconds {{(pid=95668) _run_loop /opt/stack/data/venv/lib/python3.12/site-packages/oslo_service/backend/_threading/loopingcall.py:125}}
Jun 11 07:06:03.881144 np0000002582 nova-scheduler[95665]: DEBUG oslo.service.backend._threading.loopingcall [None req-201e3916-8054-420f-938c-76addbe5b411 None None] Dynamic interval looping call 'nova.service.Service.periodic_tasks' sleeping for 60.00 seconds {{(pid=95665) _run_loop /opt/stack/data/venv/lib/python3.12/site-packages/oslo_service/backend/_threading/loopingcall.py:125}}
Jun 11 07:06:13.892663 np0000002582 nova-scheduler[95670]: DEBUG oslo.service.backend._threading.loopingcall [None req-d754d642-3d4b-446c-bafb-315f057d3fd5 None None] Dynamic interval looping call 'nova.service.Service.periodic_tasks' sleeping for 60.00 seconds {{(pid=95670) _run_loop /opt/stack/data/venv/lib/python3.12/site-packages/oslo_service/backend/_threading/loopingcall.py:125}}
Jun 11 07:06:42.884554 np0000002582 nova-scheduler[95668]: DEBUG oslo.service.backend._threading.loopingcall [None req-ea2f61c5-7d79-452d-8291-3c75133ee075 None None] Dynamic interval looping call 'nova.service.Service.periodic_tasks' sleeping for 60.00 seconds {{(pid=95668) _run_loop /opt/stack/data/venv/lib/python3.12/site-packages/oslo_service/backend/_threading/loopingcall.py:125}}
Jun 11 07:07:03.881643 np0000002582 nova-scheduler[95665]: DEBUG oslo.service.backend._threading.loopingcall [None req-201e3916-8054-420f-938c-76addbe5b411 None None] Dynamic interval looping call 'nova.service.Service.periodic_tasks' sleeping for 60.00 seconds {{(pid=95665) _run_loop /opt/stack/data/venv/lib/python3.12/site-packages/oslo_service/backend/_threading/loopingcall.py:125}}
Jun 11 07:07:13.893392 np0000002582 nova-scheduler[95670]: DEBUG oslo.service.backend._threading.loopingcall [None req-d754d642-3d4b-446c-bafb-315f057d3fd5 None None] Dynamic interval looping call 'nova.service.Service.periodic_tasks' sleeping for 60.00 seconds {{(pid=95670) _run_loop /opt/stack/data/venv/lib/python3.12/site-packages/oslo_service/backend/_threading/loopingcall.py:125}}
Jun 11 07:07:26.891866 np0000002582 nova-scheduler[95665]: DEBUG oslo.service.backend._threading.loopingcall [-] Fixed interval looping call 'nova.servicegroup.drivers.db.DbDriver._report_state' sleeping for 119.99 seconds {{(pid=95665) _run_loop /opt/stack/data/venv/lib/python3.12/site-packages/oslo_service/backend/_threading/loopingcall.py:125}}
Jun 11 07:07:26.892696 np0000002582 nova-scheduler[95668]: DEBUG oslo.service.backend._threading.loopingcall [-] Fixed interval looping call 'nova.servicegroup.drivers.db.DbDriver._report_state' sleeping for 119.99 seconds {{(pid=95668) _run_loop /opt/stack/data/venv/lib/python3.12/site-packages/oslo_service/backend/_threading/loopingcall.py:125}}
Jun 11 07:07:26.895310 np0000002582 nova-scheduler[95670]: DEBUG oslo.service.backend._threading.loopingcall [-] Fixed interval looping call 'nova.servicegroup.drivers.db.DbDriver._report_state' sleeping for 120.00 seconds {{(pid=95670) _run_loop /opt/stack/data/venv/lib/python3.12/site-packages/oslo_service/backend/_threading/loopingcall.py:125}}
Jun 11 07:07:36.884269 np0000002582 nova-scheduler[95668]: DEBUG dbcounter [-] [95668] Writing DB stats nova_cell0:SELECT=1,nova_cell0:UPDATE=1 {{(pid=95668) stat_writer /opt/stack/data/venv/lib/python3.12/site-packages/dbcounter.py:115}}
Jun 11 07:07:36.885234 np0000002582 nova-scheduler[95665]: DEBUG dbcounter [-] [95665] Writing DB stats nova_cell0:SELECT=1,nova_cell0:UPDATE=1 {{(pid=95665) stat_writer /opt/stack/data/venv/lib/python3.12/site-packages/dbcounter.py:115}}
Jun 11 07:07:36.893472 np0000002582 nova-scheduler[95670]: DEBUG dbcounter [-] [95670] Writing DB stats nova_cell0:SELECT=1 {{(pid=95670) stat_writer /opt/stack/data/venv/lib/python3.12/site-packages/dbcounter.py:115}}
Jun 11 07:07:42.885140 np0000002582 nova-scheduler[95668]: DEBUG oslo.service.backend._threading.loopingcall [None req-ea2f61c5-7d79-452d-8291-3c75133ee075 None None] Dynamic interval looping call 'nova.service.Service.periodic_tasks' sleeping for 60.00 seconds {{(pid=95668) _run_loop /opt/stack/data/venv/lib/python3.12/site-packages/oslo_service/backend/_threading/loopingcall.py:125}}
Jun 11 07:08:00.585708 np0000002582 nova-scheduler[95665]: DEBUG nova.scheduler.manager [None req-69e123d5-41cd-4180-b938-aff20a4fd185 tempest-ServerBootFromVolumeStableRescueTest-1495110505 tempest-ServerBootFromVolumeStableRescueTest-1495110505-project-member] Starting to schedule for instances: ['0f4101a3-e405-4b99-a61a-f1514f04072b'] {{(pid=95665) select_destinations /opt/stack/nova/nova/scheduler/manager.py:210}}
Jun 11 07:08:00.586208 np0000002582 nova-scheduler[95665]: DEBUG nova.scheduler.request_filter [None req-69e123d5-41cd-4180-b938-aff20a4fd185 tempest-ServerBootFromVolumeStableRescueTest-1495110505 tempest-ServerBootFromVolumeStableRescueTest-1495110505-project-member] compute_status_filter request filter added forbidden trait COMPUTE_STATUS_DISABLED {{(pid=95665) compute_status_filter /opt/stack/nova/nova/scheduler/request_filter.py:253}}
Jun 11 07:08:00.586734 np0000002582 nova-scheduler[95665]: DEBUG nova.scheduler.request_filter [None req-69e123d5-41cd-4180-b938-aff20a4fd185 tempest-ServerBootFromVolumeStableRescueTest-1495110505 tempest-ServerBootFromVolumeStableRescueTest-1495110505-project-member] Request filter 'compute_status_filter' took 0.0 seconds {{(pid=95665) wrapper /opt/stack/nova/nova/scheduler/request_filter.py:46}}
Jun 11 07:08:00.586934 np0000002582 nova-scheduler[95665]: DEBUG nova.scheduler.request_filter [None req-69e123d5-41cd-4180-b938-aff20a4fd185 tempest-ServerBootFromVolumeStableRescueTest-1495110505 tempest-ServerBootFromVolumeStableRescueTest-1495110505-project-member] Request filter 'accelerators_filter' took 0.0 seconds {{(pid=95665) wrapper /opt/stack/nova/nova/scheduler/request_filter.py:46}}
Jun 11 07:08:00.587216 np0000002582 nova-scheduler[95665]: DEBUG nova.scheduler.request_filter [None req-69e123d5-41cd-4180-b938-aff20a4fd185 tempest-ServerBootFromVolumeStableRescueTest-1495110505 tempest-ServerBootFromVolumeStableRescueTest-1495110505-project-member] Request filter 'packed_virtqueue_filter' took 0.0 seconds {{(pid=95665) wrapper /opt/stack/nova/nova/scheduler/request_filter.py:46}}
Jun 11 07:08:00.587505 np0000002582 nova-scheduler[95665]: DEBUG nova.scheduler.request_filter [None req-69e123d5-41cd-4180-b938-aff20a4fd185 tempest-ServerBootFromVolumeStableRescueTest-1495110505 tempest-ServerBootFromVolumeStableRescueTest-1495110505-project-member] Request filter 'remote_managed_ports_filter' took 0.0 seconds {{(pid=95665) wrapper /opt/stack/nova/nova/scheduler/request_filter.py:46}}
Jun 11 07:08:00.587674 np0000002582 nova-scheduler[95665]: DEBUG nova.scheduler.request_filter [None req-69e123d5-41cd-4180-b938-aff20a4fd185 tempest-ServerBootFromVolumeStableRescueTest-1495110505 tempest-ServerBootFromVolumeStableRescueTest-1495110505-project-member] ephemeral_encryption_filter skipped {{(pid=95665) ephemeral_encryption_filter /opt/stack/nova/nova/scheduler/request_filter.py:426}}
Jun 11 07:08:00.587830 np0000002582 nova-scheduler[95665]: DEBUG nova.scheduler.request_filter [None req-69e123d5-41cd-4180-b938-aff20a4fd185 tempest-ServerBootFromVolumeStableRescueTest-1495110505 tempest-ServerBootFromVolumeStableRescueTest-1495110505-project-member] virtio_sound_filter skipped {{(pid=95665) virtio_sound_filter /opt/stack/nova/nova/scheduler/request_filter.py:460}}
Jun 11 07:08:00.587989 np0000002582 nova-scheduler[95665]: DEBUG nova.scheduler.request_filter [None req-69e123d5-41cd-4180-b938-aff20a4fd185 tempest-ServerBootFromVolumeStableRescueTest-1495110505 tempest-ServerBootFromVolumeStableRescueTest-1495110505-project-member] tpm_secret_security_filter skipped {{(pid=95665) tpm_secret_security_filter /opt/stack/nova/nova/scheduler/request_filter.py:477}}
Jun 11 07:08:01.134092 np0000002582 nova-scheduler[95665]: INFO nova.utils [None req-69e123d5-41cd-4180-b938-aff20a4fd185 tempest-ServerBootFromVolumeStableRescueTest-1495110505 tempest-ServerBootFromVolumeStableRescueTest-1495110505-project-member] The cell worker thread pool ForkProcess-1.cell_worker is initialized
Jun 11 07:08:01.134553 np0000002582 nova-scheduler[95665]: DEBUG oslo_concurrency.lockutils [None req-69e123d5-41cd-4180-b938-aff20a4fd185 tempest-ServerBootFromVolumeStableRescueTest-1495110505 tempest-ServerBootFromVolumeStableRescueTest-1495110505-project-member] Acquiring lock "dc394ac7-5403-4161-9911-c383800f2836" by "nova.context.set_target_cell..get_or_set_cached_cell_and_set_connections" {{(pid=95665) inner /opt/stack/data/venv/lib/python3.12/site-packages/oslo_concurrency/lockutils.py:511}}
Jun 11 07:08:01.134832 np0000002582 nova-scheduler[95665]: DEBUG oslo_concurrency.lockutils [None req-69e123d5-41cd-4180-b938-aff20a4fd185 tempest-ServerBootFromVolumeStableRescueTest-1495110505 tempest-ServerBootFromVolumeStableRescueTest-1495110505-project-member] Lock "dc394ac7-5403-4161-9911-c383800f2836" acquired by "nova.context.set_target_cell..get_or_set_cached_cell_and_set_connections" :: waited 0.000s {{(pid=95665) inner /opt/stack/data/venv/lib/python3.12/site-packages/oslo_concurrency/lockutils.py:524}}
Jun 11 07:08:01.136924 np0000002582 nova-scheduler[95665]: DEBUG oslo_concurrency.lockutils [None req-69e123d5-41cd-4180-b938-aff20a4fd185 tempest-ServerBootFromVolumeStableRescueTest-1495110505 tempest-ServerBootFromVolumeStableRescueTest-1495110505-project-member] Lock "dc394ac7-5403-4161-9911-c383800f2836" "released" by "nova.context.set_target_cell..get_or_set_cached_cell_and_set_connections" :: held 0.002s {{(pid=95665) inner /opt/stack/data/venv/lib/python3.12/site-packages/oslo_concurrency/lockutils.py:543}}
Jun 11 07:08:01.138767 np0000002582 nova-scheduler[95665]: INFO dbcounter [None req-69e123d5-41cd-4180-b938-aff20a4fd185 tempest-ServerBootFromVolumeStableRescueTest-1495110505 tempest-ServerBootFromVolumeStableRescueTest-1495110505-project-member] Registered counter for database nova_cell1
Jun 11 07:08:01.174313 np0000002582 nova-scheduler[95665]: DEBUG oslo_db.sqlalchemy.engines [None req-69e123d5-41cd-4180-b938-aff20a4fd185 tempest-ServerBootFromVolumeStableRescueTest-1495110505 tempest-ServerBootFromVolumeStableRescueTest-1495110505-project-member] MySQL server mode set to STRICT_TRANS_TABLES,STRICT_ALL_TABLES,NO_ZERO_IN_DATE,NO_ZERO_DATE,ERROR_FOR_DIVISION_BY_ZERO,TRADITIONAL,NO_ENGINE_SUBSTITUTION {{(pid=95665) _check_effective_sql_mode /opt/stack/data/venv/lib/python3.12/site-packages/oslo_db/sqlalchemy/engines.py:325}}
Jun 11 07:08:01.180414 np0000002582 nova-scheduler[95665]: DEBUG dbcounter [-] [95665] Writer thread running {{(pid=95665) stat_writer /opt/stack/data/venv/lib/python3.12/site-packages/dbcounter.py:102}}
Jun 11 07:08:01.190050 np0000002582 nova-scheduler[95665]: DEBUG oslo_db.sqlalchemy.engines [None req-69e123d5-41cd-4180-b938-aff20a4fd185 tempest-ServerBootFromVolumeStableRescueTest-1495110505 tempest-ServerBootFromVolumeStableRescueTest-1495110505-project-member] Parent process 94440 forked (95665) with an open database connection, which is being discarded and recreated. {{(pid=95665) checkout /opt/stack/data/venv/lib/python3.12/site-packages/oslo_db/sqlalchemy/engines.py:402}}
Jun 11 07:08:01.243494 np0000002582 nova-scheduler[95665]: DEBUG dbcounter [-] [95665] Writer thread running {{(pid=95665) stat_writer /opt/stack/data/venv/lib/python3.12/site-packages/dbcounter.py:102}}
Jun 11 07:08:01.246557 np0000002582 nova-scheduler[95665]: DEBUG oslo_concurrency.lockutils [None req-69e123d5-41cd-4180-b938-aff20a4fd185 tempest-ServerBootFromVolumeStableRescueTest-1495110505 tempest-ServerBootFromVolumeStableRescueTest-1495110505-project-member] Acquiring lock "dc394ac7-5403-4161-9911-c383800f2836" by "nova.context.set_target_cell..get_or_set_cached_cell_and_set_connections" {{(pid=95665) inner /opt/stack/data/venv/lib/python3.12/site-packages/oslo_concurrency/lockutils.py:511}}
Jun 11 07:08:01.246759 np0000002582 nova-scheduler[95665]: DEBUG oslo_concurrency.lockutils [None req-69e123d5-41cd-4180-b938-aff20a4fd185 tempest-ServerBootFromVolumeStableRescueTest-1495110505 tempest-ServerBootFromVolumeStableRescueTest-1495110505-project-member] Lock "dc394ac7-5403-4161-9911-c383800f2836" acquired by "nova.context.set_target_cell..get_or_set_cached_cell_and_set_connections" :: waited 0.000s {{(pid=95665) inner /opt/stack/data/venv/lib/python3.12/site-packages/oslo_concurrency/lockutils.py:524}}
Jun 11 07:08:01.246979 np0000002582 nova-scheduler[95665]: DEBUG oslo_concurrency.lockutils [None req-69e123d5-41cd-4180-b938-aff20a4fd185 tempest-ServerBootFromVolumeStableRescueTest-1495110505 tempest-ServerBootFromVolumeStableRescueTest-1495110505-project-member] Lock "dc394ac7-5403-4161-9911-c383800f2836" "released" by "nova.context.set_target_cell..get_or_set_cached_cell_and_set_connections" :: held 0.000s {{(pid=95665) inner /opt/stack/data/venv/lib/python3.12/site-packages/oslo_concurrency/lockutils.py:543}}
Jun 11 07:08:01.250639 np0000002582 nova-scheduler[95665]: DEBUG oslo_concurrency.lockutils [None req-69e123d5-41cd-4180-b938-aff20a4fd185 tempest-ServerBootFromVolumeStableRescueTest-1495110505 tempest-ServerBootFromVolumeStableRescueTest-1495110505-project-member] Acquiring lock "('np0000002582', 'np0000002582')" by "nova.scheduler.host_manager.HostState.update.._locked_update" {{(pid=95665) inner /opt/stack/data/venv/lib/python3.12/site-packages/oslo_concurrency/lockutils.py:511}}
Jun 11 07:08:01.250863 np0000002582 nova-scheduler[95665]: DEBUG oslo_concurrency.lockutils [None req-69e123d5-41cd-4180-b938-aff20a4fd185 tempest-ServerBootFromVolumeStableRescueTest-1495110505 tempest-ServerBootFromVolumeStableRescueTest-1495110505-project-member] Lock "('np0000002582', 'np0000002582')" acquired by "nova.scheduler.host_manager.HostState.update.._locked_update" :: waited 0.000s {{(pid=95665) inner /opt/stack/data/venv/lib/python3.12/site-packages/oslo_concurrency/lockutils.py:524}}
Jun 11 07:08:01.251975 np0000002582 nova-scheduler[95665]: DEBUG nova.scheduler.host_manager [None req-69e123d5-41cd-4180-b938-aff20a4fd185 tempest-ServerBootFromVolumeStableRescueTest-1495110505 tempest-ServerBootFromVolumeStableRescueTest-1495110505-project-member] Update host state from compute node: ComputeNode(cpu_allocation_ratio=4.0,cpu_info='{"arch": "x86_64", "model": "EPYC-Milan", "vendor": "AMD", "topology": {"cells": 1, "sockets": 12, "cores": 1, "threads": 1}, "maxphysaddr": {"mode": "emulate", "bits": 40}, "features": ["rdseed", "fxsr", "null-sel-clr-base", "sse4.2", "invpcid", "erms", "popcnt", "vpclmulqdq", "adx", "pni", "v-vmsave-vmload", "clwb", "xsave", "gds-no", "vmcb-clean", "stibp", "cx16", "bmi1", "xsaves", "amd-ssbd", "syscall", "sse4.1", "aes", "mmxext", "rdtscp", "amd-psfd", "tsc-scale", "cr8legacy", "x2apic", "cmov", "arch-capabilities", "abm", "mce", "pae", "ssbd", "mca", "lfence-always-serializing", "perfctr_core", "ssse3", "pge", "no-nested-data-bp", "smap", "tsc_adjust", "pfthreshold", "clflush", "flushbyasid", "smep", "ibrs", "pschange-mc-no", "msr", "xsaveerptr", "fsrm", "sha-ni", "mtrr", "umip", "de", "xgetbv1", "fsgsbase", "pcid", "sep", "pku", "apic", "svme-addr-chk", "fxsr_opt", "3dnowprefetch", "avx", "osvw", "pclmuldq", "xsaveopt", "rdpid", "mds-no", "lbrv", "movbe", "mmx", "stibp-always-on", "vme", "fpu", "bmi2", "npt", "pse", "pse36", "rdrand", "ibpb", "avx2", "svm", "lahf_lm", "pat", "xsavec", "sse2", "topoext", "arat", "cx8", "lm", "nrip-save", "clflushopt", "amd-stibp", "vgif", "nx", "tsc-deadline", "cmp_legacy", "vaes", "virt-ssbd", "spec-ctrl", "tsc", "wbnoinvd", "fma", "hypervisor", "pause-filter", "rdctl-no", "skip-l1dfl-vmentry", "sse", "sse4a", "clzero", "misalignsse", "f16c", "pdpe1gb"]}',created_at=2026-06-11T07:05:47Z,current_workload=0,deleted=False,deleted_at=None,disk_allocation_ratio=1.0,disk_available_least=74,free_disk_gb=95,free_ram_mb=23518,host='np0000002582',host_ip=10.4.3.53,hypervisor_hostname='np0000002582',hypervisor_type='QEMU',hypervisor_version=8002002,id=1,local_gb=95,local_gb_used=0,mapped=1,memory_mb=24030,memory_mb_used=512,metrics='[]',numa_topology='{"nova_object.name": "NUMATopology", "nova_object.namespace": "nova", "nova_object.version": "1.2", "nova_object.data": {"cells": [{"nova_object.name": "NUMACell", "nova_object.namespace": "nova", "nova_object.version": "1.5", "nova_object.data": {"id": 0, "cpuset": [0, 1, 2, 3, 4, 5, 6, 7, 8, 9, 10, 11], "pcpuset": [0, 1, 2, 3, 4, 5, 6, 7, 8, 9, 10, 11], "memory": 24030, "cpu_usage": 0, "memory_usage": 0, "pinned_cpus": [], "siblings": [[6], [2], [5], [11], [8], [4], [1], [7], [10], [0], [3], [9]], "mempages": [{"nova_object.name": "NUMAPagesTopology", "nova_object.namespace": "nova", "nova_object.version": "1.1", "nova_object.data": {"size_kb": 4, "total": 6151798, "used": 0, "reserved": 0}, "nova_object.changes": ["total", "reserved", "size_kb", "used"]}, {"nova_object.name": "NUMAPagesTopology", "nova_object.namespace": "nova", "nova_object.version": "1.1", "nova_object.data": {"size_kb": 2048, "total": 0, "used": 0, "reserved": 0}, "nova_object.changes": ["total", "reserved", "size_kb", "used"]}, {"nova_object.name": "NUMAPagesTopology", "nova_object.namespace": "nova", "nova_object.version": "1.1", "nova_object.data": {"size_kb": 1048576, "total": 0, "used": 0, "reserved": 0}, "nova_object.changes": ["total", "reserved", "size_kb", "used"]}], "network_metadata": {"nova_object.name": "NetworkMetadata", "nova_object.namespace": "nova", "nova_object.version": "1.0", "nova_object.data": {"physnets": [], "tunneled": false}, "nova_object.changes": ["tunneled", "physnets"]}, "socket": null}, "nova_object.changes": ["socket", "pinned_cpus", "mempages", "network_metadata", "cpuset", "cpu_usage", "id", "siblings", "memory", "memory_usage", "pcpuset"]}]}, "nova_object.changes": ["cells"]}',pci_device_pools=PciDevicePoolList,ram_allocation_ratio=1.0,running_vms=0,service_id=4,stats={failed_builds='0',uptime=' 07:07:32 up 26 min, 2 users, load average: 1.20, 1.33, 0.77
Jun 11 07:08:01.251975 np0000002582 nova-scheduler[95665]: '},supported_hv_specs=[HVSpec,HVSpec,HVSpec,HVSpec,HVSpec,HVSpec,HVSpec,HVSpec,HVSpec,HVSpec,HVSpec,HVSpec,HVSpec,HVSpec,HVSpec,HVSpec,HVSpec,HVSpec,HVSpec,HVSpec,HVSpec,HVSpec,HVSpec,HVSpec,HVSpec],updated_at=2026-06-11T07:07:34Z,uuid=24724930-5054-4199-9dac-e376c465079b,vcpus=12,vcpus_used=0) {{(pid=95665) _locked_update /opt/stack/nova/nova/scheduler/host_manager.py:168}}
Jun 11 07:08:01.253045 np0000002582 nova-scheduler[95665]: DEBUG nova.scheduler.host_manager [None req-69e123d5-41cd-4180-b938-aff20a4fd185 tempest-ServerBootFromVolumeStableRescueTest-1495110505 tempest-ServerBootFromVolumeStableRescueTest-1495110505-project-member] Update host state with aggregates: [] {{(pid=95665) _locked_update /opt/stack/nova/nova/scheduler/host_manager.py:171}}
Jun 11 07:08:01.253225 np0000002582 nova-scheduler[95665]: DEBUG nova.scheduler.host_manager [None req-69e123d5-41cd-4180-b938-aff20a4fd185 tempest-ServerBootFromVolumeStableRescueTest-1495110505 tempest-ServerBootFromVolumeStableRescueTest-1495110505-project-member] Update host state with service dict: {'id': 4, 'uuid': '6c7f4772-22a0-4175-a266-eba76fa88562', 'host': 'np0000002582', 'binary': 'nova-compute', 'topic': 'compute', 'report_count': 2, 'disabled': False, 'disabled_reason': None, 'last_seen_up': datetime.datetime(2026, 6, 11, 7, 7, 55, tzinfo=datetime.timezone.utc), 'forced_down': False, 'version': 72, 'created_at': datetime.datetime(2026, 6, 11, 7, 5, 45, tzinfo=datetime.timezone.utc), 'updated_at': datetime.datetime(2026, 6, 11, 7, 7, 55, tzinfo=datetime.timezone.utc), 'deleted_at': None, 'deleted': False} {{(pid=95665) _locked_update /opt/stack/nova/nova/scheduler/host_manager.py:174}}
Jun 11 07:08:01.253390 np0000002582 nova-scheduler[95665]: DEBUG nova.scheduler.host_manager [None req-69e123d5-41cd-4180-b938-aff20a4fd185 tempest-ServerBootFromVolumeStableRescueTest-1495110505 tempest-ServerBootFromVolumeStableRescueTest-1495110505-project-member] Update host state with instances: [] {{(pid=95665) _locked_update /opt/stack/nova/nova/scheduler/host_manager.py:177}}
Jun 11 07:08:01.253560 np0000002582 nova-scheduler[95665]: DEBUG oslo_concurrency.lockutils [None req-69e123d5-41cd-4180-b938-aff20a4fd185 tempest-ServerBootFromVolumeStableRescueTest-1495110505 tempest-ServerBootFromVolumeStableRescueTest-1495110505-project-member] Lock "('np0000002582', 'np0000002582')" "released" by "nova.scheduler.host_manager.HostState.update.._locked_update" :: held 0.003s {{(pid=95665) inner /opt/stack/data/venv/lib/python3.12/site-packages/oslo_concurrency/lockutils.py:543}}
Jun 11 07:08:01.254171 np0000002582 nova-scheduler[95665]: DEBUG nova.filters [None req-69e123d5-41cd-4180-b938-aff20a4fd185 tempest-ServerBootFromVolumeStableRescueTest-1495110505 tempest-ServerBootFromVolumeStableRescueTest-1495110505-project-member] Starting with 1 host(s) {{(pid=95665) get_filtered_objects /opt/stack/nova/nova/filters.py:70}}
Jun 11 07:08:01.254437 np0000002582 nova-scheduler[95665]: DEBUG nova.filters [None req-69e123d5-41cd-4180-b938-aff20a4fd185 tempest-ServerBootFromVolumeStableRescueTest-1495110505 tempest-ServerBootFromVolumeStableRescueTest-1495110505-project-member] Filter ComputeFilter returned 1 host(s) {{(pid=95665) get_filtered_objects /opt/stack/nova/nova/filters.py:102}}
Jun 11 07:08:01.254657 np0000002582 nova-scheduler[95665]: DEBUG nova.filters [None req-69e123d5-41cd-4180-b938-aff20a4fd185 tempest-ServerBootFromVolumeStableRescueTest-1495110505 tempest-ServerBootFromVolumeStableRescueTest-1495110505-project-member] Filter ComputeCapabilitiesFilter returned 1 host(s) {{(pid=95665) get_filtered_objects /opt/stack/nova/nova/filters.py:102}}
Jun 11 07:08:01.254913 np0000002582 nova-scheduler[95665]: DEBUG nova.filters [None req-69e123d5-41cd-4180-b938-aff20a4fd185 tempest-ServerBootFromVolumeStableRescueTest-1495110505 tempest-ServerBootFromVolumeStableRescueTest-1495110505-project-member] Filter ImagePropertiesFilter returned 1 host(s) {{(pid=95665) get_filtered_objects /opt/stack/nova/nova/filters.py:102}}
Jun 11 07:08:01.255071 np0000002582 nova-scheduler[95665]: DEBUG nova.filters [None req-69e123d5-41cd-4180-b938-aff20a4fd185 tempest-ServerBootFromVolumeStableRescueTest-1495110505 tempest-ServerBootFromVolumeStableRescueTest-1495110505-project-member] Filter ServerGroupAntiAffinityFilter returned 1 host(s) {{(pid=95665) get_filtered_objects /opt/stack/nova/nova/filters.py:102}}
Jun 11 07:08:01.255214 np0000002582 nova-scheduler[95665]: DEBUG nova.filters [None req-69e123d5-41cd-4180-b938-aff20a4fd185 tempest-ServerBootFromVolumeStableRescueTest-1495110505 tempest-ServerBootFromVolumeStableRescueTest-1495110505-project-member] Filter ServerGroupAffinityFilter returned 1 host(s) {{(pid=95665) get_filtered_objects /opt/stack/nova/nova/filters.py:102}}
Jun 11 07:08:01.255376 np0000002582 nova-scheduler[95665]: DEBUG nova.filters [None req-69e123d5-41cd-4180-b938-aff20a4fd185 tempest-ServerBootFromVolumeStableRescueTest-1495110505 tempest-ServerBootFromVolumeStableRescueTest-1495110505-project-member] Filter SameHostFilter returned 1 host(s) {{(pid=95665) get_filtered_objects /opt/stack/nova/nova/filters.py:102}}
Jun 11 07:08:01.255522 np0000002582 nova-scheduler[95665]: DEBUG nova.filters [None req-69e123d5-41cd-4180-b938-aff20a4fd185 tempest-ServerBootFromVolumeStableRescueTest-1495110505 tempest-ServerBootFromVolumeStableRescueTest-1495110505-project-member] Filter DifferentHostFilter returned 1 host(s) {{(pid=95665) get_filtered_objects /opt/stack/nova/nova/filters.py:102}}
Jun 11 07:08:01.255701 np0000002582 nova-scheduler[95665]: DEBUG nova.scheduler.manager [None req-69e123d5-41cd-4180-b938-aff20a4fd185 tempest-ServerBootFromVolumeStableRescueTest-1495110505 tempest-ServerBootFromVolumeStableRescueTest-1495110505-project-member] Filtered [(np0000002582, np0000002582) ram: 23518MB disk: 75776MB io_ops: 0 instances: 0, allocation_candidates: 1] {{(pid=95665) _get_sorted_hosts /opt/stack/nova/nova/scheduler/manager.py:743}}
Jun 11 07:08:01.255970 np0000002582 nova-scheduler[95665]: DEBUG nova.scheduler.manager [None req-69e123d5-41cd-4180-b938-aff20a4fd185 tempest-ServerBootFromVolumeStableRescueTest-1495110505 tempest-ServerBootFromVolumeStableRescueTest-1495110505-project-member] Weighed [WeighedHost [host: (np0000002582, np0000002582) ram: 23518MB disk: 75776MB io_ops: 0 instances: 0, allocation_candidates: 1, weight: 0.0]] {{(pid=95665) _get_sorted_hosts /opt/stack/nova/nova/scheduler/manager.py:765}}
Jun 11 07:08:01.256277 np0000002582 nova-scheduler[95665]: DEBUG nova.scheduler.utils [None req-69e123d5-41cd-4180-b938-aff20a4fd185 tempest-ServerBootFromVolumeStableRescueTest-1495110505 tempest-ServerBootFromVolumeStableRescueTest-1495110505-project-member] Attempting to claim resources in the placement API for instance 0f4101a3-e405-4b99-a61a-f1514f04072b {{(pid=95665) claim_resources /opt/stack/nova/nova/scheduler/utils.py:1345}}
Jun 11 07:08:01.438513 np0000002582 nova-scheduler[95665]: DEBUG nova.scheduler.manager [None req-69e123d5-41cd-4180-b938-aff20a4fd185 tempest-ServerBootFromVolumeStableRescueTest-1495110505 tempest-ServerBootFromVolumeStableRescueTest-1495110505-project-member] [instance: 0f4101a3-e405-4b99-a61a-f1514f04072b] Selected host: (np0000002582, np0000002582) ram: 23518MB disk: 75776MB io_ops: 0 instances: 0, allocation_candidates: 1 {{(pid=95665) _consume_selected_host /opt/stack/nova/nova/scheduler/manager.py:625}}
Jun 11 07:08:01.438802 np0000002582 nova-scheduler[95665]: DEBUG oslo_concurrency.lockutils [None req-69e123d5-41cd-4180-b938-aff20a4fd185 tempest-ServerBootFromVolumeStableRescueTest-1495110505 tempest-ServerBootFromVolumeStableRescueTest-1495110505-project-member] Acquiring lock "('np0000002582', 'np0000002582')" by "nova.scheduler.host_manager.HostState.consume_from_request.._locked" {{(pid=95665) inner /opt/stack/data/venv/lib/python3.12/site-packages/oslo_concurrency/lockutils.py:511}}
Jun 11 07:08:01.438969 np0000002582 nova-scheduler[95665]: DEBUG oslo_concurrency.lockutils [None req-69e123d5-41cd-4180-b938-aff20a4fd185 tempest-ServerBootFromVolumeStableRescueTest-1495110505 tempest-ServerBootFromVolumeStableRescueTest-1495110505-project-member] Lock "('np0000002582', 'np0000002582')" acquired by "nova.scheduler.host_manager.HostState.consume_from_request.._locked" :: waited 0.000s {{(pid=95665) inner /opt/stack/data/venv/lib/python3.12/site-packages/oslo_concurrency/lockutils.py:524}}
Jun 11 07:08:01.439160 np0000002582 nova-scheduler[95665]: DEBUG oslo_concurrency.lockutils [None req-69e123d5-41cd-4180-b938-aff20a4fd185 tempest-ServerBootFromVolumeStableRescueTest-1495110505 tempest-ServerBootFromVolumeStableRescueTest-1495110505-project-member] Lock "('np0000002582', 'np0000002582')" "released" by "nova.scheduler.host_manager.HostState.consume_from_request.._locked" :: held 0.000s {{(pid=95665) inner /opt/stack/data/venv/lib/python3.12/site-packages/oslo_concurrency/lockutils.py:543}}
Jun 11 07:08:03.883214 np0000002582 nova-scheduler[95665]: DEBUG oslo.service.backend._threading.loopingcall [None req-201e3916-8054-420f-938c-76addbe5b411 None None] Dynamic interval looping call 'nova.service.Service.periodic_tasks' sleeping for 60.00 seconds {{(pid=95665) _run_loop /opt/stack/data/venv/lib/python3.12/site-packages/oslo_service/backend/_threading/loopingcall.py:125}}
Jun 11 07:08:07.705866 np0000002582 nova-scheduler[95668]: DEBUG nova.scheduler.manager [None req-87ce9c26-cdf7-44fb-bbde-814a7ef02fdf tempest-ServerActionsTestOtherA-574296578 tempest-ServerActionsTestOtherA-574296578-project-member] Starting to schedule for instances: ['59a9f9e3-6341-40af-9a87-b483b3633fb6'] {{(pid=95668) select_destinations /opt/stack/nova/nova/scheduler/manager.py:210}}
Jun 11 07:08:07.706398 np0000002582 nova-scheduler[95668]: DEBUG nova.scheduler.request_filter [None req-87ce9c26-cdf7-44fb-bbde-814a7ef02fdf tempest-ServerActionsTestOtherA-574296578 tempest-ServerActionsTestOtherA-574296578-project-member] compute_status_filter request filter added forbidden trait COMPUTE_STATUS_DISABLED {{(pid=95668) compute_status_filter /opt/stack/nova/nova/scheduler/request_filter.py:253}}
Jun 11 07:08:07.706555 np0000002582 nova-scheduler[95668]: DEBUG nova.scheduler.request_filter [None req-87ce9c26-cdf7-44fb-bbde-814a7ef02fdf tempest-ServerActionsTestOtherA-574296578 tempest-ServerActionsTestOtherA-574296578-project-member] Request filter 'compute_status_filter' took 0.0 seconds {{(pid=95668) wrapper /opt/stack/nova/nova/scheduler/request_filter.py:46}}
Jun 11 07:08:07.706826 np0000002582 nova-scheduler[95668]: DEBUG nova.scheduler.request_filter [None req-87ce9c26-cdf7-44fb-bbde-814a7ef02fdf tempest-ServerActionsTestOtherA-574296578 tempest-ServerActionsTestOtherA-574296578-project-member] Request filter 'accelerators_filter' took 0.0 seconds {{(pid=95668) wrapper /opt/stack/nova/nova/scheduler/request_filter.py:46}}
Jun 11 07:08:07.707783 np0000002582 nova-scheduler[95668]: DEBUG nova.scheduler.request_filter [None req-87ce9c26-cdf7-44fb-bbde-814a7ef02fdf tempest-ServerActionsTestOtherA-574296578 tempest-ServerActionsTestOtherA-574296578-project-member] Request filter 'packed_virtqueue_filter' took 0.0 seconds {{(pid=95668) wrapper /opt/stack/nova/nova/scheduler/request_filter.py:46}}
Jun 11 07:08:07.707783 np0000002582 nova-scheduler[95668]: DEBUG nova.scheduler.request_filter [None req-87ce9c26-cdf7-44fb-bbde-814a7ef02fdf tempest-ServerActionsTestOtherA-574296578 tempest-ServerActionsTestOtherA-574296578-project-member] Request filter 'remote_managed_ports_filter' took 0.0 seconds {{(pid=95668) wrapper /opt/stack/nova/nova/scheduler/request_filter.py:46}}
Jun 11 07:08:07.707999 np0000002582 nova-scheduler[95668]: DEBUG nova.scheduler.request_filter [None req-87ce9c26-cdf7-44fb-bbde-814a7ef02fdf tempest-ServerActionsTestOtherA-574296578 tempest-ServerActionsTestOtherA-574296578-project-member] ephemeral_encryption_filter skipped {{(pid=95668) ephemeral_encryption_filter /opt/stack/nova/nova/scheduler/request_filter.py:426}}
Jun 11 07:08:07.708245 np0000002582 nova-scheduler[95668]: DEBUG nova.scheduler.request_filter [None req-87ce9c26-cdf7-44fb-bbde-814a7ef02fdf tempest-ServerActionsTestOtherA-574296578 tempest-ServerActionsTestOtherA-574296578-project-member] virtio_sound_filter skipped {{(pid=95668) virtio_sound_filter /opt/stack/nova/nova/scheduler/request_filter.py:460}}
Jun 11 07:08:07.708465 np0000002582 nova-scheduler[95668]: DEBUG nova.scheduler.request_filter [None req-87ce9c26-cdf7-44fb-bbde-814a7ef02fdf tempest-ServerActionsTestOtherA-574296578 tempest-ServerActionsTestOtherA-574296578-project-member] tpm_secret_security_filter skipped {{(pid=95668) tpm_secret_security_filter /opt/stack/nova/nova/scheduler/request_filter.py:477}}
Jun 11 07:08:07.783756 np0000002582 nova-scheduler[95670]: DEBUG nova.scheduler.manager [None req-1a7e65cf-d7e5-4269-a0ba-d7aba2b620d7 tempest-ServerStableDeviceRescueTest-1376949000 tempest-ServerStableDeviceRescueTest-1376949000-project-member] Starting to schedule for instances: ['9ec7f139-bc1f-4d55-bb55-7f30c121460c'] {{(pid=95670) select_destinations /opt/stack/nova/nova/scheduler/manager.py:210}}
Jun 11 07:08:07.784877 np0000002582 nova-scheduler[95670]: DEBUG nova.scheduler.request_filter [None req-1a7e65cf-d7e5-4269-a0ba-d7aba2b620d7 tempest-ServerStableDeviceRescueTest-1376949000 tempest-ServerStableDeviceRescueTest-1376949000-project-member] compute_status_filter request filter added forbidden trait COMPUTE_STATUS_DISABLED {{(pid=95670) compute_status_filter /opt/stack/nova/nova/scheduler/request_filter.py:253}}
Jun 11 07:08:07.785182 np0000002582 nova-scheduler[95670]: DEBUG nova.scheduler.request_filter [None req-1a7e65cf-d7e5-4269-a0ba-d7aba2b620d7 tempest-ServerStableDeviceRescueTest-1376949000 tempest-ServerStableDeviceRescueTest-1376949000-project-member] Request filter 'compute_status_filter' took 0.0 seconds {{(pid=95670) wrapper /opt/stack/nova/nova/scheduler/request_filter.py:46}}
Jun 11 07:08:07.785464 np0000002582 nova-scheduler[95670]: DEBUG nova.scheduler.request_filter [None req-1a7e65cf-d7e5-4269-a0ba-d7aba2b620d7 tempest-ServerStableDeviceRescueTest-1376949000 tempest-ServerStableDeviceRescueTest-1376949000-project-member] Request filter 'accelerators_filter' took 0.0 seconds {{(pid=95670) wrapper /opt/stack/nova/nova/scheduler/request_filter.py:46}}
Jun 11 07:08:07.785893 np0000002582 nova-scheduler[95670]: DEBUG nova.scheduler.request_filter [None req-1a7e65cf-d7e5-4269-a0ba-d7aba2b620d7 tempest-ServerStableDeviceRescueTest-1376949000 tempest-ServerStableDeviceRescueTest-1376949000-project-member] Request filter 'packed_virtqueue_filter' took 0.0 seconds {{(pid=95670) wrapper /opt/stack/nova/nova/scheduler/request_filter.py:46}}
Jun 11 07:08:07.786287 np0000002582 nova-scheduler[95670]: DEBUG nova.scheduler.request_filter [None req-1a7e65cf-d7e5-4269-a0ba-d7aba2b620d7 tempest-ServerStableDeviceRescueTest-1376949000 tempest-ServerStableDeviceRescueTest-1376949000-project-member] Request filter 'remote_managed_ports_filter' took 0.0 seconds {{(pid=95670) wrapper /opt/stack/nova/nova/scheduler/request_filter.py:46}}
Jun 11 07:08:07.787366 np0000002582 nova-scheduler[95670]: DEBUG nova.scheduler.request_filter [None req-1a7e65cf-d7e5-4269-a0ba-d7aba2b620d7 tempest-ServerStableDeviceRescueTest-1376949000 tempest-ServerStableDeviceRescueTest-1376949000-project-member] ephemeral_encryption_filter skipped {{(pid=95670) ephemeral_encryption_filter /opt/stack/nova/nova/scheduler/request_filter.py:426}}
Jun 11 07:08:07.787739 np0000002582 nova-scheduler[95670]: DEBUG nova.scheduler.request_filter [None req-1a7e65cf-d7e5-4269-a0ba-d7aba2b620d7 tempest-ServerStableDeviceRescueTest-1376949000 tempest-ServerStableDeviceRescueTest-1376949000-project-member] virtio_sound_filter skipped {{(pid=95670) virtio_sound_filter /opt/stack/nova/nova/scheduler/request_filter.py:460}}
Jun 11 07:08:07.787929 np0000002582 nova-scheduler[95670]: DEBUG nova.scheduler.request_filter [None req-1a7e65cf-d7e5-4269-a0ba-d7aba2b620d7 tempest-ServerStableDeviceRescueTest-1376949000 tempest-ServerStableDeviceRescueTest-1376949000-project-member] tpm_secret_security_filter skipped {{(pid=95670) tpm_secret_security_filter /opt/stack/nova/nova/scheduler/request_filter.py:477}}
Jun 11 07:08:07.885545 np0000002582 nova-scheduler[95668]: INFO nova.utils [None req-87ce9c26-cdf7-44fb-bbde-814a7ef02fdf tempest-ServerActionsTestOtherA-574296578 tempest-ServerActionsTestOtherA-574296578-project-member] The cell worker thread pool ForkProcess-2.cell_worker is initialized
Jun 11 07:08:07.886130 np0000002582 nova-scheduler[95668]: DEBUG oslo_concurrency.lockutils [None req-87ce9c26-cdf7-44fb-bbde-814a7ef02fdf tempest-ServerActionsTestOtherA-574296578 tempest-ServerActionsTestOtherA-574296578-project-member] Acquiring lock "dc394ac7-5403-4161-9911-c383800f2836" by "nova.context.set_target_cell..get_or_set_cached_cell_and_set_connections" {{(pid=95668) inner /opt/stack/data/venv/lib/python3.12/site-packages/oslo_concurrency/lockutils.py:511}}
Jun 11 07:08:07.886255 np0000002582 nova-scheduler[95668]: DEBUG oslo_concurrency.lockutils [None req-87ce9c26-cdf7-44fb-bbde-814a7ef02fdf tempest-ServerActionsTestOtherA-574296578 tempest-ServerActionsTestOtherA-574296578-project-member] Lock "dc394ac7-5403-4161-9911-c383800f2836" acquired by "nova.context.set_target_cell..get_or_set_cached_cell_and_set_connections" :: waited 0.000s {{(pid=95668) inner /opt/stack/data/venv/lib/python3.12/site-packages/oslo_concurrency/lockutils.py:524}}
Jun 11 07:08:07.887999 np0000002582 nova-scheduler[95668]: DEBUG oslo_concurrency.lockutils [None req-87ce9c26-cdf7-44fb-bbde-814a7ef02fdf tempest-ServerActionsTestOtherA-574296578 tempest-ServerActionsTestOtherA-574296578-project-member] Lock "dc394ac7-5403-4161-9911-c383800f2836" "released" by "nova.context.set_target_cell..get_or_set_cached_cell_and_set_connections" :: held 0.002s {{(pid=95668) inner /opt/stack/data/venv/lib/python3.12/site-packages/oslo_concurrency/lockutils.py:543}}
